-- Dumping data for table `specific_locations`
--

INSERT INTO `specific_locations` (`id`, `targetable_id`, `targetable_type`, `country_id`, `province_id`, `city_id`, `district_id`, `geo_center`, `address`, `zip_code`) VALUES
(14, 8, 'App\\Models\\Event', NULL, NULL, NULL, NULL, NULL, NULL, NULL),
(15, 10, 'App\\Models\\Event', NULL, NULL, NULL, NULL, NULL, NULL, NULL),
(16, 9, 'App\\Models\\Event', NULL, NULL, NULL, NULL, 0x0000000001010000001895d409686240400c21e7fd7fce4a40, NULL, NULL),
(17, 6, 'App\\Models\\Event', 16, 21, 67, 68, 0x0000000001010000001d2d3bd0140e4840060000009f54fbbf, '645-2366 Aliquam Street', NULL),
(19, 13, 'App\\Models\\Event', NULL, NULL, NULL, NULL, NULL, NULL, NULL),
(20, 5, 'App\\Models\\Event', NULL, NULL, NULL, NULL, NULL, NULL, NULL),
(22, 12, 'App\\Models\\Event', 18, 46, 49, 55, 0x000000000101000000502d3717765b444003000064278052c0, '645-2366 Aliquam Street', NULL),
(23, 3, 'App\\Models\\Event', NULL, NULL, NULL, NULL, 0x0000000001010000001895d409686240400c21e7fd7fce4a40, NULL, NULL),
(24, 11, 'App\\Models\\Event', NULL, NULL, NULL, NULL, NULL, NULL, NULL),
(25, 7, 'App\\Models\\Event', NULL, NULL, NULL, NULL, NULL, NULL, NULL),
(26, 4, 'App\\Models\\Event', NULL, NULL, NULL, NULL, NULL, NULL, NULL),
(27, 2, 'App\\Models\\Event', NULL, NULL, NULL, NULL, NULL, NULL, NULL);

-- --------------------------------------------------------

--
-- Table structure for table `subscribes`
--

CREATE TABLE `subscribes` (
  `id` int(10) UNSIGNED NOT NULL,
  `target_type` enum('all','courses','bundles') NOT NULL DEFAULT 'all',
  `target` varchar(255) DEFAULT NULL,
  `usable_count` int(10) UNSIGNED NOT NULL,
  `days` int(10) UNSIGNED NOT NULL,
  `price` double(15,2) UNSIGNED NOT NULL,
  `icon` varchar(255) NOT NULL,
  `is_popular` tinyint(1) NOT NULL DEFAULT 0,
  `infinite_use` tinyint(1) NOT NULL DEFAULT 0,
  `created_at` int(10) UNSIGNED NOT NULL
) ENGINE=InnoDB DEFAULT CHARSET=utf8mb4 COLLATE=utf8mb4_unicode_ci ROW_FORMAT=DYNAMIC;

--
-- Dumping data for table `subscribes`
--

INSERT INTO `subscribes` (`id`, `target_type`, `target`, `usable_count`, `days`, `price`, `icon`, `is_popular`, `infinite_use`, `created_at`) VALUES
(3, 'all', NULL, 100, 15, 20.00, '/store/1/default_images/subscribe_packages/subscribe_icon_1.svg', 0, 0, 1751707952),
(4, 'all', NULL, 1000, 30, 100.00, '/store/1/default_images/subscribe_packages/subscribe_icon_2.svg', 1, 0, 1751708114),
(5, 'all', NULL, 400, 30, 50.00, '/store/1/default_images/subscribe_packages/subscribe_icon_3.svg', 0, 0, 1751708005);

-- --------------------------------------------------------

--
-- Table structure for table `subscribe_reminds`
--

CREATE TABLE `subscribe_reminds` (
  `id` int(10) UNSIGNED NOT NULL,
  `user_id` int(10) UNSIGNED NOT NULL,
  `subscribe_id` int(10) UNSIGNED NOT NULL,
  `created_at` bigint(20) UNSIGNED NOT NULL
) ENGINE=InnoDB DEFAULT CHARSET=utf8mb4 COLLATE=utf8mb4_unicode_ci;

-- --------------------------------------------------------

--
-- Table structure for table `subscribe_specification_items`
--

CREATE TABLE `subscribe_specification_items` (
  `id` int(10) UNSIGNED NOT NULL,
  `subscribe_id` int(10) UNSIGNED NOT NULL,
  `category_id` int(10) UNSIGNED DEFAULT NULL,
  `instructor_id` int(10) UNSIGNED DEFAULT NULL,
  `course_id` int(10) UNSIGNED DEFAULT NULL,
  `bundle_id` int(10) UNSIGNED DEFAULT NULL
) ENGINE=InnoDB DEFAULT CHARSET=utf8mb4 COLLATE=utf8mb4_general_ci;

-- --------------------------------------------------------

--
-- Table structure for table `subscribe_translations`
--

CREATE TABLE `subscribe_translations` (
  `id` bigint(20) UNSIGNED NOT NULL,
  `subscribe_id` int(10) UNSIGNED NOT NULL,
  `locale` varchar(255) NOT NULL,
  `title` varchar(255) NOT NULL,
  `subtitle` varchar(255) DEFAULT NULL,
  `description` text DEFAULT NULL
) ENGINE=InnoDB DEFAULT CHARSET=utf8mb4 COLLATE=utf8mb4_unicode_ci;

--
-- Dumping data for table `subscribe_translations`
--

INSERT INTO `subscribe_translations` (`id`, `subscribe_id`, `locale`, `title`, `subtitle`, `description`) VALUES
(1, 3, 'en', 'Starter Access', 'Ideal for beginners to start learning', 'Perfect for beginners, offering essential tools and resources to kickstart your learning journey effectively'),
(2, 4, 'en', 'Pro Plus', 'Advanced tools for serious learners', 'Designed for serious learners, providing advanced features, in-depth content, and exclusive resources'),
(3, 5, 'en', 'Elite Mastery', 'Exclusive access for expert users', 'Exclusive access for experts, offering premium content, personalized support, and top-tier resources for mastery'),
(4, 3, 'ar', 'برونزية', 'اقترح للاستخدام الشخصي', NULL),
(5, 3, 'es', 'Bronce', 'Sugerido para uso personal', NULL),
(6, 4, 'es', 'Oro', 'Sugerido para grandes empresas', NULL),
(7, 4, 'ar', 'ذهب', 'مقترح للشركات الكبيرة', NULL),
(8, 5, 'ar', 'فضة', 'اقترح للشركات الصغيرة', NULL),
(9, 5, 'es', 'Plata', 'Sugerido para pequeñas empresas', NULL);

-- --------------------------------------------------------

--
-- Table structure for table `subscribe_uses`
--

CREATE TABLE `subscribe_uses` (
  `id` int(10) UNSIGNED NOT NULL,
  `user_id` int(10) UNSIGNED NOT NULL,
  `subscribe_id` int(10) UNSIGNED NOT NULL,
  `webinar_id` int(10) UNSIGNED DEFAULT NULL,
  `bundle_id` int(10) UNSIGNED DEFAULT NULL,
  `sale_id` int(10) UNSIGNED NOT NULL,
  `installment_order_id` int(10) UNSIGNED DEFAULT NULL
) ENGINE=InnoDB DEFAULT CHARSET=utf8mb4 COLLATE=utf8mb4_unicode_ci ROW_FORMAT=DYNAMIC;

--
-- Dumping data for table `subscribe_uses`
--

INSERT INTO `subscribe_uses` (`id`, `user_id`, `subscribe_id`, `webinar_id`, `bundle_id`, `sale_id`, `installment_order_id`) VALUES
(9, 995, 3, 2006, NULL, 160, NULL),
(10, 995, 3, 2004, NULL, 161, NULL),
(11, 995, 3, 2002, NULL, 162, NULL);

-- --------------------------------------------------------

--
-- Table structure for table `supports`
--

CREATE TABLE `supports` (
  `id` int(10) UNSIGNED NOT NULL,
  `user_id` int(10) UNSIGNED NOT NULL,
  `webinar_id` int(10) UNSIGNED DEFAULT NULL,
  `department_id` int(10) UNSIGNED DEFAULT NULL,
  `title` varchar(255) NOT NULL,
  `status` enum('open','close','replied','supporter_replied') NOT NULL DEFAULT 'open',
  `created_at` int(10) UNSIGNED DEFAULT NULL,
  `updated_at` int(10) UNSIGNED DEFAULT NULL
) ENGINE=InnoDB DEFAULT CHARSET=utf8mb4 COLLATE=utf8mb4_unicode_ci ROW_FORMAT=DYNAMIC;

--
-- Dumping data for table `supports`
--

INSERT INTO `supports` (`id`, `user_id`, `webinar_id`, `department_id`, `title`, `status`, `created_at`, `updated_at`) VALUES
(25, 934, NULL, 3, 'Convert Videos', 'close', 1625891270, 1625973596),
(26, 995, NULL, 3, 'Pre-Purchase Question', 'close', 1625891677, 1625973708),
(27, 930, NULL, 2, 'Pending Offline Payment', 'open', 1625891851, 1625891851),
(28, 923, NULL, 3, 'Commission Rate', 'supporter_replied', 1625892221, 1625892332),
(29, 867, NULL, 3, 'Class delay', 'supporter_replied', 1625895874, 1625973471),
(30, 995, 2005, NULL, 'design software', 'open', 1625953303, 1625953303),
(31, 996, 1996, NULL, 'help for start', 'replied', 1626062396, 1626062756),
(32, 995, 1996, NULL, 'Version of linux', 'close', 1626062941, 1626065078),
(33, 995, NULL, 2, 'Refund Request #64237', 'close', 1626063457, 1626063559),
(34, 995, NULL, 3, 'Problem with quiz', 'open', 1626250124, 1626250124);

-- --------------------------------------------------------

--
-- Table structure for table `support_conversations`
--

CREATE TABLE `support_conversations` (
  `id` int(10) UNSIGNED NOT NULL,
  `support_id` int(10) UNSIGNED NOT NULL,
  `supporter_id` int(10) UNSIGNED DEFAULT NULL,
  `sender_id` int(10) UNSIGNED DEFAULT NULL,
  `attach` varchar(255) DEFAULT NULL,
  `message` text NOT NULL,
  `created_at` int(10) UNSIGNED NOT NULL
) ENGINE=InnoDB DEFAULT CHARSET=utf8mb4 COLLATE=utf8mb4_unicode_ci ROW_FORMAT=DYNAMIC;

--
-- Dumping data for table `support_conversations`
--

INSERT INTO `support_conversations` (`id`, `support_id`, `supporter_id`, `sender_id`, `attach`, `message`, `created_at`) VALUES
(1, 25, NULL, 934, NULL, 'Hello.\r\nI want to convert my video files to reduce their size. What software do you recommend?', 1625891270),
(2, 26, NULL, 995, NULL, 'Hello\r\nIs it possible to refund it after the purchase if you are dissatisfied with the course?', 1625891677),
(3, 27, NULL, 930, NULL, 'Hello.\r\nI registered an offline payment document to charge my wallet.\r\nHow long does it take for my payment to be approved?\r\nI am going to buy a course and I would be grateful if this could be done a little earlier.', 1625891851),
(4, 28, NULL, 923, NULL, 'Hello.\r\nIs it possible for me to receive more commission for my sales on this platform?', 1625892221),
(5, 28, 1, NULL, NULL, 'Hello.\r\nPlease send this ticket to the financial department.\r\nThank', 1625892332),
(6, 29, NULL, 867, NULL, 'Hello .\r\nWhat are the rules if one of the live class sessions is delayed?\r\nIs it possible to change the date of that session?', 1625895874),
(7, 29, NULL, 867, '/store/867/60da388cbcee3.png', 'Hi.\r\nPlease check attachmnet', 1625897110),
(8, 29, 1, NULL, NULL, 'Yes you can change the date of your class sessions at any time.', 1625897202),
(9, 29, NULL, 867, NULL, 'thank you.', 1625898890),
(10, 30, NULL, 995, NULL, 'Hello.\r\nWhat software do you recommend to start learning?', 1625953303),
(11, 29, 1, NULL, NULL, 'you\'re welcome.', 1625973471),
(12, 25, 1, NULL, NULL, 'We offer you handbrake software.', 1625973573),
(13, 26, 1, NULL, NULL, 'Hello Cameron.\r\nYes it is possible.', 1625973699),
(14, 31, NULL, 996, NULL, 'Hello . Which version of Linux should I install to get started?', 1626062396),
(15, 31, NULL, 1015, NULL, 'Hello . I recommend version 6.0.4.', 1626062467),
(16, 31, NULL, 996, NULL, 'I get an error during installation.', 1626062520),
(17, 31, NULL, 1015, NULL, 'Please send a screenshot.', 1626062578),
(18, 31, NULL, 996, '/store/996/lmX4K.png', 'Please check attachment .', 1626062690),
(19, 31, NULL, 1015, NULL, 'I will check and let you know the problem.', 1626062756),
(20, 32, NULL, 995, NULL, 'Hello . Which version of Linux should I install for getting start?', 1626062941),
(21, 32, NULL, 1015, NULL, 'Hello . I recommend version 5.8.4.', 1626063058),
(22, 33, NULL, 995, NULL, 'Hello. I was supposed to get this refund via email. Please follow my request.', 1626063457),
(23, 33, 1, NULL, NULL, 'Hello. We will check. Thanks', 1626063496),
(24, 33, NULL, 995, NULL, 'Thanks.', 1626063547),
(25, 34, NULL, 995, NULL, 'Hello.\r\nIn the quiz of course that I bought was the wrong question.\r\nCourse Name: Photoshop course from beginner to advanced\r\nQuestion number : 3\r\nPlease check it. thank you', 1626250124);

-- --------------------------------------------------------

--
-- Table structure for table `support_departments`
--

CREATE TABLE `support_departments` (
  `id` int(10) UNSIGNED NOT NULL,
  `icon` varchar(255) DEFAULT NULL,
  `color` varchar(255) DEFAULT NULL,
  `created_at` int(10) UNSIGNED NOT NULL
) ENGINE=InnoDB DEFAULT CHARSET=utf8mb4 COLLATE=utf8mb4_unicode_ci ROW_FORMAT=DYNAMIC;

--
-- Dumping data for table `support_departments`
--

INSERT INTO `support_departments` (`id`, `icon`, `color`, `created_at`) VALUES
(2, '/store/1/default_images/support_departments/support_financial.svg', '#0170ff', 1749376245),
(3, '/store/1/default_images/support_departments/support_content.svg', '#0e2145', 1749376335),
(4, '/store/1/default_images/support_departments/support_marketing.svg', '#ff7043', 1749376299);

-- --------------------------------------------------------

--
-- Table structure for table `support_department_translations`
--

CREATE TABLE `support_department_translations` (
  `id` bigint(20) UNSIGNED NOT NULL,
  `support_department_id` int(10) UNSIGNED NOT NULL,
  `locale` varchar(255) NOT NULL,
  `title` varchar(255) NOT NULL
) ENGINE=InnoDB DEFAULT CHARSET=utf8mb4 COLLATE=utf8mb4_unicode_ci;

--
-- Dumping data for table `support_department_translations`
--

INSERT INTO `support_department_translations` (`id`, `support_department_id`, `locale`, `title`) VALUES
(1, 2, 'en', 'Financial'),
(2, 3, 'en', 'Content'),
(3, 4, 'en', 'Marketing'),
(4, 4, 'ar', 'تسويق'),
(5, 4, 'es', 'Márketing'),
(6, 3, 'es', 'Contenido'),
(7, 3, 'ar', 'المحتوى'),
(8, 2, 'ar', 'الأمور المالية'),
(9, 2, 'es', 'Financiera');

-- --------------------------------------------------------

--
-- Table structure for table `tags`
--

CREATE TABLE `tags` (
  `id` int(10) UNSIGNED NOT NULL,
  `title` varchar(64) NOT NULL,
  `webinar_id` int(10) UNSIGNED DEFAULT NULL,
  `bundle_id` int(10) UNSIGNED DEFAULT NULL,
  `upcoming_course_id` int(10) UNSIGNED DEFAULT NULL,
  `event_id` int(10) UNSIGNED DEFAULT NULL
) ENGINE=InnoDB DEFAULT CHARSET=utf8mb4 COLLATE=utf8mb4_unicode_ci ROW_FORMAT=DYNAMIC;

--
-- Dumping data for table `tags`
--

INSERT INTO `tags` (`id`, `title`, `webinar_id`, `bundle_id`, `upcoming_course_id`, `event_id`) VALUES
(6705, 'energy', NULL, 3, NULL, NULL),
(6706, 'solar energy', NULL, 3, NULL, NULL),
(6707, 'web', NULL, 2, NULL, NULL),
(6708, 'programming', NULL, 2, NULL, NULL),
(6709, 'office', NULL, 1, NULL, NULL),
(6710, 'bundle', NULL, 1, NULL, NULL),
(6711, 'Web Design', NULL, NULL, 5, NULL),
(6712, 'Photography', NULL, NULL, 4, NULL),
(6713, 'Digital Photography', NULL, NULL, 4, NULL),
(6714, 'python', NULL, NULL, 3, NULL),
(6719, 'Laravel', NULL, NULL, 6, NULL),
(6722, 'Installment payment', 2022, NULL, NULL, NULL),
(6723, 'Installment', 2022, NULL, NULL, NULL),
(6724, 'Partial payment', 2022, NULL, NULL, NULL),
(6725, 'Drip', 2010, NULL, NULL, NULL),
(6726, 'Assignment', 2010, NULL, NULL, NULL),
(6729, 'Guitar', 2008, NULL, NULL, NULL),
(6730, 'Guitar Masterclass', 2008, NULL, NULL, NULL),
(6731, 'travel', 2007, NULL, NULL, NULL),
(6732, 'Travel Management', 2007, NULL, NULL, NULL),
(6733, 'trip', 2007, NULL, NULL, NULL),
(6734, 'web', 2005, NULL, NULL, NULL),
(6735, 'design', 2005, NULL, NULL, NULL),
(6736, 'web design', 2005, NULL, NULL, NULL),
(6737, 'Virtual Team', 1999, NULL, NULL, NULL),
(6738, 'Team', 1999, NULL, NULL, NULL),
(6739, 'Product Manager', 1995, NULL, NULL, NULL),
(6740, 'managment', 1995, NULL, NULL, NULL),
(6741, 'Live Class', 2009, NULL, NULL, NULL),
(6742, 'New Live System', 2009, NULL, NULL, NULL),
(6743, 'travel', 2006, NULL, NULL, NULL),
(6744, 'trip', 2006, NULL, NULL, NULL),
(6745, 'World Trip', 2006, NULL, NULL, NULL),
(6746, 'Listening', 2003, NULL, NULL, NULL),
(6747, 'Listen', 2003, NULL, NULL, NULL),
(6748, 'Listener', 2003, NULL, NULL, NULL),
(6749, 'fitness', 2002, NULL, NULL, NULL),
(6750, 'Health & Fitness', 2002, NULL, NULL, NULL),
(6751, 'Health', 2002, NULL, NULL, NULL),
(6752, 'Angular', 2001, NULL, NULL, NULL),
(6753, 'AngularJS', 2001, NULL, NULL, NULL),
(6754, 'Javascript', 2001, NULL, NULL, NULL),
(6755, 'Time', 2000, NULL, NULL, NULL),
(6756, 'Time Management', 2000, NULL, NULL, NULL),
(6757, 'Save Time', 2000, NULL, NULL, NULL),
(6758, 'linux', 1996, NULL, NULL, NULL),
(6759, 'os', 1996, NULL, NULL, NULL),
(6760, 'network', 1996, NULL, NULL, NULL),
(6767, 'Excel', 1998, NULL, NULL, NULL),
(6768, 'microsoft excel', 1998, NULL, NULL, NULL),
(6769, 'excel class', 1998, NULL, NULL, NULL);

-- --------------------------------------------------------

--
-- Table structure for table `testimonials`
--

CREATE TABLE `testimonials` (
  `id` int(10) UNSIGNED NOT NULL,
  `user_avatar` varchar(255) NOT NULL,
  `rate` varchar(5) NOT NULL DEFAULT '0',
  `status` enum('active','disable') NOT NULL DEFAULT 'disable',
  `created_at` int(10) UNSIGNED NOT NULL
) ENGINE=InnoDB DEFAULT CHARSET=utf8mb4 COLLATE=utf8mb4_unicode_ci ROW_FORMAT=DYNAMIC;

--
-- Dumping data for table `testimonials`
--

INSERT INTO `testimonials` (`id`, `user_avatar`, `rate`, `status`, `created_at`) VALUES
(2, '/store/1/default_images/testimonials/Group 2043.png', '5', 'active', 1606841889),
(3, '/store/1/default_images/testimonials/Group 2038.png', '5', 'active', 1606841910),
(4, '/store/1/default_images/testimonials/Group 2044.png', '5', 'active', 1606841929),
(5, '/store/1/default_images/testimonials/Group 2040.png', '5', 'active', 1606841946),
(6, '/store/1/default_images/testimonials/Group 2049.png', '5', 'active', 1606842000),
(7, '/store/1/default_images/testimonials/Group 2045.png', '5', 'active', 1750180065),
(8, '/store/1/default_images/testimonials/Group 2051.png', '5', 'active', 1750180153),
(9, '/store/1/default_images/testimonials/Group 2046.png', '5', 'active', 1750180264),
(10, '/store/1/default_images/testimonials/Group 2052.png', '5', 'active', 1750180350),
(11, '/store/1/default_images/testimonials/Group 2053.png', '5', 'active', 1750180442);

-- --------------------------------------------------------

--
-- Table structure for table `testimonial_translations`
--

CREATE TABLE `testimonial_translations` (
  `id` bigint(20) UNSIGNED NOT NULL,
  `testimonial_id` int(10) UNSIGNED NOT NULL,
  `locale` varchar(255) NOT NULL,
  `user_name` varchar(255) NOT NULL,
  `user_bio` varchar(255) NOT NULL,
  `comment` text NOT NULL
) ENGINE=InnoDB DEFAULT CHARSET=utf8mb4 COLLATE=utf8mb4_unicode_ci;

--
-- Dumping data for table `testimonial_translations`
--

INSERT INTO `testimonial_translations` (`id`, `testimonial_id`, `locale`, `user_name`, `user_bio`, `comment`) VALUES
(1, 2, 'en', 'Sarah Mitchell', 'Graphic Designer', 'I signed up for this platform last year, and it’s been an amazing journey of learning and growth. The instructors are very knowledgeable, the course material is up to date, and the quizzes and assignments really help reinforce what you learn. I love how flexible it is; I can study whenever I want. I’ve already completed four courses and can’t wait to enroll in more. Highly recommend this site for anyone serious about gaining new skills.'),
(2, 3, 'en', 'James Carter', 'Freelance Videographer', 'Before joining, I was hesitant about online learning. But this platform completely changed my perspective. The video lectures are clear, engaging, and easy to follow. I really appreciate the discussion forums too, where I can ask questions and get help quickly. The certificates have helped me boost my resume, and my confidence has grown a lot. I feel more prepared for new job opportunities now. If you’re considering taking a course, don’t hesitate. It’s worth it!'),
(3, 4, 'en', 'Emily Ross', 'Social Media Manager', 'As someone with a busy schedule, I needed a flexible learning solution. This platform was exactly what I was looking for. The instructors break down complex topics into manageable lessons, and I can track my progress easily. I especially love the mobile app that lets me learn on the go. I’ve already recommended this site to my friends and colleagues. It’s a smart investment for anyone who wants to keep up with industry trends and advance professionally.'),
(4, 5, 'en', 'Daniel Kim', 'Architecture Student', 'Taking courses here has been one of my best decisions. The wide variety of subjects means I always find something that fits my interests and career goals. The quizzes and assignments challenge me to apply what I’ve learned, which makes a huge difference. I’ve also interacted with some amazing instructors who genuinely care about their students’ success. If you want to stay ahead in today’s competitive world, I highly recommend giving this learning platform a try.'),
(5, 6, 'en', 'Olivia Bennett', 'Event Planner', 'I’ve always believed in continuous learning, and this site makes it incredibly easy and accessible. The course bundles offer great value for money, and the discounts during promotions are unbeatable. I enjoy the practical projects included in many courses because they help build a solid portfolio. Plus, earning certificates feels rewarding and keeps me motivated. The customer support is responsive and helpful whenever I have questions. Overall, I’ve gained valuable knowledge that I can immediately apply at work.'),
(6, 2, 'ar', 'Abdul Jabbaar el-Kaleel', 'محلل بيانات في مايكروسوفت', '\"لقد استخدمنا Rocket LMS خلال العامين الماضيين. شكرًا على الخدمة الرائعة.\"'),
(7, 2, 'es', 'Ryan Newman', 'Analista de datos en Microsoft', '\"Hemos utilizado Rocket LMS durante los últimos 2 años. Gracias por el gran servicio\"'),
(8, 3, 'es', 'Megan Hayward', 'Administradora de sistemas en Amazon', '\"Nos encanta. Rocket LMS es perfecto y muy adaptable\".'),
(9, 3, 'ar', 'Khaleela el-Alam', 'مسؤول النظام في أمازون', '\"نحن نحبها. Rocket LMS مثالي وقابل للتكيف بشكل كبير.\"'),
(10, 4, 'es', 'Natasha Hope', 'Técnico de TI en IBM', '\"Estoy realmente satisfecho con mi Rocket LMS. Es la solución perfecta para nuestro negocio\"'),
(11, 4, 'ar', 'Sakeena el-Shad', 'فني تكنولوجيا المعلومات في شركة آی بی ام', '\"أنا راضٍ حقًا عن Rocket LMS. إنه الحل الأمثل لأعمالنا.\"'),
(12, 5, 'es', 'Charles Dale', 'Ingeniera informatica en oracle', '\"Estoy muy satisfecho con este producto. No podría haber pedido más que esto\"'),
(13, 5, 'ar', 'Rifat el-Younis', 'مهندس كمبيوتر', '\"أنا مسرور جدًا بهذا المنتج. لم أستطع طلب أكثر من هذا.\"'),
(14, 6, 'es', 'David Patterson', 'Técnico de redes en Cisco', '\"Rocket LMS me impresionó en varios niveles\"'),
(15, 6, 'ar', 'Ahmed al-Mansouri', 'فني شبكات في سيسكو', '\"لقد أبهرني صاروخ Rocket LMS على مستويات متعددة.\"'),
(16, 7, 'en', 'Michael Alvarez', 'Industrial Engineer', 'Learning new skills felt intimidating before, but the supportive community here made a big difference for me. The instructors are approachable and explain concepts in an easy-to-understand way. I appreciate the interactive quizzes, assignments, and real-world projects that push me to practice. The flexible deadlines make it stress-free to learn at my own pace. I’ve even found mentors through the platform who’ve guided me on career choices. It’s a fantastic place to grow professionally and personally.'),
(17, 8, 'en', 'Chloe Martin', 'Blogger & Content Creator', 'This course marketplace has completely changed my professional life. I wanted to switch careers and needed practical skills fast. The UI/UX design path was exactly what I needed. The step-by-step lessons, downloadable resources, and active discussion boards kept me engaged. Within months, I felt confident enough to take on freelance projects. The certificates I earned really added value to my profile. If you’re serious about gaining skills employers actually want, this is the best place to start.'),
(18, 9, 'en', 'Rohan Kumar', 'Marketing Executive', 'Enrolling in courses here has been an eye-opening experience. I love that I can access thousands of high-quality lessons from experts around the world. The variety of topics is impressive — from programming to marketing, it’s all here. I also appreciate the lifetime access, so I can revisit content anytime I need a refresher. It’s a great investment for anyone wanting to grow their career, explore new fields, or simply keep their knowledge updated and relevant.'),
(19, 10, 'en', 'Jessica Patel', 'Travel Influencer', 'I discovered this platform when I needed help advancing my tech skills. What surprised me most was how interactive and engaging the lessons are. The quizzes and hands-on projects really help solidify what you learn. I also appreciate the clear structure and easy navigation. It feels like having a personal coach guiding me step by step. I’ve already landed a better job because of what I learned here. I’ll definitely keep coming back for more courses in the future.'),
(20, 11, 'en', 'Ahmed Al-Maktoum', 'Product Photographer', 'This online learning marketplace has everything I need to keep growing my knowledge. The instructors are industry experts who share valuable insights and practical tips. I especially love the certificates, which I’ve added to my LinkedIn profile and resume. They really stand out to employers. The course bundles make it affordable to learn multiple topics at once. I feel more confident tackling new challenges at work thanks to these lessons. If you’re thinking of enrolling, do it today!');

-- --------------------------------------------------------

--
-- Table structure for table `text_lessons`
--

CREATE TABLE `text_lessons` (
  `id` int(10) UNSIGNED NOT NULL,
  `creator_id` int(10) UNSIGNED NOT NULL,
  `webinar_id` int(10) UNSIGNED NOT NULL,
  `chapter_id` int(10) UNSIGNED DEFAULT NULL,
  `image` varchar(255) DEFAULT NULL,
  `study_time` int(10) UNSIGNED DEFAULT NULL,
  `accessibility` enum('free','paid') NOT NULL DEFAULT 'free',
  `check_previous_parts` tinyint(1) NOT NULL DEFAULT 0,
  `access_after_day` int(10) UNSIGNED DEFAULT NULL,
  `order` int(10) UNSIGNED DEFAULT NULL,
  `status` enum('active','inactive') NOT NULL DEFAULT 'active',
  `created_at` int(10) UNSIGNED NOT NULL,
  `updated_at` int(10) UNSIGNED DEFAULT NULL
) ENGINE=InnoDB DEFAULT CHARSET=utf8mb4 COLLATE=utf8mb4_unicode_ci ROW_FORMAT=DYNAMIC;

--
-- Dumping data for table `text_lessons`
--

INSERT INTO `text_lessons` (`id`, `creator_id`, `webinar_id`, `chapter_id`, `image`, `study_time`, `accessibility`, `check_previous_parts`, `access_after_day`, `order`, `status`, `created_at`, `updated_at`) VALUES
(13, 934, 1997, 26, '/store/934/hero (9).jpg', 5, 'free', 0, NULL, 1, 'active', 1624954655, 1635417906),
(14, 934, 1997, 26, '/store/934/hero (14).jpg', 10, 'free', 0, NULL, 2, 'active', 1624954929, 1635417914),
(15, 934, 1997, 26, '/store/934/hero (4).jpg', 20, 'free', 0, NULL, 3, 'active', 1624956733, 1635417921);

-- --------------------------------------------------------

--
-- Table structure for table `text_lessons_attachments`
--

CREATE TABLE `text_lessons_attachments` (
  `id` int(10) UNSIGNED NOT NULL,
  `text_lesson_id` int(10) UNSIGNED NOT NULL,
  `file_id` int(10) UNSIGNED NOT NULL,
  `created_at` int(10) UNSIGNED NOT NULL
) ENGINE=InnoDB DEFAULT CHARSET=utf8mb4 COLLATE=utf8mb4_unicode_ci ROW_FORMAT=DYNAMIC;

--
-- Dumping data for table `text_lessons_attachments`
--

INSERT INTO `text_lessons_attachments` (`id`, `text_lesson_id`, `file_id`, `created_at`) VALUES
(14, 13, 35, 1635417906);

-- --------------------------------------------------------

--
-- Table structure for table `text_lesson_translations`
--

CREATE TABLE `text_lesson_translations` (
  `id` bigint(20) UNSIGNED NOT NULL,
  `text_lesson_id` int(10) UNSIGNED NOT NULL,
  `locale` varchar(255) NOT NULL,
  `title` varchar(255) NOT NULL,
  `summary` text NOT NULL,
  `content` longtext NOT NULL
) ENGINE=InnoDB DEFAULT CHARSET=utf8mb4 COLLATE=utf8mb4_unicode_ci;

--
-- Dumping data for table `text_lesson_translations`
--

INSERT INTO `text_lesson_translations` (`id`, `text_lesson_id`, `locale`, `title`, `summary`, `content`) VALUES
(1, 13, 'en', 'Hello, World!', 'Get started learning Python with DataCamp\'s free Intro to Python tutorial. Learn Data Science by completing interactive coding challenges and watching videos by expert instructors. Start Now!', '<div>Python is a very simple language, and has a very straightforward syntax. It encourages programmers to program without boilerplate (prepared) code. The simplest directive in Python is the \"print\" directive - it simply prints out a line (and also includes a newline, unlike in C).</div><div><br></div><div>There are two major Python versions, Python 2 and Python 3. Python 2 and 3 are quite different. This tutorial uses Python 3, because it more semantically correct and supports newer features.</div><div><br></div><div>For example, one difference between Python 2 and 3 is the print statement. In Python 2, the \"print\" statement is not a function, and therefore it is invoked without parentheses. However, in Python 3, it is a function, and must be invoked with parentheses.</div>'),
(2, 14, 'en', 'Learning', 'Before getting started, you may want to find out which IDEs and text editors are tailored to make Python editing easy, browse the list of introductory books, or look at code samples that you might find helpful.', '<div>There is a list of tutorials suitable for experienced programmers on the BeginnersGuide/Tutorials page. There is also a list of resources in other languages which might be useful if English is not your first language.</div><div><br></div><div>The online documentation is your first port of call for definitive information. There is a fairly brief tutorial that gives you basic information about the language and gets you started. You can follow this by looking at the library reference for a full description of Python\'s many libraries and the language reference for a complete (though somewhat dry) explanation of Python\'s syntax. If you are looking for common Python recipes and patterns, you can browse the ActiveState Python Cookbook</div>'),
(3, 15, 'en', 'Looking for Something Specific?', 'If you want to know whether a particular application, or a library with particular functionality, is available in Python there are a number of possible sources of information.', '<p>If you want to know whether a particular application, or a library with particular functionality, is available in Python there are a number of possible sources of information. The Python web site provides a Python Package Index (also known as the Cheese Shop, a reference to the Monty Python script of that name). There is also a search page for a number of sources of Python-related information. Failing that, just Google for a phrase including the word \'\'python\'\' and you may well get the result you need. If all else fails, ask on the python newsgroup and there\'s a good chance someone will put you on the right track.</p><p>Python is an interpreted high-level general-purpose programming language. Python\'s design philosophy emphasizes code readability with its notable use of significant indentation. Its language constructs as well as its object-oriented approach aim to help programmers write clear, logical code for small and large-scale projects.[30]</p><p><br></p><p>Python is dynamically-typed and garbage-collected. It supports multiple programming paradigms, including structured (particularly, procedural), object-oriented and functional programming. Python is often described as a \"batteries included\" language due to its comprehensive standard library.[31]</p><p><br></p><p>Guido van Rossum began working on Python in the late 1980s, as a successor to the ABC programming language, and first released it in 1991 as Python 0.9.0.[32] Python 2.0 was released in 2000 and introduced new features, such as list comprehensions and a garbage collection system using reference counting. Python 3.0 was released in 2008 and was a major revision of the language that is not completely backward-compatible and much Python 2 code does not run unmodified on Python 3. Python 2 was discontinued with version 2.7.18 in 2020.[33]</p><p><br></p><p>Python consistently ranks as one of the most popular programming languages.</p>');

-- --------------------------------------------------------

--
-- Table structure for table `themes`
--

CREATE TABLE `themes` (
  `id` int(10) UNSIGNED NOT NULL,
  `title` varchar(255) NOT NULL,
  `preview_image` varchar(255) DEFAULT NULL,
  `default_color_mode` enum('light','dark') NOT NULL DEFAULT 'light',
  `color_id` int(10) UNSIGNED DEFAULT NULL,
  `font_id` int(10) UNSIGNED DEFAULT NULL,
  `header_id` int(10) UNSIGNED DEFAULT NULL,
  `footer_id` int(10) UNSIGNED DEFAULT NULL,
  `home_landing_id` int(10) UNSIGNED DEFAULT NULL,
  `contents` longtext DEFAULT NULL,
  `is_default` tinyint(1) NOT NULL DEFAULT 0,
  `enable` tinyint(1) NOT NULL DEFAULT 0,
  `created_at` bigint(20) UNSIGNED NOT NULL
) ENGINE=InnoDB DEFAULT CHARSET=utf8mb4 COLLATE=utf8mb4_general_ci;

--
-- Dumping data for table `themes`
--

INSERT INTO `themes` (`id`, `title`, `preview_image`, `default_color_mode`, `color_id`, `font_id`, `header_id`, `footer_id`, `home_landing_id`, `contents`, `is_default`, `enable`, `created_at`) VALUES
(1, 'Lite (Included)', '/store/1/default_images/themes/lite-preview.jpg', 'light', 1, 2, 1, 2, 1, '{\"card_styles\":{\"course\":\"grid_card_1\",\"product\":\"grid_card_1\",\"bundle\":\"grid_card_1\",\"upcoming_course\":\"grid_card_1\",\"blog_post\":\"grid_card_1\",\"instructor\":\"grid_card_1\",\"organization\":\"grid_card_1\"},\"images\":{\"admin_login\":\"\\/store\\/1\\/themes\\/general\\/admin_login.jpg\",\"admin_dashboard\":\"\\/store\\/1\\/themes\\/general\\/admin_dashboard.png\",\"search\":\"\\/store\\/1\\/themes\\/general\\/search_background.jpg\",\"tags\":\"\\/store\\/1\\/themes\\/general\\/tags_background.jpg\",\"categories\":\"\\/store\\/1\\/themes\\/general\\/categories_background.jpg\",\"become_instructor\":\"\\/store\\/1\\/themes\\/general\\/become_instructor_background.jpg\",\"certificate_validation\":\"\\/store\\/1\\/themes\\/general\\/certificate_validation.jpg\",\"certificate_validation_overlay_image\":\"\\/store\\/1\\/themes\\/general\\/certificate_validation_overlay.png\",\"instructors_lists\":\"\\/store\\/1\\/themes\\/general\\/instructors_background.jpg\",\"instructors_header_overlay_image\":\"\\/store\\/1\\/themes\\/general\\/instructors_overlay.png\",\"organizations_lists\":\"\\/store\\/1\\/themes\\/general\\/organizations_background.jpg\",\"organizations_header_overlay_image\":\"\\/store\\/1\\/themes\\/general\\/organizations_overlay.png\",\"user_cover\":\"\\/store\\/1\\/themes\\/general\\/user_profile_background.jpg\",\"products_lists\":\"\\/store\\/1\\/themes\\/general\\/products_list_background.jpg\",\"products_lists_overlay_image\":\"\\/store\\/1\\/themes\\/general\\/products_overlay.png\",\"upcoming_courses_lists\":\"\\/store\\/1\\/themes\\/general\\/upcoming_courses_background.jpg\",\"upcoming_courses_lists_overlay_image\":\"\\/store\\/1\\/themes\\/general\\/upcoming_courses_overlay.png\",\"categories_courses_lists_featured_courses_background\":\"\\/store\\/1\\/themes\\/general\\/featured_courses_background.svg\",\"categories_courses_lists_featured_courses_overlay_image\":\"\\/store\\/1\\/themes\\/general\\/featured_courses_overlay.png\",\"bundles_lists\":\"\\/store\\/1\\/themes\\/general\\/bundles_background.jpg\",\"bundles_lists_overlay_image\":\"\\/store\\/1\\/themes\\/general\\/bundles_overlay.png\",\"blog_lists\":\"\\/store\\/1\\/themes\\/general\\/blog_background.jpg\",\"blog_lists_overlay_image\":\"\\/store\\/1\\/themes\\/general\\/blog_overlay.png\",\"form_default_cover\":\"\\/store\\/1\\/themes\\/general\\/form_background.jpg\",\"form_default_overlay_image\":\"\\/store\\/1\\/themes\\/general\\/form_overlay.png\",\"form_default_header_icon\":\"\\/store\\/1\\/themes\\/general\\/form_default_icon.svg\",\"meeting_booking_step_1_image\":\"\\/store\\/1\\/themes\\/general\\/meeting_booking_step1_overlay.png\",\"meeting_booking_step_2_image\":\"\\/store\\/1\\/themes\\/general\\/meeting_booking_step2_overlay.png\",\"classes_lists\":\"\\/store\\/1\\/themes\\/general\\/classes_background.jpg\",\"classes_lists_overlay_image\":\"\\/store\\/1\\/themes\\/general\\/courses_overlay.png\",\"reward_courses\":\"\\/store\\/1\\/themes\\/general\\/reward_courses_background.jpg\",\"reward_courses_overlay_image\":\"\\/store\\/1\\/themes\\/general\\/rewards_overlay.png\",\"event_ticket_validation\":\"\\/store\\/1\\/themes\\/general\\/ticket_validation.jpg\",\"event_ticket_validation_overlay_image\":\"\\/store\\/1\\/themes\\/general\\/ticket_validation_overlay.png\",\"events_lists\":\"\\/store\\/1\\/themes\\/general\\/events_background.jpg\",\"events_lists_overlay_image\":\"\\/store\\/1\\/themes\\/general\\/events_overlay.png\",\"meeting_packages_lists\":\"\\/store\\/1\\/themes\\/general\\/instructors_background.jpg\",\"meeting_packages_lists_overlay_image\":\"\\/store\\/1\\/themes\\/general\\/meeting_packages_overlay.png\"},\"authentication_pages\":{\"style\":\"theme_1\",\"slider_background_image\":\"\\/store\\/1\\/themes\\/general\\/authentication_background.svg\",\"slider_contents\":{\"uHuuS\":{\"title\":\"Instant Certificate Access\",\"subtitle\":\"Download certificates right after completion\",\"image\":\"\\/store\\/1\\/themes\\/general\\/authentication_slide1.png\"},\"axuTg\":{\"title\":\"Affordable Quality Education\",\"subtitle\":\"High-value courses at accessible prices\",\"image\":\"\\/store\\/1\\/themes\\/general\\/authentication_slide2.png\"},\"RuDfz\":{\"title\":\"Advance Your Career\",\"subtitle\":\"Build your resume with proven expertise\",\"image\":\"\\/store\\/1\\/themes\\/general\\/authentication_slide3.png\"}}},\"custom_css\":null,\"custom_js\":null}', 1, 0, 1763661756),
(2, 'Marketplace', '/store/1/default_images/themes/marketplace-preview.jpg', 'light', 3, 2, 1, 2, 2, '{\"card_styles\":{\"course\":\"grid_card_1\",\"product\":\"grid_card_1\",\"bundle\":\"grid_card_1\",\"upcoming_course\":\"grid_card_1\",\"blog_post\":\"grid_card_1\",\"instructor\":\"grid_card_1\",\"organization\":\"grid_card_1\"},\"images\":{\"admin_login\":\"\\/store\\/1\\/themes\\/general\\/admin_login.jpg\",\"admin_dashboard\":\"\\/store\\/1\\/themes\\/general\\/admin_dashboard.png\",\"search\":\"\\/store\\/1\\/themes\\/general\\/search_background.jpg\",\"tags\":\"\\/store\\/1\\/themes\\/general\\/tags_background.jpg\",\"categories\":\"\\/store\\/1\\/themes\\/general\\/categories_background.jpg\",\"become_instructor\":\"\\/store\\/1\\/themes\\/general\\/become_instructor_background.jpg\",\"certificate_validation\":\"\\/store\\/1\\/themes\\/general\\/certificate_validation.jpg\",\"certificate_validation_overlay_image\":\"\\/store\\/1\\/themes\\/general\\/certificate_validation_overlay.png\",\"instructors_lists\":\"\\/store\\/1\\/themes\\/general\\/instructors_background.jpg\",\"instructors_header_overlay_image\":\"\\/store\\/1\\/themes\\/general\\/instructors_overlay.png\",\"organizations_lists\":\"\\/store\\/1\\/themes\\/general\\/organizations_background.jpg\",\"organizations_header_overlay_image\":\"\\/store\\/1\\/themes\\/general\\/organizations_overlay.png\",\"user_cover\":\"\\/store\\/1\\/themes\\/general\\/user_profile_background.jpg\",\"products_lists\":\"\\/store\\/1\\/themes\\/general\\/products_list_background.jpg\",\"products_lists_overlay_image\":\"\\/store\\/1\\/themes\\/general\\/products_overlay.png\",\"upcoming_courses_lists\":\"\\/store\\/1\\/themes\\/general\\/upcoming_courses_background.jpg\",\"upcoming_courses_lists_overlay_image\":\"\\/store\\/1\\/themes\\/general\\/upcoming_courses_overlay.png\",\"categories_courses_lists_featured_courses_background\":\"\\/store\\/1\\/themes\\/general\\/featured_courses_background.svg\",\"categories_courses_lists_featured_courses_overlay_image\":\"\\/store\\/1\\/themes\\/general\\/featured_courses_overlay.png\",\"bundles_lists\":\"\\/store\\/1\\/themes\\/general\\/bundles_background.jpg\",\"bundles_lists_overlay_image\":\"\\/store\\/1\\/themes\\/general\\/bundles_overlay.png\",\"blog_lists\":\"\\/store\\/1\\/themes\\/general\\/blog_background.jpg\",\"blog_lists_overlay_image\":\"\\/store\\/1\\/themes\\/general\\/blog_overlay.png\",\"form_default_cover\":\"\\/store\\/1\\/themes\\/general\\/form_background.jpg\",\"form_default_overlay_image\":\"\\/store\\/1\\/themes\\/general\\/form_overlay.png\",\"form_default_header_icon\":\"\\/store\\/1\\/themes\\/general\\/form_default_icon.svg\",\"meeting_booking_step_1_image\":\"\\/store\\/1\\/themes\\/general\\/meeting_booking_step1_overlay.png\",\"meeting_booking_step_2_image\":\"\\/store\\/1\\/themes\\/general\\/meeting_booking_step2_overlay.png\",\"classes_lists\":\"\\/store\\/1\\/themes\\/general\\/classes_background.jpg\",\"classes_lists_overlay_image\":\"\\/store\\/1\\/themes\\/general\\/courses_overlay.png\",\"reward_courses\":\"\\/store\\/1\\/themes\\/general\\/reward_courses_background.jpg\",\"reward_courses_overlay_image\":\"\\/store\\/1\\/themes\\/general\\/rewards_overlay.png\",\"event_ticket_validation\":\"\\/store\\/1\\/themes\\/general\\/ticket_validation.jpg\",\"event_ticket_validation_overlay_image\":\"\\/store\\/1\\/themes\\/general\\/ticket_validation_overlay.png\",\"events_lists\":\"\\/store\\/1\\/themes\\/general\\/events_background.jpg\",\"events_lists_overlay_image\":\"\\/store\\/1\\/themes\\/general\\/events_overlay.png\",\"meeting_packages_lists\":\"\\/store\\/1\\/themes\\/general\\/instructors_background.jpg\",\"meeting_packages_lists_overlay_image\":\"\\/store\\/1\\/themes\\/general\\/meeting_packages_overlay.png\"},\"authentication_pages\":{\"style\":\"theme_1\",\"slider_background_image\":\"\\/store\\/1\\/themes\\/general\\/authentication_background.svg\",\"slider_contents\":{\"uHuuS\":{\"title\":\"Instant Certificate Access\",\"subtitle\":\"Download certificates right after completion\",\"image\":\"\\/store\\/1\\/themes\\/general\\/authentication_slide1.png\"},\"axuTg\":{\"title\":\"Affordable Quality Education\",\"subtitle\":\"High-value courses at accessible prices\",\"image\":\"\\/store\\/1\\/themes\\/general\\/authentication_slide2.png\"},\"RuDfz\":{\"title\":\"Advance Your Career\",\"subtitle\":\"Build your resume with proven expertise\",\"image\":\"\\/store\\/1\\/themes\\/general\\/authentication_slide3.png\"}}},\"custom_css\":null,\"custom_js\":null}', 0, 0, 1763662052),
(3, 'Single Instructor', '/store/1/default_images/themes/single-preview.jpg', 'light', 5, 2, 1, 2, 4, '{\"card_styles\":{\"course\":\"grid_card_1\",\"product\":\"grid_card_1\",\"bundle\":\"grid_card_1\",\"upcoming_course\":\"grid_card_1\",\"blog_post\":\"grid_card_1\",\"instructor\":\"grid_card_1\",\"organization\":\"grid_card_1\"},\"images\":{\"admin_login\":\"\\/store\\/1\\/themes\\/general\\/admin_login.jpg\",\"admin_dashboard\":\"\\/store\\/1\\/themes\\/general\\/admin_dashboard.png\",\"search\":\"\\/store\\/1\\/themes\\/general\\/search_background.jpg\",\"tags\":\"\\/store\\/1\\/themes\\/general\\/tags_background.jpg\",\"categories\":\"\\/store\\/1\\/themes\\/general\\/categories_background.jpg\",\"become_instructor\":\"\\/store\\/1\\/themes\\/general\\/become_instructor_background.jpg\",\"certificate_validation\":\"\\/store\\/1\\/themes\\/general\\/certificate_validation.jpg\",\"certificate_validation_overlay_image\":\"\\/store\\/1\\/themes\\/general\\/certificate_validation_overlay.png\",\"instructors_lists\":\"\\/store\\/1\\/themes\\/general\\/instructors_background.jpg\",\"instructors_header_overlay_image\":\"\\/store\\/1\\/themes\\/general\\/instructors_overlay.png\",\"organizations_lists\":\"\\/store\\/1\\/themes\\/general\\/organizations_background.jpg\",\"organizations_header_overlay_image\":\"\\/store\\/1\\/themes\\/general\\/organizations_overlay.png\",\"user_cover\":\"\\/store\\/1\\/themes\\/general\\/user_profile_background.jpg\",\"products_lists\":\"\\/store\\/1\\/themes\\/general\\/products_list_background.jpg\",\"products_lists_overlay_image\":\"\\/store\\/1\\/themes\\/general\\/products_overlay.png\",\"upcoming_courses_lists\":\"\\/store\\/1\\/themes\\/general\\/upcoming_courses_background.jpg\",\"upcoming_courses_lists_overlay_image\":\"\\/store\\/1\\/themes\\/general\\/upcoming_courses_overlay.png\",\"categories_courses_lists_featured_courses_background\":\"\\/store\\/1\\/themes\\/general\\/featured_courses_background.svg\",\"categories_courses_lists_featured_courses_overlay_image\":\"\\/store\\/1\\/themes\\/general\\/featured_courses_overlay.png\",\"bundles_lists\":\"\\/store\\/1\\/themes\\/general\\/bundles_background.jpg\",\"bundles_lists_overlay_image\":\"\\/store\\/1\\/themes\\/general\\/bundles_overlay.png\",\"blog_lists\":\"\\/store\\/1\\/themes\\/general\\/blog_background.jpg\",\"blog_lists_overlay_image\":\"\\/store\\/1\\/themes\\/general\\/blog_overlay.png\",\"form_default_cover\":\"\\/store\\/1\\/themes\\/general\\/form_background.jpg\",\"form_default_overlay_image\":\"\\/store\\/1\\/themes\\/general\\/form_overlay.png\",\"form_default_header_icon\":\"\\/store\\/1\\/themes\\/general\\/form_default_icon.svg\",\"meeting_booking_step_1_image\":\"\\/store\\/1\\/themes\\/general\\/meeting_booking_step1_overlay.png\",\"meeting_booking_step_2_image\":\"\\/store\\/1\\/themes\\/general\\/meeting_booking_step2_overlay.png\",\"classes_lists\":\"\\/store\\/1\\/themes\\/general\\/classes_background.jpg\",\"classes_lists_overlay_image\":\"\\/store\\/1\\/themes\\/general\\/courses_overlay.png\",\"reward_courses\":\"\\/store\\/1\\/themes\\/general\\/reward_courses_background.jpg\",\"reward_courses_overlay_image\":\"\\/store\\/1\\/themes\\/general\\/rewards_overlay.png\",\"event_ticket_validation\":\"\\/store\\/1\\/themes\\/general\\/ticket_validation.jpg\",\"event_ticket_validation_overlay_image\":\"\\/store\\/1\\/themes\\/general\\/ticket_validation_overlay.png\",\"events_lists\":\"\\/store\\/1\\/themes\\/general\\/events_background.jpg\",\"events_lists_overlay_image\":\"\\/store\\/1\\/themes\\/general\\/events_overlay.png\",\"meeting_packages_lists\":\"\\/store\\/1\\/themes\\/general\\/instructors_background.jpg\",\"meeting_packages_lists_overlay_image\":\"\\/store\\/1\\/themes\\/general\\/meeting_packages_overlay.png\"},\"authentication_pages\":{\"style\":\"theme_1\",\"slider_background_image\":\"\\/store\\/1\\/themes\\/general\\/authentication_background.svg\",\"slider_contents\":{\"uHuuS\":{\"title\":\"Instant Certificate Access\",\"subtitle\":\"Download certificates right after completion\",\"image\":\"\\/store\\/1\\/themes\\/general\\/authentication_slide1.png\"},\"axuTg\":{\"title\":\"Affordable Quality Education\",\"subtitle\":\"High-value courses at accessible prices\",\"image\":\"\\/store\\/1\\/themes\\/general\\/authentication_slide2.png\"},\"RuDfz\":{\"title\":\"Advance Your Career\",\"subtitle\":\"Build your resume with proven expertise\",\"image\":\"\\/store\\/1\\/themes\\/general\\/authentication_slide3.png\"}}},\"custom_css\":null,\"custom_js\":null}', 0, 0, 1763662014),
(4, 'Organizational Education', '/store/1/default_images/themes/organization-preview.jpg', 'light', 4, 2, 1, 2, 5, '{\"card_styles\":{\"course\":\"grid_card_1\",\"product\":\"grid_card_1\",\"bundle\":\"grid_card_1\",\"upcoming_course\":\"grid_card_1\",\"blog_post\":\"grid_card_1\",\"instructor\":\"grid_card_1\",\"organization\":\"grid_card_1\"},\"images\":{\"admin_login\":\"\\/store\\/1\\/themes\\/general\\/admin_login.jpg\",\"admin_dashboard\":\"\\/store\\/1\\/themes\\/general\\/admin_dashboard.png\",\"search\":\"\\/store\\/1\\/themes\\/general\\/search_background.jpg\",\"tags\":\"\\/store\\/1\\/themes\\/general\\/tags_background.jpg\",\"categories\":\"\\/store\\/1\\/themes\\/general\\/categories_background.jpg\",\"become_instructor\":\"\\/store\\/1\\/themes\\/general\\/become_instructor_background.jpg\",\"certificate_validation\":\"\\/store\\/1\\/themes\\/general\\/certificate_validation.jpg\",\"certificate_validation_overlay_image\":\"\\/store\\/1\\/themes\\/general\\/certificate_validation_overlay.png\",\"instructors_lists\":\"\\/store\\/1\\/themes\\/general\\/instructors_background.jpg\",\"instructors_header_overlay_image\":\"\\/store\\/1\\/themes\\/general\\/instructors_overlay.png\",\"organizations_lists\":\"\\/store\\/1\\/themes\\/general\\/organizations_background.jpg\",\"organizations_header_overlay_image\":\"\\/store\\/1\\/themes\\/general\\/organizations_overlay.png\",\"user_cover\":\"\\/store\\/1\\/themes\\/general\\/user_profile_background.jpg\",\"products_lists\":\"\\/store\\/1\\/themes\\/general\\/products_list_background.jpg\",\"products_lists_overlay_image\":\"\\/store\\/1\\/themes\\/general\\/products_overlay.png\",\"upcoming_courses_lists\":\"\\/store\\/1\\/themes\\/general\\/upcoming_courses_background.jpg\",\"upcoming_courses_lists_overlay_image\":\"\\/store\\/1\\/themes\\/general\\/upcoming_courses_overlay.png\",\"categories_courses_lists_featured_courses_background\":\"\\/store\\/1\\/themes\\/general\\/featured_courses_background.svg\",\"categories_courses_lists_featured_courses_overlay_image\":\"\\/store\\/1\\/themes\\/general\\/featured_courses_overlay.png\",\"bundles_lists\":\"\\/store\\/1\\/themes\\/general\\/bundles_background.jpg\",\"bundles_lists_overlay_image\":\"\\/store\\/1\\/themes\\/general\\/bundles_overlay.png\",\"blog_lists\":\"\\/store\\/1\\/themes\\/general\\/blog_background.jpg\",\"blog_lists_overlay_image\":\"\\/store\\/1\\/themes\\/general\\/blog_overlay.png\",\"form_default_cover\":\"\\/store\\/1\\/themes\\/general\\/form_background.jpg\",\"form_default_overlay_image\":\"\\/store\\/1\\/themes\\/general\\/form_overlay.png\",\"form_default_header_icon\":\"\\/store\\/1\\/themes\\/general\\/form_default_icon.svg\",\"meeting_booking_step_1_image\":\"\\/store\\/1\\/themes\\/general\\/meeting_booking_step1_overlay.png\",\"meeting_booking_step_2_image\":\"\\/store\\/1\\/themes\\/general\\/meeting_booking_step2_overlay.png\",\"classes_lists\":\"\\/store\\/1\\/themes\\/general\\/classes_background.jpg\",\"classes_lists_overlay_image\":\"\\/store\\/1\\/themes\\/general\\/courses_overlay.png\",\"reward_courses\":\"\\/store\\/1\\/themes\\/general\\/reward_courses_background.jpg\",\"reward_courses_overlay_image\":\"\\/store\\/1\\/themes\\/general\\/rewards_overlay.png\",\"event_ticket_validation\":\"\\/store\\/1\\/themes\\/general\\/ticket_validation.jpg\",\"event_ticket_validation_overlay_image\":\"\\/store\\/1\\/themes\\/general\\/ticket_validation_overlay.png\",\"events_lists\":\"\\/store\\/1\\/themes\\/general\\/events_background.jpg\",\"events_lists_overlay_image\":\"\\/store\\/1\\/themes\\/general\\/events_overlay.png\",\"meeting_packages_lists\":\"\\/store\\/1\\/themes\\/general\\/instructors_background.jpg\",\"meeting_packages_lists_overlay_image\":\"\\/store\\/1\\/themes\\/general\\/meeting_packages_overlay.png\"},\"authentication_pages\":{\"style\":\"theme_1\",\"slider_background_image\":\"\\/store\\/1\\/themes\\/general\\/authentication_background.svg\",\"slider_contents\":{\"uHuuS\":{\"title\":\"Instant Certificate Access\",\"subtitle\":\"Download certificates right after completion\",\"image\":\"\\/store\\/1\\/themes\\/general\\/authentication_slide1.png\"},\"axuTg\":{\"title\":\"Affordable Quality Education\",\"subtitle\":\"High-value courses at accessible prices\",\"image\":\"\\/store\\/1\\/themes\\/general\\/authentication_slide2.png\"},\"RuDfz\":{\"title\":\"Advance Your Career\",\"subtitle\":\"Build your resume with proven expertise\",\"image\":\"\\/store\\/1\\/themes\\/general\\/authentication_slide3.png\"}}},\"custom_css\":null,\"custom_js\":null}', 0, 0, 1763661789),
(5, 'Meeting Booking', '/store/1/default_images/themes/meeting-preview.jpg', 'light', 6, 2, 1, 2, 6, '{\"card_styles\":{\"course\":\"grid_card_1\",\"product\":\"grid_card_1\",\"bundle\":\"grid_card_1\",\"upcoming_course\":\"grid_card_1\",\"blog_post\":\"grid_card_1\",\"instructor\":\"grid_card_1\",\"organization\":\"grid_card_1\"},\"images\":{\"admin_login\":\"\\/store\\/1\\/themes\\/general\\/admin_login.jpg\",\"admin_dashboard\":\"\\/store\\/1\\/themes\\/general\\/admin_dashboard.png\",\"search\":\"\\/store\\/1\\/themes\\/general\\/search_background.jpg\",\"tags\":\"\\/store\\/1\\/themes\\/general\\/tags_background.jpg\",\"categories\":\"\\/store\\/1\\/themes\\/general\\/categories_background.jpg\",\"become_instructor\":\"\\/store\\/1\\/themes\\/general\\/become_instructor_background.jpg\",\"certificate_validation\":\"\\/store\\/1\\/themes\\/general\\/certificate_validation.jpg\",\"certificate_validation_overlay_image\":\"\\/store\\/1\\/themes\\/general\\/certificate_validation_overlay.png\",\"instructors_lists\":\"\\/store\\/1\\/themes\\/general\\/instructors_background.jpg\",\"instructors_header_overlay_image\":\"\\/store\\/1\\/themes\\/general\\/instructors_overlay.png\",\"organizations_lists\":\"\\/store\\/1\\/themes\\/general\\/organizations_background.jpg\",\"organizations_header_overlay_image\":\"\\/store\\/1\\/themes\\/general\\/organizations_overlay.png\",\"user_cover\":\"\\/store\\/1\\/themes\\/general\\/user_profile_background.jpg\",\"products_lists\":\"\\/store\\/1\\/themes\\/general\\/products_list_background.jpg\",\"products_lists_overlay_image\":\"\\/store\\/1\\/themes\\/general\\/products_overlay.png\",\"upcoming_courses_lists\":\"\\/store\\/1\\/themes\\/general\\/upcoming_courses_background.jpg\",\"upcoming_courses_lists_overlay_image\":\"\\/store\\/1\\/themes\\/general\\/upcoming_courses_overlay.png\",\"categories_courses_lists_featured_courses_background\":\"\\/store\\/1\\/themes\\/general\\/featured_courses_background.svg\",\"categories_courses_lists_featured_courses_overlay_image\":\"\\/store\\/1\\/themes\\/general\\/featured_courses_overlay.png\",\"bundles_lists\":\"\\/store\\/1\\/themes\\/general\\/bundles_background.jpg\",\"bundles_lists_overlay_image\":\"\\/store\\/1\\/themes\\/general\\/bundles_overlay.png\",\"blog_lists\":\"\\/store\\/1\\/themes\\/general\\/blog_background.jpg\",\"blog_lists_overlay_image\":\"\\/store\\/1\\/themes\\/general\\/blog_overlay.png\",\"form_default_cover\":\"\\/store\\/1\\/themes\\/general\\/form_background.jpg\",\"form_default_overlay_image\":\"\\/store\\/1\\/themes\\/general\\/form_overlay.png\",\"form_default_header_icon\":\"\\/store\\/1\\/themes\\/general\\/form_default_icon.svg\",\"meeting_booking_step_1_image\":\"\\/store\\/1\\/themes\\/general\\/meeting_booking_step1_overlay.png\",\"meeting_booking_step_2_image\":\"\\/store\\/1\\/themes\\/general\\/meeting_booking_step2_overlay.png\",\"classes_lists\":\"\\/store\\/1\\/themes\\/general\\/classes_background.jpg\",\"classes_lists_overlay_image\":\"\\/store\\/1\\/themes\\/general\\/courses_overlay.png\",\"reward_courses\":\"\\/store\\/1\\/themes\\/general\\/reward_courses_background.jpg\",\"reward_courses_overlay_image\":\"\\/store\\/1\\/themes\\/general\\/rewards_overlay.png\",\"event_ticket_validation\":\"\\/store\\/1\\/themes\\/general\\/ticket_validation.jpg\",\"event_ticket_validation_overlay_image\":\"\\/store\\/1\\/themes\\/general\\/ticket_validation_overlay.png\",\"events_lists\":\"\\/store\\/1\\/themes\\/general\\/events_background.jpg\",\"events_lists_overlay_image\":\"\\/store\\/1\\/themes\\/general\\/events_overlay.png\",\"meeting_packages_lists\":\"\\/store\\/1\\/themes\\/general\\/instructors_background.jpg\",\"meeting_packages_lists_overlay_image\":\"\\/store\\/1\\/themes\\/general\\/meeting_packages_overlay.png\"},\"authentication_pages\":{\"style\":\"theme_1\",\"slider_background_image\":\"\\/store\\/1\\/themes\\/general\\/authentication_background.svg\",\"slider_contents\":{\"uHuuS\":{\"title\":\"Instant Certificate Access\",\"subtitle\":\"Download certificates right after completion\",\"image\":\"\\/store\\/1\\/themes\\/general\\/authentication_slide1.png\"},\"axuTg\":{\"title\":\"Affordable Quality Education\",\"subtitle\":\"High-value courses at accessible prices\",\"image\":\"\\/store\\/1\\/themes\\/general\\/authentication_slide2.png\"},\"RuDfz\":{\"title\":\"Advance Your Career\",\"subtitle\":\"Build your resume with proven expertise\",\"image\":\"\\/store\\/1\\/themes\\/general\\/authentication_slide3.png\"}}},\"custom_css\":null,\"custom_js\":null}', 0, 0, 1763662039),
(6, 'Instructor Introduction', '/store/1/default_images/themes/instructor-preview.jpg', 'light', 7, 2, 1, 2, 7, '{\"card_styles\":{\"course\":\"grid_card_1\",\"product\":\"grid_card_1\",\"bundle\":\"grid_card_1\",\"upcoming_course\":\"grid_card_1\",\"blog_post\":\"grid_card_1\",\"instructor\":\"grid_card_1\",\"organization\":\"grid_card_1\"},\"images\":{\"admin_login\":\"\\/store\\/1\\/themes\\/general\\/admin_login.jpg\",\"admin_dashboard\":\"\\/store\\/1\\/themes\\/general\\/admin_dashboard.png\",\"search\":\"\\/store\\/1\\/themes\\/general\\/search_background.jpg\",\"tags\":\"\\/store\\/1\\/themes\\/general\\/tags_background.jpg\",\"categories\":\"\\/store\\/1\\/themes\\/general\\/categories_background.jpg\",\"become_instructor\":\"\\/store\\/1\\/themes\\/general\\/become_instructor_background.jpg\",\"certificate_validation\":\"\\/store\\/1\\/themes\\/general\\/certificate_validation.jpg\",\"certificate_validation_overlay_image\":\"\\/store\\/1\\/themes\\/general\\/certificate_validation_overlay.png\",\"instructors_lists\":\"\\/store\\/1\\/themes\\/general\\/instructors_background.jpg\",\"instructors_header_overlay_image\":\"\\/store\\/1\\/themes\\/general\\/instructors_overlay.png\",\"organizations_lists\":\"\\/store\\/1\\/themes\\/general\\/organizations_background.jpg\",\"organizations_header_overlay_image\":\"\\/store\\/1\\/themes\\/general\\/organizations_overlay.png\",\"user_cover\":\"\\/store\\/1\\/themes\\/general\\/user_profile_background.jpg\",\"products_lists\":\"\\/store\\/1\\/themes\\/general\\/products_list_background.jpg\",\"products_lists_overlay_image\":\"\\/store\\/1\\/themes\\/general\\/products_overlay.png\",\"upcoming_courses_lists\":\"\\/store\\/1\\/themes\\/general\\/upcoming_courses_background.jpg\",\"upcoming_courses_lists_overlay_image\":\"\\/store\\/1\\/themes\\/general\\/upcoming_courses_overlay.png\",\"categories_courses_lists_featured_courses_background\":\"\\/store\\/1\\/themes\\/general\\/featured_courses_background.svg\",\"categories_courses_lists_featured_courses_overlay_image\":\"\\/store\\/1\\/themes\\/general\\/featured_courses_overlay.png\",\"bundles_lists\":\"\\/store\\/1\\/themes\\/general\\/bundles_background.jpg\",\"bundles_lists_overlay_image\":\"\\/store\\/1\\/themes\\/general\\/bundles_overlay.png\",\"blog_lists\":\"\\/store\\/1\\/themes\\/general\\/blog_background.jpg\",\"blog_lists_overlay_image\":\"\\/store\\/1\\/themes\\/general\\/blog_overlay.png\",\"form_default_cover\":\"\\/store\\/1\\/themes\\/general\\/form_background.jpg\",\"form_default_overlay_image\":\"\\/store\\/1\\/themes\\/general\\/form_overlay.png\",\"form_default_header_icon\":\"\\/store\\/1\\/themes\\/general\\/form_default_icon.svg\",\"meeting_booking_step_1_image\":\"\\/store\\/1\\/themes\\/general\\/meeting_booking_step1_overlay.png\",\"meeting_booking_step_2_image\":\"\\/store\\/1\\/themes\\/general\\/meeting_booking_step2_overlay.png\",\"classes_lists\":\"\\/store\\/1\\/themes\\/general\\/classes_background.jpg\",\"classes_lists_overlay_image\":\"\\/store\\/1\\/themes\\/general\\/courses_overlay.png\",\"reward_courses\":\"\\/store\\/1\\/themes\\/general\\/reward_courses_background.jpg\",\"reward_courses_overlay_image\":\"\\/store\\/1\\/themes\\/general\\/rewards_overlay.png\",\"event_ticket_validation\":\"\\/store\\/1\\/themes\\/general\\/ticket_validation.jpg\",\"event_ticket_validation_overlay_image\":\"\\/store\\/1\\/themes\\/general\\/ticket_validation_overlay.png\",\"events_lists\":\"\\/store\\/1\\/themes\\/general\\/events_background.jpg\",\"events_lists_overlay_image\":\"\\/store\\/1\\/themes\\/general\\/events_overlay.png\",\"meeting_packages_lists\":\"\\/store\\/1\\/themes\\/general\\/instructors_background.jpg\",\"meeting_packages_lists_overlay_image\":\"\\/store\\/1\\/themes\\/general\\/meeting_packages_overlay.png\"},\"authentication_pages\":{\"style\":\"theme_1\",\"slider_background_image\":\"\\/store\\/1\\/themes\\/general\\/authentication_background.svg\",\"slider_contents\":{\"uHuuS\":{\"title\":\"Instant Certificate Access\",\"subtitle\":\"Download certificates right after completion\",\"image\":\"\\/store\\/1\\/themes\\/general\\/authentication_slide1.png\"},\"axuTg\":{\"title\":\"Affordable Quality Education\",\"subtitle\":\"High-value courses at accessible prices\",\"image\":\"\\/store\\/1\\/themes\\/general\\/authentication_slide2.png\"},\"RuDfz\":{\"title\":\"Advance Your Career\",\"subtitle\":\"Build your resume with proven expertise\",\"image\":\"\\/store\\/1\\/themes\\/general\\/authentication_slide3.png\"}}},\"custom_css\":null,\"custom_js\":null}', 0, 0, 1763661816),
(7, 'Instructor Recruitment', '/store/1/default_images/themes/recruitment-preview.jpg', 'light', 8, 2, 1, 2, 8, '{\"card_styles\":{\"course\":\"grid_card_1\",\"product\":\"grid_card_1\",\"bundle\":\"grid_card_1\",\"upcoming_course\":\"grid_card_1\",\"blog_post\":\"grid_card_1\",\"instructor\":\"grid_card_1\",\"organization\":\"grid_card_1\"},\"images\":{\"admin_login\":\"\\/store\\/1\\/themes\\/general\\/admin_login.jpg\",\"admin_dashboard\":\"\\/store\\/1\\/themes\\/general\\/admin_dashboard.png\",\"search\":\"\\/store\\/1\\/themes\\/general\\/search_background.jpg\",\"tags\":\"\\/store\\/1\\/themes\\/general\\/tags_background.jpg\",\"categories\":\"\\/store\\/1\\/themes\\/general\\/categories_background.jpg\",\"become_instructor\":\"\\/store\\/1\\/themes\\/general\\/become_instructor_background.jpg\",\"certificate_validation\":\"\\/store\\/1\\/themes\\/general\\/certificate_validation.jpg\",\"certificate_validation_overlay_image\":\"\\/store\\/1\\/themes\\/general\\/certificate_validation_overlay.png\",\"instructors_lists\":\"\\/store\\/1\\/themes\\/general\\/instructors_background.jpg\",\"instructors_header_overlay_image\":\"\\/store\\/1\\/themes\\/general\\/instructors_overlay.png\",\"organizations_lists\":\"\\/store\\/1\\/themes\\/general\\/organizations_background.jpg\",\"organizations_header_overlay_image\":\"\\/store\\/1\\/themes\\/general\\/organizations_overlay.png\",\"user_cover\":\"\\/store\\/1\\/themes\\/general\\/user_profile_background.jpg\",\"products_lists\":\"\\/store\\/1\\/themes\\/general\\/products_list_background.jpg\",\"products_lists_overlay_image\":\"\\/store\\/1\\/themes\\/general\\/products_overlay.png\",\"upcoming_courses_lists\":\"\\/store\\/1\\/themes\\/general\\/upcoming_courses_background.jpg\",\"upcoming_courses_lists_overlay_image\":\"\\/store\\/1\\/themes\\/general\\/upcoming_courses_overlay.png\",\"categories_courses_lists_featured_courses_background\":\"\\/store\\/1\\/themes\\/general\\/featured_courses_background.svg\",\"categories_courses_lists_featured_courses_overlay_image\":\"\\/store\\/1\\/themes\\/general\\/featured_courses_overlay.png\",\"bundles_lists\":\"\\/store\\/1\\/themes\\/general\\/bundles_background.jpg\",\"bundles_lists_overlay_image\":\"\\/store\\/1\\/themes\\/general\\/bundles_overlay.png\",\"blog_lists\":\"\\/store\\/1\\/themes\\/general\\/blog_background.jpg\",\"blog_lists_overlay_image\":\"\\/store\\/1\\/themes\\/general\\/blog_overlay.png\",\"form_default_cover\":\"\\/store\\/1\\/themes\\/general\\/form_background.jpg\",\"form_default_overlay_image\":\"\\/store\\/1\\/themes\\/general\\/form_overlay.png\",\"form_default_header_icon\":\"\\/store\\/1\\/themes\\/general\\/form_default_icon.svg\",\"meeting_booking_step_1_image\":\"\\/store\\/1\\/themes\\/general\\/meeting_booking_step1_overlay.png\",\"meeting_booking_step_2_image\":\"\\/store\\/1\\/themes\\/general\\/meeting_booking_step2_overlay.png\",\"classes_lists\":\"\\/store\\/1\\/themes\\/general\\/classes_background.jpg\",\"classes_lists_overlay_image\":\"\\/store\\/1\\/themes\\/general\\/courses_overlay.png\",\"reward_courses\":\"\\/store\\/1\\/themes\\/general\\/reward_courses_background.jpg\",\"reward_courses_overlay_image\":\"\\/store\\/1\\/themes\\/general\\/rewards_overlay.png\",\"event_ticket_validation\":\"\\/store\\/1\\/themes\\/general\\/ticket_validation.jpg\",\"event_ticket_validation_overlay_image\":\"\\/store\\/1\\/themes\\/general\\/ticket_validation_overlay.png\",\"events_lists\":\"\\/store\\/1\\/themes\\/general\\/events_background.jpg\",\"events_lists_overlay_image\":\"\\/store\\/1\\/themes\\/general\\/events_overlay.png\",\"meeting_packages_lists\":\"\\/store\\/1\\/themes\\/general\\/instructors_background.jpg\",\"meeting_packages_lists_overlay_image\":\"\\/store\\/1\\/themes\\/general\\/meeting_packages_overlay.png\"},\"authentication_pages\":{\"style\":\"theme_1\",\"slider_background_image\":\"\\/store\\/1\\/themes\\/general\\/authentication_background.svg\",\"slider_contents\":{\"uHuuS\":{\"title\":\"Instant Certificate Access\",\"subtitle\":\"Download certificates right after completion\",\"image\":\"\\/store\\/1\\/themes\\/general\\/authentication_slide1.png\"},\"axuTg\":{\"title\":\"Affordable Quality Education\",\"subtitle\":\"High-value courses at accessible prices\",\"image\":\"\\/store\\/1\\/themes\\/general\\/authentication_slide2.png\"},\"RuDfz\":{\"title\":\"Advance Your Career\",\"subtitle\":\"Build your resume with proven expertise\",\"image\":\"\\/store\\/1\\/themes\\/general\\/authentication_slide3.png\"}}},\"custom_css\":null,\"custom_js\":null}', 0, 0, 1763661827),
(8, 'Category', '/store/1/default_images/themes/category-preview.jpg', 'light', 3, 2, 1, 2, 9, '{\"card_styles\":{\"course\":\"grid_card_1\",\"product\":\"grid_card_1\",\"bundle\":\"grid_card_1\",\"upcoming_course\":\"grid_card_1\",\"blog_post\":\"grid_card_1\",\"instructor\":\"grid_card_1\",\"organization\":\"grid_card_1\"},\"images\":{\"admin_login\":\"\\/store\\/1\\/themes\\/general\\/admin_login.jpg\",\"admin_dashboard\":\"\\/store\\/1\\/themes\\/general\\/admin_dashboard.png\",\"search\":\"\\/store\\/1\\/themes\\/general\\/search_background.jpg\",\"tags\":\"\\/store\\/1\\/themes\\/general\\/tags_background.jpg\",\"categories\":\"\\/store\\/1\\/themes\\/general\\/categories_background.jpg\",\"become_instructor\":\"\\/store\\/1\\/themes\\/general\\/become_instructor_background.jpg\",\"certificate_validation\":\"\\/store\\/1\\/themes\\/general\\/certificate_validation.jpg\",\"certificate_validation_overlay_image\":\"\\/store\\/1\\/themes\\/general\\/certificate_validation_overlay.png\",\"instructors_lists\":\"\\/store\\/1\\/themes\\/general\\/instructors_background.jpg\",\"instructors_header_overlay_image\":\"\\/store\\/1\\/themes\\/general\\/instructors_overlay.png\",\"organizations_lists\":\"\\/store\\/1\\/themes\\/general\\/organizations_background.jpg\",\"organizations_header_overlay_image\":\"\\/store\\/1\\/themes\\/general\\/organizations_overlay.png\",\"user_cover\":\"\\/store\\/1\\/themes\\/general\\/user_profile_background.jpg\",\"products_lists\":\"\\/store\\/1\\/themes\\/general\\/products_list_background.jpg\",\"products_lists_overlay_image\":\"\\/store\\/1\\/themes\\/general\\/products_overlay.png\",\"upcoming_courses_lists\":\"\\/store\\/1\\/themes\\/general\\/upcoming_courses_background.jpg\",\"upcoming_courses_lists_overlay_image\":\"\\/store\\/1\\/themes\\/general\\/upcoming_courses_overlay.png\",\"categories_courses_lists_featured_courses_background\":\"\\/store\\/1\\/themes\\/general\\/featured_courses_background.svg\",\"categories_courses_lists_featured_courses_overlay_image\":\"\\/store\\/1\\/themes\\/general\\/featured_courses_overlay.png\",\"bundles_lists\":\"\\/store\\/1\\/themes\\/general\\/bundles_background.jpg\",\"bundles_lists_overlay_image\":\"\\/store\\/1\\/themes\\/general\\/bundles_overlay.png\",\"blog_lists\":\"\\/store\\/1\\/themes\\/general\\/blog_background.jpg\",\"blog_lists_overlay_image\":\"\\/store\\/1\\/themes\\/general\\/blog_overlay.png\",\"form_default_cover\":\"\\/store\\/1\\/themes\\/general\\/form_background.jpg\",\"form_default_overlay_image\":\"\\/store\\/1\\/themes\\/general\\/form_overlay.png\",\"form_default_header_icon\":\"\\/store\\/1\\/themes\\/general\\/form_default_icon.svg\",\"meeting_booking_step_1_image\":\"\\/store\\/1\\/themes\\/general\\/meeting_booking_step1_overlay.png\",\"meeting_booking_step_2_image\":\"\\/store\\/1\\/themes\\/general\\/meeting_booking_step2_overlay.png\",\"classes_lists\":\"\\/store\\/1\\/themes\\/general\\/classes_background.jpg\",\"classes_lists_overlay_image\":\"\\/store\\/1\\/themes\\/general\\/courses_overlay.png\",\"reward_courses\":\"\\/store\\/1\\/themes\\/general\\/reward_courses_background.jpg\",\"reward_courses_overlay_image\":\"\\/store\\/1\\/themes\\/general\\/rewards_overlay.png\",\"event_ticket_validation\":\"\\/store\\/1\\/themes\\/general\\/ticket_validation.jpg\",\"event_ticket_validation_overlay_image\":\"\\/store\\/1\\/themes\\/general\\/ticket_validation_overlay.png\",\"events_lists\":\"\\/store\\/1\\/themes\\/general\\/events_background.jpg\",\"events_lists_overlay_image\":\"\\/store\\/1\\/themes\\/general\\/events_overlay.png\",\"meeting_packages_lists\":\"\\/store\\/1\\/themes\\/general\\/instructors_background.jpg\",\"meeting_packages_lists_overlay_image\":\"\\/store\\/1\\/themes\\/general\\/meeting_packages_overlay.png\"},\"authentication_pages\":{\"style\":\"theme_1\",\"slider_background_image\":\"\\/store\\/1\\/themes\\/general\\/authentication_background.svg\",\"slider_contents\":{\"uHuuS\":{\"title\":\"Instant Certificate Access\",\"subtitle\":\"Download certificates right after completion\",\"image\":\"\\/store\\/1\\/themes\\/general\\/authentication_slide1.png\"},\"axuTg\":{\"title\":\"Affordable Quality Education\",\"subtitle\":\"High-value courses at accessible prices\",\"image\":\"\\/store\\/1\\/themes\\/general\\/authentication_slide2.png\"},\"RuDfz\":{\"title\":\"Advance Your Career\",\"subtitle\":\"Build your resume with proven expertise\",\"image\":\"\\/store\\/1\\/themes\\/general\\/authentication_slide3.png\"}}},\"custom_css\":null,\"custom_js\":null}', 0, 0, 1763661771),
(9, 'Course Introduction', '/store/1/default_images/themes/course-preview.jpg', 'light', 9, 2, 1, 2, 10, '{\"card_styles\":{\"course\":\"grid_card_1\",\"product\":\"grid_card_1\",\"bundle\":\"grid_card_1\",\"upcoming_course\":\"grid_card_1\",\"blog_post\":\"grid_card_1\",\"instructor\":\"grid_card_1\",\"organization\":\"grid_card_1\"},\"images\":{\"admin_login\":\"\\/store\\/1\\/themes\\/general\\/admin_login.jpg\",\"admin_dashboard\":\"\\/store\\/1\\/themes\\/general\\/admin_dashboard.png\",\"search\":\"\\/store\\/1\\/themes\\/general\\/search_background.jpg\",\"tags\":\"\\/store\\/1\\/themes\\/general\\/tags_background.jpg\",\"categories\":\"\\/store\\/1\\/themes\\/general\\/categories_background.jpg\",\"become_instructor\":\"\\/store\\/1\\/themes\\/general\\/become_instructor_background.jpg\",\"certificate_validation\":\"\\/store\\/1\\/themes\\/general\\/certificate_validation.jpg\",\"certificate_validation_overlay_image\":\"\\/store\\/1\\/themes\\/general\\/certificate_validation_overlay.png\",\"instructors_lists\":\"\\/store\\/1\\/themes\\/general\\/instructors_background.jpg\",\"instructors_header_overlay_image\":\"\\/store\\/1\\/themes\\/general\\/instructors_overlay.png\",\"organizations_lists\":\"\\/store\\/1\\/themes\\/general\\/organizations_background.jpg\",\"organizations_header_overlay_image\":\"\\/store\\/1\\/themes\\/general\\/organizations_overlay.png\",\"user_cover\":\"\\/store\\/1\\/themes\\/general\\/user_profile_background.jpg\",\"products_lists\":\"\\/store\\/1\\/themes\\/general\\/products_list_background.jpg\",\"products_lists_overlay_image\":\"\\/store\\/1\\/themes\\/general\\/products_overlay.png\",\"upcoming_courses_lists\":\"\\/store\\/1\\/themes\\/general\\/upcoming_courses_background.jpg\",\"upcoming_courses_lists_overlay_image\":\"\\/store\\/1\\/themes\\/general\\/upcoming_courses_overlay.png\",\"categories_courses_lists_featured_courses_background\":\"\\/store\\/1\\/themes\\/general\\/featured_courses_background.svg\",\"categories_courses_lists_featured_courses_overlay_image\":\"\\/store\\/1\\/themes\\/general\\/featured_courses_overlay.png\",\"bundles_lists\":\"\\/store\\/1\\/themes\\/general\\/bundles_background.jpg\",\"bundles_lists_overlay_image\":\"\\/store\\/1\\/themes\\/general\\/bundles_overlay.png\",\"blog_lists\":\"\\/store\\/1\\/themes\\/general\\/blog_background.jpg\",\"blog_lists_overlay_image\":\"\\/store\\/1\\/themes\\/general\\/blog_overlay.png\",\"form_default_cover\":\"\\/store\\/1\\/themes\\/general\\/form_background.jpg\",\"form_default_overlay_image\":\"\\/store\\/1\\/themes\\/general\\/form_overlay.png\",\"form_default_header_icon\":\"\\/store\\/1\\/themes\\/general\\/form_default_icon.svg\",\"meeting_booking_step_1_image\":\"\\/store\\/1\\/themes\\/general\\/meeting_booking_step1_overlay.png\",\"meeting_booking_step_2_image\":\"\\/store\\/1\\/themes\\/general\\/meeting_booking_step2_overlay.png\",\"classes_lists\":\"\\/store\\/1\\/themes\\/general\\/classes_background.jpg\",\"classes_lists_overlay_image\":\"\\/store\\/1\\/themes\\/general\\/courses_overlay.png\",\"reward_courses\":\"\\/store\\/1\\/themes\\/general\\/reward_courses_background.jpg\",\"reward_courses_overlay_image\":\"\\/store\\/1\\/themes\\/general\\/rewards_overlay.png\",\"event_ticket_validation\":\"\\/store\\/1\\/themes\\/general\\/ticket_validation.jpg\",\"event_ticket_validation_overlay_image\":\"\\/store\\/1\\/themes\\/general\\/ticket_validation_overlay.png\",\"events_lists\":\"\\/store\\/1\\/themes\\/general\\/events_background.jpg\",\"events_lists_overlay_image\":\"\\/store\\/1\\/themes\\/general\\/events_overlay.png\",\"meeting_packages_lists\":\"\\/store\\/1\\/themes\\/general\\/instructors_background.jpg\",\"meeting_packages_lists_overlay_image\":\"\\/store\\/1\\/themes\\/general\\/meeting_packages_overlay.png\"},\"authentication_pages\":{\"style\":\"theme_1\",\"slider_background_image\":\"\\/store\\/1\\/themes\\/general\\/authentication_background.svg\",\"slider_contents\":{\"uHuuS\":{\"title\":\"Instant Certificate Access\",\"subtitle\":\"Download certificates right after completion\",\"image\":\"\\/store\\/1\\/themes\\/general\\/authentication_slide1.png\"},\"axuTg\":{\"title\":\"Affordable Quality Education\",\"subtitle\":\"High-value courses at accessible prices\",\"image\":\"\\/store\\/1\\/themes\\/general\\/authentication_slide2.png\"},\"RuDfz\":{\"title\":\"Advance Your Career\",\"subtitle\":\"Build your resume with proven expertise\",\"image\":\"\\/store\\/1\\/themes\\/general\\/authentication_slide3.png\"}}},\"custom_css\":null,\"custom_js\":null}', 0, 0, 1763661841),
(10, 'Black Friday', '/store/1/default_images/themes/blackfriday-preview.jpg', 'dark', 10, 2, 1, 2, 11, '{\"card_styles\":{\"course\":\"grid_card_1\",\"product\":\"grid_card_1\",\"bundle\":\"grid_card_1\",\"upcoming_course\":\"grid_card_1\",\"blog_post\":\"grid_card_1\",\"instructor\":\"grid_card_1\",\"organization\":\"grid_card_1\"},\"images\":{\"admin_login\":\"\\/store\\/1\\/themes\\/general\\/admin_login.jpg\",\"admin_dashboard\":\"\\/store\\/1\\/themes\\/general\\/admin_dashboard.png\",\"search\":\"\\/store\\/1\\/themes\\/general\\/search_background.jpg\",\"tags\":\"\\/store\\/1\\/themes\\/general\\/tags_background.jpg\",\"categories\":\"\\/store\\/1\\/themes\\/general\\/categories_background.jpg\",\"become_instructor\":\"\\/store\\/1\\/themes\\/general\\/become_instructor_background.jpg\",\"certificate_validation\":\"\\/store\\/1\\/themes\\/general\\/certificate_validation.jpg\",\"certificate_validation_overlay_image\":\"\\/store\\/1\\/themes\\/general\\/certificate_validation_overlay.png\",\"instructors_lists\":\"\\/store\\/1\\/themes\\/general\\/instructors_background.jpg\",\"instructors_header_overlay_image\":\"\\/store\\/1\\/themes\\/general\\/instructors_overlay.png\",\"organizations_lists\":\"\\/store\\/1\\/themes\\/general\\/organizations_background.jpg\",\"organizations_header_overlay_image\":\"\\/store\\/1\\/themes\\/general\\/organizations_overlay.png\",\"user_cover\":\"\\/store\\/1\\/themes\\/general\\/user_profile_background.jpg\",\"products_lists\":\"\\/store\\/1\\/themes\\/general\\/products_list_background.jpg\",\"products_lists_overlay_image\":\"\\/store\\/1\\/themes\\/general\\/products_overlay.png\",\"upcoming_courses_lists\":\"\\/store\\/1\\/themes\\/general\\/upcoming_courses_background.jpg\",\"upcoming_courses_lists_overlay_image\":\"\\/store\\/1\\/themes\\/general\\/upcoming_courses_overlay.png\",\"categories_courses_lists_featured_courses_background\":\"\\/store\\/1\\/themes\\/general\\/featured_courses_background.svg\",\"categories_courses_lists_featured_courses_overlay_image\":\"\\/store\\/1\\/themes\\/general\\/featured_courses_overlay.png\",\"bundles_lists\":\"\\/store\\/1\\/themes\\/general\\/bundles_background.jpg\",\"bundles_lists_overlay_image\":\"\\/store\\/1\\/themes\\/general\\/bundles_overlay.png\",\"blog_lists\":\"\\/store\\/1\\/themes\\/general\\/blog_background.jpg\",\"blog_lists_overlay_image\":\"\\/store\\/1\\/themes\\/general\\/blog_overlay.png\",\"form_default_cover\":\"\\/store\\/1\\/themes\\/general\\/form_background.jpg\",\"form_default_overlay_image\":\"\\/store\\/1\\/themes\\/general\\/form_overlay.png\",\"form_default_header_icon\":\"\\/store\\/1\\/themes\\/general\\/form_default_icon.svg\",\"meeting_booking_step_1_image\":\"\\/store\\/1\\/themes\\/general\\/meeting_booking_step1_overlay.png\",\"meeting_booking_step_2_image\":\"\\/store\\/1\\/themes\\/general\\/meeting_booking_step2_overlay.png\",\"classes_lists\":\"\\/store\\/1\\/themes\\/general\\/classes_background.jpg\",\"classes_lists_overlay_image\":\"\\/store\\/1\\/themes\\/general\\/courses_overlay.png\",\"reward_courses\":\"\\/store\\/1\\/themes\\/general\\/reward_courses_background.jpg\",\"reward_courses_overlay_image\":\"\\/store\\/1\\/themes\\/general\\/rewards_overlay.png\",\"event_ticket_validation\":\"\\/store\\/1\\/themes\\/general\\/ticket_validation.jpg\",\"event_ticket_validation_overlay_image\":\"\\/store\\/1\\/themes\\/general\\/ticket_validation_overlay.png\",\"events_lists\":\"\\/store\\/1\\/themes\\/general\\/events_background.jpg\",\"events_lists_overlay_image\":\"\\/store\\/1\\/themes\\/general\\/events_overlay.png\",\"meeting_packages_lists\":\"\\/store\\/1\\/themes\\/general\\/instructors_background.jpg\",\"meeting_packages_lists_overlay_image\":\"\\/store\\/1\\/themes\\/general\\/meeting_packages_overlay.png\"},\"authentication_pages\":{\"style\":\"theme_1\",\"slider_background_image\":\"\\/store\\/1\\/themes\\/general\\/authentication_background.svg\",\"slider_contents\":{\"uHuuS\":{\"title\":\"Instant Certificate Access\",\"subtitle\":\"Download certificates right after completion\",\"image\":\"\\/store\\/1\\/themes\\/general\\/authentication_slide1.png\"},\"axuTg\":{\"title\":\"Affordable Quality Education\",\"subtitle\":\"High-value courses at accessible prices\",\"image\":\"\\/store\\/1\\/themes\\/general\\/authentication_slide2.png\"},\"RuDfz\":{\"title\":\"Advance Your Career\",\"subtitle\":\"Build your resume with proven expertise\",\"image\":\"\\/store\\/1\\/themes\\/general\\/authentication_slide3.png\"}}},\"custom_css\":null,\"custom_js\":null}', 0, 0, 1763661853);
INSERT INTO `themes` (`id`, `title`, `preview_image`, `default_color_mode`, `color_id`, `font_id`, `header_id`, `footer_id`, `home_landing_id`, `contents`, `is_default`, `enable`, `created_at`) VALUES
(11, 'Learning Path', '/store/1/default_images/themes/learningpath-preview.jpg', 'light', 1, 2, 1, 2, 12, '{\"card_styles\":{\"course\":\"grid_card_1\",\"product\":\"grid_card_1\",\"bundle\":\"grid_card_1\",\"upcoming_course\":\"grid_card_1\",\"blog_post\":\"grid_card_1\",\"instructor\":\"grid_card_1\",\"organization\":\"grid_card_1\"},\"images\":{\"admin_login\":\"\\/store\\/1\\/themes\\/general\\/admin_login.jpg\",\"admin_dashboard\":\"\\/store\\/1\\/themes\\/general\\/admin_dashboard.png\",\"search\":\"\\/store\\/1\\/themes\\/general\\/search_background.jpg\",\"tags\":\"\\/store\\/1\\/themes\\/general\\/tags_background.jpg\",\"categories\":\"\\/store\\/1\\/themes\\/general\\/categories_background.jpg\",\"become_instructor\":\"\\/store\\/1\\/themes\\/general\\/become_instructor_background.jpg\",\"certificate_validation\":\"\\/store\\/1\\/themes\\/general\\/certificate_validation.jpg\",\"certificate_validation_overlay_image\":\"\\/store\\/1\\/themes\\/general\\/certificate_validation_overlay.png\",\"instructors_lists\":\"\\/store\\/1\\/themes\\/general\\/instructors_background.jpg\",\"instructors_header_overlay_image\":\"\\/store\\/1\\/themes\\/general\\/instructors_overlay.png\",\"organizations_lists\":\"\\/store\\/1\\/themes\\/general\\/organizations_background.jpg\",\"organizations_header_overlay_image\":\"\\/store\\/1\\/themes\\/general\\/organizations_overlay.png\",\"user_cover\":\"\\/store\\/1\\/themes\\/general\\/user_profile_background.jpg\",\"products_lists\":\"\\/store\\/1\\/themes\\/general\\/products_list_background.jpg\",\"products_lists_overlay_image\":\"\\/store\\/1\\/themes\\/general\\/products_overlay.png\",\"upcoming_courses_lists\":\"\\/store\\/1\\/themes\\/general\\/upcoming_courses_background.jpg\",\"upcoming_courses_lists_overlay_image\":\"\\/store\\/1\\/themes\\/general\\/upcoming_courses_overlay.png\",\"categories_courses_lists_featured_courses_background\":\"\\/store\\/1\\/themes\\/general\\/featured_courses_background.svg\",\"categories_courses_lists_featured_courses_overlay_image\":\"\\/store\\/1\\/themes\\/general\\/featured_courses_overlay.png\",\"bundles_lists\":\"\\/store\\/1\\/themes\\/general\\/bundles_background.jpg\",\"bundles_lists_overlay_image\":\"\\/store\\/1\\/themes\\/general\\/bundles_overlay.png\",\"blog_lists\":\"\\/store\\/1\\/themes\\/general\\/blog_background.jpg\",\"blog_lists_overlay_image\":\"\\/store\\/1\\/themes\\/general\\/blog_overlay.png\",\"form_default_cover\":\"\\/store\\/1\\/themes\\/general\\/form_background.jpg\",\"form_default_overlay_image\":\"\\/store\\/1\\/themes\\/general\\/form_overlay.png\",\"form_default_header_icon\":\"\\/store\\/1\\/themes\\/general\\/form_default_icon.svg\",\"meeting_booking_step_1_image\":\"\\/store\\/1\\/themes\\/general\\/meeting_booking_step1_overlay.png\",\"meeting_booking_step_2_image\":\"\\/store\\/1\\/themes\\/general\\/meeting_booking_step2_overlay.png\",\"classes_lists\":\"\\/store\\/1\\/themes\\/general\\/classes_background.jpg\",\"classes_lists_overlay_image\":\"\\/store\\/1\\/themes\\/general\\/courses_overlay.png\",\"reward_courses\":\"\\/store\\/1\\/themes\\/general\\/reward_courses_background.jpg\",\"reward_courses_overlay_image\":\"\\/store\\/1\\/themes\\/general\\/rewards_overlay.png\",\"event_ticket_validation\":\"\\/store\\/1\\/themes\\/general\\/ticket_validation.jpg\",\"event_ticket_validation_overlay_image\":\"\\/store\\/1\\/themes\\/general\\/ticket_validation_overlay.png\",\"events_lists\":\"\\/store\\/1\\/themes\\/general\\/events_background.jpg\",\"events_lists_overlay_image\":\"\\/store\\/1\\/themes\\/general\\/events_overlay.png\",\"meeting_packages_lists\":\"\\/store\\/1\\/themes\\/general\\/instructors_background.jpg\",\"meeting_packages_lists_overlay_image\":\"\\/store\\/1\\/themes\\/general\\/meeting_packages_overlay.png\"},\"authentication_pages\":{\"style\":\"theme_1\",\"slider_background_image\":\"\\/store\\/1\\/themes\\/general\\/authentication_background.svg\",\"slider_contents\":{\"uHuuS\":{\"title\":\"Instant Certificate Access\",\"subtitle\":\"Download certificates right after completion\",\"image\":\"\\/store\\/1\\/themes\\/general\\/authentication_slide1.png\"},\"axuTg\":{\"title\":\"Affordable Quality Education\",\"subtitle\":\"High-value courses at accessible prices\",\"image\":\"\\/store\\/1\\/themes\\/general\\/authentication_slide2.png\"},\"RuDfz\":{\"title\":\"Advance Your Career\",\"subtitle\":\"Build your resume with proven expertise\",\"image\":\"\\/store\\/1\\/themes\\/general\\/authentication_slide3.png\"}}},\"custom_css\":null,\"custom_js\":null}', 0, 0, 1763662026),
(12, 'Universal (Default)', '/store/1/default_images/themes/universal-preview.jpg', 'light', 1, 2, 1, 2, 13, '{\"card_styles\":{\"course\":\"grid_card_1\",\"product\":\"grid_card_1\",\"bundle\":\"grid_card_1\",\"upcoming_course\":\"grid_card_1\",\"blog_post\":\"grid_card_1\",\"instructor\":\"grid_card_1\",\"organization\":\"grid_card_1\"},\"images\":{\"admin_login\":\"\\/store\\/1\\/themes\\/general\\/admin_login.jpg\",\"admin_dashboard\":\"\\/store\\/1\\/themes\\/general\\/admin_dashboard.png\",\"search\":\"\\/store\\/1\\/themes\\/general\\/search_background.jpg\",\"tags\":\"\\/store\\/1\\/themes\\/general\\/tags_background.jpg\",\"categories\":\"\\/store\\/1\\/themes\\/general\\/categories_background.jpg\",\"become_instructor\":\"\\/store\\/1\\/themes\\/general\\/become_instructor_background.jpg\",\"certificate_validation\":\"\\/store\\/1\\/themes\\/general\\/certificate_validation.jpg\",\"certificate_validation_overlay_image\":\"\\/store\\/1\\/themes\\/general\\/certificate_validation_overlay.png\",\"instructors_lists\":\"\\/store\\/1\\/themes\\/general\\/instructors_background.jpg\",\"instructors_header_overlay_image\":\"\\/store\\/1\\/themes\\/general\\/instructors_overlay.png\",\"organizations_lists\":\"\\/store\\/1\\/themes\\/general\\/organizations_background.jpg\",\"organizations_header_overlay_image\":\"\\/store\\/1\\/themes\\/general\\/organizations_overlay.png\",\"user_cover\":\"\\/store\\/1\\/themes\\/general\\/user_profile_background.jpg\",\"products_lists\":\"\\/store\\/1\\/themes\\/general\\/products_list_background.jpg\",\"products_lists_overlay_image\":\"\\/store\\/1\\/themes\\/general\\/products_overlay.png\",\"upcoming_courses_lists\":\"\\/store\\/1\\/themes\\/general\\/upcoming_courses_background.jpg\",\"upcoming_courses_lists_overlay_image\":\"\\/store\\/1\\/themes\\/general\\/upcoming_courses_overlay.png\",\"categories_courses_lists_featured_courses_background\":\"\\/store\\/1\\/themes\\/general\\/featured_courses_background.svg\",\"categories_courses_lists_featured_courses_overlay_image\":\"\\/store\\/1\\/themes\\/general\\/featured_courses_overlay.png\",\"bundles_lists\":\"\\/store\\/1\\/themes\\/general\\/bundles_background.jpg\",\"bundles_lists_overlay_image\":\"\\/store\\/1\\/themes\\/general\\/bundles_overlay.png\",\"blog_lists\":\"\\/store\\/1\\/themes\\/general\\/blog_background.jpg\",\"blog_lists_overlay_image\":\"\\/store\\/1\\/themes\\/general\\/blog_overlay.png\",\"form_default_cover\":\"\\/store\\/1\\/themes\\/general\\/form_background.jpg\",\"form_default_overlay_image\":\"\\/store\\/1\\/themes\\/general\\/form_overlay.png\",\"form_default_header_icon\":\"\\/store\\/1\\/themes\\/general\\/form_default_icon.svg\",\"meeting_booking_step_1_image\":\"\\/store\\/1\\/themes\\/general\\/meeting_booking_step1_overlay.png\",\"meeting_booking_step_2_image\":\"\\/store\\/1\\/themes\\/general\\/meeting_booking_step2_overlay.png\",\"classes_lists\":\"\\/store\\/1\\/themes\\/general\\/classes_background.jpg\",\"classes_lists_overlay_image\":\"\\/store\\/1\\/themes\\/general\\/courses_overlay.png\",\"reward_courses\":\"\\/store\\/1\\/themes\\/general\\/reward_courses_background.jpg\",\"reward_courses_overlay_image\":\"\\/store\\/1\\/themes\\/general\\/rewards_overlay.png\",\"event_ticket_validation\":\"\\/store\\/1\\/themes\\/general\\/ticket_validation.jpg\",\"event_ticket_validation_overlay_image\":\"\\/store\\/1\\/themes\\/general\\/ticket_validation_overlay.png\",\"events_lists\":\"\\/store\\/1\\/themes\\/general\\/events_background.jpg\",\"events_lists_overlay_image\":\"\\/store\\/1\\/themes\\/general\\/events_overlay.png\",\"meeting_packages_lists\":\"\\/store\\/1\\/themes\\/general\\/instructors_background.jpg\",\"meeting_packages_lists_overlay_image\":\"\\/store\\/1\\/themes\\/general\\/meeting_packages_overlay.png\"},\"authentication_pages\":{\"style\":\"theme_1\",\"slider_background_image\":\"\\/store\\/1\\/themes\\/general\\/authentication_background.svg\",\"slider_contents\":{\"uHuuS\":{\"title\":\"Instant Certificate Access\",\"subtitle\":\"Download certificates right after completion\",\"image\":\"\\/store\\/1\\/themes\\/general\\/authentication_slide1.png\"},\"axuTg\":{\"title\":\"Affordable Quality Education\",\"subtitle\":\"High-value courses at accessible prices\",\"image\":\"\\/store\\/1\\/themes\\/general\\/authentication_slide2.png\"},\"RuDfz\":{\"title\":\"Advance Your Career\",\"subtitle\":\"Build your resume with proven expertise\",\"image\":\"\\/store\\/1\\/themes\\/general\\/authentication_slide3.png\"}}},\"custom_css\":null,\"custom_js\":null}', 0, 1, 1763636289),
(13, 'Event Hub', '/store/1/default_images/themes/events-preview.jpg', 'light', 11, 2, 3, 4, 14, '{\"card_styles\":{\"course\":\"grid_card_1\",\"product\":\"grid_card_1\",\"bundle\":\"grid_card_1\",\"upcoming_course\":\"grid_card_1\",\"blog_post\":\"grid_card_1\",\"instructor\":\"grid_card_1\",\"organization\":\"grid_card_1\"},\"images\":{\"admin_login\":\"\\/store\\/1\\/themes\\/general\\/admin_login.jpg\",\"admin_dashboard\":\"\\/store\\/1\\/themes\\/general\\/admin_dashboard.png\",\"search\":\"\\/store\\/1\\/themes\\/general\\/search_background.jpg\",\"tags\":\"\\/store\\/1\\/themes\\/general\\/tags_background.jpg\",\"categories\":\"\\/store\\/1\\/themes\\/general\\/categories_background.jpg\",\"become_instructor\":\"\\/store\\/1\\/themes\\/general\\/become_instructor_background.jpg\",\"certificate_validation\":\"\\/store\\/1\\/themes\\/general\\/certificate_validation.jpg\",\"certificate_validation_overlay_image\":\"\\/store\\/1\\/themes\\/general\\/certificate_validation_overlay.png\",\"instructors_lists\":\"\\/store\\/1\\/themes\\/general\\/instructors_background.jpg\",\"instructors_header_overlay_image\":\"\\/store\\/1\\/themes\\/general\\/instructors_overlay.png\",\"organizations_lists\":\"\\/store\\/1\\/themes\\/general\\/organizations_background.jpg\",\"organizations_header_overlay_image\":\"\\/store\\/1\\/themes\\/general\\/organizations_overlay.png\",\"user_cover\":\"\\/store\\/1\\/themes\\/general\\/user_profile_background.jpg\",\"products_lists\":\"\\/store\\/1\\/themes\\/general\\/products_list_background.jpg\",\"products_lists_overlay_image\":\"\\/store\\/1\\/themes\\/general\\/products_overlay.png\",\"upcoming_courses_lists\":\"\\/store\\/1\\/themes\\/general\\/upcoming_courses_background.jpg\",\"upcoming_courses_lists_overlay_image\":\"\\/store\\/1\\/themes\\/general\\/upcoming_courses_overlay.png\",\"categories_courses_lists_featured_courses_background\":\"\\/store\\/1\\/themes\\/general\\/featured_courses_background.svg\",\"categories_courses_lists_featured_courses_overlay_image\":\"\\/store\\/1\\/themes\\/general\\/featured_courses_overlay.png\",\"bundles_lists\":\"\\/store\\/1\\/themes\\/general\\/bundles_background.jpg\",\"bundles_lists_overlay_image\":\"\\/store\\/1\\/themes\\/general\\/bundles_overlay.png\",\"blog_lists\":\"\\/store\\/1\\/themes\\/general\\/blog_background.jpg\",\"blog_lists_overlay_image\":\"\\/store\\/1\\/themes\\/general\\/blog_overlay.png\",\"form_default_cover\":\"\\/store\\/1\\/themes\\/general\\/form_background.jpg\",\"form_default_overlay_image\":\"\\/store\\/1\\/themes\\/general\\/form_overlay.png\",\"form_default_header_icon\":\"\\/store\\/1\\/themes\\/general\\/form_default_icon.svg\",\"meeting_booking_step_1_image\":\"\\/store\\/1\\/themes\\/general\\/meeting_booking_step1_overlay.png\",\"meeting_booking_step_2_image\":\"\\/store\\/1\\/themes\\/general\\/meeting_booking_step2_overlay.png\",\"classes_lists\":\"\\/store\\/1\\/themes\\/general\\/classes_background.jpg\",\"classes_lists_overlay_image\":\"\\/store\\/1\\/themes\\/general\\/courses_overlay.png\",\"reward_courses\":\"\\/store\\/1\\/themes\\/general\\/reward_courses_background.jpg\",\"reward_courses_overlay_image\":\"\\/store\\/1\\/themes\\/general\\/rewards_overlay.png\",\"event_ticket_validation\":\"\\/store\\/1\\/themes\\/general\\/ticket_validation.jpg\",\"event_ticket_validation_overlay_image\":\"\\/store\\/1\\/themes\\/general\\/ticket_validation_overlay.png\",\"events_lists\":\"\\/store\\/1\\/themes\\/general\\/events_background.jpg\",\"events_lists_overlay_image\":\"\\/store\\/1\\/themes\\/general\\/events_overlay.png\",\"meeting_packages_lists\":\"\\/store\\/1\\/themes\\/general\\/instructors_background.jpg\",\"meeting_packages_lists_overlay_image\":\"\\/store\\/1\\/themes\\/general\\/meeting_packages_overlay.png\"},\"authentication_pages\":{\"style\":\"theme_1\",\"slider_background_image\":\"\\/store\\/1\\/themes\\/general\\/authentication_background.svg\",\"slider_contents\":{\"uHuuS\":{\"title\":\"Instant Certificate Access\",\"subtitle\":\"Download certificates right after completion\",\"image\":\"\\/store\\/1\\/themes\\/general\\/authentication_slide1.png\"},\"axuTg\":{\"title\":\"Affordable Quality Education\",\"subtitle\":\"High-value courses at accessible prices\",\"image\":\"\\/store\\/1\\/themes\\/general\\/authentication_slide2.png\"},\"RuDfz\":{\"title\":\"Advance Your Career\",\"subtitle\":\"Build your resume with proven expertise\",\"image\":\"\\/store\\/1\\/themes\\/general\\/authentication_slide3.png\"}}},\"custom_css\":null,\"custom_js\":null}', 0, 0, 1764431688),
(14, 'K12 School', '/store/1/default_images/themes/k12school-preview.jpg', 'light', 12, 2, 3, 4, 15, '{\"card_styles\":{\"course\":\"grid_card_1\",\"product\":\"grid_card_1\",\"bundle\":\"grid_card_1\",\"upcoming_course\":\"grid_card_1\",\"blog_post\":\"grid_card_1\",\"instructor\":\"grid_card_1\",\"organization\":\"grid_card_1\"},\"images\":{\"admin_login\":\"\\/store\\/1\\/themes\\/general\\/admin_login.jpg\",\"admin_dashboard\":\"\\/store\\/1\\/themes\\/general\\/admin_dashboard.png\",\"search\":\"\\/store\\/1\\/themes\\/general\\/search_background.jpg\",\"tags\":\"\\/store\\/1\\/themes\\/general\\/tags_background.jpg\",\"categories\":\"\\/store\\/1\\/themes\\/general\\/categories_background.jpg\",\"become_instructor\":\"\\/store\\/1\\/themes\\/general\\/become_instructor_background.jpg\",\"certificate_validation\":\"\\/store\\/1\\/themes\\/general\\/certificate_validation.jpg\",\"certificate_validation_overlay_image\":\"\\/store\\/1\\/themes\\/general\\/certificate_validation_overlay.png\",\"instructors_lists\":\"\\/store\\/1\\/themes\\/general\\/instructors_background.jpg\",\"instructors_header_overlay_image\":\"\\/store\\/1\\/themes\\/general\\/instructors_overlay.png\",\"organizations_lists\":\"\\/store\\/1\\/themes\\/general\\/organizations_background.jpg\",\"organizations_header_overlay_image\":\"\\/store\\/1\\/themes\\/general\\/organizations_overlay.png\",\"user_cover\":\"\\/store\\/1\\/themes\\/general\\/user_profile_background.jpg\",\"products_lists\":\"\\/store\\/1\\/themes\\/general\\/products_list_background.jpg\",\"products_lists_overlay_image\":\"\\/store\\/1\\/themes\\/general\\/products_overlay.png\",\"upcoming_courses_lists\":\"\\/store\\/1\\/themes\\/general\\/upcoming_courses_background.jpg\",\"upcoming_courses_lists_overlay_image\":\"\\/store\\/1\\/themes\\/general\\/upcoming_courses_overlay.png\",\"categories_courses_lists_featured_courses_background\":\"\\/store\\/1\\/themes\\/general\\/featured_courses_background.svg\",\"categories_courses_lists_featured_courses_overlay_image\":\"\\/store\\/1\\/themes\\/general\\/featured_courses_overlay.png\",\"bundles_lists\":\"\\/store\\/1\\/themes\\/general\\/bundles_background.jpg\",\"bundles_lists_overlay_image\":\"\\/store\\/1\\/themes\\/general\\/bundles_overlay.png\",\"blog_lists\":\"\\/store\\/1\\/themes\\/general\\/blog_background.jpg\",\"blog_lists_overlay_image\":\"\\/store\\/1\\/themes\\/general\\/blog_overlay.png\",\"form_default_cover\":\"\\/store\\/1\\/themes\\/general\\/form_background.jpg\",\"form_default_overlay_image\":\"\\/store\\/1\\/themes\\/general\\/form_overlay.png\",\"form_default_header_icon\":\"\\/store\\/1\\/themes\\/general\\/form_default_icon.svg\",\"meeting_booking_step_1_image\":\"\\/store\\/1\\/themes\\/general\\/meeting_booking_step1_overlay.png\",\"meeting_booking_step_2_image\":\"\\/store\\/1\\/themes\\/general\\/meeting_booking_step2_overlay.png\",\"classes_lists\":\"\\/store\\/1\\/themes\\/general\\/classes_background.jpg\",\"classes_lists_overlay_image\":\"\\/store\\/1\\/themes\\/general\\/courses_overlay.png\",\"reward_courses\":\"\\/store\\/1\\/themes\\/general\\/reward_courses_background.jpg\",\"reward_courses_overlay_image\":\"\\/store\\/1\\/themes\\/general\\/rewards_overlay.png\",\"event_ticket_validation\":\"\\/store\\/1\\/themes\\/general\\/ticket_validation.jpg\",\"event_ticket_validation_overlay_image\":\"\\/store\\/1\\/themes\\/general\\/ticket_validation_overlay.png\",\"events_lists\":\"\\/store\\/1\\/themes\\/general\\/events_background.jpg\",\"events_lists_overlay_image\":\"\\/store\\/1\\/themes\\/general\\/events_overlay.png\",\"meeting_packages_lists\":\"\\/store\\/1\\/themes\\/general\\/instructors_background.jpg\",\"meeting_packages_lists_overlay_image\":\"\\/store\\/1\\/themes\\/general\\/meeting_packages_overlay.png\"},\"authentication_pages\":{\"style\":\"theme_1\",\"slider_background_image\":\"\\/store\\/1\\/themes\\/general\\/authentication_background.svg\",\"slider_contents\":{\"uHuuS\":{\"title\":\"Instant Certificate Access\",\"subtitle\":\"Download certificates right after completion\",\"image\":\"\\/store\\/1\\/themes\\/general\\/authentication_slide1.png\"},\"axuTg\":{\"title\":\"Affordable Quality Education\",\"subtitle\":\"High-value courses at accessible prices\",\"image\":\"\\/store\\/1\\/themes\\/general\\/authentication_slide2.png\"},\"RuDfz\":{\"title\":\"Advance Your Career\",\"subtitle\":\"Build your resume with proven expertise\",\"image\":\"\\/store\\/1\\/themes\\/general\\/authentication_slide3.png\"}}},\"custom_css\":null,\"custom_js\":null}', 0, 0, 1764431675);

-- --------------------------------------------------------

--
-- Table structure for table `theme_colors_fonts`
--

CREATE TABLE `theme_colors_fonts` (
  `id` int(10) UNSIGNED NOT NULL,
  `type` enum('color','font') NOT NULL,
  `title` varchar(255) NOT NULL,
  `content` text DEFAULT NULL,
  `created_at` bigint(20) UNSIGNED NOT NULL
) ENGINE=InnoDB DEFAULT CHARSET=utf8mb4 COLLATE=utf8mb4_general_ci;

--
-- Dumping data for table `theme_colors_fonts`
--

INSERT INTO `theme_colors_fonts` (`id`, `type`, `title`, `content`, `created_at`) VALUES
(1, 'color', 'Blue (Default)', '{\"light\":{\"primary\":\"#0170ff\",\"primary_saturated\":\"#67a9ff\",\"secondary\":\"#0e2145\",\"accent\":\"#fe6257\",\"success\":\"#3fcd82\",\"info\":\"#67a9ff\",\"warning\":\"#ffa200\",\"danger\":\"#f63c3c\",\"dark\":\"#121f3e\",\"black\":\"#000000\",\"white\":\"#ffffff\",\"gray_100\":\"#fafcff\",\"gray_200\":\"#f0f4f9\",\"gray_300\":\"#e9edf3\",\"gray_400\":\"#cdd5e2\",\"gray_500\":\"#97a7bf\",\"gray\":\"#f5f8f9\",\"section_bg\":\"#eaf0f3\"},\"dark\":{\"primary\":\"#3e93ff\",\"primary_saturated\":\"#8dbeff\",\"secondary\":\"#2658b7\",\"accent\":\"#ff8077\",\"success\":\"#5ade98\",\"info\":\"#8dbeff\",\"warning\":\"#ffb32d\",\"danger\":\"#fe6363\",\"dark\":\"#aab8c5\",\"black\":\"#e1eaf6\",\"white\":\"#1e1f26\",\"gray_100\":\"#272832\",\"gray_200\":\"#30313e\",\"gray_300\":\"#3e404e\",\"gray_400\":\"#5d5f72\",\"gray_500\":\"#8391a2\",\"gray\":\"#17181e\",\"section_bg\":\"#2d323a\"}}', 1748879802),
(2, 'font', 'Default', '{\"main\":{\"regular\":\"\\/store\\/1\\/fonts\\/Gilroy-Regular.woff2\",\"bold\":\"\\/store\\/1\\/fonts\\/Gilroy-Bold.woff2\",\"medium\":\"\\/store\\/1\\/fonts\\/Gilroy-Medium.woff2\"},\"rtl\":{\"regular\":\"\\/store\\/1\\/fonts\\/Tajawal-Regular.woff2\",\"bold\":\"\\/store\\/1\\/fonts\\/Tajawal-Bold.woff2\",\"medium\":\"\\/store\\/1\\/fonts\\/Tajawal-Medium.woff2\"}}', 1748880740),
(3, 'color', 'May Green', '{\"light\":{\"primary\":\"#559864\",\"primary_saturated\":\"#7db689\",\"secondary\":\"#264240\",\"accent\":\"#ffc94d\",\"success\":\"#3fcd82\",\"info\":\"#67a9ff\",\"warning\":\"#ffa200\",\"danger\":\"#f63c3c\",\"dark\":\"#121f3e\",\"black\":\"#000000\",\"white\":\"#ffffff\",\"gray_100\":\"#fafcff\",\"gray_200\":\"#f0f4f9\",\"gray_300\":\"#e9edf3\",\"gray_400\":\"#cdd5e2\",\"gray_500\":\"#97a7bf\",\"gray\":\"#f5f8f9\",\"section_bg\":\"#eaeee8\"},\"dark\":{\"primary\":\"#8ac497\",\"primary_saturated\":\"#97c4a1\",\"secondary\":\"#5b7371\",\"accent\":\"#ff8077\",\"success\":\"#5ade98\",\"info\":\"#8dbeff\",\"warning\":\"#ffb32d\",\"danger\":\"#fe6363\",\"dark\":\"#aab8c5\",\"black\":\"#e1eaf6\",\"white\":\"#1e1f26\",\"gray_100\":\"#272832\",\"gray_200\":\"#30313e\",\"gray_300\":\"#3e404e\",\"gray_400\":\"#5d5f72\",\"gray_500\":\"#8391a2\",\"gray\":\"#17181e\",\"section_bg\":\"#232626\"}}', 1748930716),
(4, 'color', 'Formal Black', '{\"light\":{\"primary\":\"#080609\",\"primary_saturated\":\"#4d494f\",\"secondary\":\"#2a2d3c\",\"accent\":\"#fe6257\",\"success\":\"#3fcd82\",\"info\":\"#67a9ff\",\"warning\":\"#ffa200\",\"danger\":\"#f63c3c\",\"dark\":\"#121f3e\",\"black\":\"#000000\",\"white\":\"#ffffff\",\"gray_100\":\"#fafcff\",\"gray_200\":\"#f0f4f9\",\"gray_300\":\"#e9edf3\",\"gray_400\":\"#cdd5e2\",\"gray_500\":\"#97a7bf\",\"gray\":\"#f5f8f9\",\"section_bg\":\"#eaf0f3\"},\"dark\":{\"primary\":\"#5c585f\",\"primary_saturated\":\"#635f65\",\"secondary\":\"#626475\",\"accent\":\"#ff8077\",\"success\":\"#5ade98\",\"info\":\"#8dbeff\",\"warning\":\"#ffb32d\",\"danger\":\"#fe6363\",\"dark\":\"#aab8c5\",\"black\":\"#e1eaf6\",\"white\":\"#1e1f26\",\"gray_100\":\"#272832\",\"gray_200\":\"#30313e\",\"gray_300\":\"#3e404e\",\"gray_400\":\"#5d5f72\",\"gray_500\":\"#8391a2\",\"gray\":\"#17181e\",\"section_bg\":\"#2b2d3b\"}}', 1750089746),
(5, 'color', 'Royal Blue', '{\"light\":{\"primary\":\"#2d5bd2\",\"primary_saturated\":\"#7394ea\",\"secondary\":\"#2d3f6c\",\"accent\":\"#fe6257\",\"success\":\"#3fcd82\",\"info\":\"#67a9ff\",\"warning\":\"#ffa200\",\"danger\":\"#f63c3c\",\"dark\":\"#121f3e\",\"black\":\"#000000\",\"white\":\"#ffffff\",\"gray_100\":\"#fafcff\",\"gray_200\":\"#f0f4f9\",\"gray_300\":\"#e9edf3\",\"gray_400\":\"#cdd5e2\",\"gray_500\":\"#97a7bf\",\"gray\":\"#f5f8f9\",\"section_bg\":\"#eaf0f3\"},\"dark\":{\"primary\":\"#5882ec\",\"primary_saturated\":\"#9cb5f6\",\"secondary\":\"#5c6b90\",\"accent\":\"#ff8077\",\"success\":\"#5ade98\",\"info\":\"#8dbeff\",\"warning\":\"#ffb32d\",\"danger\":\"#fe6363\",\"dark\":\"#aab8c5\",\"black\":\"#e1eaf6\",\"white\":\"#1e1f26\",\"gray_100\":\"#272832\",\"gray_200\":\"#30313e\",\"gray_300\":\"#3e404e\",\"gray_400\":\"#5d5f72\",\"gray_500\":\"#8391a2\",\"gray\":\"#17181e\",\"section_bg\":\"#2b2d3b\"}}', 1750089746),
(6, 'color', 'Amber Orange', '{\"light\":{\"primary\":\"#ffa200\",\"primary_saturated\":\"#eeaf42\",\"secondary\":\"#212237\",\"accent\":\"#fe6257\",\"success\":\"#3fcd82\",\"info\":\"#67a9ff\",\"warning\":\"#ffa200\",\"danger\":\"#f63c3c\",\"dark\":\"#121f3e\",\"black\":\"#000000\",\"white\":\"#ffffff\",\"gray_100\":\"#fafcff\",\"gray_200\":\"#f0f4f9\",\"gray_300\":\"#e9edf3\",\"gray_400\":\"#cdd5e2\",\"gray_500\":\"#97a7bf\",\"gray\":\"#f5f8f9\",\"section_bg\":\"#eaf0f3\"},\"dark\":{\"primary\":\"#e99503\",\"primary_saturated\":\"#dba13d\",\"secondary\":\"#54566c\",\"accent\":\"#ff8077\",\"success\":\"#5ade98\",\"info\":\"#8dbeff\",\"warning\":\"#ffb32d\",\"danger\":\"#fe6363\",\"dark\":\"#aab8c5\",\"black\":\"#e1eaf6\",\"white\":\"#1e1f26\",\"gray_100\":\"#272832\",\"gray_200\":\"#30313e\",\"gray_300\":\"#3e404e\",\"gray_400\":\"#5d5f72\",\"gray_500\":\"#8391a2\",\"gray\":\"#17181e\",\"section_bg\":\"#2b2d3b\"}}', 1750089746),
(7, 'color', 'Myrtle Green', '{\"light\":{\"primary\":\"#224639\",\"primary_saturated\":\"#517367\",\"secondary\":\"#23352e\",\"accent\":\"#fe6257\",\"success\":\"#3fcd82\",\"info\":\"#67a9ff\",\"warning\":\"#ffa200\",\"danger\":\"#f63c3c\",\"dark\":\"#121f3e\",\"black\":\"#000000\",\"white\":\"#ffffff\",\"gray_100\":\"#fafcff\",\"gray_200\":\"#f0f4f9\",\"gray_300\":\"#e9edf3\",\"gray_400\":\"#cdd5e2\",\"gray_500\":\"#97a7bf\",\"gray\":\"#f5f8f9\",\"section_bg\":\"#ebede9\"},\"dark\":{\"primary\":\"#3a5d50\",\"primary_saturated\":\"#67857a\",\"secondary\":\"#43554e\",\"accent\":\"#ff8077\",\"success\":\"#5ade98\",\"info\":\"#8dbeff\",\"warning\":\"#ffb32d\",\"danger\":\"#fe6363\",\"dark\":\"#aab8c5\",\"black\":\"#e1eaf6\",\"white\":\"#1e1f26\",\"gray_100\":\"#272832\",\"gray_200\":\"#30313e\",\"gray_300\":\"#3e404e\",\"gray_400\":\"#5d5f72\",\"gray_500\":\"#8391a2\",\"gray\":\"#17181e\",\"section_bg\":\"#303030\"}}', 1750089746),
(8, 'color', 'Lavender Violet', '{\"light\":{\"primary\":\"#7c66f6\",\"primary_saturated\":\"#a190ff\",\"secondary\":\"#2c2749\",\"accent\":\"#fe6257\",\"success\":\"#3fcd82\",\"info\":\"#67a9ff\",\"warning\":\"#ffa200\",\"danger\":\"#f63c3c\",\"dark\":\"#121f3e\",\"black\":\"#000000\",\"white\":\"#ffffff\",\"gray_100\":\"#fafcff\",\"gray_200\":\"#f0f4f9\",\"gray_300\":\"#e9edf3\",\"gray_400\":\"#cdd5e2\",\"gray_500\":\"#97a7bf\",\"gray\":\"#f5f8f9\",\"section_bg\":\"#eaf0f3\"},\"dark\":{\"primary\":\"#927fff\",\"primary_saturated\":\"#b0a2ff\",\"secondary\":\"#3d385b\",\"accent\":\"#ff8077\",\"success\":\"#5ade98\",\"info\":\"#8dbeff\",\"warning\":\"#ffb32d\",\"danger\":\"#fe6363\",\"dark\":\"#aab8c5\",\"black\":\"#e1eaf6\",\"white\":\"#1e1f26\",\"gray_100\":\"#272832\",\"gray_200\":\"#30313e\",\"gray_300\":\"#3e404e\",\"gray_400\":\"#5d5f72\",\"gray_500\":\"#8391a2\",\"gray\":\"#17181e\",\"section_bg\":\"#2b2d3b\"}}', 1750089746),
(9, 'color', 'Majestic Blue', '{\"light\":{\"primary\":\"#3a30dc\",\"primary_saturated\":\"#5c52fe\",\"secondary\":\"#0c2e54\",\"accent\":\"#fe6257\",\"success\":\"#3fcd82\",\"info\":\"#67a9ff\",\"warning\":\"#ffa200\",\"danger\":\"#f63c3c\",\"dark\":\"#121f3e\",\"black\":\"#000000\",\"white\":\"#ffffff\",\"gray_100\":\"#fafcff\",\"gray_200\":\"#f0f4f9\",\"gray_300\":\"#e9edf3\",\"gray_400\":\"#cdd5e2\",\"gray_500\":\"#97a7bf\",\"gray\":\"#f5f8f9\",\"section_bg\":\"#e5efff\"},\"dark\":{\"primary\":\"#574df8\",\"primary_saturated\":\"#766dff\",\"secondary\":\"#385f8d\",\"accent\":\"#ff8077\",\"success\":\"#5ade98\",\"info\":\"#8dbeff\",\"warning\":\"#ffb32d\",\"danger\":\"#fe6363\",\"dark\":\"#aab8c5\",\"black\":\"#e1eaf6\",\"white\":\"#1e1f26\",\"gray_100\":\"#272832\",\"gray_200\":\"#30313e\",\"gray_300\":\"#3e404e\",\"gray_400\":\"#5d5f72\",\"gray_500\":\"#8391a2\",\"gray\":\"#17181e\",\"section_bg\":\"#2b2d3b\"}}', 1748879802),
(10, 'color', 'Hot Red', '{\"light\":{\"primary\":\"#ff5b52\",\"primary_saturated\":\"#ff746d\",\"secondary\":\"#2a2d3c\",\"accent\":\"#fe6257\",\"success\":\"#3fcd82\",\"info\":\"#67a9ff\",\"warning\":\"#ffa200\",\"danger\":\"#f63c3c\",\"dark\":\"#121f3e\",\"black\":\"#000000\",\"white\":\"#ffffff\",\"gray_100\":\"#fafcff\",\"gray_200\":\"#f0f4f9\",\"gray_300\":\"#e9edf3\",\"gray_400\":\"#cdd5e2\",\"gray_500\":\"#97a7bf\",\"gray\":\"#f5f8f9\",\"section_bg\":\"#eaf0f3\"},\"dark\":{\"primary\":\"#ff3b30\",\"primary_saturated\":\"#eb827c\",\"secondary\":\"#626475\",\"accent\":\"#ff8077\",\"success\":\"#5ade98\",\"info\":\"#8dbeff\",\"warning\":\"#ffb32d\",\"danger\":\"#fe6363\",\"dark\":\"#aab8c5\",\"black\":\"#e1eaf6\",\"white\":\"#1e1f26\",\"gray_100\":\"#272832\",\"gray_200\":\"#30313e\",\"gray_300\":\"#3e404e\",\"gray_400\":\"#5d5f72\",\"gray_500\":\"#8391a2\",\"gray\":\"#17181e\",\"section_bg\":\"#2b2d3b\"}}', 1748879802),
(11, 'color', 'Neo Green', '{\"light\":{\"primary\":\"#abd624\",\"primary_saturated\":\"#c9eb5f\",\"secondary\":\"#10302a\",\"accent\":\"#2e6359\",\"success\":\"#3fcd82\",\"info\":\"#67a9ff\",\"warning\":\"#ffa200\",\"danger\":\"#f63c3c\",\"dark\":\"#121f3e\",\"black\":\"#000000\",\"white\":\"#ffffff\",\"gray_100\":\"#fafcff\",\"gray_200\":\"#f0f4f9\",\"gray_300\":\"#e9edf3\",\"gray_400\":\"#cdd5e2\",\"gray_500\":\"#97a7bf\",\"gray\":\"#f5f8f9\",\"section_bg\":\"#eaf0f3\"},\"dark\":{\"primary\":\"#b1cb5f\",\"primary_saturated\":\"#d7ec96\",\"secondary\":\"#2c544d\",\"accent\":\"#80b0a7\",\"success\":\"#5ade98\",\"info\":\"#8dbeff\",\"warning\":\"#ffb32d\",\"danger\":\"#fe6363\",\"dark\":\"#aab8c5\",\"black\":\"#e1eaf6\",\"white\":\"#1e1f26\",\"gray_100\":\"#272832\",\"gray_200\":\"#30313e\",\"gray_300\":\"#3e404e\",\"gray_400\":\"#5d5f72\",\"gray_500\":\"#8391a2\",\"gray\":\"#17181e\",\"section_bg\":\"#2d323a\"}}', 1748879802),
(12, 'color', 'Vibrant Indigo', '{\"light\":{\"primary\":\"#6754e9\",\"primary_saturated\":\"#9081f5\",\"secondary\":\"#f15f25\",\"accent\":\"#4ec4bc\",\"success\":\"#3fcd82\",\"info\":\"#67a9ff\",\"warning\":\"#ffa200\",\"danger\":\"#f63c3c\",\"dark\":\"#121f3e\",\"black\":\"#000000\",\"white\":\"#ffffff\",\"gray_100\":\"#fafcff\",\"gray_200\":\"#f0f4f9\",\"gray_300\":\"#e9edf3\",\"gray_400\":\"#cdd5e2\",\"gray_500\":\"#97a7bf\",\"gray\":\"#f5f8f9\",\"section_bg\":\"#eaf0f3\"},\"dark\":{\"primary\":\"#806ff7\",\"primary_saturated\":\"#aca0ff\",\"secondary\":\"#d45f31\",\"accent\":\"#66d2cb\",\"success\":\"#5ade98\",\"info\":\"#8dbeff\",\"warning\":\"#ffb32d\",\"danger\":\"#fe6363\",\"dark\":\"#aab8c5\",\"black\":\"#e1eaf6\",\"white\":\"#1e1f26\",\"gray_100\":\"#272832\",\"gray_200\":\"#30313e\",\"gray_300\":\"#3e404e\",\"gray_400\":\"#5d5f72\",\"gray_500\":\"#8391a2\",\"gray\":\"#17181e\",\"section_bg\":\"#2d323a\"}}', 1748879802);

-- --------------------------------------------------------

--
-- Table structure for table `theme_headers_footers`
--

CREATE TABLE `theme_headers_footers` (
  `id` int(10) UNSIGNED NOT NULL,
  `type` enum('header','footer') NOT NULL,
  `component_name` varchar(255) NOT NULL,
  `created_at` bigint(20) UNSIGNED NOT NULL
) ENGINE=InnoDB DEFAULT CHARSET=utf8mb4 COLLATE=utf8mb4_general_ci;

--
-- Dumping data for table `theme_headers_footers`
--

INSERT INTO `theme_headers_footers` (`id`, `type`, `component_name`, `created_at`) VALUES
(1, 'header', 'header_1', 1748875817),
(2, 'footer', 'footer_1', 1748875817),
(3, 'header', 'header_2', 1754300005),
(4, 'footer', 'footer_2', 1763197474);

-- --------------------------------------------------------

--
-- Table structure for table `theme_header_footer_translations`
--

CREATE TABLE `theme_header_footer_translations` (
  `id` int(10) UNSIGNED NOT NULL,
  `theme_header_footer_id` int(10) UNSIGNED NOT NULL,
  `locale` varchar(191) NOT NULL,
  `title` varchar(255) NOT NULL,
  `content` longtext NOT NULL
) ENGINE=InnoDB DEFAULT CHARSET=utf8mb4 COLLATE=utf8mb4_general_ci;

--
-- Dumping data for table `theme_header_footer_translations`
--

INSERT INTO `theme_header_footer_translations` (`id`, `theme_header_footer_id`, `locale`, `title`, `content`) VALUES
(1, 1, 'en', 'Header 1 (Default)', '{\"top_navbar\":{\"phone\":\"+1 (323) 555-9876\",\"email\":\"mail@rocket-soft.org\",\"link_1\":{\"title\":\"Login\",\"url\":\"\\/login\"},\"link_2\":{\"title\":\"Register\",\"url\":\"\\/register\"},\"show_color_mode\":\"on\"},\"specific_links\":{\"RUYtv\":{\"title\":\"Home\",\"url\":\"\\/\"},\"tZblv\":{\"title\":\"Courses\",\"url\":\"\\/classes?sort=newest\"},\"rOvAj\":{\"title\":\"Instructors\",\"url\":\"\\/instructor-finder\"},\"qeAzK\":{\"title\":\"Store\",\"url\":\"\\/products\"},\"GZDCs\":{\"title\":\"Forums\",\"url\":\"\\/forums\"},\"qeIWn\":{\"title\":\"Events\",\"url\":\"\\/events\"},\"record\":{\"title\":null,\"url\":null}},\"specific_buttons\":{\"BFKTm\":{\"user_role\":\"for_guest\",\"title\":\"Start Learning\",\"url\":\"\\/login\",\"icon\":\"bul-teacher\"},\"UsxeP\":{\"user_role\":\"1\",\"title\":\"Become Instructor\",\"url\":\"\\/become-instructor\",\"icon\":\"bul-teacher\"},\"MYTBW\":{\"user_role\":\"2\",\"title\":\"Admin Panel\",\"url\":\"\\/admin\",\"icon\":\"bul-setting-2\"},\"yVQQV\":{\"user_role\":\"3\",\"title\":\"Create a Course\",\"url\":\"\\/panel\\/courses\\/new\",\"icon\":\"bul-video-add\"},\"fQclX\":{\"user_role\":\"4\",\"title\":\"Create a Course\",\"url\":\"\\/panel\\/courses\\/new\",\"icon\":\"bul-video-add\"},\"record\":{\"user_role\":null,\"title\":null,\"url\":null,\"icon\":null}}}'),
(2, 2, 'en', 'Footer 1 (Default)', '{\"newsletter\":{\"enable\":\"on\",\"title\":\"Subscribe to Our Newsletter\",\"subtitle\":\"Receive expert insights, course updates, and learning resources directly in your inbox and get notified\",\"button_text\":\"Join\",\"emoji\":\"\\/store\\/themes\\/footers\\/2\\/happy_emoji_zoa.svg\"},\"cta\":{\"pre_title\":\"Let\\u2019s get started now!\",\"title\":\"Take the First Step Towards Mastery!\",\"button\":{\"label\":\"Enroll on Courses\",\"icon\":\"bul-teacher\",\"url\":\"\\/classes\"},\"emoji\":\"\\/store\\/themes\\/footers\\/2\\/power_emoji_42t.svg\"},\"contact\":{\"section_title\":\"Contact US\",\"address\":\"1234 Sunset Blvd, Suite 567 Los Angeles, CA 90026 United States\",\"phone\":\"+1 (323) 555-9876\",\"email\":\"mail@lms.rocket-soft.org\",\"mobile\":\"+1 (213) 555-4321\"},\"links_1_section_title\":\"Additional Links\",\"links_2_section_title\":\"Popular Categories\",\"copyright_text\":\"\\u00a9 2025 Rocket Soft. All Rights Reserved. Empowering Learning Worldwide.\",\"specific_links\":{\"LITim\":{\"title\":\"Login\",\"url\":\"\\/login\"},\"qJFNp\":{\"title\":\"Register\",\"url\":\"\\/register\"},\"izISj\":{\"title\":\"Contact\",\"url\":\"\\/contact\"},\"cdkPb\":{\"title\":\"Certificate Validation\",\"url\":\"\\/certificate_validation\"},\"OKAqQ\":{\"title\":\"Become Instructor\",\"url\":\"\\/become-instructor\"},\"DebJE\":{\"title\":\"About\",\"url\":\"\\/pages\\/about\"},\"aMQau\":{\"title\":\"Terms and Policies\",\"url\":\"\\/pages\\/terms\"},\"record\":{\"title\":null,\"url\":null}},\"specific_links_2\":{\"dzQOe\":{\"title\":\"Development\",\"url\":\"\\/categories\\/Development\"},\"pgxMd\":{\"title\":\"Business\",\"url\":\"\\/categories\\/Business\"},\"ZveCn\":{\"title\":\"Marketing\",\"url\":\"\\/categories\\/Marketing\"},\"QXKsq\":{\"title\":\"Lifestyle\",\"url\":\"\\/categories\\/Lifestyles\"},\"FCJal\":{\"title\":\"Health\",\"url\":\"\\/categories\\/Health-and-Fitness\"},\"SVtaA\":{\"title\":\"Academics\",\"url\":\"\\/categories\\/Academics\"},\"PivsB\":{\"title\":\"Design\",\"url\":\"\\/categories\\/Design\"},\"record\":{\"title\":null,\"url\":null}},\"social_media\":[\"Instagram\",\"Whatsapp\",\"Twitter\",\"Facebook\"],\"background\":\"\\/store\\/themes\\/footers\\/2\\/footer_background_7gn.png\",\"dark_mode_background\":\"\\/store\\/themes\\/footers\\/2\\/footer_background_7gn.png\",\"background_color\":\"secondary\"}'),
(3, 3, 'en', 'Header 2', '{\"top_navbar\":{\"show_color_mode\":\"on\",\"phone\":\"+1 (323) 555-9876\",\"email\":\"mail@rocket-soft.org\",\"link_1\":{\"title\":\"Login\",\"url\":\"\\/login\"},\"link_2\":{\"title\":\"Register\",\"url\":\"\\/register\"}},\"specific_links\":{\"JFovW\":{\"title\":\"Home\",\"url\":\"\\/\"},\"ZNrIT\":{\"title\":\"Courses\",\"url\":\"\\/classes?sort=newest\"},\"vsulK\":{\"title\":\"Instructors\",\"url\":\"\\/instructor-finder\"},\"CoqxP\":{\"title\":\"Store\",\"url\":\"\\/products\"},\"JqwqY\":{\"title\":\"Forums\",\"url\":\"\\/forums\"},\"DELcs\":{\"title\":\"Events\",\"url\":\"\\/events\"},\"record\":{\"title\":null,\"url\":null}},\"specific_buttons\":{\"IXdIJ\":{\"user_role\":\"for_guest\",\"title\":\"Start Learning\",\"url\":\"\\/login\",\"icon\":\"bul-teacher\"},\"ZyBBr\":{\"user_role\":\"1\",\"title\":\"Become Instructor\",\"url\":\"\\/become-instructor\",\"icon\":\"bul-teacher\"},\"MDCBD\":{\"user_role\":\"2\",\"title\":\"Admin Panel\",\"url\":\"\\/admin\",\"icon\":\"bul-setting-2\"},\"WNIvI\":{\"user_role\":\"3\",\"title\":\"Create a Course\",\"url\":\"\\/panel\\/courses\\/new\",\"icon\":\"bul-video-add\"},\"yrdcx\":{\"user_role\":\"4\",\"title\":\"Create a Course\",\"url\":\"\\/panel\\/courses\\/new\",\"icon\":\"bul-video-add\"},\"record\":{\"user_role\":null,\"title\":null,\"url\":null,\"icon\":null}}}'),
(5, 4, 'en', 'Footer 2', '{\"background_color\":\"secondary\",\"title\":\"Rocket LMS\",\"description\":\"Rocket LMS connects learners, professionals, and organizers through engaging online and in-person events, offering expert-led workshops, networking opportunities, skill-building sessions, and learning experiences for everyone.\",\"enable_logo\":null,\"enable_back_to_top\":\"on\",\"specific_links\":{\"LuUds\":{\"title\":\"Login\",\"url\":\"\\/login\"},\"VknMT\":{\"title\":\"Register\",\"url\":\"\\/register\"},\"GQCRH\":{\"title\":\"Contact Us\",\"url\":\"\\/contact\"},\"vQxqY\":{\"title\":\"Certificate Validation\",\"url\":\"\\/certificate_validation\"},\"ZPsfG\":{\"title\":\"Become Conductor\",\"url\":\"\\/become-instructor\"},\"svCqY\":{\"title\":\"About\",\"url\":\"\\/pages\\/about\"},\"RUqbP\":{\"title\":\"Terms and Policies\",\"url\":\"\\/pages\\/terms\"},\"record\":{\"title\":null,\"url\":null}},\"copyright_text\":\"\\u00a9 2025 Rocket Soft. All Rights Reserved.\",\"social_media\":[\"Instagram\",\"Whatsapp\",\"Twitter\",\"Facebook\"],\"background\":\"\\/store\\/themes\\/footers\\/4\\/footer_bg_bXX.svg\"}');

-- --------------------------------------------------------

--
-- Table structure for table `tickets`
--

CREATE TABLE `tickets` (
  `id` int(10) UNSIGNED NOT NULL,
  `creator_id` int(10) UNSIGNED NOT NULL,
  `webinar_id` int(10) UNSIGNED DEFAULT NULL,
  `bundle_id` int(10) UNSIGNED DEFAULT NULL,
  `start_date` int(10) UNSIGNED DEFAULT NULL,
  `end_date` int(10) UNSIGNED DEFAULT NULL,
  `discount` int(11) NOT NULL,
  `capacity` int(11) DEFAULT NULL,
  `order` int(10) UNSIGNED DEFAULT NULL,
  `created_at` int(11) NOT NULL,
  `updated_at` int(11) DEFAULT NULL,
  `deleted_at` int(11) DEFAULT NULL
) ENGINE=InnoDB DEFAULT CHARSET=utf8mb4 COLLATE=utf8mb4_unicode_ci ROW_FORMAT=DYNAMIC;

--
-- Dumping data for table `tickets`
--

INSERT INTO `tickets` (`id`, `creator_id`, `webinar_id`, `bundle_id`, `start_date`, `end_date`, `discount`, `capacity`, `order`, `created_at`, `updated_at`, `deleted_at`) VALUES
(28, 1015, 1998, NULL, 1702616400, 1734238800, 50, 10, NULL, 1624965807, 1709538929, NULL),
(29, 1015, 1998, NULL, 1734238800, 1797310800, 20, 20, NULL, 1624965932, 1709538910, NULL),
(30, 929, 1999, NULL, 1622489400, 1623267000, 20, 100, NULL, 1625038262, NULL, NULL),
(31, 864, 2003, NULL, 1625081400, 1690831800, 25, 5, NULL, 1625299801, NULL, NULL);

-- --------------------------------------------------------

--
-- Table structure for table `ticket_translations`
--

CREATE TABLE `ticket_translations` (
  `id` bigint(20) UNSIGNED NOT NULL,
  `ticket_id` int(10) UNSIGNED NOT NULL,
  `locale` varchar(255) NOT NULL,
  `title` varchar(255) NOT NULL
) ENGINE=InnoDB DEFAULT CHARSET=utf8mb4 COLLATE=utf8mb4_unicode_ci;

--
-- Dumping data for table `ticket_translations`
--

INSERT INTO `ticket_translations` (`id`, `ticket_id`, `locale`, `title`) VALUES
(1, 28, 'en', 'Golden Offer'),
(2, 29, 'en', 'Silver Offer'),
(3, 30, 'en', 'First Students Offer'),
(4, 31, 'en', 'First Price Plan');

-- --------------------------------------------------------

--
-- Table structure for table `ticket_users`
--

CREATE TABLE `ticket_users` (
  `id` int(10) UNSIGNED NOT NULL,
  `ticket_id` int(10) UNSIGNED NOT NULL,
  `user_id` int(10) UNSIGNED NOT NULL,
  `created_at` int(10) UNSIGNED NOT NULL
) ENGINE=InnoDB DEFAULT CHARSET=utf8mb4 COLLATE=utf8mb4_unicode_ci ROW_FORMAT=DYNAMIC;

--
-- Dumping data for table `ticket_users`
--

INSERT INTO `ticket_users` (`id`, `ticket_id`, `user_id`, `created_at`) VALUES
(6, 28, 995, 1625996979),
(7, 28, 996, 1626060553),
(8, 28, 930, 1626060837),
(9, 31, 929, 1626241214),
(10, 31, 1017, 1639379395);

-- --------------------------------------------------------

--
-- Table structure for table `time_spent_on_courses`
--

CREATE TABLE `time_spent_on_courses` (
  `id` int(10) UNSIGNED NOT NULL,
  `user_id` int(10) UNSIGNED NOT NULL,
  `course_id` int(10) UNSIGNED NOT NULL,
  `page` enum('learning_page','show') NOT NULL DEFAULT 'learning_page',
  `entry_time` bigint(20) UNSIGNED DEFAULT NULL,
  `exit_time` bigint(20) UNSIGNED DEFAULT NULL,
  `seconds_spent` bigint(20) UNSIGNED DEFAULT NULL
) ENGINE=InnoDB DEFAULT CHARSET=utf8mb4 COLLATE=utf8mb4_general_ci;

--
-- Dumping data for table `time_spent_on_courses`
--

INSERT INTO `time_spent_on_courses` (`id`, `user_id`, `course_id`, `page`, `entry_time`, `exit_time`, `seconds_spent`) VALUES
(1, 1, 2008, 'learning_page', 1749459566, 1749462983, 3417),
(2, 1015, 1996, 'learning_page', 1750030159, 1750030169, 10),
(3, 1, 2010, 'learning_page', 1750160261, 1750162292, 2031),
(4, 1, 1995, 'learning_page', 1750162301, 1750162383, 82),
(5, 1, 2008, 'learning_page', 1750162336, 1750162368, 32),
(6, 995, 2008, 'learning_page', 1750162422, 1750162685, 263),
(7, 995, 1995, 'learning_page', 1750162436, 1750162685, 249),
(8, 1, 2060, 'learning_page', 1751623985, 1751623995, 10),
(9, 995, 2009, 'learning_page', 1751723668, 1751723678, 10),
(10, 1015, 2008, 'learning_page', 1751723965, 1751723975, 10),
(11, 1015, 2008, 'learning_page', 1751723972, 1751724648, 676),
(12, 995, 2009, 'learning_page', 1763587040, 1763587050, 10),
(13, 996, 2009, 'learning_page', 1764575508, 1764575550, 42),
(14, 1, 2009, 'learning_page', 1764575551, 1764575757, 206),
(15, 1015, 2009, 'learning_page', 1764575594, 1764575697, 103),
(16, 995, 1998, 'learning_page', 1764575979, 1764576022, 43),
(17, 996, 1998, 'learning_page', 1764576187, 1764576239, 52),
(18, 1017, 1998, 'learning_page', 1764576240, 1764576250, 10),
(19, 1017, 1998, 'learning_page', 1764576246, 1764577801, 1555);

-- --------------------------------------------------------

--
-- Table structure for table `trend_categories`
--

CREATE TABLE `trend_categories` (
  `id` int(10) UNSIGNED NOT NULL,
  `category_id` int(10) UNSIGNED NOT NULL,
  `icon` varchar(255) NOT NULL,
  `color` varchar(32) NOT NULL,
  `created_at` int(10) UNSIGNED NOT NULL
) ENGINE=InnoDB DEFAULT CHARSET=utf8mb4 COLLATE=utf8mb4_unicode_ci ROW_FORMAT=DYNAMIC;

--
-- Dumping data for table `trend_categories`
--

INSERT INTO `trend_categories` (`id`, `category_id`, `icon`, `color`, `created_at`) VALUES
(1, 609, '/store/1/default_images/trend_categories_icons/management.svg', '#b3d5ff', 1605117336),
(2, 611, '/store/1/default_images/trend_categories_icons/business.svg', '#ffd0cd', 1605117336),
(3, 604, '/store/1/default_images/trend_categories_icons/lifestyle.svg', '#ffe4b3', 1605117336),
(4, 523, '/store/1/default_images/trend_categories_icons/health.svg', '#c6f1da', 1605117336),
(5, 602, '/store/1/default_images/trend_categories_icons/science.svg', '#c1c1c1', 1605117336),
(6, 520, '/store/1/default_images/trend_categories_icons/design.svg', '#eadaff', 1605117336),
(10, 606, '/store/1/default_images/trend_categories_icons/development.svg', '#ffd0db', 1749636845),
(11, 525, '/store/1/default_images/trend_categories_icons/marketing.svg', '#99dfff', 1749636884);

-- --------------------------------------------------------

--
-- Table structure for table `upcoming_courses`
--

CREATE TABLE `upcoming_courses` (
  `id` int(10) UNSIGNED NOT NULL,
  `creator_id` int(10) UNSIGNED NOT NULL,
  `teacher_id` int(10) UNSIGNED NOT NULL,
  `category_id` int(10) UNSIGNED DEFAULT NULL,
  `webinar_id` int(10) UNSIGNED DEFAULT NULL COMMENT 'when assigned a course',
  `type` enum('webinar','course','text_lesson') NOT NULL,
  `slug` varchar(255) NOT NULL,
  `thumbnail` varchar(255) DEFAULT NULL,
  `image_cover` varchar(255) DEFAULT NULL,
  `video_demo` longtext DEFAULT NULL,
  `video_demo_source` enum('upload','youtube','vimeo','external_link','google_drive','iframe','s3','secure_host') DEFAULT NULL,
  `publish_date` bigint(20) UNSIGNED DEFAULT NULL,
  `timezone` varchar(255) CHARACTER SET utf8mb4 COLLATE utf8mb4_general_ci DEFAULT NULL,
  `points` int(10) UNSIGNED DEFAULT NULL,
  `capacity` int(10) UNSIGNED DEFAULT NULL,
  `price` double(15,2) DEFAULT NULL,
  `duration` int(10) UNSIGNED DEFAULT NULL,
  `sections` int(10) UNSIGNED DEFAULT NULL,
  `parts` int(10) UNSIGNED DEFAULT NULL,
  `course_progress` int(10) UNSIGNED DEFAULT NULL,
  `support` tinyint(1) NOT NULL DEFAULT 0,
  `certificate` tinyint(1) NOT NULL DEFAULT 0,
  `include_quizzes` tinyint(1) NOT NULL DEFAULT 0,
  `downloadable` tinyint(1) NOT NULL DEFAULT 0,
  `forum` tinyint(1) NOT NULL DEFAULT 0,
  `assignments` tinyint(1) NOT NULL DEFAULT 0,
  `message_for_reviewer` text DEFAULT NULL,
  `status` enum('active','pending','is_draft','inactive') NOT NULL DEFAULT 'is_draft',
  `created_at` bigint(20) UNSIGNED NOT NULL
) ENGINE=InnoDB DEFAULT CHARSET=utf8mb4 COLLATE=utf8mb4_unicode_ci;

--
-- Dumping data for table `upcoming_courses`
--

INSERT INTO `upcoming_courses` (`id`, `creator_id`, `teacher_id`, `category_id`, `webinar_id`, `type`, `slug`, `thumbnail`, `image_cover`, `video_demo`, `video_demo_source`, `publish_date`, `timezone`, `points`, `capacity`, `price`, `duration`, `sections`, `parts`, `course_progress`, `support`, `certificate`, `include_quizzes`, `downloadable`, `forum`, `assignments`, `message_for_reviewer`, `status`, `created_at`) VALUES
(3, 1015, 1015, 606, NULL, 'webinar', 'Python-for-Beginners', '/store/1/default_images/upcoming/upcoming2.jpg', '/store/1015/The Professional Guitar Masterclass_c.jpg', '/store/1015/Learn Linux In 5 Days.mp4', 'upload', 1708009200, 'America/New_York', 20, 50, 100.00, 60, 5, 80, 30, 1, 1, 1, 0, 1, 0, 'Thank you', 'active', 1677566920),
(4, 1016, 1016, 520, NULL, 'webinar', 'Digital-Photography', '/store/1/default_images/upcoming/upcoming3.jpg', '/store/1016/1_c.jpg', NULL, NULL, 1705784400, 'America/New_York', NULL, 20, 50.00, 360, 10, 70, 50, 1, 1, 1, 1, 1, 0, NULL, 'active', 1678876998),
(5, 934, 934, 520, 2005, 'course', 'Web-Design-for-Beginners', '/store/1/default_images/upcoming/upcoming1.jpg', '/store/934/A-Z Web Programming_c.jpg', 'https://youtu.be/j1pa36PK14E', 'youtube', 1678852800, 'America/New_York', NULL, NULL, 10.00, 210, 6, 85, 100, 1, 1, 1, 1, 1, 0, 'Thank you', 'active', 1678877796),
(6, 929, 929, 606, 2010, 'course', 'laravel-advanced-course', '/store/1/default_images/upcoming/upcoming4.jpg', '/store/1/default_images/upcoming/upcoming4.jpg', 'https://youtu.be/laravel-demo-video', 'youtube', 1745197200, 'America/New_York', NULL, 100, 90.00, 480, 8, 120, 100, 1, 1, 1, 1, 1, 1, NULL, 'active', 1751132998);

-- --------------------------------------------------------

--
-- Table structure for table `upcoming_course_filter_option`
--

CREATE TABLE `upcoming_course_filter_option` (
  `id` int(10) UNSIGNED NOT NULL,
  `upcoming_course_id` int(10) UNSIGNED NOT NULL,
  `filter_option_id` int(10) UNSIGNED NOT NULL
) ENGINE=InnoDB DEFAULT CHARSET=utf8mb4 COLLATE=utf8mb4_unicode_ci;

--
-- Dumping data for table `upcoming_course_filter_option`
--

INSERT INTO `upcoming_course_filter_option` (`id`, `upcoming_course_id`, `filter_option_id`) VALUES
(53, 5, 9114),
(54, 4, 9114),
(55, 4, 9156),
(56, 4, 9231),
(57, 3, 9147),
(58, 3, 9216),
(71, 6, 9149),
(72, 6, 9216),
(73, 6, 9283);

-- --------------------------------------------------------

--
-- Table structure for table `upcoming_course_followers`
--

CREATE TABLE `upcoming_course_followers` (
  `id` int(10) UNSIGNED NOT NULL,
  `upcoming_course_id` int(10) UNSIGNED NOT NULL,
  `user_id` int(10) UNSIGNED NOT NULL,
  `created_at` bigint(20) UNSIGNED NOT NULL
) ENGINE=InnoDB DEFAULT CHARSET=utf8mb4 COLLATE=utf8mb4_unicode_ci;

--
-- Dumping data for table `upcoming_course_followers`
--

INSERT INTO `upcoming_course_followers` (`id`, `upcoming_course_id`, `user_id`, `created_at`) VALUES
(8, 3, 1015, 1677569743),
(9, 5, 995, 1678908505),
(10, 5, 930, 1678908543),
(11, 5, 996, 1678908564),
(12, 5, 1017, 1678908593),
(13, 5, 979, 1678908616),
(14, 4, 996, 1678908833),
(15, 4, 995, 1678908841),
(16, 4, 930, 1678908851),
(17, 3, 996, 1678908877),
(18, 3, 979, 1678908893);

-- --------------------------------------------------------

--
-- Table structure for table `upcoming_course_reports`
--

CREATE TABLE `upcoming_course_reports` (
  `id` int(10) UNSIGNED NOT NULL,
  `upcoming_course_id` int(10) UNSIGNED NOT NULL,
  `user_id` int(10) UNSIGNED NOT NULL,
  `reason` varchar(255) NOT NULL,
  `message` text NOT NULL,
  `created_at` bigint(20) UNSIGNED NOT NULL
) ENGINE=InnoDB DEFAULT CHARSET=utf8mb4 COLLATE=utf8mb4_unicode_ci;

-- --------------------------------------------------------

--
-- Table structure for table `upcoming_course_translations`
--

CREATE TABLE `upcoming_course_translations` (
  `id` bigint(20) UNSIGNED NOT NULL,
  `upcoming_course_id` int(10) UNSIGNED NOT NULL,
  `locale` varchar(255) NOT NULL,
  `title` varchar(255) NOT NULL,
  `seo_description` text DEFAULT NULL,
  `summary` text DEFAULT NULL,
  `description` longtext DEFAULT NULL
) ENGINE=InnoDB DEFAULT CHARSET=utf8mb4 COLLATE=utf8mb4_unicode_ci;

--
-- Dumping data for table `upcoming_course_translations`
--

INSERT INTO `upcoming_course_translations` (`id`, `upcoming_course_id`, `locale`, `title`, `seo_description`, `summary`, `description`) VALUES
(3, 3, 'en', 'Python for Beginners', 'This course is meant for absolute beginners in programming or in python', NULL, '<p>This python for beginners course is geared to students who want to know how python works and also to those totally new to programming.</p><p><br></p><p>The python language has very simple syntax(way to write it) to learn and it is one of the most powerful languages to learn since it can be used for a variety of things.</p><p><br></p><p>Jobs in this field are really lucrative and knowing this language will give you an edge when finding a job and making a lot more money than other developers; python developers are not as many as in other languages since people think is hard. Python is super easy to learn but very powerful since it contains many possibilities.</p><p><br></p><p>Python is growing faster and faster every day and it has surpassed many other languages over the years for a lot of reasons, which you will find out soon enough.</p>'),
(4, 4, 'en', 'Digital Photography', 'Learn how to take stunning photographs by mastering both the technical and creative sides of digital photography.', NULL, '<p>This course is divided into two broad components: first, we cover all the technical aspects, like camera equipment and support, as well as the camera\'s most important settings. After that we look at the artistic side of photography, which focuses on light, composition, and creativity.</p><p><br></p><p>It has been structured in such a way that you won\'t ever feel overwhelmed by technical jargon, complicated camera functions or obscure principles. The aim is to keep everything as clear and simple as possible, and this was achieved by tackling each important photographic element separately in short and concise lectures that last between 2 and 5 minutes each. The majority of lectures consist of both teacher-style video clips (where I explain a setting, principle or tip) and slides, both of which contain photographic examples and audio (where I interpret each photographic example).</p>'),
(5, 5, 'en', 'Web Design for Beginners', 'Launch a career as a web designer by learning HTML5, CSS3, responsive design, Sass and more!', NULL, '<p>You can launch a new career in web development today by learning HTML & CSS. You don\'t need a computer science degree or expensive software. All you need is a computer, a bit of time, a lot of determination, and a teacher you trust. I\'ve taught HTML and CSS to countless coworkers and held training sessions for fortune 100 companies. I am that teacher you can trust. </p><p><br></p><p>Don\'t limit yourself by creating websites with some cheesy “site-builder\" tool. This course teaches you how to take 100% control over your webpages by using the same concepts that every professional website is created with.</p><p><br></p><p>This course does not assume any prior experience. We start at square one and learn together bit by bit. By the end of the course you will have created (by hand) a website that looks great on phones, tablets, laptops, and desktops alike.</p><p><br></p><p>In the summer of 2020 the course has received a new section where we push our website live up onto the web using the free GitHub Pages service; this means you\'ll be able to share a link to what you\'ve created with your friends, family, colleagues and the world!</p>'),
(6, 6, 'en', 'Laravel Advanced Programming', 'Master Laravel framework with this comprehensive course covering advanced topics like Eloquent ORM, API development and testing', 'A complete guide to Laravel framework for intermediate to advanced developers.', '<p>This comprehensive Laravel course takes you beyond the basics into advanced web development with PHP\'s most popular framework. You\'ll master Eloquent ORM relationships, build robust RESTful APIs, implement real-time features with Laravel Echo, and optimize your applications for performance.</p>\r\n  \r\n  <p>We\'ll cover advanced authentication techniques, queue system for background jobs, and testing with PHPUnit. The course includes practical projects like building a complete e-commerce backend and a real-time chat application.</p>\r\n  \r\n  <p>By the end of this course, you\'ll be able to architect complex Laravel applications following best practices and design patterns. The curriculum is designed based on real-world project requirements from top tech companies.</p>\r\n  \r\n  <p>Prerequisites include basic PHP knowledge and familiarity with Laravel fundamentals. Each section includes hands-on exercises and downloadable resources to reinforce your learning.</p>');

-- --------------------------------------------------------

--
-- Table structure for table `users_badges`
--

CREATE TABLE `users_badges` (
  `id` int(10) UNSIGNED NOT NULL,
  `user_id` int(10) UNSIGNED NOT NULL,
  `badge_id` int(10) UNSIGNED NOT NULL,
  `created_at` int(10) UNSIGNED NOT NULL
) ENGINE=InnoDB DEFAULT CHARSET=utf8mb4 COLLATE=utf8mb4_unicode_ci ROW_FORMAT=DYNAMIC;

-- --------------------------------------------------------

--
-- Table structure for table `users_cookie_security`
--

CREATE TABLE `users_cookie_security` (
  `id` int(10) UNSIGNED NOT NULL,
  `user_id` int(10) UNSIGNED NOT NULL,
  `type` enum('all','customize') NOT NULL,
  `settings` text DEFAULT NULL,
  `created_at` bigint(20) UNSIGNED NOT NULL
) ENGINE=InnoDB DEFAULT CHARSET=utf8mb4 COLLATE=utf8mb4_unicode_ci;

--
-- Dumping data for table `users_cookie_security`
--

INSERT INTO `users_cookie_security` (`id`, `user_id`, `type`, `settings`, `created_at`) VALUES
(1, 1015, 'all', NULL, 1655621683),
(2, 1, 'all', NULL, 1655624844),
(3, 934, 'all', NULL, 1655627382),
(4, 1016, 'all', NULL, 1655790120),
(5, 930, 'all', NULL, 1655790832),
(6, 929, 'all', NULL, 1655799536),
(7, 995, 'all', NULL, 1655872658),
(8, 996, 'all', NULL, 1655875490),
(9, 923, 'all', NULL, 1656104015),
(10, 979, 'all', NULL, 1656139682),
(11, 1019, 'all', NULL, 1656571625);

-- --------------------------------------------------------

--
-- Table structure for table `users_manual_purchase`
--

CREATE TABLE `users_manual_purchase` (
  `id` int(10) UNSIGNED NOT NULL,
  `user_id` int(10) UNSIGNED NOT NULL,
  `webinar_id` int(10) UNSIGNED NOT NULL,
  `access` tinyint(1) NOT NULL DEFAULT 0,
  `created_at` bigint(20) UNSIGNED NOT NULL
) ENGINE=InnoDB DEFAULT CHARSET=utf8mb4 COLLATE=utf8mb4_unicode_ci;

-- --------------------------------------------------------

--
-- Table structure for table `users_metas`
--

CREATE TABLE `users_metas` (
  `id` int(10) UNSIGNED NOT NULL,
  `user_id` int(10) UNSIGNED NOT NULL,
  `name` varchar(255) NOT NULL,
  `value` text NOT NULL
) ENGINE=InnoDB DEFAULT CHARSET=utf8mb4 COLLATE=utf8mb4_unicode_ci;

--
-- Dumping data for table `users_metas`
--

INSERT INTO `users_metas` (`id`, `user_id`, `name`, `value`) VALUES
(21, 1016, 'education', 'BS in Mechanical Engineering from Santa Clara University'),
(22, 1016, 'education', 'MS in Mechanical Engineering from Santa Clara University'),
(23, 1016, 'experience', 'professional instructor and trainer for Data Science and programming'),
(24, 1016, 'experience', 'Head of Data Science for Pierian Data Inc'),
(25, 1015, 'experience', 'supporting proprietary Unix operating systems including AIX, HP-UX, and Solaris.'),
(26, 1015, 'experience', '10 years of experience working with Linux systems'),
(27, 1015, 'education', 'Red Hat Certified Engineer (RHCE)'),
(28, 1015, 'education', 'AWS Certified DevOps Engineer - Professional'),
(29, 1015, 'education', 'Linux Foundation Certified System Administrator'),
(30, 929, 'experience', 'Director at Cisco Systems 2015 - 2021'),
(31, 929, 'experience', 'research assistant at Harvard University 2010 - 2019'),
(32, 929, 'experience', 'Amazon bestselling author'),
(33, 923, 'experience', 'marketing strategies at Microlab 2010-2015'),
(34, 923, 'education', 'Associate of Business Administration from Imperial College London'),
(35, 923, 'education', 'Bachelor of International Business Economics from University of Cambridge'),
(36, 923, 'education', 'Master of Business Administration from King\'s College London'),
(37, 3, 'experience', 'Five-time TED speaker'),
(38, 3, 'education', 'Associate of Applied Business from Stanford University'),
(39, 3, 'education', 'Bachelor of Science in Business from Harvard University'),
(40, 3, 'education', 'Master of Computational Finance from University of Chicago'),
(41, 870, 'education', 'Associate in Physical Therapy from University of British Columbia'),
(42, 870, 'education', 'Bachelor of Arts in Psychology from Duke University'),
(43, 870, 'education', 'Master of Public Health from Cornell University'),
(44, 929, 'education', 'Associate of Applied Business from University of Leeds'),
(45, 929, 'education', 'Bachelor of Management and Organizational Studies from University of Sheffield'),
(46, 929, 'education', 'Master of Management from Durham University'),
(47, 934, 'education', 'Bachelor of Science in Information Technology from University of Glasgow'),
(48, 934, 'education', 'Master of Science in Information Systems (MSIS) from Delft University of Technology'),
(49, 934, 'experience', 'Web Developer at Uber 2015 - 2018'),
(50, 1015, 'education', 'Master of Science in Information Systems (MSIS) from University of Sydney'),
(51, 1016, 'gender', 'man'),
(52, 1016, 'age', '29'),
(53, 1016, 'address', 'Luib, 72 Wern Ddu Lane'),
(54, 1015, 'address', 'Al Wakrah ,27904 Hilpert Knoll'),
(55, 934, 'gender', 'woman'),
(56, 934, 'age', '32'),
(57, 934, 'address', 'OX7 3NH, England, Oxfordshire, Ascott-under-Wychwood'),
(58, 1015, 'gender', 'man'),
(59, 1015, 'age', '27'),
(60, 929, 'gender', 'woman'),
(61, 929, 'age', '24'),
(62, 929, 'address', '668, Katra Hira Lal, Chandni Chowk'),
(63, 870, 'gender', 'woman'),
(64, 870, 'age', '28'),
(65, 870, 'address', '99 boulevard de Prague'),
(66, 3, 'gender', 'man'),
(67, 3, 'age', '36'),
(68, 3, 'address', '638153, Tamil Nadu, Modakkurichi, Elumathur'),
(69, 859, 'age', '30'),
(70, 859, 'address', '6N736 MEDINAH RD , MEDINAH, IL'),
(71, 863, 'age', '22'),
(72, 863, 'address', '19, Janata Market, Nerul, Navi Mumbai'),
(73, 864, 'address', 'No. 13 Poultry Farm Ave., South Odorkor ESt.'),
(74, 867, 'address', 'Massachusetts, West Roxbury, 3979 Smith Street');

-- --------------------------------------------------------

--
-- Table structure for table `users_occupations`
--

CREATE TABLE `users_occupations` (
  `id` int(10) UNSIGNED NOT NULL,
  `user_id` int(10) UNSIGNED NOT NULL,
  `category_id` int(10) UNSIGNED NOT NULL
) ENGINE=InnoDB DEFAULT CHARSET=utf8mb4 COLLATE=utf8mb4_unicode_ci ROW_FORMAT=DYNAMIC;

--
-- Dumping data for table `users_occupations`
--

INSERT INTO `users_occupations` (`id`, `user_id`, `category_id`) VALUES
(1004, 1016, 520),
(1005, 1016, 606),
(1006, 1016, 607),
(1010, 1015, 609),
(1011, 1015, 606),
(1012, 1015, 607),
(1016, 867, 520),
(1017, 867, 525),
(1018, 867, 611),
(1019, 867, 606),
(1020, 867, 607),
(1021, 867, 608),
(1027, 929, 604),
(1028, 929, 525),
(1029, 929, 609),
(1030, 929, 610),
(1031, 929, 611),
(1032, 870, 523),
(1033, 870, 604),
(1034, 3, 602),
(1035, 3, 525),
(1036, 3, 609),
(1037, 3, 611),
(1038, 3, 606),
(1039, 934, 525),
(1040, 934, 606),
(1041, 934, 607),
(1042, 934, 608),
(1043, 923, 604),
(1044, 923, 609),
(1045, 923, 611),
(1050, 863, 601),
(1051, 863, 602),
(1052, 863, 603),
(1053, 863, 609),
(1054, 863, 611),
(1055, 864, 520),
(1056, 864, 601),
(1057, 864, 602),
(1058, 864, 603),
(1059, 868, 601),
(1060, 868, 602),
(1061, 868, 603),
(1062, 868, 523),
(1063, 868, 611),
(1064, 4, 520),
(1065, 4, 606),
(1066, 930, 520),
(1067, 859, 520),
(1068, 859, 601),
(1069, 859, 604),
(1070, 859, 611),
(1071, 995, 607);

-- --------------------------------------------------------

--
-- Table structure for table `users_registration_packages`
--

CREATE TABLE `users_registration_packages` (
  `id` bigint(20) UNSIGNED NOT NULL,
  `user_id` int(10) UNSIGNED NOT NULL,
  `instructors_count` int(11) DEFAULT NULL,
  `students_count` int(11) DEFAULT NULL,
  `courses_capacity` int(11) DEFAULT NULL,
  `courses_count` int(11) DEFAULT NULL,
  `meeting_count` int(11) DEFAULT NULL,
  `product_count` int(10) UNSIGNED DEFAULT NULL,
  `events_count` int(10) UNSIGNED DEFAULT NULL,
  `meeting_packages_count` int(10) UNSIGNED DEFAULT NULL,
  `status` enum('disabled','active') NOT NULL,
  `created_at` int(10) UNSIGNED NOT NULL
) ENGINE=InnoDB DEFAULT CHARSET=utf8mb4 COLLATE=utf8mb4_unicode_ci;

-- --------------------------------------------------------

--
-- Table structure for table `user_banks`
--

CREATE TABLE `user_banks` (
  `id` int(10) UNSIGNED NOT NULL,
  `logo` varchar(255) NOT NULL,
  `created_at` bigint(20) UNSIGNED NOT NULL
) ENGINE=InnoDB DEFAULT CHARSET=utf8mb4 COLLATE=utf8mb4_unicode_ci;

--
-- Dumping data for table `user_banks`
--

INSERT INTO `user_banks` (`id`, `logo`, `created_at`) VALUES
(4, '/store/1/default_images/payment gateways/paypal.png', 1678874235),
(5, '/store/1/default_images/payment gateways/stripe.png', 1679090196);

-- --------------------------------------------------------

--
-- Table structure for table `user_bank_specifications`
--

CREATE TABLE `user_bank_specifications` (
  `id` int(10) UNSIGNED NOT NULL,
  `user_bank_id` int(10) UNSIGNED NOT NULL
) ENGINE=InnoDB DEFAULT CHARSET=utf8mb4 COLLATE=utf8mb4_unicode_ci;

--
-- Dumping data for table `user_bank_specifications`
--

INSERT INTO `user_bank_specifications` (`id`, `user_bank_id`) VALUES
(10, 4),
(11, 4),
(12, 5),
(13, 5);

-- --------------------------------------------------------

--
-- Table structure for table `user_bank_specification_translations`
--

CREATE TABLE `user_bank_specification_translations` (
  `id` int(10) UNSIGNED NOT NULL,
  `user_bank_specification_id` int(10) UNSIGNED NOT NULL,
  `locale` varchar(255) NOT NULL,
  `name` varchar(255) NOT NULL
) ENGINE=InnoDB DEFAULT CHARSET=utf8mb4 COLLATE=utf8mb4_unicode_ci;

--
-- Dumping data for table `user_bank_specification_translations`
--

INSERT INTO `user_bank_specification_translations` (`id`, `user_bank_specification_id`, `locale`, `name`) VALUES
(15, 10, 'en', 'Account Holder'),
(16, 11, 'en', 'Email'),
(17, 12, 'en', 'Account Holder'),
(18, 13, 'en', 'Account ID');

-- --------------------------------------------------------

--
-- Table structure for table `user_bank_translations`
--

CREATE TABLE `user_bank_translations` (
  `id` int(10) UNSIGNED NOT NULL,
  `user_bank_id` int(10) UNSIGNED NOT NULL,
  `locale` varchar(255) NOT NULL,
  `title` varchar(255) NOT NULL
) ENGINE=InnoDB DEFAULT CHARSET=utf8mb4 COLLATE=utf8mb4_unicode_ci;

--
-- Dumping data for table `user_bank_translations`
--

INSERT INTO `user_bank_translations` (`id`, `user_bank_id`, `locale`, `title`) VALUES
(6, 4, 'en', 'Paypal'),
(7, 5, 'en', 'Stripe');

-- --------------------------------------------------------

--
-- Table structure for table `user_commissions`
--

CREATE TABLE `user_commissions` (
  `id` int(10) UNSIGNED NOT NULL,
  `user_id` int(10) UNSIGNED DEFAULT NULL,
  `user_group_id` int(10) UNSIGNED DEFAULT NULL,
  `source` enum('courses','bundles','virtual_products','physical_products','meetings','events','meeting_packages') NOT NULL,
  `type` enum('percent','fixed_amount') NOT NULL,
  `value` double(15,2) DEFAULT NULL
) ENGINE=InnoDB DEFAULT CHARSET=utf8mb4 COLLATE=utf8mb4_general_ci;

-- --------------------------------------------------------

--
-- Table structure for table `user_form_fields`
--

CREATE TABLE `user_form_fields` (
  `id` int(10) UNSIGNED NOT NULL,
  `user_id` int(10) UNSIGNED DEFAULT NULL,
  `become_instructor_id` int(10) UNSIGNED DEFAULT NULL,
  `form_field_id` int(10) UNSIGNED NOT NULL,
  `value` text DEFAULT NULL,
  `created_at` bigint(20) UNSIGNED NOT NULL
) ENGINE=InnoDB DEFAULT CHARSET=utf8mb4 COLLATE=utf8mb4_unicode_ci;

-- --------------------------------------------------------

--
-- Table structure for table `user_profile_attachments`
--

CREATE TABLE `user_profile_attachments` (
  `id` int(10) UNSIGNED NOT NULL,
  `user_id` int(10) UNSIGNED NOT NULL,
  `file_type` enum('pdf','powerpoint','sound','video','image','archive','document','project') NOT NULL,
  `attachment` varchar(255) DEFAULT NULL,
  `created_at` bigint(20) UNSIGNED NOT NULL
) ENGINE=InnoDB DEFAULT CHARSET=utf8mb4 COLLATE=utf8mb4_general_ci;

-- --------------------------------------------------------

--
-- Table structure for table `user_profile_attachment_translations`
--

CREATE TABLE `user_profile_attachment_translations` (
  `id` bigint(20) UNSIGNED NOT NULL,
  `user_profile_attachment_id` int(10) UNSIGNED NOT NULL,
  `locale` varchar(191) NOT NULL,
  `title` varchar(255) NOT NULL,
  `description` text DEFAULT NULL
) ENGINE=InnoDB DEFAULT CHARSET=utf8mb4 COLLATE=utf8mb4_general_ci;

-- --------------------------------------------------------

--
-- Table structure for table `user_selected_banks`
--

CREATE TABLE `user_selected_banks` (
  `id` int(10) UNSIGNED NOT NULL,
  `user_id` int(10) UNSIGNED NOT NULL,
  `user_bank_id` int(10) UNSIGNED NOT NULL
) ENGINE=InnoDB DEFAULT CHARSET=utf8mb4 COLLATE=utf8mb4_unicode_ci;

--
-- Dumping data for table `user_selected_banks`
--

INSERT INTO `user_selected_banks` (`id`, `user_id`, `user_bank_id`) VALUES
(2, 1015, 4),
(3, 995, 5),
(4, 867, 4);

-- --------------------------------------------------------

--
-- Table structure for table `user_selected_bank_specifications`
--

CREATE TABLE `user_selected_bank_specifications` (
  `id` int(10) UNSIGNED NOT NULL,
  `user_selected_bank_id` int(10) UNSIGNED NOT NULL,
  `user_bank_specification_id` int(10) UNSIGNED NOT NULL,
  `value` text NOT NULL
) ENGINE=InnoDB DEFAULT CHARSET=utf8mb4 COLLATE=utf8mb4_unicode_ci;

--
-- Dumping data for table `user_selected_bank_specifications`
--

INSERT INTO `user_selected_bank_specifications` (`id`, `user_selected_bank_id`, `user_bank_specification_id`, `value`) VALUES
(3, 2, 10, 'Robert Ransdell'),
(4, 2, 11, 'instructor@demo.com'),
(5, 3, 12, 'Camelia Schofield'),
(6, 3, 13, '467288129822'),
(7, 4, 10, 'Light Moon'),
(8, 4, 11, 'organization@demo.com');

-- --------------------------------------------------------

--
-- Table structure for table `verifications`
--

CREATE TABLE `verifications` (
  `id` int(10) UNSIGNED NOT NULL,
  `user_id` int(10) UNSIGNED DEFAULT NULL,
  `mobile` char(16) DEFAULT NULL,
  `email` char(64) DEFAULT NULL,
  `code` char(6) NOT NULL,
  `verified_at` int(10) UNSIGNED DEFAULT NULL,
  `expired_at` int(10) UNSIGNED DEFAULT NULL,
  `created_at` int(10) UNSIGNED NOT NULL
) ENGINE=InnoDB DEFAULT CHARSET=utf8mb4 COLLATE=utf8mb4_unicode_ci ROW_FORMAT=DYNAMIC;

--
-- Dumping data for table `verifications`
--

INSERT INTO `verifications` (`id`, `user_id`, `mobile`, `email`, `code`, `verified_at`, `expired_at`, `created_at`) VALUES
(57, 996, NULL, 'test@gmail.com', '52692', NULL, 1626247575, 1626243975),
(58, 995, NULL, 'student@demo.com', '30257', 1626246439, 1626246489, 1626246375),
(59, 1017, NULL, 'a.pmelaa@gmail.com', '86261', 1639378855, 1639378905, 1639378748),
(84, 1045, NULL, 'tyshun.zaydrian@foundtoo.com', '28503', 1678958778, 1678958828, 1678958736),
(85, 1046, NULL, 'kelii.kendryk@foundtoo.com', '69646', 1678959533, 1678959583, 1678959456);

-- --------------------------------------------------------

--
-- Table structure for table `visits_logs`
--

CREATE TABLE `visits_logs` (
  `id` int(10) UNSIGNED NOT NULL,
  `owner_id` int(10) UNSIGNED DEFAULT NULL,
  `targetable_id` int(10) UNSIGNED NOT NULL,
  `targetable_type` varchar(255) NOT NULL,
  `visitor_id` int(10) UNSIGNED DEFAULT NULL,
  `visitor_uid` varchar(255) DEFAULT NULL,
  `visited_at` bigint(20) UNSIGNED NOT NULL
) ENGINE=InnoDB DEFAULT CHARSET=utf8mb4 COLLATE=utf8mb4_general_ci;

--
-- Dumping data for table `visits_logs`
--

INSERT INTO `visits_logs` (`id`, `owner_id`, `targetable_id`, `targetable_type`, `visitor_id`, `visitor_uid`, `visited_at`) VALUES
(1, 870, 2022, 'App\\Models\\Webinar', 1015, '147a19179f47853eb101b9ee82b24c6b9d7e77e3', 1749284566),
(2, 870, 2022, 'App\\Models\\Webinar', 1015, 'e9173d012876fd705ca16b4ad26fe8dd61915a96', 1749395601),
(3, 870, 2022, 'App\\Models\\Webinar', NULL, '147a19179f47853eb101b9ee82b24c6b9d7e77e3', 1749400948),
(4, 3, 2001, 'App\\Models\\Webinar', 1015, 'e9173d012876fd705ca16b4ad26fe8dd61915a96', 1749401859),
(5, 3, 2001, 'App\\Models\\Webinar', NULL, '147a19179f47853eb101b9ee82b24c6b9d7e77e3', 1749401967),
(6, 870, 2022, 'App\\Models\\Webinar', 1, '147a19179f47853eb101b9ee82b24c6b9d7e77e3', 1749453441),
(7, 1015, 2008, 'App\\Models\\Webinar', 1, '147a19179f47853eb101b9ee82b24c6b9d7e77e3', 1749459563),
(8, 1014, 29, 'App\\Models\\Blog', NULL, '36362dc402a32a28c7ca62bd6213aedabe8df437', 1749683013),
(9, 1014, 28, 'App\\Models\\Blog', 1, 'f6bf1438e8be22d0ebb34a1d13e11721eec95645', 1749805039),
(10, 863, 2002, 'App\\Models\\Webinar', 1, 'e9173d012876fd705ca16b4ad26fe8dd61915a96', 1749806023),
(11, 1016, 1995, 'App\\Models\\Webinar', 1, 'e9173d012876fd705ca16b4ad26fe8dd61915a96', 1749806213),
(12, 1015, 2009, 'App\\Models\\Webinar', 1, 'e9173d012876fd705ca16b4ad26fe8dd61915a96', 1749806224),
(13, 1015, 2008, 'App\\Models\\Webinar', 1, '147a19179f47853eb101b9ee82b24c6b9d7e77e3', 1749821507),
(14, 934, 1997, 'App\\Models\\Webinar', 1, '147a19179f47853eb101b9ee82b24c6b9d7e77e3', 1749821677),
(15, 934, 2, 'App\\Models\\Product', NULL, 'b5f30bc1ed1eabec3fc8558ad0524f82a4599930', 1749888983),
(16, 1, 6, 'App\\Models\\Product', NULL, 'b5f30bc1ed1eabec3fc8558ad0524f82a4599930', 1749889047),
(17, 929, 3, 'App\\Models\\Bundle', NULL, '82449638b33f3156abc30e25fa66f4a305e13f5f', 1749893924),
(18, 934, 5, 'App\\Models\\UpcomingCourse', NULL, 'da2aada78330662352436877b00a7fb45d641340', 1749915613),
(19, 1015, 2008, 'App\\Models\\Webinar', 1, 'e9173d012876fd705ca16b4ad26fe8dd61915a96', 1749967775),
(20, 867, 2006, 'App\\Models\\Webinar', 1, 'e9173d012876fd705ca16b4ad26fe8dd61915a96', 1749967887),
(21, 929, 1999, 'App\\Models\\Webinar', 1, 'e9173d012876fd705ca16b4ad26fe8dd61915a96', 1749968894),
(22, 1016, 1995, 'App\\Models\\Webinar', 1, 'e9173d012876fd705ca16b4ad26fe8dd61915a96', 1749968998),
(23, 870, 2022, 'App\\Models\\Webinar', 1, 'e0c683a79bedde29694397047feca44a22de96a1', 1749970720),
(24, 929, 2010, 'App\\Models\\Webinar', 1, 'e0c683a79bedde29694397047feca44a22de96a1', 1749970725),
(25, 1015, 2008, 'App\\Models\\Webinar', 1, 'e0c683a79bedde29694397047feca44a22de96a1', 1749970726),
(26, 3, 2001, 'App\\Models\\Webinar', 1, 'e9173d012876fd705ca16b4ad26fe8dd61915a96', 1749971597),
(27, 867, 2000, 'App\\Models\\Webinar', 1, 'e9173d012876fd705ca16b4ad26fe8dd61915a96', 1749971680),
(28, 1015, 1998, 'App\\Models\\Webinar', 1, 'e9173d012876fd705ca16b4ad26fe8dd61915a96', 1749971814),
(29, 1015, 1996, 'App\\Models\\Webinar', 1, 'e9173d012876fd705ca16b4ad26fe8dd61915a96', 1749971989),
(30, 934, 1997, 'App\\Models\\Webinar', 1, 'e9173d012876fd705ca16b4ad26fe8dd61915a96', 1749972076),
(31, 1015, 2008, 'App\\Models\\Webinar', NULL, 'c840c6a3348d0357da6ffe5af85839a10ace4384', 1750002133),
(32, 1015, 1996, 'App\\Models\\Webinar', 1015, 'c840c6a3348d0357da6ffe5af85839a10ace4384', 1750030163),
(33, 934, 1997, 'App\\Models\\Webinar', 1, 'c840c6a3348d0357da6ffe5af85839a10ace4384', 1750069221),
(34, 1015, 2008, 'App\\Models\\Webinar', 1, 'c840c6a3348d0357da6ffe5af85839a10ace4384', 1750069482),
(35, 863, 2002, 'App\\Models\\Webinar', 1, 'c840c6a3348d0357da6ffe5af85839a10ace4384', 1750069496),
(36, 929, 3, 'App\\Models\\Bundle', 1, '974dc0748acf772728b9034bfb9dd76c33c0c320', 1750069585),
(37, 1014, 28, 'App\\Models\\Blog', 1, '71fefbd9d719833a357fda45da232ad2352d77e9', 1750070488),
(38, 3, 2001, 'App\\Models\\Webinar', 1, 'c840c6a3348d0357da6ffe5af85839a10ace4384', 1750073696),
(39, 4, 2005, 'App\\Models\\Webinar', 1, 'e9173d012876fd705ca16b4ad26fe8dd61915a96', 1750091643),
(40, 929, 2010, 'App\\Models\\Webinar', 1, 'c840c6a3348d0357da6ffe5af85839a10ace4384', 1750160258),
(41, 1016, 1995, 'App\\Models\\Webinar', 1, 'c840c6a3348d0357da6ffe5af85839a10ace4384', 1750162299),
(42, 1015, 2008, 'App\\Models\\Webinar', 1, 'c840c6a3348d0357da6ffe5af85839a10ace4384', 1750162326),
(43, 929, 5, 'App\\Models\\Bundle', 1, 'ecf496e930ef7772cf0203ed21378268c76afd44', 1750176773),
(44, 929, 1999, 'App\\Models\\Webinar', 1, '2a7846d3513816b26483b47b5bdf15cd0a2ade4c', 1750176782),
(45, 1015, 2060, 'App\\Models\\Webinar', 1, 'edc5911d695246c2d7660786844b2c04adfb9028', 1750207965),
(46, 929, 2061, 'App\\Models\\Webinar', 1, 'edc5911d695246c2d7660786844b2c04adfb9028', 1750208124),
(47, 870, 2055, 'App\\Models\\Webinar', 1, 'edc5911d695246c2d7660786844b2c04adfb9028', 1750208509),
(48, 3, 2054, 'App\\Models\\Webinar', 1, 'edc5911d695246c2d7660786844b2c04adfb9028', 1750208534),
(49, 929, 2052, 'App\\Models\\Webinar', 1, 'edc5911d695246c2d7660786844b2c04adfb9028', 1750208554),
(50, 929, 2061, 'App\\Models\\Webinar', NULL, 'c840c6a3348d0357da6ffe5af85839a10ace4384', 1750230100),
(51, 934, 2, 'App\\Models\\Bundle', 1, 'b9781498d14d312bc7042c8f188dd83d1795740d', 1750581060),
(52, 934, 1997, 'App\\Models\\Webinar', NULL, 'b5898f93e2755fe67cf139d033b8eb113ecbe565', 1750621227),
(53, 929, 2061, 'App\\Models\\Webinar', 1, '7e6e78964cd4e041aadfab6facc0edd988c321f8', 1750665557),
(54, 3, 2058, 'App\\Models\\Webinar', 1, 'a2fa228475eb1daf160c5313b0af80f55783817a', 1750757073),
(55, 1015, 2060, 'App\\Models\\Webinar', 1, '93e36c92b03a4e6cbdc2b52ec68051bff8a7c200', 1750922443),
(56, 929, 2004, 'App\\Models\\Webinar', 1, 'c52183086f7d353220efbb2e7b07e8e1d6afc75a', 1751126344),
(57, 929, 2004, 'App\\Models\\Webinar', 1, '0ce02ff8b1eae60458d575ce63a6eed3a6aedff8', 1751126742),
(58, 929, 6, 'App\\Models\\UpcomingCourse', 1, '24361efb32e4f5fb8c400e350793c9c0d8b298b0', 1751133193),
(59, 929, 6, 'App\\Models\\UpcomingCourse', NULL, '1b1cf38ef25c2e871cb3e21dbe5f7357caa4312c', 1751149446),
(60, 934, 1997, 'App\\Models\\Webinar', 1, '45d2e20c2f6faf423267cfb487c2f6a1513e39a0', 1751184159),
(61, 3, 2001, 'App\\Models\\Webinar', 1, '45d2e20c2f6faf423267cfb487c2f6a1513e39a0', 1751184160),
(62, 1015, 2060, 'App\\Models\\Webinar', 1, '45d2e20c2f6faf423267cfb487c2f6a1513e39a0', 1751184164),
(63, 934, 2059, 'App\\Models\\Webinar', 1, '45d2e20c2f6faf423267cfb487c2f6a1513e39a0', 1751184164),
(64, 1015, 2060, 'App\\Models\\Webinar', 995, 'd261dd4b2f49298070886ff9f97fe81edc834e89', 1751189703),
(65, 934, 2059, 'App\\Models\\Webinar', 995, 'd261dd4b2f49298070886ff9f97fe81edc834e89', 1751189723),
(66, 929, 2061, 'App\\Models\\Webinar', 995, 'd261dd4b2f49298070886ff9f97fe81edc834e89', 1751189730),
(67, 1015, 1998, 'App\\Models\\Webinar', 1015, 'd261dd4b2f49298070886ff9f97fe81edc834e89', 1751190718),
(68, 1015, 2009, 'App\\Models\\Webinar', 1015, 'd261dd4b2f49298070886ff9f97fe81edc834e89', 1751190719),
(69, 929, 2061, 'App\\Models\\Webinar', 1, '041e770cd3ace5d5c613b2a37905318aa5e0f386', 1751191433),
(70, 1015, 2060, 'App\\Models\\Webinar', 3, '72261824998dd0ef39f0989a72a720d763c4f19b', 1751213652),
(71, 1016, 2057, 'App\\Models\\Webinar', 3, '72261824998dd0ef39f0989a72a720d763c4f19b', 1751213672),
(72, 929, 2010, 'App\\Models\\Webinar', 3, '72261824998dd0ef39f0989a72a720d763c4f19b', 1751213695),
(73, 863, 2002, 'App\\Models\\Webinar', 870, 'c52183086f7d353220efbb2e7b07e8e1d6afc75a', 1751237251),
(74, 4, 2005, 'App\\Models\\Webinar', 870, 'c52183086f7d353220efbb2e7b07e8e1d6afc75a', 1751237282),
(75, 1016, 1995, 'App\\Models\\Webinar', 870, 'c52183086f7d353220efbb2e7b07e8e1d6afc75a', 1751237302),
(76, 864, 2003, 'App\\Models\\Webinar', 870, 'c52183086f7d353220efbb2e7b07e8e1d6afc75a', 1751237333),
(77, 1, 6, 'App\\Models\\Product', 1, '3151e2ba3c5842ec0a9b2def6599d605210c7353', 1751261400),
(78, 1, 6, 'App\\Models\\Product', 1, 'eded94d859165134c7b32b6c45a0887dbe025eed', 1751265146),
(79, 929, 2061, 'App\\Models\\Webinar', 1, '98aa73c83669a858bf46c1088c7ef60bacf31d07', 1751265365),
(80, 1, 9, 'App\\Models\\Product', NULL, '6d90d708e7812b6c432ab3ab1b4d6a2e3b6d2307', 1751450895),
(81, 1015, 5, 'App\\Models\\Product', NULL, '6d90d708e7812b6c432ab3ab1b4d6a2e3b6d2307', 1751450899),
(82, 1, 6, 'App\\Models\\Product', NULL, '6d90d708e7812b6c432ab3ab1b4d6a2e3b6d2307', 1751450899),
(83, 3, 2001, 'App\\Models\\Webinar', NULL, '63d44b7938cdad9565b3e2857b7db992de20cb5f', 1751452394),
(84, 1015, 2008, 'App\\Models\\Webinar', NULL, '491b76c7a9af369c7097b81adad94a453604321e', 1751618215),
(85, 1016, 2057, 'App\\Models\\Webinar', NULL, '491b76c7a9af369c7097b81adad94a453604321e', 1751618233),
(86, 929, 2010, 'App\\Models\\Webinar', NULL, '491b76c7a9af369c7097b81adad94a453604321e', 1751621583),
(87, 1015, 2009, 'App\\Models\\Webinar', NULL, '491b76c7a9af369c7097b81adad94a453604321e', 1751621583),
(88, 870, 2022, 'App\\Models\\Webinar', NULL, '491b76c7a9af369c7097b81adad94a453604321e', 1751621633),
(89, 923, 2053, 'App\\Models\\Webinar', 1, '491b76c7a9af369c7097b81adad94a453604321e', 1751622807),
(90, 934, 2059, 'App\\Models\\Webinar', 1, '491b76c7a9af369c7097b81adad94a453604321e', 1751623209),
(91, 1015, 2060, 'App\\Models\\Webinar', 1, '491b76c7a9af369c7097b81adad94a453604321e', 1751623209),
(92, 1015, 2060, 'App\\Models\\Webinar', 1, '96e6d9f929433f59c7825770f6ecb48bc1b547b7', 1751628759),
(93, 3, 2054, 'App\\Models\\Webinar', 1, '96e6d9f929433f59c7825770f6ecb48bc1b547b7', 1751632143),
(94, 870, 2055, 'App\\Models\\Webinar', 1, '96e6d9f929433f59c7825770f6ecb48bc1b547b7', 1751632147),
(95, 1015, 1996, 'App\\Models\\Webinar', 1, '5aaff264e70ae4ba6070f30c6c7073f88be282ea', 1751646134),
(96, 867, 2000, 'App\\Models\\Webinar', 1, '5aaff264e70ae4ba6070f30c6c7073f88be282ea', 1751646136),
(97, 1016, 1995, 'App\\Models\\Webinar', 1, '5aaff264e70ae4ba6070f30c6c7073f88be282ea', 1751646136),
(98, 929, 2061, 'App\\Models\\Webinar', 1, 'f031517539d65dfd761514086029fb7f9d466727', 1751661671),
(99, 870, 2022, 'App\\Models\\Webinar', 1, 'f031517539d65dfd761514086029fb7f9d466727', 1751661682),
(100, 929, 2010, 'App\\Models\\Webinar', 1, 'f031517539d65dfd761514086029fb7f9d466727', 1751661682),
(101, 1015, 2009, 'App\\Models\\Webinar', 1, 'f031517539d65dfd761514086029fb7f9d466727', 1751662039),
(102, 1015, 2008, 'App\\Models\\Webinar', 1, 'f031517539d65dfd761514086029fb7f9d466727', 1751662040),
(103, 1015, 2008, 'App\\Models\\Webinar', 1, '3315556865c6f09f99889cd20f2b9deb32896f44', 1751668416),
(104, 1015, 2008, 'App\\Models\\Webinar', NULL, '3315556865c6f09f99889cd20f2b9deb32896f44', 1751688488),
(105, 929, 2010, 'App\\Models\\Webinar', NULL, '3315556865c6f09f99889cd20f2b9deb32896f44', 1751688489),
(106, 870, 2022, 'App\\Models\\Webinar', NULL, '3315556865c6f09f99889cd20f2b9deb32896f44', 1751688489),
(107, 863, 2002, 'App\\Models\\Webinar', 1, '302ba29c172597b0ee656aa0b125a946da6e9514', 1751703053),
(108, 867, 2000, 'App\\Models\\Webinar', 995, '3315556865c6f09f99889cd20f2b9deb32896f44', 1751714645),
(109, 867, 2006, 'App\\Models\\Webinar', NULL, '3315556865c6f09f99889cd20f2b9deb32896f44', 1751714833),
(110, 929, 2010, 'App\\Models\\Webinar', 995, '85ad43490865b2ca92751085e5b44d87f3cd784d', 1751721616),
(111, 1015, 1996, 'App\\Models\\Webinar', 1015, 'c527295d4a8afd0bee5ae1bd9b5b9c7a64dabab7', 1751723954),
(112, 1015, 2060, 'App\\Models\\Webinar', 1046, '98aa73c83669a858bf46c1088c7ef60bacf31d07', 1751729732),
(113, NULL, 4, 'App\\Models\\Forum', NULL, '2bcd4bc73f13d6dc4fbfd768734feb7243c6c203', 1754293839),
(114, NULL, 1, 'App\\Models\\Forum', NULL, 'f21e12d4ea7e30c6fbc73261319e9ae1a50de8cb', 1763236226),
(115, 1015, 1996, 'App\\Models\\Webinar', NULL, 'cc0d4796366869f32ee61e1a11212dceb3afec52', 1763323037),
(116, NULL, 1, 'App\\Models\\Forum', NULL, 'a3700d592bc78538ca85017153d115a2902fc9fb', 1763412415),
(117, 1015, 13, 'App\\Models\\Event', 1, '400e74f7bff32f7754c64a8e5c5ed7b54ddc975a', 1763543106),
(118, 1015, 10, 'App\\Models\\Event', 1, '400e74f7bff32f7754c64a8e5c5ed7b54ddc975a', 1763543621),
(119, 1015, 12, 'App\\Models\\Event', 1, '400e74f7bff32f7754c64a8e5c5ed7b54ddc975a', 1763544926),
(120, NULL, 1, 'App\\Models\\Forum', NULL, '0ff55a583cae2a350c0fd57d2a488cc434f7da43', 1763580840),
(121, 3, 2001, 'App\\Models\\Webinar', NULL, 'd8c2c7bede04500d35eab5b44100393f675394e1', 1763585488),
(122, 1015, 13, 'App\\Models\\Event', 1, 'b77a9751b0904ab4bf712995c94c864a5c4dfe5f', 1763586551),
(123, 1015, 2009, 'App\\Models\\Webinar', 995, '46a1e921dfe927d0017e1105dee74e8128da0002', 1763587043),
(124, 867, 9, 'App\\Models\\Event', 1, 'b77a9751b0904ab4bf712995c94c864a5c4dfe5f', 1763591067),
(125, 1015, 12, 'App\\Models\\Event', 1, 'b77a9751b0904ab4bf712995c94c864a5c4dfe5f', 1763591069),
(126, 934, 6, 'App\\Models\\Event', 995, 'b77a9751b0904ab4bf712995c94c864a5c4dfe5f', 1763591193),
(127, 1015, 2060, 'App\\Models\\Webinar', 995, '46a1e921dfe927d0017e1105dee74e8128da0002', 1763621289),
(128, 1015, 1996, 'App\\Models\\Webinar', 995, '46a1e921dfe927d0017e1105dee74e8128da0002', 1763621317),
(129, 1015, 13, 'App\\Models\\Event', NULL, '9c977356d8c48f247b49b839c5d2e89674c498c7', 1763622778),
(130, 929, 2061, 'App\\Models\\Webinar', NULL, 'e0dc82ee0d4bbabf31a600e59e5e1c43064c8531', 1763623342),
(131, 1015, 2060, 'App\\Models\\Webinar', NULL, 'e0dc82ee0d4bbabf31a600e59e5e1c43064c8531', 1763623342),
(132, 934, 2059, 'App\\Models\\Webinar', NULL, 'e0dc82ee0d4bbabf31a600e59e5e1c43064c8531', 1763623343),
(133, 3, 2058, 'App\\Models\\Webinar', NULL, 'e0dc82ee0d4bbabf31a600e59e5e1c43064c8531', 1763623344),
(134, 867, 8, 'App\\Models\\Event', 1, '9c977356d8c48f247b49b839c5d2e89674c498c7', 1763624246),
(135, 1015, 13, 'App\\Models\\Event', 1015, 'b77a9751b0904ab4bf712995c94c864a5c4dfe5f', 1763624343),
(136, 867, 8, 'App\\Models\\Event', 1015, 'b77a9751b0904ab4bf712995c94c864a5c4dfe5f', 1763624499),
(137, 1015, 10, 'App\\Models\\Event', 1, '9c977356d8c48f247b49b839c5d2e89674c498c7', 1763629168),
(138, 867, 9, 'App\\Models\\Event', 1, '9c977356d8c48f247b49b839c5d2e89674c498c7', 1763629621),
(139, 934, 6, 'App\\Models\\Event', 1, '9c977356d8c48f247b49b839c5d2e89674c498c7', 1763630510),
(140, 1015, 12, 'App\\Models\\Event', 1, '9c977356d8c48f247b49b839c5d2e89674c498c7', 1763631362),
(141, 1016, 3, 'App\\Models\\Event', 1, '9c977356d8c48f247b49b839c5d2e89674c498c7', 1763631636),
(142, 1015, 11, 'App\\Models\\Event', 1, '9c977356d8c48f247b49b839c5d2e89674c498c7', 1763631927),
(143, 934, 4, 'App\\Models\\Event', 1, '9c977356d8c48f247b49b839c5d2e89674c498c7', 1763632708),
(144, 1016, 2, 'App\\Models\\Event', 1, '9c977356d8c48f247b49b839c5d2e89674c498c7', 1763632966),
(145, 1015, 5, 'App\\Models\\Product', NULL, '8347c1f75c00c700ab66e25849560299629445e5', 1763670275),
(146, 867, 8, 'App\\Models\\Event', NULL, 'a8a8d7f407143952c6fd5d1bd2e6596fafd88d00', 1763678810),
(147, 1016, 2, 'App\\Models\\Event', 1, '1ffd1db51639b5313a193d86da70b32bdeca0d99', 1763739826),
(148, NULL, 1, 'App\\Models\\Forum', NULL, 'bd43b1f9ac3301dea12285db1a63639a8bf54a9e', 1763750552),
(149, 930, 8, 'App\\Models\\ForumTopic', 1, '0bdbff67e8e991645dcecbce53f33eb771556a24', 1763754217),
(150, 1015, 13, 'App\\Models\\Event', NULL, '94826ec89e6157c3b2101c52822c4c767c08214a', 1763788127),
(151, 1015, 2060, 'App\\Models\\Webinar', NULL, 'fa39a0e4d695565453991edb5851f6311d802249', 1763791616),
(152, 1016, 3, 'App\\Models\\Event', NULL, 'da444d6201f4296d209afe3178ded7b8367fd82e', 1763791624),
(153, 867, 8, 'App\\Models\\Event', NULL, 'da444d6201f4296d209afe3178ded7b8367fd82e', 1763791942),
(154, 934, 2059, 'App\\Models\\Webinar', NULL, '90f906029e2305f7ac85540c26c655a89ca249ea', 1763792813),
(155, 934, 6, 'App\\Models\\Event', NULL, '9f37c1043a6cba71ab452a5d17a7aed174c680b6', 1763793091),
(156, 934, 6, 'App\\Models\\Event', NULL, '58d9486ae4f2d049ced6d97ddc720be11ce5bef6', 1763793096),
(157, 934, 6, 'App\\Models\\Event', NULL, '824f7f310a632ac4622ca3939b8e88ccee81afea', 1763793102),
(158, 934, 6, 'App\\Models\\Event', NULL, '6ced6c9a85ff9bd50fcac734f4f43669d78d3d1b', 1763793104),
(159, 934, 6, 'App\\Models\\Event', NULL, '2847798ae435de159807f0ee5acbf12803874edc', 1763793108),
(160, 1016, 2, 'App\\Models\\Event', NULL, 'b48eb02927d0c3f3d7eaee60a5057f5c6cf8acc2', 1763793209),
(161, 1015, 12, 'App\\Models\\Event', NULL, '94826ec89e6157c3b2101c52822c4c767c08214a', 1763794680),
(162, 1015, 11, 'App\\Models\\Event', NULL, 'da444d6201f4296d209afe3178ded7b8367fd82e', 1763795730),
(163, 3, 2058, 'App\\Models\\Webinar', NULL, '90f906029e2305f7ac85540c26c655a89ca249ea', 1763800010),
(164, 867, 9, 'App\\Models\\Event', NULL, 'b48eb02927d0c3f3d7eaee60a5057f5c6cf8acc2', 1763802769),
(165, 934, 4, 'App\\Models\\Event', NULL, '94826ec89e6157c3b2101c52822c4c767c08214a', 1763805241),
(166, 1015, 13, 'App\\Models\\Event', NULL, 'c1bbff26cb647d12c2db6645fbe8d6e23c5f7e74', 1763810419),
(167, 1015, 13, 'App\\Models\\Event', NULL, '5130e36be2a5fdb6283f23b347a931cbc9773e49', 1763810426),
(168, 1015, 13, 'App\\Models\\Event', NULL, '5d42b3b2cb2545a7372b03d9316e862e73bc71ac', 1763810432),
(169, 1015, 13, 'App\\Models\\Event', NULL, '3f137ee90fe171b048aad6df2b92eca753b718d4', 1763810447),
(170, 929, 2004, 'App\\Models\\Webinar', NULL, '886f9b64b992eb870162fc0d3668e33e2dd067fc', 1763828166),
(171, 1015, 3, 'App\\Models\\UpcomingCourse', NULL, 'c07a3e1519a1cbc332b07a37729c93cb0fbab0d5', 1763832333),
(172, 1015, 1998, 'App\\Models\\Webinar', NULL, 'a33a9dca19334c092a05cb3e49c20b996c23837f', 1763833252),
(173, 929, 5, 'App\\Models\\Bundle', NULL, '6487e42247d884d8ab3b6aba9655d50e10a4afa8', 1763837657),
(174, 934, 2, 'App\\Models\\Bundle', NULL, '4dc082255b6168589058a66017130f5a912a8b8d', 1763843457),
(175, 1014, 22, 'App\\Models\\Blog', NULL, '49cfb4766213deba8490384b5636df38a666abfb', 1763844065),
(176, 863, 2002, 'App\\Models\\Webinar', NULL, 'c49d56eeca151f8a9a8cf7e580c6f1e07954bb73', 1763844636),
(177, 1015, 1, 'App\\Models\\Bundle', NULL, 'ca7146e2667434e8d6c42673809d0fc3e90d3c71', 1763846325),
(178, 1015, 1, 'App\\Models\\Bundle', NULL, '583da2d8704f87efa36d929c9c6bafa0360f0f37', 1763846325),
(179, 934, 5, 'App\\Models\\UpcomingCourse', NULL, '2c3c2bcc325b195cdb6ce6b57be82bad7cb5fbc8', 1763849345),
(180, 929, 5, 'App\\Models\\Bundle', NULL, 'd56cd6a85d95b2020a58a13585fa91d50bbbcbf8', 1763850264),
(181, 867, 2000, 'App\\Models\\Webinar', NULL, '9e6e0a17dd298b6c676ffd6e6068876c371f91b4', 1763851158),
(182, 1015, 1996, 'App\\Models\\Webinar', NULL, '16ddb7a915060ee8b02653685684ee018f5ae3ec', 1763853508),
(183, 1015, 3, 'App\\Models\\UpcomingCourse', NULL, 'de5fdf7e56af62188f801de54f140684393372c3', 1763853906),
(184, 1016, 1995, 'App\\Models\\Webinar', NULL, '2d6ac2455f9188c22ca85efdb104edadeeb331eb', 1763855395),
(185, 863, 2002, 'App\\Models\\Webinar', NULL, 'a2098d044badd6a3a0d251f3e17f4c83aaa887ad', 1763856906),
(186, 1014, 21, 'App\\Models\\Blog', NULL, '1295b0e816f7ce2d49db7da810ee61aed6e8cc5b', 1763857764),
(187, 1015, 2008, 'App\\Models\\Webinar', NULL, 'a284a9f273b0e7066ca5d2055e5b68b523d5a39e', 1763859674),
(188, 934, 1997, 'App\\Models\\Webinar', NULL, 'bcf0c0f6f09a7377af686405d056d99dd1a2bee3', 1763865294),
(189, 1, 23, 'App\\Models\\Blog', NULL, '6be221c19f33bb1a8f86c6f4cf73826968edc158', 1763867049),
(190, 1016, 1995, 'App\\Models\\Webinar', NULL, '3b5b816175e99ee27cc66aa4b1a043197dedddff', 1763868404),
(191, 1015, 1996, 'App\\Models\\Webinar', NULL, '44e0ca9c0aa2985976f140dd44d5e9ebe8fbad1f', 1763871988),
(192, 929, 6, 'App\\Models\\UpcomingCourse', NULL, '878f5ba1bbc9eb0b15e3a00c841a2a466c349d98', 1763872507),
(193, 1014, 29, 'App\\Models\\Blog', NULL, '2bc57c0abb31834923ca0bb9e89b594c6807597d', 1763875697),
(194, 929, 2004, 'App\\Models\\Webinar', NULL, '806d374708796bdf483f926e99d53f917db0de82', 1763879598),
(195, 929, 3, 'App\\Models\\Bundle', NULL, '21fc78b444e2fb70bbe51045c4dccb322dbd0047', 1763882972),
(196, 1015, 1998, 'App\\Models\\Webinar', NULL, 'cd5afaff289ee081c1302836a9b06946dfaeea07', 1763883640),
(197, 3, 2001, 'App\\Models\\Webinar', NULL, '8c4e28acb7bffcc959c5cd959662bcfa3eb61635', 1763885772),
(198, 1014, 29, 'App\\Models\\Blog', NULL, '5eafd8af097a2d097e519ee4a5cf7c3b8d69d36b', 1763885850),
(199, 1016, 4, 'App\\Models\\UpcomingCourse', NULL, '526a9ef4d3ab9231f4462201992d6b037b8e2073', 1763886083),
(200, 1014, 22, 'App\\Models\\Blog', NULL, '2c4c0582fc3a7c8c0ea9ce78f857d7b315fd17bb', 1763886445),
(201, 929, 3, 'App\\Models\\Bundle', NULL, '0171f4984306b6cc9d23b5266621a5b8c3a0b37f', 1763888019),
(202, 1014, 28, 'App\\Models\\Blog', NULL, '70d9ff5950c712a625f8d7049e1b2ede5320b24c', 1763890481),
(203, 929, 6, 'App\\Models\\UpcomingCourse', NULL, 'f1a599293046326d1e1fc5b72652f2c3ec42ad94', 1763903558),
(204, 1015, 2008, 'App\\Models\\Webinar', NULL, '5d2120082c871e7f2bd1e7064b8cc242fcc626f7', 1763905904),
(205, 3, 2001, 'App\\Models\\Webinar', NULL, 'cd5afaff289ee081c1302836a9b06946dfaeea07', 1763908492),
(206, 1014, 21, 'App\\Models\\Blog', NULL, 'c5419ca8df4a637084d711574cf78e9360e99fe6', 1763912427),
(207, NULL, 1, 'App\\Models\\Forum', NULL, '99b6ce2e07ba2c07cf8bdcba7bac3f6c453ffaaf', 1763923656),
(208, 934, 6, 'App\\Models\\Event', NULL, '2721e2d47fb6c87fe5de8e84a58e8f1251382e24', 1763954361),
(209, 1015, 12, 'App\\Models\\Event', NULL, '11c2b29ad7a68ec6f9fcb3c09ac7461581a4ec30', 1763982132),
(210, 934, 6, 'App\\Models\\Event', NULL, 'cb472de0a5dfb39259fbfab79e2a2bcb0c3427cc', 1764011221),
(211, 1015, 13, 'App\\Models\\Event', NULL, 'a34e416dc73a579d8d11c3b4f8ff2854664c2e8e', 1764037295),
(212, 867, 9, 'App\\Models\\Event', NULL, 'd8c71f9567923e286b5b5c0812307538e3a9c373', 1764046380),
(213, 934, 6, 'App\\Models\\Event', NULL, 'd8c71f9567923e286b5b5c0812307538e3a9c373', 1764046382),
(214, 867, 7, 'App\\Models\\Event', NULL, 'd8c71f9567923e286b5b5c0812307538e3a9c373', 1764046386),
(215, 1015, 12, 'App\\Models\\Event', NULL, 'd8c71f9567923e286b5b5c0812307538e3a9c373', 1764046390),
(216, 1015, 13, 'App\\Models\\Event', NULL, 'd8c71f9567923e286b5b5c0812307538e3a9c373', 1764046395),
(217, 1015, 10, 'App\\Models\\Event', NULL, 'd8c71f9567923e286b5b5c0812307538e3a9c373', 1764046398),
(218, 867, 8, 'App\\Models\\Event', NULL, 'd8c71f9567923e286b5b5c0812307538e3a9c373', 1764046399),
(219, 1015, 11, 'App\\Models\\Event', NULL, 'd8c71f9567923e286b5b5c0812307538e3a9c373', 1764046403),
(220, 934, 5, 'App\\Models\\Event', NULL, 'd8c71f9567923e286b5b5c0812307538e3a9c373', 1764046405),
(221, 1016, 3, 'App\\Models\\Event', NULL, 'd8c71f9567923e286b5b5c0812307538e3a9c373', 1764046428),
(222, 934, 4, 'App\\Models\\Event', NULL, 'd8c71f9567923e286b5b5c0812307538e3a9c373', 1764046430),
(223, 1016, 2, 'App\\Models\\Event', NULL, 'd8c71f9567923e286b5b5c0812307538e3a9c373', 1764046431),
(224, 934, 4, 'App\\Models\\Event', 996, '0983771c46f52ee331be399370c03faeb2f71fd4', 1764055572),
(225, NULL, 1, 'App\\Models\\Forum', NULL, '722ae8eaa3317ead1d226875794196fc35582078', 1764095682),
(226, 934, 6, 'App\\Models\\Event', NULL, 'a286dca9a20b7c818042566216e90470473f5177', 1764099767),
(227, 1015, 13, 'App\\Models\\Event', NULL, '2721e2d47fb6c87fe5de8e84a58e8f1251382e24', 1764103616),
(228, 1, 6, 'App\\Models\\Product', NULL, 'd03f3a65d75478ef2614ebfd22e3003397e43288', 1764115914),
(229, 934, 6, 'App\\Models\\Event', NULL, '331bd0347b00e3c9dc1f45781d982e4c9dea356a', 1764199071),
(230, 1015, 13, 'App\\Models\\Event', NULL, '4a173b94199e378af693ef8d1744337ae7b9bdef', 1764200538),
(231, 4, 2005, 'App\\Models\\Webinar', NULL, '9a04dbb566a5bce338c100620464c8eab90e5ea7', 1764260779),
(232, 1015, 1998, 'App\\Models\\Webinar', NULL, '4388c7b62bffb4fc56460479ab66575bf70a74ca', 1764260780),
(233, 3, 2058, 'App\\Models\\Webinar', NULL, '9a04dbb566a5bce338c100620464c8eab90e5ea7', 1764260784),
(234, 1015, 1998, 'App\\Models\\Webinar', NULL, '9a04dbb566a5bce338c100620464c8eab90e5ea7', 1764260786),
(235, 929, 2010, 'App\\Models\\Webinar', NULL, '9a04dbb566a5bce338c100620464c8eab90e5ea7', 1764260796),
(236, 864, 2003, 'App\\Models\\Webinar', NULL, '4388c7b62bffb4fc56460479ab66575bf70a74ca', 1764260798),
(237, 929, 2004, 'App\\Models\\Webinar', NULL, '4388c7b62bffb4fc56460479ab66575bf70a74ca', 1764260800),
(238, 864, 2003, 'App\\Models\\Webinar', NULL, '9a04dbb566a5bce338c100620464c8eab90e5ea7', 1764260803),
(239, 1015, 2009, 'App\\Models\\Webinar', NULL, '4388c7b62bffb4fc56460479ab66575bf70a74ca', 1764260805),
(240, 929, 2010, 'App\\Models\\Webinar', NULL, '4388c7b62bffb4fc56460479ab66575bf70a74ca', 1764260809),
(241, 3, 2001, 'App\\Models\\Webinar', NULL, '4388c7b62bffb4fc56460479ab66575bf70a74ca', 1764260811),
(242, 934, 1997, 'App\\Models\\Webinar', NULL, '9a04dbb566a5bce338c100620464c8eab90e5ea7', 1764260812),
(243, 934, 1997, 'App\\Models\\Webinar', NULL, '4388c7b62bffb4fc56460479ab66575bf70a74ca', 1764260814),
(244, 1015, 2008, 'App\\Models\\Webinar', NULL, '4388c7b62bffb4fc56460479ab66575bf70a74ca', 1764260818),
(245, 3, 2001, 'App\\Models\\Webinar', NULL, '9a04dbb566a5bce338c100620464c8eab90e5ea7', 1764260822),
(246, 1015, 2060, 'App\\Models\\Webinar', NULL, '9a04dbb566a5bce338c100620464c8eab90e5ea7', 1764260825),
(247, 864, 2056, 'App\\Models\\Webinar', NULL, '9a04dbb566a5bce338c100620464c8eab90e5ea7', 1764260850),
(248, 870, 2022, 'App\\Models\\Webinar', NULL, '4388c7b62bffb4fc56460479ab66575bf70a74ca', 1764260853),
(249, 929, 2004, 'App\\Models\\Webinar', NULL, '9a04dbb566a5bce338c100620464c8eab90e5ea7', 1764260875),
(250, 3, 2054, 'App\\Models\\Webinar', NULL, '9a04dbb566a5bce338c100620464c8eab90e5ea7', 1764260878),
(251, 934, 2059, 'App\\Models\\Webinar', NULL, '9a04dbb566a5bce338c100620464c8eab90e5ea7', 1764260882),
(252, 1015, 1996, 'App\\Models\\Webinar', NULL, '9a04dbb566a5bce338c100620464c8eab90e5ea7', 1764260892),
(253, 3, 2054, 'App\\Models\\Webinar', NULL, '4388c7b62bffb4fc56460479ab66575bf70a74ca', 1764260896),
(254, 1016, 1995, 'App\\Models\\Webinar', NULL, '9a04dbb566a5bce338c100620464c8eab90e5ea7', 1764260907),
(255, 934, 2059, 'App\\Models\\Webinar', NULL, '4388c7b62bffb4fc56460479ab66575bf70a74ca', 1764260908),
(256, 870, 2055, 'App\\Models\\Webinar', NULL, '4388c7b62bffb4fc56460479ab66575bf70a74ca', 1764260916),
(257, 934, 2051, 'App\\Models\\Webinar', NULL, '9a04dbb566a5bce338c100620464c8eab90e5ea7', 1764260927),
(258, 929, 2061, 'App\\Models\\Webinar', NULL, '9a04dbb566a5bce338c100620464c8eab90e5ea7', 1764260941),
(259, NULL, 5, 'App\\Models\\Forum', NULL, '7dffe21f932daaea0ce31dda8311976454cf3a05', 1764272216),
(260, 867, 8, 'App\\Models\\Event', NULL, 'aafd021b767d5b248a476f103baa1a0e9b526006', 1764272854),
(261, 1015, 2050, 'App\\Models\\Webinar', NULL, '1cacdd54a0af1c01678f88855f93f6351e5c8476', 1764272898),
(262, 870, 2055, 'App\\Models\\Webinar', NULL, '1caf215d58f41e2937519f1dcd730eff8cacab59', 1764273064),
(263, 867, 9, 'App\\Models\\Event', NULL, 'cb472de0a5dfb39259fbfab79e2a2bcb0c3427cc', 1764273589),
(264, 929, 2061, 'App\\Models\\Webinar', NULL, 'ccda51987b2581ada3cea99b84f8ea9dff69fd76', 1764273613),
(265, 934, 5, 'App\\Models\\Event', NULL, 'ec7fdff58f850209507f84858c06b0762aa91ecb', 1764273682),
(266, 1015, 13, 'App\\Models\\Event', NULL, 'cb472de0a5dfb39259fbfab79e2a2bcb0c3427cc', 1764273889),
(267, 929, 2004, 'App\\Models\\Webinar', NULL, 'ab16c6e87cf9d77ac37aa42803185f16c47c4173', 1764273939),
(268, 1, 6, 'App\\Models\\Product', NULL, '4a02610e67720fe8b23209b925b65408da6d7996', 1764274002),
(269, 934, 2, 'App\\Models\\Product', NULL, '3068c81cf1ae31afe8492e561585d624eb42a07f', 1764274514),
(270, 934, 6, 'App\\Models\\Event', NULL, 'ddca40b257ae657bff7c51c929846f49b917a32c', 1764274532),
(271, NULL, 6, 'App\\Models\\Forum', NULL, '02d317b2a7fe92300a92ab7a0e6db88d9ea609ba', 1764274588),
(272, 995, 10, 'App\\Models\\ForumTopic', NULL, 'ea700d0e8ae610e7ea83f21ae6a33725221c17df', 1764275397),
(273, 1, 9, 'App\\Models\\Product', NULL, '4a02610e67720fe8b23209b925b65408da6d7996', 1764276081),
(274, NULL, 7, 'App\\Models\\Forum', NULL, '1626016ef98f90c0ce933ce664b3270bc170876f', 1764276274),
(275, NULL, 10, 'App\\Models\\Forum', NULL, '57d151b27234d3727d2c1396e9eeb7915b570b7d', 1764276767),
(276, 1015, 2, 'App\\Models\\ForumTopic', NULL, '80779ab930169649b9345ce4b3f2e9dbdf08d923', 1764277232),
(277, 1015, 2008, 'App\\Models\\Webinar', NULL, 'b9b2241a4d1ead03f186c0913ab88870f53e1e6a', 1764277474),
(278, 934, 2051, 'App\\Models\\Webinar', NULL, '1caf215d58f41e2937519f1dcd730eff8cacab59', 1764277820),
(279, 1015, 1, 'App\\Models\\Product', NULL, '0ca2f3e247e9aaca6775d946f149d97fc5d616f8', 1764277851),
(280, 934, 1997, 'App\\Models\\Webinar', NULL, '88f03b7b26b736bbd1069951984113fb05fe4327', 1764278417),
(281, NULL, 4, 'App\\Models\\Forum', NULL, 'fcd7e6d414909d4cd1c1ec28fef3e751092ef5e7', 1764278645),
(282, 929, 2052, 'App\\Models\\Webinar', NULL, 'c89cdb121e3877bbe08ce27a33670b1507b14a27', 1764278662),
(283, 1015, 5, 'App\\Models\\Product', NULL, '1c4aa651c7c1280414ec79bfee8a17e61599af6b', 1764278696),
(284, 3, 2001, 'App\\Models\\Webinar', NULL, '7dc6039a2b2b188346ac7fd08fde78716688e9c6', 1764279112),
(285, 3, 2054, 'App\\Models\\Webinar', NULL, '9ea0d55b9f71e9a0633f2d39df043b69a0ad5f14', 1764279234),
(286, 1015, 2009, 'App\\Models\\Webinar', NULL, '66b60581929b84dd79fbe2c11137d1f957d296a0', 1764279296),
(287, 996, 5, 'App\\Models\\ForumTopic', NULL, '18f7951bf41ad322c2ab13fd1fe02784cbb0d862', 1764279432),
(288, 923, 2053, 'App\\Models\\Webinar', NULL, '74e92ddd97adbbd1613ee15a038fb62f027c6c28', 1764279793),
(289, NULL, 9, 'App\\Models\\Forum', NULL, 'f1ebe61c3670390023cb241f5a00c33ec7ae3610', 1764280064),
(290, 870, 4, 'App\\Models\\ForumTopic', NULL, '454710d071a2571b626a24015e3ad562f24c1817', 1764280167),
(291, 4, 2005, 'App\\Models\\Webinar', NULL, '7dc6039a2b2b188346ac7fd08fde78716688e9c6', 1764280189),
(292, 1016, 4, 'App\\Models\\Product', NULL, 'ddf63211a00c5ed1b8596ca3465ca88dc0d26bca', 1764280314),
(293, 923, 6, 'App\\Models\\ForumTopic', NULL, '683e2073e34850596f1983839f8f25dec7573cdc', 1764281053),
(294, 867, 2000, 'App\\Models\\Webinar', NULL, '20da8d24bff81c12206b13d1533c368687ae301e', 1764281551),
(295, 1015, 1996, 'App\\Models\\Webinar', NULL, '8e108299a893a52b9b076613e166881efc219354', 1764281864),
(296, 867, 7, 'App\\Models\\Event', NULL, '3f2be9821af26326ac7d1f088a4d4b2c6751d47e', 1764282591),
(297, 934, 2059, 'App\\Models\\Webinar', NULL, 'c630fe80c052634cb363b6cac94f2e694b1afde2', 1764282708),
(298, 1015, 1998, 'App\\Models\\Webinar', NULL, '62adc1adb855ada08498cb76214da3f0ff3b7b05', 1764283157),
(299, NULL, 3, 'App\\Models\\Forum', NULL, 'e313050fb52e364fe324c843fdbfb4f602deef05', 1764283694),
(300, 1015, 11, 'App\\Models\\Event', NULL, 'a34244c29a2d2a73eb8b2f2dfad00ad5d84b742c', 1764283882),
(301, 929, 2010, 'App\\Models\\Webinar', NULL, '0c2dd077289ec810878ebefdf09f1543637a775b', 1764284084),
(302, 1015, 12, 'App\\Models\\Event', NULL, '83fdad18e3ace3b5fd729bed77df091961af57ca', 1764284103),
(303, NULL, 1, 'App\\Models\\Forum', NULL, '1bb817d6d5ac8bce924adfe2a4a403d12007a176', 1764284125),
(304, 3, 2058, 'App\\Models\\Webinar', NULL, '925b5b1014199a61d7c37cb4720851eac69d0942', 1764284697),
(305, 1015, 2060, 'App\\Models\\Webinar', NULL, '0c2dd077289ec810878ebefdf09f1543637a775b', 1764285389),
(306, 867, 2006, 'App\\Models\\Webinar', NULL, 'c2301725a03ae68f2d1db53a253f8a0e2d73812f', 1764285858),
(307, 929, 1999, 'App\\Models\\Webinar', NULL, 'b9b2241a4d1ead03f186c0913ab88870f53e1e6a', 1764286346),
(308, NULL, 8, 'App\\Models\\Forum', NULL, '60de12a48a4fb5c1a32b9c555aa6b3dde07d8a91', 1764286526),
(309, 1016, 2057, 'App\\Models\\Webinar', NULL, 'efcd1c511cf34ead006883eb46b31b7624d3be6a', 1764286573),
(310, 1015, 13, 'App\\Models\\Event', NULL, '152b807fd9ad36e881248d546879de09864a7998', 1764347482),
(311, 870, 2055, 'App\\Models\\Webinar', NULL, 'b57fd67e5625257e7a95856abd545deb7d0adedd', 1764347913),
(312, NULL, 2, 'App\\Models\\Forum', NULL, '14a84e2c638acb2c4641eb8eaeab1267987c5af4', 1764352951),
(313, NULL, 5, 'App\\Models\\Forum', NULL, '12e69b9b83fa0f4078c4bc5f62ccec97697a5713', 1764353383),
(314, NULL, 9, 'App\\Models\\Forum', NULL, '94294779437576aa205357a712f0df6cef8b0c37', 1764354732),
(315, 929, 2052, 'App\\Models\\Webinar', NULL, 'f7d5ac9024f66bbb89ac103ebd42aa1b31d9aeed', 1764355083),
(316, 1015, 2009, 'App\\Models\\Webinar', NULL, 'fd0112072b51483b18164456b11091314cfe1bdb', 1764356448),
(317, 3, 2058, 'App\\Models\\Webinar', NULL, '466ac887a9c6305f80918549a7fdf6d56b94c247', 1764356747),
(318, 867, 2006, 'App\\Models\\Webinar', NULL, 'ed870bb2a257d4472a0d1b9cc49e8b8767c8bf5f', 1764357066),
(319, NULL, 2, 'App\\Models\\Forum', NULL, '3f43fe54fff6a5bdb0728284c32b6979af85ccd5', 1764358340),
(320, NULL, 1, 'App\\Models\\Forum', NULL, 'a6442c73c38de0886a8390df0005a618827e041d', 1764361682),
(321, 864, 2056, 'App\\Models\\Webinar', NULL, 'a71cfbe8af29ffcc8c29b38a740b8fcd710ca70e', 1764362273),
(322, NULL, 10, 'App\\Models\\Forum', NULL, 'bb066f65e3071ae2f72fafa328a1b86cc8553b5f', 1764362629),
(323, 870, 2055, 'App\\Models\\Webinar', NULL, 'bc957453068b980bfa3d5be647fc365c17b2ca8f', 1764364066),
(324, 929, 2061, 'App\\Models\\Webinar', NULL, 'a11d72e3effe0b1f2b700ba9fbfa69cd120c595d', 1764364214),
(325, 4, 2005, 'App\\Models\\Webinar', NULL, 'fc3b474692c193dfc9e95d57afb090452de35c24', 1764365899),
(326, 1016, 2057, 'App\\Models\\Webinar', NULL, '4a6baf3f960fef40b1d4a5ff2764f3c9183d6775', 1764367571),
(327, NULL, 6, 'App\\Models\\Forum', NULL, '1438d25016d05b509ad4439a744bb7e6b844eb9f', 1764367703),
(328, 1015, 2060, 'App\\Models\\Webinar', NULL, '464703996e13729680185fa9a7a2db5e8be1397f', 1764369231),
(329, NULL, 5, 'App\\Models\\Forum', NULL, 'b4888fee95942f19d0680b846041729c158d3f4d', 1764370997),
(330, 1015, 2060, 'App\\Models\\Webinar', NULL, '045745432b07bdbf7d7f3669e46297f77e196ad0', 1764371861),
(331, 870, 2022, 'App\\Models\\Webinar', NULL, '99dd05f0952c1f395f2014c9b71297d3159c5397', 1764372135),
(332, 867, 2006, 'App\\Models\\Webinar', NULL, 'c7ab21c256bfee185ed89978ce1610c229ca2a64', 1764375687),
(333, NULL, 1, 'App\\Models\\Forum', NULL, '04f424850e0bcd6fb365a6edc0464d3cbee2993f', 1764376765),
(334, 934, 2051, 'App\\Models\\Webinar', NULL, '012cc025a68e8e1d17fddd4844dab42b94c9a461', 1764377255),
(335, NULL, 9, 'App\\Models\\Forum', NULL, '7e3cf71a091380081ed1030fb925ebfcada70b5f', 1764377571),
(336, 864, 2056, 'App\\Models\\Webinar', NULL, '70b01a938cf55309f46f9e1b7b5246875bf9e749', 1764382763),
(337, 929, 1999, 'App\\Models\\Webinar', NULL, '077b3aec72c9dd00c030b0fc591099668fc6a77d', 1764384829),
(338, 923, 2053, 'App\\Models\\Webinar', NULL, 'c7714a7b751bde4151f76fd75b4010f22cb57e87', 1764387992),
(339, 923, 2053, 'App\\Models\\Webinar', NULL, 'b70189546b2b5dbab16dafa57a9861ece06f5390', 1764389888),
(340, NULL, 10, 'App\\Models\\Forum', NULL, 'f6f6d4c4ec83ed8ee30e3b3fe0c9933b0ea01f9b', 1764391273),
(341, NULL, 3, 'App\\Models\\Forum', NULL, 'd71a2ef1d5baba482345e5849f4c9ded3b9ead22', 1764396832),
(342, 1015, 2050, 'App\\Models\\Webinar', NULL, 'c620db68b9a25cbce1360b42c9749d9aa8110ec3', 1764397100),
(343, 934, 2051, 'App\\Models\\Webinar', NULL, '38a867de686399d761bdd82caa96f45c48e0c4d6', 1764397416),
(344, 1015, 2008, 'App\\Models\\Webinar', NULL, '938cbf5dffb1ec4162978d1fae735ef1d79dfacf', 1764397526),
(345, 934, 2059, 'App\\Models\\Webinar', NULL, '575fbfa72999dc39171c8a4544f4ad1fe0f87e4f', 1764397821),
(346, NULL, 4, 'App\\Models\\Forum', NULL, '19099473f698c7091f188b2ffab437bdb0821f6b', 1764399835),
(347, NULL, 8, 'App\\Models\\Forum', NULL, '3cf575bd19cbedb44192202082ac6032bce1d50b', 1764400894),
(348, 4, 2005, 'App\\Models\\Webinar', NULL, '98843f1aec3ec35e6a4c43c07f3316574effaa34', 1764401059),
(349, 870, 2022, 'App\\Models\\Webinar', NULL, '012cc025a68e8e1d17fddd4844dab42b94c9a461', 1764406554),
(350, 929, 2052, 'App\\Models\\Webinar', NULL, '4bb4eace6e72d801fc9baeb9665faf91401b73cb', 1764407068),
(351, 1015, 2050, 'App\\Models\\Webinar', NULL, 'e552c851aee3516cd3b2d6fed75de91fc4f3156b', 1764407545),
(352, 929, 2010, 'App\\Models\\Webinar', NULL, '5565c4238dfc19568144a362e818962db9cd7cc8', 1764410255),
(353, NULL, 6, 'App\\Models\\Forum', NULL, '4a336291096e8f9cda34205a1ef961e7139cf7ae', 1764410318),
(354, NULL, 3, 'App\\Models\\Forum', NULL, '858604aa2b3db6dd9da34f69223d81d625190237', 1764413052),
(355, NULL, 1, 'App\\Models\\Forum', NULL, 'fd0602bbf786616ff39831408283c8e32d9bd3bc', 1764414688),
(356, 929, 1999, 'App\\Models\\Webinar', NULL, '005104040d1ab80018ae0f2227d18de432c01545', 1764415146),
(357, 1015, 2009, 'App\\Models\\Webinar', NULL, '4e156133c8843055f56d54d962659fee4ed83a13', 1764417730),
(358, NULL, 8, 'App\\Models\\Forum', NULL, '322d338c4c31d41f579cb001b1a3ae7da22bc0d1', 1764417865),
(359, 934, 2059, 'App\\Models\\Webinar', NULL, '464703996e13729680185fa9a7a2db5e8be1397f', 1764418395),
(360, NULL, 4, 'App\\Models\\Forum', NULL, '603501cce3b081082b42228cbdf8657c63248c89', 1764419551),
(361, 864, 2003, 'App\\Models\\Webinar', NULL, 'f75400f9cdcdaf6ac9739f65cf4a582f7e17180a', 1764421583),
(362, 3, 2058, 'App\\Models\\Webinar', NULL, '442a3cff863effa6b1c64599a4557140191f56a1', 1764422460),
(363, 929, 2010, 'App\\Models\\Webinar', NULL, '82624666d05abaeb77c3f4ebfcc3b16ad13dbde3', 1764423081),
(364, 929, 2061, 'App\\Models\\Webinar', NULL, '6e71ad70df455daac51e35714564312026757dcd', 1764423593),
(365, 864, 2003, 'App\\Models\\Webinar', NULL, 'b858a1a2297b779e8ee55c24e3443a1d11365f33', 1764429240),
(366, 1016, 2057, 'App\\Models\\Webinar', NULL, '75dbe5f2117c82cf242627bf5dd50bb956317c5f', 1764429519),
(367, NULL, 10, 'App\\Models\\Forum', NULL, 'b070b189db4005bc3a3d6046ac59ee0d04fbeac2', 1764433184),
(368, 934, 4, 'App\\Models\\Event', NULL, 'ec7fdff58f850209507f84858c06b0762aa91ecb', 1764433896),
(369, NULL, 8, 'App\\Models\\Forum', NULL, '02d317b2a7fe92300a92ab7a0e6db88d9ea609ba', 1764439000),
(370, NULL, 1, 'App\\Models\\Forum', NULL, '7e893a33720b7ec79cd5dad520818747c05c33c3', 1764450056),
(371, 1015, 13, 'App\\Models\\Event', NULL, 'c7eae22e7bf58e9ef43c3d2b8f83935441638f69', 1764475269),
(372, 1015, 13, 'App\\Models\\Event', NULL, '0983771c46f52ee331be399370c03faeb2f71fd4', 1764485373),
(373, 1015, 12, 'App\\Models\\Event', NULL, '0983771c46f52ee331be399370c03faeb2f71fd4', 1764485373),
(374, NULL, 5, 'App\\Models\\Forum', NULL, 'e6f8ef21d56bd9c349861f9bbfb9cccd4c0163ba', 1764490479),
(375, 1016, 2, 'App\\Models\\Event', NULL, '91abb9b7c8865496e8c969c033f7ab701f4823d9', 1764490505),
(376, NULL, 9, 'App\\Models\\Forum', NULL, 'd937cb02b5947c61fd72f1484950d4165e48f9ed', 1764491529),
(377, NULL, 5, 'App\\Models\\Forum', NULL, '8d39820c5698a615de092b2dd57b071fd3baca0d', 1764491666),
(378, NULL, 7, 'App\\Models\\Forum', NULL, '19a5f15e8ab127024251a326340936eba89f5eaf', 1764491679),
(379, NULL, 8, 'App\\Models\\Forum', NULL, '15381b5097a85646cca30b1c2a60a47d00155025', 1764492235),
(380, NULL, 10, 'App\\Models\\Forum', NULL, '808458eaa0df4469d254639e7355289ae3c26ff7', 1764492844),
(381, NULL, 7, 'App\\Models\\Forum', NULL, '78d7be3d38ceda4856a1593bc2ad0e828e2448a7', 1764493658),
(382, 870, 2022, 'App\\Models\\Webinar', NULL, 'd687f9e9fcf7d08ec0bebc3ceb8e02886b89dfa8', 1764493906),
(383, NULL, 6, 'App\\Models\\Forum', NULL, '4778dc15bbc5675dd945af0d534e330dfc4a42f5', 1764494014),
(384, NULL, 8, 'App\\Models\\Forum', NULL, '540be494bcc5e6f208c201b0f462eed7e68a44e2', 1764494475),
(385, 1016, 3, 'App\\Models\\Event', NULL, '3f2be9821af26326ac7d1f088a4d4b2c6751d47e', 1764494502),
(386, 1016, 1995, 'App\\Models\\Webinar', NULL, '8e108299a893a52b9b076613e166881efc219354', 1764494616),
(387, NULL, 9, 'App\\Models\\Forum', NULL, '970646f3a8b4fee2726d7ba4354e1467f08b0ce8', 1764494956),
(388, NULL, 4, 'App\\Models\\Forum', NULL, 'e6f8ef21d56bd9c349861f9bbfb9cccd4c0163ba', 1764495079),
(389, NULL, 6, 'App\\Models\\Forum', NULL, '72625aeb39b08c78def58e868537074aeeedec2b', 1764495157),
(390, NULL, 10, 'App\\Models\\Forum', NULL, 'db354f1b4254737d7b3d610f12e1fd13b8827bde', 1764495465),
(391, NULL, 4, 'App\\Models\\Forum', NULL, 'ecc7fd22b4a067bad5ab2151d9189cbf78c0c7d8', 1764495477),
(392, NULL, 6, 'App\\Models\\Forum', NULL, 'f2a61d2168b6f3a7ecc0f0169bffcc7cd40ac625', 1764495658),
(393, NULL, 1, 'App\\Models\\Forum', NULL, '970646f3a8b4fee2726d7ba4354e1467f08b0ce8', 1764496202),
(394, NULL, 7, 'App\\Models\\Forum', NULL, 'dfc4a99a55c434564afa97c6e3d69137b1eb7898', 1764496472),
(395, 934, 6, 'App\\Models\\Event', NULL, '8bb0013e6e2da3cd23b5125ba9d61735c6370b9c', 1764522690),
(396, 1015, 13, 'App\\Models\\Event', NULL, '7706e0f9a5655feb13d3afe19f1c15a4edb64793', 1764525110);

-- --------------------------------------------------------

--
-- Table structure for table `waitlists`
--

CREATE TABLE `waitlists` (
  `id` int(10) UNSIGNED NOT NULL,
  `webinar_id` int(10) UNSIGNED NOT NULL,
  `user_id` int(10) UNSIGNED DEFAULT NULL,
  `full_name` varchar(255) DEFAULT NULL,
  `email` varchar(255) DEFAULT NULL,
  `phone` varchar(255) DEFAULT NULL,
  `created_at` bigint(20) UNSIGNED NOT NULL
) ENGINE=InnoDB DEFAULT CHARSET=utf8mb4 COLLATE=utf8mb4_unicode_ci;

--
-- Dumping data for table `waitlists`
--

INSERT INTO `waitlists` (`id`, `webinar_id`, `user_id`, `full_name`, `email`, `phone`, `created_at`) VALUES
(1, 2009, 1017, NULL, NULL, NULL, 1678955365),
(2, 2009, 4, NULL, NULL, NULL, 1678955432),
(3, 2009, 868, NULL, NULL, NULL, 1678955461),
(4, 2009, NULL, 'Eliza Canales', 'Eliza22@yahoo.com', '3094027575', 1678958278);

-- --------------------------------------------------------

--
-- Table structure for table `webinars`
--

CREATE TABLE `webinars` (
  `id` int(10) UNSIGNED NOT NULL,
  `teacher_id` int(10) UNSIGNED NOT NULL,
  `creator_id` int(10) UNSIGNED NOT NULL,
  `category_id` int(10) UNSIGNED DEFAULT NULL,
  `type` enum('webinar','course','text_lesson') NOT NULL,
  `private` tinyint(1) NOT NULL DEFAULT 0,
  `slug` varchar(255) NOT NULL,
  `start_date` int(11) DEFAULT NULL,
  `duration` int(10) UNSIGNED DEFAULT NULL,
  `timezone` varchar(255) DEFAULT NULL,
  `thumbnail` varchar(255) DEFAULT NULL,
  `image_cover` varchar(255) DEFAULT NULL,
  `video_demo` longtext DEFAULT NULL,
  `video_demo_source` enum('upload','youtube','vimeo','external_link','google_drive','iframe','s3','secure_host') DEFAULT NULL,
  `icon` varchar(255) DEFAULT NULL,
  `capacity` int(10) UNSIGNED DEFAULT NULL,
  `sales_count_number` int(10) UNSIGNED DEFAULT NULL,
  `price` double(15,2) UNSIGNED DEFAULT NULL,
  `organization_price` double(15,2) UNSIGNED DEFAULT NULL,
  `support` tinyint(1) DEFAULT 0,
  `certificate` tinyint(1) NOT NULL DEFAULT 0,
  `downloadable` tinyint(1) DEFAULT 0,
  `partner_instructor` tinyint(1) DEFAULT 0,
  `subscribe` tinyint(1) DEFAULT 0,
  `forum` tinyint(1) NOT NULL DEFAULT 0,
  `enable_waitlist` tinyint(1) NOT NULL DEFAULT 0,
  `only_for_students` tinyint(1) NOT NULL DEFAULT 0,
  `access_days` int(10) UNSIGNED DEFAULT NULL COMMENT 'Number of days to access the course',
  `points` int(11) DEFAULT NULL,
  `message_for_reviewer` text DEFAULT NULL,
  `status` enum('active','pending','is_draft','inactive') NOT NULL,
  `created_at` int(11) NOT NULL,
  `updated_at` int(11) DEFAULT NULL,
  `deleted_at` int(11) DEFAULT NULL
) ENGINE=InnoDB DEFAULT CHARSET=utf8mb4 COLLATE=utf8mb4_unicode_ci ROW_FORMAT=DYNAMIC;

--
-- Dumping data for table `webinars`
--

INSERT INTO `webinars` (`id`, `teacher_id`, `creator_id`, `category_id`, `type`, `private`, `slug`, `start_date`, `duration`, `timezone`, `thumbnail`, `image_cover`, `video_demo`, `video_demo_source`, `icon`, `capacity`, `sales_count_number`, `price`, `organization_price`, `support`, `certificate`, `downloadable`, `partner_instructor`, `subscribe`, `forum`, `enable_waitlist`, `only_for_students`, `access_days`, `points`, `message_for_reviewer`, `status`, `created_at`, `updated_at`, `deleted_at`) VALUES
(1995, 1016, 1016, 611, 'course', 0, 'Become-a-Product-Manager', NULL, 150, 'America/New_York', '/store/1016/1.jpg', '/store/1016/1_c.jpg', '/store/1016/Become A Product Manager.mp4', 'upload', '/store/1/default_images/courses/icons/course_icon20.svg', NULL, NULL, NULL, NULL, 1, 0, 1, 0, 0, 0, 0, 0, NULL, NULL, NULL, 'active', 1624867858, 1751704110, NULL),
(1996, 1015, 1015, 606, 'webinar', 0, 'Learn-Linux-in-5-Days', 1625859000, 450, 'America/New_York', '/store/1015/hero (6).jpg', '/store/1015/6.jpg', '/store/1015/Learn Linux In 5 Days.mp4', 'upload', '/store/1/default_images/courses/icons/course_icon28.svg', 10, NULL, NULL, NULL, 1, 0, 0, 0, 0, 0, 0, 0, NULL, NULL, 'Can I add a new session to my class after it is published?', 'active', 1624943782, 1751704077, NULL),
(1997, 934, 934, 606, 'text_lesson', 0, 'Learn-Python-Programming', NULL, 35, 'America/New_York', '/store/934/Python for Beginners.jpg', '/store/934/hero (4).jpg', '/store/934/Python for Beginners.mp4', 'upload', '/store/1/default_images/courses/icons/course_icon29.svg', NULL, NULL, NULL, NULL, 1, 1, 0, 0, 0, 0, 0, 0, NULL, NULL, 'thank you .', 'active', 1624954285, 1751703473, NULL),
(1998, 1015, 1015, 609, 'webinar', 0, 'Excel-from-Beginner-to-Advanced', 1805488200, 100, 'America/New_York', '/store/1015/Excel from Beginner to Advanced.jpg', '/store/1015/11.jpg', '/store/1015/Microsoft Excel - Excel from Beginner to Advanced.mkv', 'upload', '/store/1/default_images/courses/icons/course_icon27.svg', 50, NULL, 100.00, NULL, 1, 0, 0, 1, 1, 0, 0, 0, NULL, NULL, 'thank you.', 'active', 1624965321, 1764576652, NULL),
(1999, 929, 929, 610, 'course', 0, 'How-to-Manage-Your-Virtual-Team', NULL, 90, 'America/New_York', '/store/929/How to Manage & Influence Your Virtual Team.jpg', '/store/929/How to Manage & Influence Your Virtual Team_c.jpg.png', '/store/929/How To Manage & Influence Your Virtual Team.mkv', 'upload', '/store/1/default_images/courses/icons/course_icon19.svg', NULL, NULL, 50.00, NULL, 0, 1, 1, 0, 1, 0, 0, 0, NULL, 500, 'I solved the problems you mentioned', 'active', 1625037906, 1751704103, NULL),
(2000, 923, 867, 609, 'webinar', 0, 'Effective-Time-Management', 1690846200, 90, 'America/New_York', '/store/867/Effective Time Management.jpg', '/store/867/Effective Time Management_c.png', '/store/867/Effective Time Management.mkv', 'upload', '/store/1/default_images/courses/icons/course_icon26.svg', 10, NULL, 30.00, NULL, 0, 1, 0, 0, 0, 0, 0, 0, NULL, NULL, NULL, 'active', 1625044975, 1751703312, NULL),
(2001, 3, 3, 606, 'webinar', 0, 'Learn-and-Understand-AngularJS', 1702153800, 60, 'America/New_York', '/store/3/Learn and Understand AngularJS.jpg', '/store/3/Learn and Understand AngularJS_c.png', '/store/3/Learn and Understand AngularJS.mkv', 'upload', '/store/1/default_images/courses/icons/course_icon25.svg', 10, NULL, 20.00, NULL, 1, 1, 0, 0, 0, 0, 0, 0, NULL, NULL, 'I corrected the session dates. Thanks', 'active', 1625074163, 1751704097, NULL),
(2002, 870, 863, 523, 'webinar', 0, 'Health-And-Fitness-Masterclass', 1625081400, 60, 'America/New_York', '/store/863/Health And Fitness Masterclass Beginner To Advanced.jpg', '/store/863/Health And Fitness Masterclass Beginner To Advanced_c.png', '/store/863/Health And Fitness Masterclass- Beginner To Advanced.mkv', 'upload', '/store/1/default_images/courses/icons/course_icon24.svg', 5, NULL, 20.00, NULL, 1, 1, 0, 0, 1, 0, 0, 0, NULL, NULL, 'Thank you for your good services.', 'active', 1625122618, 1751703241, NULL),
(2003, 3, 864, 610, 'webinar', 0, 'Active-Listening-You-Can-Be-a-Great-Listener', 1696105800, 75, 'America/New_York', '/store/864/couple-listening-music.jpg', '/store/864/Active Listening You Can Be a Great Listener_c.png', '/store/864/Active Listening- You Can Be a Great Listener.mkv', 'upload', '/store/1/default_images/courses/icons/course_icon23.svg', 10, NULL, 40.00, NULL, 1, 1, 0, 0, 0, 0, 0, 0, NULL, NULL, 'I modified the files again. Thanks', 'active', 1625299225, 1751704090, NULL),
(2004, 929, 929, 602, 'course', 0, 'The-Future-of-Energy', NULL, 70, 'America/New_York', '/store/929/The Future of Energy.jpg', '/store/929/The Future of Energy_c.jpg', '/store/929/The Future of Energy.mkv', 'upload', '/store/1/default_images/courses/icons/course_icon18.svg', NULL, NULL, 60.00, NULL, 1, 0, 1, 0, 1, 0, 0, 0, NULL, 600, NULL, 'active', 1625685324, 1751701500, NULL),
(2005, 934, 4, 520, 'course', 0, 'Web-Design-for-Beginners', NULL, 105, 'America/New_York', '/store/4/Web Design for Beginners.jpg', '/store/4/Web Design for Beginners_c.jpg', '/store/4/Web Designing for Beginners.mkv', 'upload', '/store/1/default_images/courses/icons/course_icon17.svg', NULL, NULL, 10.00, NULL, 1, 0, 0, 1, 1, 0, 0, 0, NULL, 200, 'thank you', 'active', 1625689958, 1751701491, NULL),
(2006, 923, 867, 604, 'webinar', 0, 'How-to-Travel-Around-the-World', 1646197200, 150, 'America/New_York', '/store/867/How to Travel Around the World on a Budget.jpg', '/store/867/How to Travel Around the World on a Budget_c.jpg', '/store/867/How to Travel Around the World on a Budget.mkv', 'upload', '/store/1/default_images/courses/icons/course_icon22.svg', 5, NULL, 25.00, NULL, 1, 1, 1, 0, 1, 0, 0, 0, NULL, NULL, 'I edited the text of the course. Thank', 'active', 1625693895, 1751703153, NULL),
(2007, 1015, 867, 604, 'course', 1, 'Travel-Management-Course', NULL, 60, 'America/New_York', '/store/867/Travel Management Course.jpg', '/store/867/Travel Management Course_c.jpg', '/store/867/How to Travel Around the World on a Budget.mkv', 'upload', '/store/1/default_images/courses/icons/course_icon16.svg', NULL, NULL, NULL, NULL, 1, 1, 1, 0, 0, 0, 0, 0, NULL, NULL, NULL, 'active', 1626207424, 1751701485, NULL),
(2008, 1015, 1015, 604, 'course', 0, 'New-Learning-Page', NULL, 210, 'America/New_York', '/store/1015/The Professional Guitar Masterclass.jpg', '/store/1015/The Professional Guitar Masterclass_c.jpg', 'https://youtu.be/6Vo2v7WCyTs', 'youtube', '/store/1/default_images/courses/icons/course_icon15.svg', NULL, NULL, NULL, NULL, 1, 1, 1, 1, 1, 1, 0, 0, NULL, NULL, NULL, 'active', 1646118189, 1751704049, NULL),
(2009, 1015, 1015, 610, 'webinar', 0, 'New-in-App-Live-System', 1772348400, 150, 'America/New_York', '/store/1015/new_live_system.jpg', '/store/1015/new_live_system_c.jpg', '/store/1015/Learn Linux In 5 Days.mp4', 'upload', '/store/1/default_images/courses/icons/course_icon21.svg', 10, NULL, 10.00, NULL, 1, 0, 0, 0, 0, 0, 1, 0, NULL, 200, NULL, 'active', 1646171664, 1764575458, NULL),
(2010, 929, 929, 603, 'course', 0, 'New-Update-Features', NULL, 90, 'America/New_York', '/store/929/update_1.6.jpg', '/store/929/update_1.6_c.jpg', NULL, NULL, '/store/1/default_images/courses/icons/course_icon14.svg', NULL, NULL, NULL, NULL, 1, 1, 1, 1, 0, 1, 0, 0, 365, NULL, 'Thank you.', 'active', 1655799277, 1751701374, NULL),
(2022, 870, 870, 611, 'course', 0, 'Installment-feature', NULL, 90, 'America/New_York', '/store/870/Installment.jpg', '/store/870/Installment_c.jpg', NULL, NULL, '/store/1/default_images/courses/icons/course_icon13.svg', NULL, NULL, 100.00, NULL, 1, 1, 1, 0, 0, 1, 0, 0, 365, NULL, 'Thank you for reviewing.', 'active', 1678910860, 1751701348, NULL),
(2050, 1015, 1015, 520, 'course', 0, 'UI-UX-Design-Fundamentals', NULL, 180, 'America/New_York', '/store/1/default_images/courses/course1.jpg', '/store/1015/Excel from Beginner to Advanced.jpg', '/store/1015/Learn Linux In 5 Days.mp4', 'upload', '/store/1/default_images/courses/icons/course_icon12.svg', NULL, NULL, 40.00, NULL, 1, 1, 1, 0, 0, 1, 0, 0, 365, 300, NULL, 'active', 1710000000, 1751701316, NULL),
(2051, 934, 934, 520, 'course', 0, 'Advanced-UI-Design-Masterclass', NULL, 210, 'America/New_York', '/store/1/default_images/courses/course2.jpg', '/store/934/hero (4).jpg', '/store/934/Python for Beginners.mp4', 'upload', '/store/1/default_images/courses/icons/course_icon11.svg', NULL, NULL, 79.99, NULL, 1, 1, 1, 0, 0, 1, 0, 0, 365, 400, NULL, 'active', 1710010000, 1751701308, NULL),
(2052, 929, 929, 520, 'course', 0, 'UX-Research-and-User-Testing', NULL, 150, 'America/New_York', '/store/1/default_images/courses/course3.jpg', '/store/929/How to Manage & Influence Your Virtual Team_c.jpg.png', '/store/929/How To Manage & Influence Your Virtual Team.mkv', 'upload', '/store/1/default_images/courses/icons/course_icon10.svg', NULL, NULL, 60.00, NULL, 1, 1, 1, 0, 0, 1, 0, 0, 365, 350, NULL, 'active', 1710020000, 1751701298, NULL),
(2053, 923, 923, 520, 'course', 0, 'Mobile-UI-Design-Patterns', NULL, 180, 'America/New_York', '/store/1/default_images/courses/course4.jpg', '/store/867/Effective Time Management_c.png', '/store/867/Effective Time Management.mkv', 'upload', '/store/1/default_images/courses/icons/course_icon9.svg', NULL, NULL, 70.00, NULL, 1, 1, 1, 0, 0, 1, 0, 0, 365, 375, NULL, 'active', 1710030000, 1751701290, NULL),
(2054, 3, 3, 520, 'course', 0, 'Design-Systems-Workshop', NULL, 160, 'America/New_York', '/store/1/default_images/courses/course5.jpg', '/store/3/Learn and Understand AngularJS_c.png', '/store/3/Learn and Understand AngularJS.mkv', 'upload', '/store/1/default_images/courses/icons/course_icon8.svg', NULL, NULL, 110.00, NULL, 1, 1, 1, 0, 0, 1, 0, 0, NULL, 425, NULL, 'active', 1710040000, 1751701282, NULL),
(2055, 870, 870, 520, 'course', 0, 'UI-Animation-and-Micro-interactions', NULL, 140, 'America/New_York', '/store/1/default_images/courses/course6.jpg', '/store/863/Health And Fitness Masterclass Beginner To Advanced_c.png', '/store/863/Health And Fitness Masterclass- Beginner To Advanced.mkv', 'upload', '/store/1/default_images/courses/icons/course_icon7.svg', NULL, NULL, 25.00, NULL, 1, 1, 1, 0, 0, 1, 0, 0, 365, 380, NULL, 'active', 1710050000, 1751701274, NULL),
(2056, 864, 864, 520, 'course', 0, 'Figma-for-UI-UX-Designers', NULL, 190, 'America/New_York', '/store/1/default_images/courses/course7.jpg', '/store/864/Active Listening You Can Be a Great Listener_c.png', '/store/864/Active Listening- You Can Be a Great Listener.mkv', 'upload', '/store/1/default_images/courses/icons/course_icon6.svg', NULL, NULL, 65.00, NULL, 1, 1, 1, 0, 0, 1, 0, 0, 365, 360, NULL, 'active', 1710060000, 1751701264, NULL),
(2057, 1016, 1016, 520, 'course', 0, 'Accessibility-in-UI-UX-Design', NULL, 170, 'America/New_York', '/store/1/default_images/courses/course8.jpg', '/store/1016/1_c.jpg', '/store/1016/Become A Product Manager.mp4', 'upload', '/store/1/default_images/courses/icons/course_icon5.svg', NULL, NULL, 55.00, NULL, 1, 1, 1, 0, 0, 1, 0, 0, 365, 330, NULL, 'active', 1710070000, 1751701253, NULL),
(2058, 3, 3, 606, 'course', 0, 'Full-Stack-JavaScript-Development', NULL, 220, 'America/New_York', '/store/1/default_images/courses/course9.jpg', '/store/3/Learn and Understand AngularJS_c.png', '/store/3/Learn and Understand AngularJS.mkv', 'upload', '/store/1/default_images/courses/icons/course_icon4.svg', NULL, NULL, 80.00, NULL, 1, 1, 1, 0, 0, 1, 0, 0, NULL, 450, NULL, 'active', 1710080000, 1751701234, NULL),
(2059, 934, 934, 606, 'course', 0, 'Python-for-Data-Science', NULL, 200, 'America/New_York', '/store/1/default_images/courses/course10.jpg', '/store/934/hero (4).jpg', '/store/934/Python for Beginners.mp4', 'upload', '/store/1/default_images/courses/icons/course_icon3.svg', NULL, NULL, 10.00, NULL, 1, 1, 1, 0, 0, 1, 0, 0, NULL, 425, NULL, 'active', 1710090000, 1751701223, NULL),
(2060, 1015, 1015, 606, 'course', 0, 'Mobile-App-Development-with-React-Native', NULL, 210, 'America/New_York', '/store/1/default_images/courses/course11.jpg', '/store/1015/Excel from Beginner to Advanced.jpg', '/store/1015/Learn Linux In 5 Days.mp4', 'upload', '/store/1/default_images/courses/icons/course_icon2.svg', NULL, NULL, 30.00, NULL, 1, 1, 1, 0, 0, 1, 0, 0, 365, 440, NULL, 'active', 1710100000, 1751701212, NULL),
(2061, 929, 929, 606, 'course', 0, 'Backend-Development-with-Node-js', NULL, 190, 'America/New_York', '/store/1/default_images/courses/course12.jpg', '/store/929/How to Manage & Influence Your Virtual Team_c.jpg.png', '/store/929/How To Manage & Influence Your Virtual Team.mkv', 'upload', '/store/1/default_images/courses/icons/course_icon1.svg', NULL, NULL, 25.00, NULL, 1, 1, 1, 0, 0, 1, 0, 0, 180, 410, NULL, 'active', 1710110000, 1751701125, NULL);

-- --------------------------------------------------------

--
-- Table structure for table `webinar_assignments`
--

CREATE TABLE `webinar_assignments` (
  `id` int(10) UNSIGNED NOT NULL,
  `creator_id` int(10) UNSIGNED NOT NULL,
  `webinar_id` int(10) UNSIGNED NOT NULL,
  `chapter_id` int(10) UNSIGNED NOT NULL,
  `grade` int(10) UNSIGNED DEFAULT NULL,
  `pass_grade` int(10) UNSIGNED DEFAULT NULL,
  `deadline` int(10) UNSIGNED DEFAULT NULL,
  `attempts` int(10) UNSIGNED DEFAULT NULL,
  `check_previous_parts` tinyint(1) NOT NULL DEFAULT 0,
  `access_after_day` int(10) UNSIGNED DEFAULT NULL,
  `status` enum('active','inactive') NOT NULL,
  `created_at` bigint(20) UNSIGNED NOT NULL
) ENGINE=InnoDB DEFAULT CHARSET=utf8mb4 COLLATE=utf8mb4_unicode_ci;

--
-- Dumping data for table `webinar_assignments`
--

INSERT INTO `webinar_assignments` (`id`, `creator_id`, `webinar_id`, `chapter_id`, `grade`, `pass_grade`, `deadline`, `attempts`, `check_previous_parts`, `access_after_day`, `status`, `created_at`) VALUES
(1, 929, 2010, 31, 100, 70, 180, 5, 0, NULL, 'active', 1655801119),
(2, 1015, 2008, 34, 100, 75, 250, 1, 0, NULL, 'active', 1656407252);

-- --------------------------------------------------------

--
-- Table structure for table `webinar_assignment_attachments`
--

CREATE TABLE `webinar_assignment_attachments` (
  `id` bigint(20) UNSIGNED NOT NULL,
  `creator_id` int(10) UNSIGNED NOT NULL,
  `assignment_id` int(10) UNSIGNED NOT NULL,
  `title` varchar(255) NOT NULL,
  `attach` varchar(255) NOT NULL
) ENGINE=InnoDB DEFAULT CHARSET=utf8mb4 COLLATE=utf8mb4_unicode_ci;

--
-- Dumping data for table `webinar_assignment_attachments`
--

INSERT INTO `webinar_assignment_attachments` (`id`, `creator_id`, `assignment_id`, `title`, `attach`) VALUES
(3, 929, 1, 'Assignment File', '/store/929/Sample_PDF.pdf'),
(4, 1015, 2, 'Homework File', '/store/1015/Documentation.pdf');

-- --------------------------------------------------------

--
-- Table structure for table `webinar_assignment_history`
--

CREATE TABLE `webinar_assignment_history` (
  `id` int(10) UNSIGNED NOT NULL,
  `instructor_id` int(10) UNSIGNED NOT NULL,
  `student_id` int(10) UNSIGNED NOT NULL,
  `assignment_id` int(10) UNSIGNED NOT NULL,
  `grade` int(10) UNSIGNED DEFAULT NULL,
  `status` enum('pending','passed','not_passed','not_submitted') NOT NULL,
  `created_at` bigint(20) UNSIGNED NOT NULL
) ENGINE=InnoDB DEFAULT CHARSET=utf8mb4 COLLATE=utf8mb4_unicode_ci;

--
-- Dumping data for table `webinar_assignment_history`
--

INSERT INTO `webinar_assignment_history` (`id`, `instructor_id`, `student_id`, `assignment_id`, `grade`, `status`, `created_at`) VALUES
(1, 929, 995, 1, 80, 'passed', 1655872680),
(2, 929, 930, 1, 75, 'passed', 1655877115),
(3, 929, 996, 1, 50, 'not_passed', 1656219608),
(4, 1015, 996, 2, 60, 'not_passed', 1656407301),
(10, 1015, 995, 2, NULL, 'not_submitted', 1750162430);

-- --------------------------------------------------------

--
-- Table structure for table `webinar_assignment_history_messages`
--

CREATE TABLE `webinar_assignment_history_messages` (
  `id` int(10) UNSIGNED NOT NULL,
  `assignment_history_id` int(10) UNSIGNED NOT NULL,
  `sender_id` int(10) UNSIGNED NOT NULL,
  `message` text NOT NULL,
  `file_title` varchar(255) DEFAULT NULL,
  `file_path` varchar(255) DEFAULT NULL,
  `created_at` bigint(20) UNSIGNED NOT NULL
) ENGINE=InnoDB DEFAULT CHARSET=utf8mb4 COLLATE=utf8mb4_unicode_ci;

--
-- Dumping data for table `webinar_assignment_history_messages`
--

INSERT INTO `webinar_assignment_history_messages` (`id`, `assignment_history_id`, `sender_id`, `message`, `file_title`, `file_path`, `created_at`) VALUES
(1, 2, 930, 'Hi,\r\nI attached my homework.\r\nPlease review it and inform me if it has a problem.\r\nRegards.', 'Jade Harrison Homework', '/store/930/homework.docx', 1655877736),
(2, 2, 929, 'Hi,\r\nThank you for your answers.\r\nHave a good day.', NULL, NULL, 1655877887),
(3, 1, 995, 'Hi, I attached my homework. Please review it and inform me if it has a problem. Regards.', 'Cameron Schofield Homework', '/store/995/homework.docx', 1655878091),
(4, 1, 929, 'Hi,\r\nI reviewed your answers.\r\nPlease check the attached file and solve the problems.\r\nRegards.', 'Cameron Schofield Homework problems', '/store/929/Sample_PDF.pdf', 1655878235),
(5, 1, 995, 'Hi, Thank you.\r\nI attached it again.\r\nPlease recheck it.\r\nRegards.', 'Cameron Schofield Homework fixed', '/store/995/homework.docx', 1655878364),
(6, 1, 929, 'Thank you.', NULL, NULL, 1655878537),
(7, 3, 996, 'Hi,\r\nI attached my answers.\r\nRegards.', 'Robert B. Gray Assignment', '/store/996/lmX4K.png', 1656219737),
(8, 4, 996, 'Hi,\r\nI attached my homework.\r\nPlease review it.\r\nRegards.', 'my first submit', '/store/996/lmX4K.png', 1656407360);

-- --------------------------------------------------------

--
-- Table structure for table `webinar_assignment_translations`
--

CREATE TABLE `webinar_assignment_translations` (
  `id` bigint(20) UNSIGNED NOT NULL,
  `locale` varchar(255) NOT NULL,
  `webinar_assignment_id` int(10) UNSIGNED NOT NULL,
  `title` text NOT NULL,
  `description` text NOT NULL
) ENGINE=InnoDB DEFAULT CHARSET=utf8mb4 COLLATE=utf8mb4_unicode_ci;

--
-- Dumping data for table `webinar_assignment_translations`
--

INSERT INTO `webinar_assignment_translations` (`id`, `locale`, `webinar_assignment_id`, `title`, `description`) VALUES
(1, 'en', 1, 'Students Assignment', 'Homework, or a homework assignment, is a set of tasks assigned to students by their teachers to be completed outside the classroom.\r\nThe effects of homework are debated. Generally speaking, homework does not improve academic performance among young children. Homework may improve academic skills among older students, especially lower-achieving students. However, homework also creates stress for students and parents and reduces the amount of time that students can spend on other activities.\r\n\r\nPlease send the assignments within the specified deadline.'),
(2, 'en', 2, 'Mid-term Homework', 'A  Homework to test yourself on your grasp of CSS and reassure yourself that you\'ve got this!\r\nPlease send your homework as soon as possible.\r\nRegards.');

-- --------------------------------------------------------

--
-- Table structure for table `webinar_chapter_items`
--

CREATE TABLE `webinar_chapter_items` (
  `id` bigint(20) UNSIGNED NOT NULL,
  `user_id` int(10) UNSIGNED NOT NULL,
  `chapter_id` int(10) UNSIGNED NOT NULL,
  `item_id` int(10) UNSIGNED NOT NULL,
  `type` enum('file','session','text_lesson','quiz','assignment') NOT NULL,
  `order` int(10) UNSIGNED DEFAULT NULL,
  `created_at` bigint(20) UNSIGNED NOT NULL
) ENGINE=InnoDB DEFAULT CHARSET=utf8mb4 COLLATE=utf8mb4_unicode_ci;

--
-- Dumping data for table `webinar_chapter_items`
--

INSERT INTO `webinar_chapter_items` (`id`, `user_id`, `chapter_id`, `item_id`, `type`, `order`, `created_at`) VALUES
(1, 1016, 4, 31, 'file', 1, 1624869878),
(2, 1016, 4, 32, 'file', 2, 1624870086),
(3, 1016, 11, 33, 'file', 1, 1624871143),
(4, 1016, 4, 34, 'file', 3, 1624942577),
(5, 934, 24, 35, 'file', 1, 1624956937),
(6, 1015, 20, 36, 'file', 1, 1624966718),
(7, 929, 9, 37, 'file', 1, 1625038371),
(8, 929, 9, 38, 'file', 2, 1625038447),
(9, 929, 10, 39, 'file', 4, 1625038633),
(10, 929, 10, 40, 'file', 1, 1625039003),
(11, 929, 10, 41, 'file', 3, 1625039096),
(12, 929, 10, 42, 'file', 2, 1625039180),
(13, 867, 18, 43, 'file', 1, 1625045148),
(14, 863, 14, 44, 'file', 1, 1625123527),
(15, 864, 12, 45, 'file', 1, 1625300200),
(16, 929, 8, 46, 'file', 2, 1625685492),
(17, 929, 8, 47, 'file', 1, 1625685578),
(18, 929, 8, 48, 'file', 3, 1625685691),
(19, 4, 7, 49, 'file', 1, 1625690308),
(20, 4, 7, 50, 'file', 2, 1625690699),
(21, 4, 7, 51, 'file', 3, 1625690835),
(22, 867, 5, 52, 'file', 1, 1625694176),
(23, 867, 5, 53, 'file', 2, 1625694214),
(24, 867, 6, 54, 'file', 2, 1625694330),
(25, 867, 6, 55, 'file', 1, 1625694401),
(26, 867, 2, 56, 'file', 1, 1626234339),
(27, 867, 2, 57, 'file', 2, 1626234398),
(28, 867, 3, 58, 'file', 1, 1626234448),
(29, 867, 3, 59, 'file', 2, 1626234512),
(30, 1015, 28, 60, 'file', 1, 1646119189),
(31, 1015, 28, 61, 'file', 2, 1646119460),
(32, 1015, 28, 62, 'file', 3, 1646119651),
(33, 1015, 29, 63, 'file', 1, 1646120871),
(34, 1015, 29, 64, 'file', 2, 1646124099),
(35, 1015, 29, 65, 'file', 3, 1646124765),
(36, 1015, 29, 66, 'file', 4, 1646124966),
(37, 1015, 29, 67, 'file', 5, 1646125437),
(38, 1015, 29, 68, 'file', 6, 1646126002),
(39, 1015, 29, 69, 'file', 7, 1646126305),
(40, 1015, 29, 70, 'file', 8, 1646126442),
(41, 1015, 29, 71, 'file', 9, 1646127121),
(42, 1015, 29, 72, 'file', 10, 1646130252),
(43, 1015, 29, 73, 'file', 11, 1646130397),
(44, 1015, 22, 52, 'session', 1, 1624944778),
(45, 1015, 23, 53, 'session', 1, 1624944860),
(46, 1015, 23, 54, 'session', 2, 1624944947),
(47, 1015, 23, 55, 'session', 3, 1624944997),
(48, 1015, 23, 56, 'session', 4, 1624945056),
(49, 1015, 21, 59, 'session', 1, 1624966322),
(50, 1015, 21, 60, 'session', 2, 1624966428),
(51, 1015, 21, 61, 'session', 3, 1624966659),
(52, 867, 19, 62, 'session', 1, 1625045297),
(53, 867, 19, 63, 'session', 2, 1625045392),
(54, 867, 19, 64, 'session', 3, 1625045465),
(55, 3, 16, 65, 'session', 1, 1625078642),
(56, 3, 17, 66, 'session', 1, 1625078804),
(57, 3, 17, 67, 'session', 2, 1625079005),
(58, 863, 15, 68, 'session', 1, 1625122908),
(59, 863, 15, 69, 'session', 2, 1625122957),
(60, 863, 15, 70, 'session', 3, 1625123036),
(61, 864, 13, 71, 'session', 1, 1625299964),
(62, 864, 13, 72, 'session', 2, 1625300053),
(63, 864, 13, 73, 'session', 3, 1625300165),
(64, 1015, 30, 74, 'session', 1, 1646172799),
(65, 1015, 30, 75, 'session', 2, 1646172930),
(66, 1015, 30, 76, 'session', 3, 1646391211),
(67, 934, 26, 13, 'text_lesson', 1, 1624954655),
(68, 934, 26, 14, 'text_lesson', 2, 1624954929),
(69, 934, 26, 15, 'text_lesson', 3, 1624956733),
(70, 1016, 4, 28, 'quiz', 4, 1624872015),
(72, 3, 16, 31, 'quiz', 2, 1625079329),
(75, 1015, 22, 34, 'quiz', 2, 1625951477),
(77, 929, 31, 74, 'file', 1, 1655799640),
(78, 929, 31, 75, 'file', 3, 1655799735),
(79, 929, 31, 76, 'file', 4, 1655800074),
(80, 929, 31, 1, 'assignment', 2, 1655801119),
(81, 929, 32, 77, 'file', 1, 1655801400),
(82, 929, 33, 78, 'file', 1, 1655801529),
(83, 1015, 34, 2, 'assignment', 1, 1656407252),
(209, 870, 41, 94, 'file', 1, 1678911505),
(210, 870, 41, 95, 'file', 2, 1678911686),
(211, 1015, 34, 35, 'quiz', 2, 1751668872),
(212, 1015, 20, 33, 'quiz', 2, 1751668970),
(214, 929, 9, 30, 'quiz', 3, 1751669119),
(215, 3, 13, 32, 'quiz', 4, 1751698765),
(216, 1015, 21, 118, 'session', 4, 1764575871);

-- --------------------------------------------------------

--
-- Table structure for table `webinar_chapter_translations`
--

CREATE TABLE `webinar_chapter_translations` (
  `id` bigint(20) UNSIGNED NOT NULL,
  `webinar_chapter_id` int(10) UNSIGNED NOT NULL,
  `locale` varchar(255) NOT NULL,
  `title` varchar(255) NOT NULL
) ENGINE=InnoDB DEFAULT CHARSET=utf8mb4 COLLATE=utf8mb4_unicode_ci;

--
-- Dumping data for table `webinar_chapter_translations`
--

INSERT INTO `webinar_chapter_translations` (`id`, `webinar_chapter_id`, `locale`, `title`) VALUES
(2, 2, 'en', 'Introduction'),
(3, 3, 'en', 'General Advice & Tips'),
(4, 4, 'en', 'Before Starting the Course'),
(5, 5, 'en', 'Let\'s Start!'),
(6, 6, 'en', 'Ready to go?'),
(7, 7, 'en', 'Essentials'),
(8, 8, 'en', 'Exponential'),
(9, 9, 'en', 'Introduction'),
(10, 10, 'en', 'Tactics of Influence & Persuasion'),
(11, 11, 'en', 'Ideas and User Needs'),
(12, 12, 'en', 'Introduction'),
(13, 13, 'en', 'Why Active Listening?'),
(14, 14, 'en', 'Introduction'),
(15, 15, 'en', 'Setting Up Your Fitness Diet'),
(16, 16, 'en', 'Getting Started'),
(17, 17, 'en', 'Model, View, Whatever...'),
(18, 18, 'en', 'Introduction'),
(19, 19, 'en', 'Effective Time Management'),
(20, 20, 'en', 'Introduction'),
(21, 21, 'en', 'Microsoft Excel Fundamentals'),
(22, 22, 'en', 'Overview'),
(23, 23, 'en', 'Start learning'),
(24, 24, 'en', 'Introduction'),
(26, 26, 'en', 'Stepping into the World of Python'),
(28, 28, 'en', 'SCORM Files'),
(29, 29, 'en', 'Different File Types'),
(30, 30, 'en', 'Introduction'),
(31, 31, 'en', 'First Chapter'),
(32, 32, 'en', 'Second Chapter'),
(33, 33, 'en', 'Final Chapter'),
(34, 34, 'en', 'Assignments'),
(42, 41, 'en', 'Section 1: Introduction to Secure Host'),
(43, 100, 'en', 'Introduction to UI/UX'),
(44, 100, 'ar', 'مقدمة في تصميم واجهة وتجربة المستخدم'),
(45, 100, 'es', 'Introducción al Diseño UI/UX'),
(46, 101, 'en', 'User Research & Personas'),
(47, 101, 'ar', 'بحث المستخدم والشخصيات الافتراضية'),
(48, 101, 'es', 'Investigación de Usuarios y Personas'),
(49, 102, 'en', 'Wireframing & Prototyping'),
(50, 102, 'ar', 'التخطيط السلكي والنمذجة الأولية'),
(51, 102, 'es', 'Wireframing y Prototipado'),
(52, 103, 'en', 'Usability Testing & Iteration'),
(53, 103, 'ar', 'اختبار قابلية الاستخدام والتكرار'),
(54, 103, 'es', 'Pruebas de Usabilidad e Iteración'),
(55, 104, 'en', 'Advanced Visual Design'),
(56, 104, 'ar', 'التصميم البصري المتقدم'),
(57, 104, 'es', 'Diseño Visual Avanzado'),
(58, 105, 'en', 'Complex Interaction Patterns'),
(59, 105, 'ar', 'أنماط التفاعل المعقدة'),
(60, 105, 'es', 'Patrones de Interacción Complejos'),
(61, 106, 'en', 'Design Systems & Consistency'),
(62, 106, 'ar', 'أنظمة التصميم والاتساق'),
(63, 106, 'es', 'Sistemas de Diseño y Consistencia'),
(64, 107, 'en', 'Scalable UI Projects'),
(65, 107, 'ar', 'مشاريع واجهة مستخدم قابلة للتوسع'),
(66, 107, 'es', 'Proyectos de UI Escalables'),
(67, 108, 'en', 'Introduction to UX Research'),
(68, 108, 'ar', 'مقدمة في أبحاث تجربة المستخدم'),
(69, 108, 'es', 'Introducción a la Investigación UX'),
(70, 109, 'en', 'User Interviews & Surveys'),
(71, 109, 'ar', 'مقابلات المستخدم والاستبيانات'),
(72, 109, 'es', 'Entrevistas y Encuestas a Usuarios'),
(73, 110, 'en', 'Usability & A/B Testing'),
(74, 110, 'ar', 'اختبار قابلية الاستخدام واختبار A/B'),
(75, 110, 'es', 'Pruebas de Usabilidad y A/B'),
(76, 111, 'en', 'Data Analysis & Design Decisions'),
(77, 111, 'ar', 'تحليل البيانات وقرارات التصميم'),
(78, 111, 'es', 'Análisis de Datos y Decisiones de Diseño'),
(79, 112, 'en', 'Mobile UI Fundamentals'),
(80, 112, 'ar', 'أساسيات تصميم واجهة الجوال'),
(81, 112, 'es', 'Fundamentos de UI Móvil'),
(82, 113, 'en', 'Navigation & Content Organization'),
(83, 113, 'ar', 'التنقل وتنظيم المحتوى'),
(84, 113, 'es', 'Navegación y Organización de Contenido'),
(85, 114, 'en', 'Touch Interactions & Gestures'),
(86, 114, 'ar', 'التفاعلات اللمسية والإيماءات'),
(87, 114, 'es', 'Interacciones Táctiles y Gestos'),
(88, 115, 'en', 'Platform Guidelines (iOS & Android)'),
(89, 115, 'ar', 'إرشادات المنصات (iOS و Android)'),
(90, 115, 'es', 'Guías de Plataforma (iOS y Android)'),
(91, 116, 'en', 'Design System Basics'),
(92, 116, 'ar', 'أساسيات أنظمة التصميم'),
(93, 116, 'es', 'Fundamentos de Sistemas de Diseño'),
(94, 117, 'en', 'Component Libraries'),
(95, 117, 'ar', 'مكتبات المكونات'),
(96, 117, 'es', 'Bibliotecas de Componentes'),
(97, 118, 'en', 'Documentation & Guidelines'),
(98, 118, 'ar', 'التوثيق والإرشادات'),
(99, 118, 'es', 'Documentación y Guías'),
(100, 119, 'en', 'Adoption & Maintenance'),
(101, 119, 'ar', 'التبني والصيانة'),
(102, 119, 'es', 'Adopción y Mantenimiento'),
(103, 120, 'en', 'UI Animation Principles'),
(104, 120, 'ar', 'مبادئ تحريك واجهة المستخدم'),
(105, 120, 'es', 'Principios de Animación UI'),
(106, 121, 'en', 'Micro-interactions Design'),
(107, 121, 'ar', 'تصميم التفاعلات الصغيرة'),
(108, 121, 'es', 'Diseño de Microinteracciones'),
(109, 122, 'en', 'Tools & Techniques'),
(110, 122, 'ar', 'الأدوات والتقنيات'),
(111, 122, 'es', 'Herramientas y Técnicas'),
(112, 123, 'en', 'Practical Animation Projects'),
(113, 123, 'ar', 'مشاريع تحريك عملية'),
(114, 123, 'es', 'Proyectos Prácticos de Animación'),
(115, 124, 'en', 'Getting Started with Figma'),
(116, 124, 'ar', 'البدء مع فيجما'),
(117, 124, 'es', 'Comenzando con Figma'),
(118, 125, 'en', 'UI Components in Figma'),
(119, 125, 'ar', 'مكونات واجهة المستخدم في فيجما'),
(120, 125, 'es', 'Componentes UI en Figma'),
(121, 126, 'en', 'Prototyping & Collaboration'),
(122, 126, 'ar', 'النمذجة الأولية والتعاون'),
(123, 126, 'es', 'Prototipado y Colaboración'),
(124, 127, 'en', 'Design Handoff & Export'),
(125, 127, 'ar', 'تسليم التصميم والتصدير'),
(126, 127, 'es', 'Entrega y Exportación de Diseño'),
(127, 128, 'en', 'Accessibility Basics'),
(128, 128, 'ar', 'أساسيات الوصول الرقمي'),
(129, 128, 'es', 'Fundamentos de Accesibilidad'),
(130, 129, 'en', 'Designing for All Users'),
(131, 129, 'ar', 'التصميم لجميع المستخدمين'),
(132, 129, 'es', 'Diseño para Todos los Usuarios'),
(133, 130, 'en', 'Testing Accessibility'),
(134, 130, 'ar', 'اختبار الوصول'),
(135, 130, 'es', 'Pruebas de Accesibilidad'),
(136, 131, 'en', 'Accessible UI Patterns'),
(137, 131, 'ar', 'أنماط واجهة مستخدم قابلة للوصول'),
(138, 131, 'es', 'Patrones de UI Accesibles'),
(139, 132, 'en', 'Full Stack Overview'),
(140, 132, 'ar', 'نظرة عامة على الفول ستاك'),
(141, 132, 'es', 'Visión General Full Stack'),
(142, 133, 'en', 'Frontend with React'),
(143, 133, 'ar', 'الواجهة الأمامية مع React'),
(144, 133, 'es', 'Frontend con React'),
(145, 134, 'en', 'Backend with Node.js'),
(146, 134, 'ar', 'الواجهة الخلفية مع Node.js'),
(147, 134, 'es', 'Backend con Node.js'),
(148, 135, 'en', 'Deployment & Testing'),
(149, 135, 'ar', 'النشر والاختبار'),
(150, 135, 'es', 'Despliegue y Pruebas'),
(151, 136, 'en', 'Python for Data Science'),
(152, 136, 'ar', 'بايثون لعلوم البيانات'),
(153, 136, 'es', 'Python para Ciencia de Datos'),
(154, 137, 'en', 'Data Analysis with Pandas'),
(155, 137, 'ar', 'تحليل البيانات باستخدام Pandas'),
(156, 137, 'es', 'Análisis de Datos con Pandas'),
(157, 138, 'en', 'Visualization & Matplotlib'),
(158, 138, 'ar', 'التصور البياني وMatplotlib'),
(159, 138, 'es', 'Visualización y Matplotlib'),
(160, 139, 'en', 'Machine Learning Basics'),
(161, 139, 'ar', 'أساسيات تعلم الآلة'),
(162, 139, 'es', 'Fundamentos de Machine Learning'),
(163, 140, 'en', 'React Native Fundamentals'),
(164, 140, 'ar', 'أساسيات React Native'),
(165, 140, 'es', 'Fundamentos de React Native'),
(166, 141, 'en', 'Navigation & State Management'),
(167, 141, 'ar', 'التنقل وإدارة الحالة'),
(168, 141, 'es', 'Navegación y Gestión de Estado'),
(169, 142, 'en', 'Native APIs & Device Features'),
(170, 142, 'ar', 'واجهات برمجة التطبيقات الأصلية وميزات الجهاز'),
(171, 142, 'es', 'APIs Nativas y Funciones del Dispositivo'),
(172, 143, 'en', 'Publishing & Optimization'),
(173, 143, 'ar', 'النشر والتحسين'),
(174, 143, 'es', 'Publicación y Optimización'),
(175, 144, 'en', 'Node.js Backend Basics'),
(176, 144, 'ar', 'أساسيات Node.js Backend'),
(177, 144, 'es', 'Fundamentos de Node.js Backend'),
(178, 145, 'en', 'RESTful APIs & Databases'),
(179, 145, 'ar', 'واجهات برمجة التطبيقات RESTful وقواعد البيانات'),
(180, 145, 'es', 'APIs RESTful y Bases de Datos'),
(181, 146, 'en', 'Authentication & Security'),
(182, 146, 'ar', 'المصادقة والأمان'),
(183, 146, 'es', 'Autenticación y Seguridad'),
(184, 147, 'en', 'Deployment & Real-time Features'),
(185, 147, 'ar', 'النشر والميزات اللحظية'),
(186, 147, 'es', 'Despliegue y Funciones en Tiempo Real');

-- --------------------------------------------------------

--
-- Table structure for table `webinar_extra_descriptions`
--

CREATE TABLE `webinar_extra_descriptions` (
  `id` int(10) UNSIGNED NOT NULL,
  `creator_id` int(10) UNSIGNED NOT NULL,
  `webinar_id` int(10) UNSIGNED DEFAULT NULL,
  `upcoming_course_id` int(10) UNSIGNED DEFAULT NULL,
  `event_id` int(10) UNSIGNED DEFAULT NULL,
  `type` enum('learning_materials','company_logos','requirements') NOT NULL,
  `order` int(10) UNSIGNED DEFAULT NULL,
  `created_at` bigint(20) UNSIGNED NOT NULL
) ENGINE=InnoDB DEFAULT CHARSET=utf8mb4 COLLATE=utf8mb4_unicode_ci;

--
-- Dumping data for table `webinar_extra_descriptions`
--

INSERT INTO `webinar_extra_descriptions` (`id`, `creator_id`, `webinar_id`, `upcoming_course_id`, `event_id`, `type`, `order`, `created_at`) VALUES
(1, 929, 2010, NULL, NULL, 'learning_materials', NULL, 1655803120),
(2, 929, 2010, NULL, NULL, 'learning_materials', NULL, 1655803131),
(3, 929, 2010, NULL, NULL, 'learning_materials', NULL, 1655803150),
(4, 929, 2010, NULL, NULL, 'learning_materials', NULL, 1655803174),
(9, 929, 2010, NULL, NULL, 'requirements', NULL, 1655804489),
(10, 929, 2010, NULL, NULL, 'requirements', NULL, 1655804502),
(11, 929, 2010, NULL, NULL, 'requirements', NULL, 1655804514),
(12, 929, 2010, NULL, NULL, 'requirements', NULL, 1655804529),
(13, 929, 2010, NULL, NULL, 'company_logos', NULL, 1655871591),
(14, 929, 2010, NULL, NULL, 'company_logos', NULL, 1655871600),
(15, 929, 2010, NULL, NULL, 'company_logos', NULL, 1655871608),
(16, 929, 2010, NULL, NULL, 'company_logos', NULL, 1655871622),
(17, 1015, 2008, NULL, NULL, 'company_logos', NULL, 1656220273),
(18, 1015, 2008, NULL, NULL, 'company_logos', NULL, 1656220284),
(19, 1015, 2008, NULL, NULL, 'company_logos', NULL, 1656220295),
(20, 1015, 2008, NULL, NULL, 'company_logos', NULL, 1656220306),
(21, 1015, 2008, NULL, NULL, 'requirements', NULL, 1656220352),
(22, 1015, 2008, NULL, NULL, 'requirements', NULL, 1656220362),
(23, 1015, 2008, NULL, NULL, 'requirements', NULL, 1656220373),
(24, 1015, 2008, NULL, NULL, 'learning_materials', NULL, 1656220401),
(25, 1015, 2008, NULL, NULL, 'learning_materials', NULL, 1656220412),
(26, 1015, 2008, NULL, NULL, 'learning_materials', NULL, 1656220456),
(27, 1015, 2008, NULL, NULL, 'learning_materials', NULL, 1656220468),
(28, 1015, 2008, NULL, NULL, 'learning_materials', NULL, 1656220486),
(29, 1015, NULL, 3, NULL, 'learning_materials', 1, 1678876303),
(30, 1015, NULL, 3, NULL, 'learning_materials', 2, 1678876310),
(31, 1015, NULL, 3, NULL, 'requirements', 1, 1678876326),
(32, 1016, NULL, 4, NULL, 'requirements', 1, 1678877156),
(33, 1016, NULL, 4, NULL, 'requirements', 2, 1678877166),
(34, 1016, NULL, 4, NULL, 'learning_materials', 1, 1678877190),
(35, 1016, NULL, 4, NULL, 'learning_materials', 2, 1678877203),
(36, 1016, NULL, 4, NULL, 'learning_materials', 3, 1678877219),
(37, 1016, NULL, 4, NULL, 'learning_materials', 4, 1678877230),
(38, 934, NULL, 5, NULL, 'learning_materials', 1, 1678878141),
(39, 934, NULL, 5, NULL, 'learning_materials', 2, 1678878149),
(40, 934, NULL, 5, NULL, 'learning_materials', 3, 1678878157),
(41, 934, NULL, 5, NULL, 'requirements', 1, 1678878173),
(42, 934, NULL, 5, NULL, 'requirements', 2, 1678878189),
(43, 1016, 1995, NULL, NULL, 'company_logos', NULL, 1751622963),
(44, 1016, 1995, NULL, NULL, 'company_logos', NULL, 1751622963),
(45, 1016, 1995, NULL, NULL, 'company_logos', NULL, 1751622963),
(46, 1016, 1995, NULL, NULL, 'company_logos', NULL, 1751622963),
(47, 1016, 1995, NULL, NULL, 'company_logos', NULL, 1751622963),
(48, 1016, 1995, NULL, NULL, 'company_logos', NULL, 1751622963),
(49, 1016, 1995, NULL, NULL, 'company_logos', NULL, 1751622963),
(50, 1016, 1995, NULL, NULL, 'company_logos', NULL, 1751622963),
(51, 1016, 1995, NULL, NULL, 'company_logos', NULL, 1751622963),
(52, 1016, 1995, NULL, NULL, 'company_logos', NULL, 1751622963),
(53, 1016, 1995, NULL, NULL, 'requirements', NULL, 1751622963),
(54, 1016, 1995, NULL, NULL, 'requirements', NULL, 1751622963),
(55, 1016, 1995, NULL, NULL, 'requirements', NULL, 1751622963),
(56, 1016, 1995, NULL, NULL, 'requirements', NULL, 1751622963),
(57, 1016, 1995, NULL, NULL, 'requirements', NULL, 1751622963),
(58, 1016, 1995, NULL, NULL, 'learning_materials', NULL, 1751622963),
(59, 1016, 1995, NULL, NULL, 'learning_materials', NULL, 1751622963),
(60, 1016, 1995, NULL, NULL, 'learning_materials', NULL, 1751622963),
(61, 1016, 1995, NULL, NULL, 'learning_materials', NULL, 1751622963),
(62, 1016, 1995, NULL, NULL, 'learning_materials', NULL, 1751622963),
(63, 1016, 1995, NULL, NULL, 'learning_materials', NULL, 1751622963),
(64, 1016, 1995, NULL, NULL, 'learning_materials', NULL, 1751622963),
(65, 1016, 1995, NULL, NULL, 'learning_materials', NULL, 1751622963),
(66, 1016, 1995, NULL, NULL, 'learning_materials', NULL, 1751622963),
(67, 1016, 1995, NULL, NULL, 'learning_materials', NULL, 1751622963),
(68, 1015, 1996, NULL, NULL, 'company_logos', NULL, 1751622963),
(69, 1015, 1996, NULL, NULL, 'company_logos', NULL, 1751622963),
(70, 1015, 1996, NULL, NULL, 'company_logos', NULL, 1751622963),
(71, 1015, 1996, NULL, NULL, 'company_logos', NULL, 1751622963),
(72, 1015, 1996, NULL, NULL, 'company_logos', NULL, 1751622963),
(73, 1015, 1996, NULL, NULL, 'company_logos', NULL, 1751622963),
(74, 1015, 1996, NULL, NULL, 'company_logos', NULL, 1751622963),
(75, 1015, 1996, NULL, NULL, 'company_logos', NULL, 1751622963),
(76, 1015, 1996, NULL, NULL, 'company_logos', NULL, 1751622963),
(77, 1015, 1996, NULL, NULL, 'company_logos', NULL, 1751622963),
(78, 1015, 1996, NULL, NULL, 'requirements', NULL, 1751622963),
(79, 1015, 1996, NULL, NULL, 'requirements', NULL, 1751622963),
(80, 1015, 1996, NULL, NULL, 'requirements', NULL, 1751622963),
(81, 1015, 1996, NULL, NULL, 'requirements', NULL, 1751622963),
(82, 1015, 1996, NULL, NULL, 'requirements', NULL, 1751622963),
(83, 1015, 1996, NULL, NULL, 'learning_materials', NULL, 1751622963),
(84, 1015, 1996, NULL, NULL, 'learning_materials', NULL, 1751622963),
(85, 1015, 1996, NULL, NULL, 'learning_materials', NULL, 1751622963),
(86, 1015, 1996, NULL, NULL, 'learning_materials', NULL, 1751622963),
(87, 1015, 1996, NULL, NULL, 'learning_materials', NULL, 1751622963),
(88, 1015, 1996, NULL, NULL, 'learning_materials', NULL, 1751622963),
(89, 1015, 1996, NULL, NULL, 'learning_materials', NULL, 1751622963),
(90, 1015, 1996, NULL, NULL, 'learning_materials', NULL, 1751622963),
(91, 1015, 1996, NULL, NULL, 'learning_materials', NULL, 1751622963),
(92, 1015, 1996, NULL, NULL, 'learning_materials', NULL, 1751622963),
(93, 934, 1997, NULL, NULL, 'company_logos', NULL, 1751622963),
(94, 934, 1997, NULL, NULL, 'company_logos', NULL, 1751622963),
(95, 934, 1997, NULL, NULL, 'company_logos', NULL, 1751622963),
(96, 934, 1997, NULL, NULL, 'company_logos', NULL, 1751622963),
(97, 934, 1997, NULL, NULL, 'company_logos', NULL, 1751622963),
(98, 934, 1997, NULL, NULL, 'company_logos', NULL, 1751622963),
(99, 934, 1997, NULL, NULL, 'company_logos', NULL, 1751622963),
(100, 934, 1997, NULL, NULL, 'company_logos', NULL, 1751622963),
(101, 934, 1997, NULL, NULL, 'company_logos', NULL, 1751622963),
(102, 934, 1997, NULL, NULL, 'company_logos', NULL, 1751622963),
(103, 934, 1997, NULL, NULL, 'requirements', NULL, 1751622963),
(104, 934, 1997, NULL, NULL, 'requirements', NULL, 1751622963),
(105, 934, 1997, NULL, NULL, 'requirements', NULL, 1751622963),
(106, 934, 1997, NULL, NULL, 'requirements', NULL, 1751622963),
(107, 934, 1997, NULL, NULL, 'requirements', NULL, 1751622963),
(108, 934, 1997, NULL, NULL, 'learning_materials', NULL, 1751622963),
(109, 934, 1997, NULL, NULL, 'learning_materials', NULL, 1751622963),
(110, 934, 1997, NULL, NULL, 'learning_materials', NULL, 1751622963),
(111, 934, 1997, NULL, NULL, 'learning_materials', NULL, 1751622963),
(112, 934, 1997, NULL, NULL, 'learning_materials', NULL, 1751622963),
(113, 934, 1997, NULL, NULL, 'learning_materials', NULL, 1751622963),
(114, 934, 1997, NULL, NULL, 'learning_materials', NULL, 1751622963),
(115, 934, 1997, NULL, NULL, 'learning_materials', NULL, 1751622963),
(116, 934, 1997, NULL, NULL, 'learning_materials', NULL, 1751622963),
(117, 934, 1997, NULL, NULL, 'learning_materials', NULL, 1751622963),
(118, 1015, 1998, NULL, NULL, 'company_logos', NULL, 1751622963),
(119, 1015, 1998, NULL, NULL, 'company_logos', NULL, 1751622963),
(120, 1015, 1998, NULL, NULL, 'company_logos', NULL, 1751622963),
(121, 1015, 1998, NULL, NULL, 'company_logos', NULL, 1751622963),
(122, 1015, 1998, NULL, NULL, 'company_logos', NULL, 1751622963),
(123, 1015, 1998, NULL, NULL, 'company_logos', NULL, 1751622963),
(124, 1015, 1998, NULL, NULL, 'company_logos', NULL, 1751622963),
(125, 1015, 1998, NULL, NULL, 'company_logos', NULL, 1751622963),
(126, 1015, 1998, NULL, NULL, 'company_logos', NULL, 1751622963),
(127, 1015, 1998, NULL, NULL, 'company_logos', NULL, 1751622963),
(128, 1015, 1998, NULL, NULL, 'requirements', NULL, 1751622963),
(129, 1015, 1998, NULL, NULL, 'requirements', NULL, 1751622963),
(130, 1015, 1998, NULL, NULL, 'requirements', NULL, 1751622963),
(131, 1015, 1998, NULL, NULL, 'requirements', NULL, 1751622963),
(132, 1015, 1998, NULL, NULL, 'requirements', NULL, 1751622963),
(133, 1015, 1998, NULL, NULL, 'learning_materials', NULL, 1751622963),
(134, 1015, 1998, NULL, NULL, 'learning_materials', NULL, 1751622963),
(135, 1015, 1998, NULL, NULL, 'learning_materials', NULL, 1751622963),
(136, 1015, 1998, NULL, NULL, 'learning_materials', NULL, 1751622963),
(137, 1015, 1998, NULL, NULL, 'learning_materials', NULL, 1751622963),
(138, 1015, 1998, NULL, NULL, 'learning_materials', NULL, 1751622963),
(139, 1015, 1998, NULL, NULL, 'learning_materials', NULL, 1751622963),
(140, 1015, 1998, NULL, NULL, 'learning_materials', NULL, 1751622963),
(141, 1015, 1998, NULL, NULL, 'learning_materials', NULL, 1751622963),
(142, 1015, 1998, NULL, NULL, 'learning_materials', NULL, 1751622963),
(143, 929, 1999, NULL, NULL, 'company_logos', NULL, 1751622963),
(144, 929, 1999, NULL, NULL, 'company_logos', NULL, 1751622963),
(145, 929, 1999, NULL, NULL, 'company_logos', NULL, 1751622963),
(146, 929, 1999, NULL, NULL, 'company_logos', NULL, 1751622963),
(147, 929, 1999, NULL, NULL, 'company_logos', NULL, 1751622963),
(148, 929, 1999, NULL, NULL, 'company_logos', NULL, 1751622963),
(149, 929, 1999, NULL, NULL, 'company_logos', NULL, 1751622963),
(150, 929, 1999, NULL, NULL, 'company_logos', NULL, 1751622963),
(151, 929, 1999, NULL, NULL, 'company_logos', NULL, 1751622963),
(152, 929, 1999, NULL, NULL, 'company_logos', NULL, 1751622963),
(153, 929, 1999, NULL, NULL, 'requirements', NULL, 1751622963),
(154, 929, 1999, NULL, NULL, 'requirements', NULL, 1751622963),
(155, 929, 1999, NULL, NULL, 'requirements', NULL, 1751622963),
(156, 929, 1999, NULL, NULL, 'requirements', NULL, 1751622963),
(157, 929, 1999, NULL, NULL, 'requirements', NULL, 1751622963),
(158, 929, 1999, NULL, NULL, 'learning_materials', NULL, 1751622963),
(159, 929, 1999, NULL, NULL, 'learning_materials', NULL, 1751622963),
(160, 929, 1999, NULL, NULL, 'learning_materials', NULL, 1751622963),
(161, 929, 1999, NULL, NULL, 'learning_materials', NULL, 1751622963),
(162, 929, 1999, NULL, NULL, 'learning_materials', NULL, 1751622963),
(163, 929, 1999, NULL, NULL, 'learning_materials', NULL, 1751622963),
(164, 929, 1999, NULL, NULL, 'learning_materials', NULL, 1751622963),
(165, 929, 1999, NULL, NULL, 'learning_materials', NULL, 1751622963),
(166, 929, 1999, NULL, NULL, 'learning_materials', NULL, 1751622963),
(167, 929, 1999, NULL, NULL, 'learning_materials', NULL, 1751622963),
(168, 867, 2000, NULL, NULL, 'company_logos', NULL, 1751622963),
(169, 867, 2000, NULL, NULL, 'company_logos', NULL, 1751622963),
(170, 867, 2000, NULL, NULL, 'company_logos', NULL, 1751622963),
(171, 867, 2000, NULL, NULL, 'company_logos', NULL, 1751622963),
(172, 867, 2000, NULL, NULL, 'company_logos', NULL, 1751622963),
(173, 867, 2000, NULL, NULL, 'company_logos', NULL, 1751622963),
(174, 867, 2000, NULL, NULL, 'company_logos', NULL, 1751622963),
(175, 867, 2000, NULL, NULL, 'company_logos', NULL, 1751622963),
(176, 867, 2000, NULL, NULL, 'company_logos', NULL, 1751622963),
(177, 867, 2000, NULL, NULL, 'company_logos', NULL, 1751622963),
(178, 867, 2000, NULL, NULL, 'requirements', NULL, 1751622963),
(179, 867, 2000, NULL, NULL, 'requirements', NULL, 1751622963),
(180, 867, 2000, NULL, NULL, 'requirements', NULL, 1751622963),
(181, 867, 2000, NULL, NULL, 'requirements', NULL, 1751622963),
(182, 867, 2000, NULL, NULL, 'requirements', NULL, 1751622963),
(183, 867, 2000, NULL, NULL, 'learning_materials', NULL, 1751622963),
(184, 867, 2000, NULL, NULL, 'learning_materials', NULL, 1751622963),
(185, 867, 2000, NULL, NULL, 'learning_materials', NULL, 1751622963),
(186, 867, 2000, NULL, NULL, 'learning_materials', NULL, 1751622963),
(187, 867, 2000, NULL, NULL, 'learning_materials', NULL, 1751622963),
(188, 867, 2000, NULL, NULL, 'learning_materials', NULL, 1751622963),
(189, 867, 2000, NULL, NULL, 'learning_materials', NULL, 1751622963),
(190, 867, 2000, NULL, NULL, 'learning_materials', NULL, 1751622963),
(191, 867, 2000, NULL, NULL, 'learning_materials', NULL, 1751622963),
(192, 867, 2000, NULL, NULL, 'learning_materials', NULL, 1751622963),
(193, 3, 2001, NULL, NULL, 'company_logos', NULL, 1751622963),
(194, 3, 2001, NULL, NULL, 'company_logos', NULL, 1751622963),
(195, 3, 2001, NULL, NULL, 'company_logos', NULL, 1751622963),
(196, 3, 2001, NULL, NULL, 'company_logos', NULL, 1751622963),
(197, 3, 2001, NULL, NULL, 'company_logos', NULL, 1751622963),
(198, 3, 2001, NULL, NULL, 'company_logos', NULL, 1751622963),
(199, 3, 2001, NULL, NULL, 'company_logos', NULL, 1751622963),
(200, 3, 2001, NULL, NULL, 'company_logos', NULL, 1751622963),
(201, 3, 2001, NULL, NULL, 'company_logos', NULL, 1751622963),
(202, 3, 2001, NULL, NULL, 'company_logos', NULL, 1751622963),
(203, 3, 2001, NULL, NULL, 'requirements', NULL, 1751622963),
(204, 3, 2001, NULL, NULL, 'requirements', NULL, 1751622963),
(205, 3, 2001, NULL, NULL, 'requirements', NULL, 1751622963),
(206, 3, 2001, NULL, NULL, 'requirements', NULL, 1751622963),
(207, 3, 2001, NULL, NULL, 'requirements', NULL, 1751622963),
(208, 3, 2001, NULL, NULL, 'learning_materials', NULL, 1751622963),
(209, 3, 2001, NULL, NULL, 'learning_materials', NULL, 1751622963),
(210, 3, 2001, NULL, NULL, 'learning_materials', NULL, 1751622963),
(211, 3, 2001, NULL, NULL, 'learning_materials', NULL, 1751622963),
(212, 3, 2001, NULL, NULL, 'learning_materials', NULL, 1751622963),
(213, 3, 2001, NULL, NULL, 'learning_materials', NULL, 1751622963),
(214, 3, 2001, NULL, NULL, 'learning_materials', NULL, 1751622963),
(215, 3, 2001, NULL, NULL, 'learning_materials', NULL, 1751622963),
(216, 3, 2001, NULL, NULL, 'learning_materials', NULL, 1751622963),
(217, 3, 2001, NULL, NULL, 'learning_materials', NULL, 1751622963),
(218, 863, 2002, NULL, NULL, 'company_logos', NULL, 1751622963),
(219, 863, 2002, NULL, NULL, 'company_logos', NULL, 1751622963),
(220, 863, 2002, NULL, NULL, 'company_logos', NULL, 1751622963),
(221, 863, 2002, NULL, NULL, 'company_logos', NULL, 1751622963),
(222, 863, 2002, NULL, NULL, 'company_logos', NULL, 1751622963),
(223, 863, 2002, NULL, NULL, 'company_logos', NULL, 1751622963),
(224, 863, 2002, NULL, NULL, 'company_logos', NULL, 1751622963),
(225, 863, 2002, NULL, NULL, 'company_logos', NULL, 1751622963),
(226, 863, 2002, NULL, NULL, 'company_logos', NULL, 1751622963),
(227, 863, 2002, NULL, NULL, 'company_logos', NULL, 1751622963),
(228, 863, 2002, NULL, NULL, 'requirements', NULL, 1751622963),
(229, 863, 2002, NULL, NULL, 'requirements', NULL, 1751622963),
(230, 863, 2002, NULL, NULL, 'requirements', NULL, 1751622963),
(231, 863, 2002, NULL, NULL, 'requirements', NULL, 1751622963),
(232, 863, 2002, NULL, NULL, 'requirements', NULL, 1751622963),
(233, 863, 2002, NULL, NULL, 'learning_materials', NULL, 1751622963),
(234, 863, 2002, NULL, NULL, 'learning_materials', NULL, 1751622963),
(235, 863, 2002, NULL, NULL, 'learning_materials', NULL, 1751622963),
(236, 863, 2002, NULL, NULL, 'learning_materials', NULL, 1751622963),
(237, 863, 2002, NULL, NULL, 'learning_materials', NULL, 1751622963),
(238, 863, 2002, NULL, NULL, 'learning_materials', NULL, 1751622963),
(239, 863, 2002, NULL, NULL, 'learning_materials', NULL, 1751622963),
(240, 863, 2002, NULL, NULL, 'learning_materials', NULL, 1751622963),
(241, 863, 2002, NULL, NULL, 'learning_materials', NULL, 1751622963),
(242, 863, 2002, NULL, NULL, 'learning_materials', NULL, 1751622963),
(243, 864, 2003, NULL, NULL, 'company_logos', NULL, 1751622963),
(244, 864, 2003, NULL, NULL, 'company_logos', NULL, 1751622963),
(245, 864, 2003, NULL, NULL, 'company_logos', NULL, 1751622963),
(246, 864, 2003, NULL, NULL, 'company_logos', NULL, 1751622963),
(247, 864, 2003, NULL, NULL, 'company_logos', NULL, 1751622963),
(248, 864, 2003, NULL, NULL, 'company_logos', NULL, 1751622963),
(249, 864, 2003, NULL, NULL, 'company_logos', NULL, 1751622963),
(250, 864, 2003, NULL, NULL, 'company_logos', NULL, 1751622963),
(251, 864, 2003, NULL, NULL, 'company_logos', NULL, 1751622963),
(252, 864, 2003, NULL, NULL, 'company_logos', NULL, 1751622963),
(253, 864, 2003, NULL, NULL, 'requirements', NULL, 1751622963),
(254, 864, 2003, NULL, NULL, 'requirements', NULL, 1751622963),
(255, 864, 2003, NULL, NULL, 'requirements', NULL, 1751622963),
(256, 864, 2003, NULL, NULL, 'requirements', NULL, 1751622963),
(257, 864, 2003, NULL, NULL, 'requirements', NULL, 1751622963),
(258, 864, 2003, NULL, NULL, 'learning_materials', NULL, 1751622963),
(259, 864, 2003, NULL, NULL, 'learning_materials', NULL, 1751622963),
(260, 864, 2003, NULL, NULL, 'learning_materials', NULL, 1751622963),
(261, 864, 2003, NULL, NULL, 'learning_materials', NULL, 1751622963),
(262, 864, 2003, NULL, NULL, 'learning_materials', NULL, 1751622963),
(263, 864, 2003, NULL, NULL, 'learning_materials', NULL, 1751622963),
(264, 864, 2003, NULL, NULL, 'learning_materials', NULL, 1751622963),
(265, 864, 2003, NULL, NULL, 'learning_materials', NULL, 1751622963),
(266, 864, 2003, NULL, NULL, 'learning_materials', NULL, 1751622963),
(267, 864, 2003, NULL, NULL, 'learning_materials', NULL, 1751622963),
(268, 929, 2004, NULL, NULL, 'company_logos', NULL, 1751622963),
(269, 929, 2004, NULL, NULL, 'company_logos', NULL, 1751622963),
(270, 929, 2004, NULL, NULL, 'company_logos', NULL, 1751622963),
(271, 929, 2004, NULL, NULL, 'company_logos', NULL, 1751622963),
(272, 929, 2004, NULL, NULL, 'company_logos', NULL, 1751622963),
(273, 929, 2004, NULL, NULL, 'company_logos', NULL, 1751622963),
(274, 929, 2004, NULL, NULL, 'company_logos', NULL, 1751622963),
(275, 929, 2004, NULL, NULL, 'company_logos', NULL, 1751622963),
(276, 929, 2004, NULL, NULL, 'company_logos', NULL, 1751622963),
(277, 929, 2004, NULL, NULL, 'company_logos', NULL, 1751622963),
(278, 929, 2004, NULL, NULL, 'requirements', NULL, 1751622963),
(279, 929, 2004, NULL, NULL, 'requirements', NULL, 1751622963),
(280, 929, 2004, NULL, NULL, 'requirements', NULL, 1751622963),
(281, 929, 2004, NULL, NULL, 'requirements', NULL, 1751622963),
(282, 929, 2004, NULL, NULL, 'requirements', NULL, 1751622963),
(283, 929, 2004, NULL, NULL, 'learning_materials', NULL, 1751622963),
(284, 929, 2004, NULL, NULL, 'learning_materials', NULL, 1751622963),
(285, 929, 2004, NULL, NULL, 'learning_materials', NULL, 1751622963),
(286, 929, 2004, NULL, NULL, 'learning_materials', NULL, 1751622963),
(287, 929, 2004, NULL, NULL, 'learning_materials', NULL, 1751622963),
(288, 929, 2004, NULL, NULL, 'learning_materials', NULL, 1751622963),
(289, 929, 2004, NULL, NULL, 'learning_materials', NULL, 1751622963),
(290, 929, 2004, NULL, NULL, 'learning_materials', NULL, 1751622963),
(291, 929, 2004, NULL, NULL, 'learning_materials', NULL, 1751622963),
(292, 929, 2004, NULL, NULL, 'learning_materials', NULL, 1751622963),
(293, 4, 2005, NULL, NULL, 'company_logos', NULL, 1751622963),
(294, 4, 2005, NULL, NULL, 'company_logos', NULL, 1751622963),
(295, 4, 2005, NULL, NULL, 'company_logos', NULL, 1751622963),
(296, 4, 2005, NULL, NULL, 'company_logos', NULL, 1751622963),
(297, 4, 2005, NULL, NULL, 'company_logos', NULL, 1751622963),
(298, 4, 2005, NULL, NULL, 'company_logos', NULL, 1751622963),
(299, 4, 2005, NULL, NULL, 'company_logos', NULL, 1751622963),
(300, 4, 2005, NULL, NULL, 'company_logos', NULL, 1751622963),
(301, 4, 2005, NULL, NULL, 'company_logos', NULL, 1751622963),
(302, 4, 2005, NULL, NULL, 'company_logos', NULL, 1751622963),
(303, 4, 2005, NULL, NULL, 'requirements', NULL, 1751622963),
(304, 4, 2005, NULL, NULL, 'requirements', NULL, 1751622963),
(305, 4, 2005, NULL, NULL, 'requirements', NULL, 1751622963),
(306, 4, 2005, NULL, NULL, 'requirements', NULL, 1751622963),
(307, 4, 2005, NULL, NULL, 'requirements', NULL, 1751622963),
(308, 4, 2005, NULL, NULL, 'learning_materials', NULL, 1751622963),
(309, 4, 2005, NULL, NULL, 'learning_materials', NULL, 1751622963),
(310, 4, 2005, NULL, NULL, 'learning_materials', NULL, 1751622963),
(311, 4, 2005, NULL, NULL, 'learning_materials', NULL, 1751622963),
(312, 4, 2005, NULL, NULL, 'learning_materials', NULL, 1751622963),
(313, 4, 2005, NULL, NULL, 'learning_materials', NULL, 1751622963),
(314, 4, 2005, NULL, NULL, 'learning_materials', NULL, 1751622963),
(315, 4, 2005, NULL, NULL, 'learning_materials', NULL, 1751622963),
(316, 4, 2005, NULL, NULL, 'learning_materials', NULL, 1751622963),
(317, 4, 2005, NULL, NULL, 'learning_materials', NULL, 1751622963),
(318, 867, 2006, NULL, NULL, 'company_logos', NULL, 1751622963),
(319, 867, 2006, NULL, NULL, 'company_logos', NULL, 1751622963),
(320, 867, 2006, NULL, NULL, 'company_logos', NULL, 1751622963),
(321, 867, 2006, NULL, NULL, 'company_logos', NULL, 1751622963),
(322, 867, 2006, NULL, NULL, 'company_logos', NULL, 1751622963),
(323, 867, 2006, NULL, NULL, 'company_logos', NULL, 1751622963),
(324, 867, 2006, NULL, NULL, 'company_logos', NULL, 1751622963),
(325, 867, 2006, NULL, NULL, 'company_logos', NULL, 1751622963),
(326, 867, 2006, NULL, NULL, 'company_logos', NULL, 1751622963),
(327, 867, 2006, NULL, NULL, 'company_logos', NULL, 1751622963),
(328, 867, 2006, NULL, NULL, 'requirements', NULL, 1751622963),
(329, 867, 2006, NULL, NULL, 'requirements', NULL, 1751622963),
(330, 867, 2006, NULL, NULL, 'requirements', NULL, 1751622963),
(331, 867, 2006, NULL, NULL, 'requirements', NULL, 1751622963),
(332, 867, 2006, NULL, NULL, 'requirements', NULL, 1751622963),
(333, 867, 2006, NULL, NULL, 'learning_materials', NULL, 1751622963),
(334, 867, 2006, NULL, NULL, 'learning_materials', NULL, 1751622963),
(335, 867, 2006, NULL, NULL, 'learning_materials', NULL, 1751622963),
(336, 867, 2006, NULL, NULL, 'learning_materials', NULL, 1751622963),
(337, 867, 2006, NULL, NULL, 'learning_materials', NULL, 1751622963),
(338, 867, 2006, NULL, NULL, 'learning_materials', NULL, 1751622963),
(339, 867, 2006, NULL, NULL, 'learning_materials', NULL, 1751622963),
(340, 867, 2006, NULL, NULL, 'learning_materials', NULL, 1751622963),
(341, 867, 2006, NULL, NULL, 'learning_materials', NULL, 1751622963),
(342, 867, 2006, NULL, NULL, 'learning_materials', NULL, 1751622963),
(343, 867, 2007, NULL, NULL, 'company_logos', NULL, 1751622963),
(344, 867, 2007, NULL, NULL, 'company_logos', NULL, 1751622963),
(345, 867, 2007, NULL, NULL, 'company_logos', NULL, 1751622963),
(346, 867, 2007, NULL, NULL, 'company_logos', NULL, 1751622963),
(347, 867, 2007, NULL, NULL, 'company_logos', NULL, 1751622963),
(348, 867, 2007, NULL, NULL, 'company_logos', NULL, 1751622963),
(349, 867, 2007, NULL, NULL, 'company_logos', NULL, 1751622963),
(350, 867, 2007, NULL, NULL, 'company_logos', NULL, 1751622963),
(351, 867, 2007, NULL, NULL, 'company_logos', NULL, 1751622963),
(352, 867, 2007, NULL, NULL, 'company_logos', NULL, 1751622963),
(353, 867, 2007, NULL, NULL, 'requirements', NULL, 1751622963),
(354, 867, 2007, NULL, NULL, 'requirements', NULL, 1751622963),
(355, 867, 2007, NULL, NULL, 'requirements', NULL, 1751622963),
(356, 867, 2007, NULL, NULL, 'requirements', NULL, 1751622963),
(357, 867, 2007, NULL, NULL, 'requirements', NULL, 1751622963),
(358, 867, 2007, NULL, NULL, 'learning_materials', NULL, 1751622963),
(359, 867, 2007, NULL, NULL, 'learning_materials', NULL, 1751622963),
(360, 867, 2007, NULL, NULL, 'learning_materials', NULL, 1751622963),
(361, 867, 2007, NULL, NULL, 'learning_materials', NULL, 1751622963),
(362, 867, 2007, NULL, NULL, 'learning_materials', NULL, 1751622963),
(363, 867, 2007, NULL, NULL, 'learning_materials', NULL, 1751622963),
(364, 867, 2007, NULL, NULL, 'learning_materials', NULL, 1751622963),
(365, 867, 2007, NULL, NULL, 'learning_materials', NULL, 1751622963),
(366, 867, 2007, NULL, NULL, 'learning_materials', NULL, 1751622963),
(367, 867, 2007, NULL, NULL, 'learning_materials', NULL, 1751622963),
(368, 870, 2022, NULL, NULL, 'company_logos', NULL, 1751623004),
(369, 870, 2022, NULL, NULL, 'company_logos', NULL, 1751623004),
(370, 870, 2022, NULL, NULL, 'company_logos', NULL, 1751623004),
(371, 870, 2022, NULL, NULL, 'company_logos', NULL, 1751623004),
(372, 870, 2022, NULL, NULL, 'company_logos', NULL, 1751623004),
(373, 870, 2022, NULL, NULL, 'company_logos', NULL, 1751623004),
(374, 870, 2022, NULL, NULL, 'company_logos', NULL, 1751623004),
(375, 870, 2022, NULL, NULL, 'company_logos', NULL, 1751623004),
(376, 870, 2022, NULL, NULL, 'company_logos', NULL, 1751623004),
(377, 870, 2022, NULL, NULL, 'company_logos', NULL, 1751623004),
(378, 870, 2022, NULL, NULL, 'requirements', NULL, 1751623004),
(379, 870, 2022, NULL, NULL, 'requirements', NULL, 1751623004),
(380, 870, 2022, NULL, NULL, 'requirements', NULL, 1751623004),
(381, 870, 2022, NULL, NULL, 'requirements', NULL, 1751623004),
(382, 870, 2022, NULL, NULL, 'requirements', NULL, 1751623004),
(383, 870, 2022, NULL, NULL, 'learning_materials', NULL, 1751623004),
(384, 870, 2022, NULL, NULL, 'learning_materials', NULL, 1751623004),
(385, 870, 2022, NULL, NULL, 'learning_materials', NULL, 1751623004),
(386, 870, 2022, NULL, NULL, 'learning_materials', NULL, 1751623004),
(387, 870, 2022, NULL, NULL, 'learning_materials', NULL, 1751623004),
(388, 870, 2022, NULL, NULL, 'learning_materials', NULL, 1751623004),
(389, 870, 2022, NULL, NULL, 'learning_materials', NULL, 1751623004),
(390, 870, 2022, NULL, NULL, 'learning_materials', NULL, 1751623004),
(391, 870, 2022, NULL, NULL, 'learning_materials', NULL, 1751623004),
(392, 870, 2022, NULL, NULL, 'learning_materials', NULL, 1751623004),
(393, 1015, 2050, NULL, NULL, 'company_logos', NULL, 1751623004),
(394, 1015, 2050, NULL, NULL, 'company_logos', NULL, 1751623004),
(395, 1015, 2050, NULL, NULL, 'company_logos', NULL, 1751623004),
(396, 1015, 2050, NULL, NULL, 'company_logos', NULL, 1751623004),
(397, 1015, 2050, NULL, NULL, 'company_logos', NULL, 1751623004),
(398, 1015, 2050, NULL, NULL, 'company_logos', NULL, 1751623004),
(399, 1015, 2050, NULL, NULL, 'company_logos', NULL, 1751623004),
(400, 1015, 2050, NULL, NULL, 'company_logos', NULL, 1751623004),
(401, 1015, 2050, NULL, NULL, 'company_logos', NULL, 1751623004),
(402, 1015, 2050, NULL, NULL, 'company_logos', NULL, 1751623004),
(403, 1015, 2050, NULL, NULL, 'requirements', NULL, 1751623004),
(404, 1015, 2050, NULL, NULL, 'requirements', NULL, 1751623004),
(405, 1015, 2050, NULL, NULL, 'requirements', NULL, 1751623004),
(406, 1015, 2050, NULL, NULL, 'requirements', NULL, 1751623004),
(407, 1015, 2050, NULL, NULL, 'requirements', NULL, 1751623004),
(408, 1015, 2050, NULL, NULL, 'learning_materials', NULL, 1751623004),
(409, 1015, 2050, NULL, NULL, 'learning_materials', NULL, 1751623004),
(410, 1015, 2050, NULL, NULL, 'learning_materials', NULL, 1751623004),
(411, 1015, 2050, NULL, NULL, 'learning_materials', NULL, 1751623004),
(412, 1015, 2050, NULL, NULL, 'learning_materials', NULL, 1751623004),
(413, 1015, 2050, NULL, NULL, 'learning_materials', NULL, 1751623004),
(414, 1015, 2050, NULL, NULL, 'learning_materials', NULL, 1751623004),
(415, 1015, 2050, NULL, NULL, 'learning_materials', NULL, 1751623004),
(416, 1015, 2050, NULL, NULL, 'learning_materials', NULL, 1751623004),
(417, 1015, 2050, NULL, NULL, 'learning_materials', NULL, 1751623004),
(418, 934, 2051, NULL, NULL, 'company_logos', NULL, 1751623004),
(419, 934, 2051, NULL, NULL, 'company_logos', NULL, 1751623004),
(420, 934, 2051, NULL, NULL, 'company_logos', NULL, 1751623004),
(421, 934, 2051, NULL, NULL, 'company_logos', NULL, 1751623004),
(422, 934, 2051, NULL, NULL, 'company_logos', NULL, 1751623004),
(423, 934, 2051, NULL, NULL, 'company_logos', NULL, 1751623004),
(424, 934, 2051, NULL, NULL, 'company_logos', NULL, 1751623004),
(425, 934, 2051, NULL, NULL, 'company_logos', NULL, 1751623004),
(426, 934, 2051, NULL, NULL, 'company_logos', NULL, 1751623004),
(427, 934, 2051, NULL, NULL, 'company_logos', NULL, 1751623004),
(428, 934, 2051, NULL, NULL, 'requirements', NULL, 1751623004),
(429, 934, 2051, NULL, NULL, 'requirements', NULL, 1751623004),
(430, 934, 2051, NULL, NULL, 'requirements', NULL, 1751623004),
(431, 934, 2051, NULL, NULL, 'requirements', NULL, 1751623004),
(432, 934, 2051, NULL, NULL, 'requirements', NULL, 1751623004),
(433, 934, 2051, NULL, NULL, 'learning_materials', NULL, 1751623004),
(434, 934, 2051, NULL, NULL, 'learning_materials', NULL, 1751623004),
(435, 934, 2051, NULL, NULL, 'learning_materials', NULL, 1751623004),
(436, 934, 2051, NULL, NULL, 'learning_materials', NULL, 1751623004),
(437, 934, 2051, NULL, NULL, 'learning_materials', NULL, 1751623004),
(438, 934, 2051, NULL, NULL, 'learning_materials', NULL, 1751623004),
(439, 934, 2051, NULL, NULL, 'learning_materials', NULL, 1751623004),
(440, 934, 2051, NULL, NULL, 'learning_materials', NULL, 1751623004),
(441, 934, 2051, NULL, NULL, 'learning_materials', NULL, 1751623004),
(442, 934, 2051, NULL, NULL, 'learning_materials', NULL, 1751623004),
(443, 929, 2052, NULL, NULL, 'company_logos', NULL, 1751623004),
(444, 929, 2052, NULL, NULL, 'company_logos', NULL, 1751623004),
(445, 929, 2052, NULL, NULL, 'company_logos', NULL, 1751623004),
(446, 929, 2052, NULL, NULL, 'company_logos', NULL, 1751623004),
(447, 929, 2052, NULL, NULL, 'company_logos', NULL, 1751623004),
(448, 929, 2052, NULL, NULL, 'company_logos', NULL, 1751623004),
(449, 929, 2052, NULL, NULL, 'company_logos', NULL, 1751623004),
(450, 929, 2052, NULL, NULL, 'company_logos', NULL, 1751623004),
(451, 929, 2052, NULL, NULL, 'company_logos', NULL, 1751623004),
(452, 929, 2052, NULL, NULL, 'company_logos', NULL, 1751623004),
(453, 929, 2052, NULL, NULL, 'requirements', NULL, 1751623004),
(454, 929, 2052, NULL, NULL, 'requirements', NULL, 1751623004),
(455, 929, 2052, NULL, NULL, 'requirements', NULL, 1751623004),
(456, 929, 2052, NULL, NULL, 'requirements', NULL, 1751623004),
(457, 929, 2052, NULL, NULL, 'requirements', NULL, 1751623004),
(458, 929, 2052, NULL, NULL, 'learning_materials', NULL, 1751623004),
(459, 929, 2052, NULL, NULL, 'learning_materials', NULL, 1751623004),
(460, 929, 2052, NULL, NULL, 'learning_materials', NULL, 1751623004),
(461, 929, 2052, NULL, NULL, 'learning_materials', NULL, 1751623004),
(462, 929, 2052, NULL, NULL, 'learning_materials', NULL, 1751623004),
(463, 929, 2052, NULL, NULL, 'learning_materials', NULL, 1751623004),
(464, 929, 2052, NULL, NULL, 'learning_materials', NULL, 1751623004),
(465, 929, 2052, NULL, NULL, 'learning_materials', NULL, 1751623004),
(466, 929, 2052, NULL, NULL, 'learning_materials', NULL, 1751623004),
(467, 929, 2052, NULL, NULL, 'learning_materials', NULL, 1751623004),
(468, 923, 2053, NULL, NULL, 'company_logos', NULL, 1751623004),
(469, 923, 2053, NULL, NULL, 'company_logos', NULL, 1751623004),
(470, 923, 2053, NULL, NULL, 'company_logos', NULL, 1751623004),
(471, 923, 2053, NULL, NULL, 'company_logos', NULL, 1751623004),
(472, 923, 2053, NULL, NULL, 'company_logos', NULL, 1751623004),
(473, 923, 2053, NULL, NULL, 'company_logos', NULL, 1751623004),
(474, 923, 2053, NULL, NULL, 'company_logos', NULL, 1751623004),
(475, 923, 2053, NULL, NULL, 'company_logos', NULL, 1751623004),
(476, 923, 2053, NULL, NULL, 'company_logos', NULL, 1751623004),
(477, 923, 2053, NULL, NULL, 'company_logos', NULL, 1751623004),
(478, 923, 2053, NULL, NULL, 'requirements', NULL, 1751623004),
(479, 923, 2053, NULL, NULL, 'requirements', NULL, 1751623004),
(480, 923, 2053, NULL, NULL, 'requirements', NULL, 1751623004),
(481, 923, 2053, NULL, NULL, 'requirements', NULL, 1751623004),
(482, 923, 2053, NULL, NULL, 'requirements', NULL, 1751623004),
(483, 923, 2053, NULL, NULL, 'learning_materials', NULL, 1751623004),
(484, 923, 2053, NULL, NULL, 'learning_materials', NULL, 1751623004),
(485, 923, 2053, NULL, NULL, 'learning_materials', NULL, 1751623004),
(486, 923, 2053, NULL, NULL, 'learning_materials', NULL, 1751623004),
(487, 923, 2053, NULL, NULL, 'learning_materials', NULL, 1751623004),
(488, 923, 2053, NULL, NULL, 'learning_materials', NULL, 1751623004),
(489, 923, 2053, NULL, NULL, 'learning_materials', NULL, 1751623004),
(490, 923, 2053, NULL, NULL, 'learning_materials', NULL, 1751623004),
(491, 923, 2053, NULL, NULL, 'learning_materials', NULL, 1751623004),
(492, 923, 2053, NULL, NULL, 'learning_materials', NULL, 1751623004),
(493, 3, 2054, NULL, NULL, 'company_logos', NULL, 1751623004),
(494, 3, 2054, NULL, NULL, 'company_logos', NULL, 1751623004),
(495, 3, 2054, NULL, NULL, 'company_logos', NULL, 1751623004),
(496, 3, 2054, NULL, NULL, 'company_logos', NULL, 1751623004),
(497, 3, 2054, NULL, NULL, 'company_logos', NULL, 1751623004),
(498, 3, 2054, NULL, NULL, 'company_logos', NULL, 1751623004),
(499, 3, 2054, NULL, NULL, 'company_logos', NULL, 1751623004),
(500, 3, 2054, NULL, NULL, 'company_logos', NULL, 1751623004),
(501, 3, 2054, NULL, NULL, 'company_logos', NULL, 1751623004),
(502, 3, 2054, NULL, NULL, 'company_logos', NULL, 1751623004),
(503, 3, 2054, NULL, NULL, 'requirements', NULL, 1751623004),
(504, 3, 2054, NULL, NULL, 'requirements', NULL, 1751623004),
(505, 3, 2054, NULL, NULL, 'requirements', NULL, 1751623004),
(506, 3, 2054, NULL, NULL, 'requirements', NULL, 1751623004),
(507, 3, 2054, NULL, NULL, 'requirements', NULL, 1751623004),
(508, 3, 2054, NULL, NULL, 'learning_materials', NULL, 1751623004),
(509, 3, 2054, NULL, NULL, 'learning_materials', NULL, 1751623004),
(510, 3, 2054, NULL, NULL, 'learning_materials', NULL, 1751623004),
(511, 3, 2054, NULL, NULL, 'learning_materials', NULL, 1751623004),
(512, 3, 2054, NULL, NULL, 'learning_materials', NULL, 1751623004),
(513, 3, 2054, NULL, NULL, 'learning_materials', NULL, 1751623004),
(514, 3, 2054, NULL, NULL, 'learning_materials', NULL, 1751623004),
(515, 3, 2054, NULL, NULL, 'learning_materials', NULL, 1751623004),
(516, 3, 2054, NULL, NULL, 'learning_materials', NULL, 1751623004),
(517, 3, 2054, NULL, NULL, 'learning_materials', NULL, 1751623004),
(518, 870, 2055, NULL, NULL, 'company_logos', NULL, 1751623004),
(519, 870, 2055, NULL, NULL, 'company_logos', NULL, 1751623004),
(520, 870, 2055, NULL, NULL, 'company_logos', NULL, 1751623004),
(521, 870, 2055, NULL, NULL, 'company_logos', NULL, 1751623004),
(522, 870, 2055, NULL, NULL, 'company_logos', NULL, 1751623004),
(523, 870, 2055, NULL, NULL, 'company_logos', NULL, 1751623004),
(524, 870, 2055, NULL, NULL, 'company_logos', NULL, 1751623004),
(525, 870, 2055, NULL, NULL, 'company_logos', NULL, 1751623004),
(526, 870, 2055, NULL, NULL, 'company_logos', NULL, 1751623004),
(527, 870, 2055, NULL, NULL, 'company_logos', NULL, 1751623004),
(528, 870, 2055, NULL, NULL, 'requirements', NULL, 1751623004),
(529, 870, 2055, NULL, NULL, 'requirements', NULL, 1751623004),
(530, 870, 2055, NULL, NULL, 'requirements', NULL, 1751623004),
(531, 870, 2055, NULL, NULL, 'requirements', NULL, 1751623004),
(532, 870, 2055, NULL, NULL, 'requirements', NULL, 1751623004),
(533, 870, 2055, NULL, NULL, 'learning_materials', NULL, 1751623004),
(534, 870, 2055, NULL, NULL, 'learning_materials', NULL, 1751623004),
(535, 870, 2055, NULL, NULL, 'learning_materials', NULL, 1751623004),
(536, 870, 2055, NULL, NULL, 'learning_materials', NULL, 1751623004),
(537, 870, 2055, NULL, NULL, 'learning_materials', NULL, 1751623004),
(538, 870, 2055, NULL, NULL, 'learning_materials', NULL, 1751623004),
(539, 870, 2055, NULL, NULL, 'learning_materials', NULL, 1751623004),
(540, 870, 2055, NULL, NULL, 'learning_materials', NULL, 1751623004),
(541, 870, 2055, NULL, NULL, 'learning_materials', NULL, 1751623004),
(542, 870, 2055, NULL, NULL, 'learning_materials', NULL, 1751623004),
(543, 864, 2056, NULL, NULL, 'company_logos', NULL, 1751623004),
(544, 864, 2056, NULL, NULL, 'company_logos', NULL, 1751623004),
(545, 864, 2056, NULL, NULL, 'company_logos', NULL, 1751623004),
(546, 864, 2056, NULL, NULL, 'company_logos', NULL, 1751623004),
(547, 864, 2056, NULL, NULL, 'company_logos', NULL, 1751623004),
(548, 864, 2056, NULL, NULL, 'company_logos', NULL, 1751623004),
(549, 864, 2056, NULL, NULL, 'company_logos', NULL, 1751623004),
(550, 864, 2056, NULL, NULL, 'company_logos', NULL, 1751623004),
(551, 864, 2056, NULL, NULL, 'company_logos', NULL, 1751623004),
(552, 864, 2056, NULL, NULL, 'company_logos', NULL, 1751623004),
(553, 864, 2056, NULL, NULL, 'requirements', NULL, 1751623004),
(554, 864, 2056, NULL, NULL, 'requirements', NULL, 1751623004),
(555, 864, 2056, NULL, NULL, 'requirements', NULL, 1751623004),
(556, 864, 2056, NULL, NULL, 'requirements', NULL, 1751623004),
(557, 864, 2056, NULL, NULL, 'requirements', NULL, 1751623004),
(558, 864, 2056, NULL, NULL, 'learning_materials', NULL, 1751623004),
(559, 864, 2056, NULL, NULL, 'learning_materials', NULL, 1751623004),
(560, 864, 2056, NULL, NULL, 'learning_materials', NULL, 1751623004),
(561, 864, 2056, NULL, NULL, 'learning_materials', NULL, 1751623004),
(562, 864, 2056, NULL, NULL, 'learning_materials', NULL, 1751623004),
(563, 864, 2056, NULL, NULL, 'learning_materials', NULL, 1751623004),
(564, 864, 2056, NULL, NULL, 'learning_materials', NULL, 1751623004),
(565, 864, 2056, NULL, NULL, 'learning_materials', NULL, 1751623004),
(566, 864, 2056, NULL, NULL, 'learning_materials', NULL, 1751623004),
(567, 864, 2056, NULL, NULL, 'learning_materials', NULL, 1751623004),
(568, 1016, 2057, NULL, NULL, 'company_logos', NULL, 1751623004),
(569, 1016, 2057, NULL, NULL, 'company_logos', NULL, 1751623004),
(570, 1016, 2057, NULL, NULL, 'company_logos', NULL, 1751623004),
(571, 1016, 2057, NULL, NULL, 'company_logos', NULL, 1751623004),
(572, 1016, 2057, NULL, NULL, 'company_logos', NULL, 1751623004),
(573, 1016, 2057, NULL, NULL, 'company_logos', NULL, 1751623004),
(574, 1016, 2057, NULL, NULL, 'company_logos', NULL, 1751623004),
(575, 1016, 2057, NULL, NULL, 'company_logos', NULL, 1751623004),
(576, 1016, 2057, NULL, NULL, 'company_logos', NULL, 1751623004),
(577, 1016, 2057, NULL, NULL, 'company_logos', NULL, 1751623004),
(578, 1016, 2057, NULL, NULL, 'requirements', NULL, 1751623004),
(579, 1016, 2057, NULL, NULL, 'requirements', NULL, 1751623004),
(580, 1016, 2057, NULL, NULL, 'requirements', NULL, 1751623004),
(581, 1016, 2057, NULL, NULL, 'requirements', NULL, 1751623004),
(582, 1016, 2057, NULL, NULL, 'requirements', NULL, 1751623004),
(583, 1016, 2057, NULL, NULL, 'learning_materials', NULL, 1751623004),
(584, 1016, 2057, NULL, NULL, 'learning_materials', NULL, 1751623004),
(585, 1016, 2057, NULL, NULL, 'learning_materials', NULL, 1751623004),
(586, 1016, 2057, NULL, NULL, 'learning_materials', NULL, 1751623004),
(587, 1016, 2057, NULL, NULL, 'learning_materials', NULL, 1751623004),
(588, 1016, 2057, NULL, NULL, 'learning_materials', NULL, 1751623004),
(589, 1016, 2057, NULL, NULL, 'learning_materials', NULL, 1751623004),
(590, 1016, 2057, NULL, NULL, 'learning_materials', NULL, 1751623004),
(591, 1016, 2057, NULL, NULL, 'learning_materials', NULL, 1751623004),
(592, 1016, 2057, NULL, NULL, 'learning_materials', NULL, 1751623004),
(593, 3, 2058, NULL, NULL, 'company_logos', NULL, 1751623004),
(594, 3, 2058, NULL, NULL, 'company_logos', NULL, 1751623004),
(595, 3, 2058, NULL, NULL, 'company_logos', NULL, 1751623004),
(596, 3, 2058, NULL, NULL, 'company_logos', NULL, 1751623004),
(597, 3, 2058, NULL, NULL, 'company_logos', NULL, 1751623004),
(598, 3, 2058, NULL, NULL, 'company_logos', NULL, 1751623004),
(599, 3, 2058, NULL, NULL, 'company_logos', NULL, 1751623004),
(600, 3, 2058, NULL, NULL, 'company_logos', NULL, 1751623004),
(601, 3, 2058, NULL, NULL, 'company_logos', NULL, 1751623004),
(602, 3, 2058, NULL, NULL, 'company_logos', NULL, 1751623004),
(603, 3, 2058, NULL, NULL, 'requirements', NULL, 1751623004),
(604, 3, 2058, NULL, NULL, 'requirements', NULL, 1751623004),
(605, 3, 2058, NULL, NULL, 'requirements', NULL, 1751623004),
(606, 3, 2058, NULL, NULL, 'requirements', NULL, 1751623004),
(607, 3, 2058, NULL, NULL, 'requirements', NULL, 1751623004),
(608, 3, 2058, NULL, NULL, 'learning_materials', NULL, 1751623004),
(609, 3, 2058, NULL, NULL, 'learning_materials', NULL, 1751623004),
(610, 3, 2058, NULL, NULL, 'learning_materials', NULL, 1751623004),
(611, 3, 2058, NULL, NULL, 'learning_materials', NULL, 1751623004),
(612, 3, 2058, NULL, NULL, 'learning_materials', NULL, 1751623004),
(613, 3, 2058, NULL, NULL, 'learning_materials', NULL, 1751623004),
(614, 3, 2058, NULL, NULL, 'learning_materials', NULL, 1751623004),
(615, 3, 2058, NULL, NULL, 'learning_materials', NULL, 1751623004),
(616, 3, 2058, NULL, NULL, 'learning_materials', NULL, 1751623004),
(617, 3, 2058, NULL, NULL, 'learning_materials', NULL, 1751623004),
(618, 934, 2059, NULL, NULL, 'company_logos', NULL, 1751623004),
(619, 934, 2059, NULL, NULL, 'company_logos', NULL, 1751623004),
(620, 934, 2059, NULL, NULL, 'company_logos', NULL, 1751623004),
(621, 934, 2059, NULL, NULL, 'company_logos', NULL, 1751623004),
(622, 934, 2059, NULL, NULL, 'company_logos', NULL, 1751623004),
(623, 934, 2059, NULL, NULL, 'company_logos', NULL, 1751623004),
(624, 934, 2059, NULL, NULL, 'company_logos', NULL, 1751623004),
(625, 934, 2059, NULL, NULL, 'company_logos', NULL, 1751623004),
(626, 934, 2059, NULL, NULL, 'company_logos', NULL, 1751623004),
(627, 934, 2059, NULL, NULL, 'company_logos', NULL, 1751623004),
(628, 934, 2059, NULL, NULL, 'requirements', NULL, 1751623004),
(629, 934, 2059, NULL, NULL, 'requirements', NULL, 1751623004),
(630, 934, 2059, NULL, NULL, 'requirements', NULL, 1751623004),
(631, 934, 2059, NULL, NULL, 'requirements', NULL, 1751623004),
(632, 934, 2059, NULL, NULL, 'requirements', NULL, 1751623004),
(633, 934, 2059, NULL, NULL, 'learning_materials', NULL, 1751623004),
(634, 934, 2059, NULL, NULL, 'learning_materials', NULL, 1751623004),
(635, 934, 2059, NULL, NULL, 'learning_materials', NULL, 1751623004),
(636, 934, 2059, NULL, NULL, 'learning_materials', NULL, 1751623004),
(637, 934, 2059, NULL, NULL, 'learning_materials', NULL, 1751623004),
(638, 934, 2059, NULL, NULL, 'learning_materials', NULL, 1751623004),
(639, 934, 2059, NULL, NULL, 'learning_materials', NULL, 1751623004),
(640, 934, 2059, NULL, NULL, 'learning_materials', NULL, 1751623004),
(641, 934, 2059, NULL, NULL, 'learning_materials', NULL, 1751623004),
(642, 934, 2059, NULL, NULL, 'learning_materials', NULL, 1751623004),
(643, 1015, 2060, NULL, NULL, 'company_logos', NULL, 1751623004),
(644, 1015, 2060, NULL, NULL, 'company_logos', NULL, 1751623004),
(645, 1015, 2060, NULL, NULL, 'company_logos', NULL, 1751623004),
(646, 1015, 2060, NULL, NULL, 'company_logos', NULL, 1751623004),
(647, 1015, 2060, NULL, NULL, 'company_logos', NULL, 1751623004),
(648, 1015, 2060, NULL, NULL, 'company_logos', NULL, 1751623004),
(649, 1015, 2060, NULL, NULL, 'company_logos', NULL, 1751623004),
(650, 1015, 2060, NULL, NULL, 'company_logos', NULL, 1751623004),
(651, 1015, 2060, NULL, NULL, 'company_logos', NULL, 1751623004),
(652, 1015, 2060, NULL, NULL, 'company_logos', NULL, 1751623004),
(653, 1015, 2060, NULL, NULL, 'requirements', NULL, 1751623004),
(654, 1015, 2060, NULL, NULL, 'requirements', NULL, 1751623004),
(655, 1015, 2060, NULL, NULL, 'requirements', NULL, 1751623004),
(656, 1015, 2060, NULL, NULL, 'requirements', NULL, 1751623004),
(657, 1015, 2060, NULL, NULL, 'requirements', NULL, 1751623004),
(658, 1015, 2060, NULL, NULL, 'learning_materials', NULL, 1751623004),
(659, 1015, 2060, NULL, NULL, 'learning_materials', NULL, 1751623004),
(660, 1015, 2060, NULL, NULL, 'learning_materials', NULL, 1751623004),
(661, 1015, 2060, NULL, NULL, 'learning_materials', NULL, 1751623004),
(662, 1015, 2060, NULL, NULL, 'learning_materials', NULL, 1751623004),
(663, 1015, 2060, NULL, NULL, 'learning_materials', NULL, 1751623004),
(664, 1015, 2060, NULL, NULL, 'learning_materials', NULL, 1751623004),
(665, 1015, 2060, NULL, NULL, 'learning_materials', NULL, 1751623004),
(666, 1015, 2060, NULL, NULL, 'learning_materials', NULL, 1751623004),
(667, 1015, 2060, NULL, NULL, 'learning_materials', NULL, 1751623004),
(668, 929, 2061, NULL, NULL, 'company_logos', NULL, 1751623004),
(669, 929, 2061, NULL, NULL, 'company_logos', NULL, 1751623004),
(670, 929, 2061, NULL, NULL, 'company_logos', NULL, 1751623004),
(671, 929, 2061, NULL, NULL, 'company_logos', NULL, 1751623004),
(672, 929, 2061, NULL, NULL, 'company_logos', NULL, 1751623004),
(673, 929, 2061, NULL, NULL, 'company_logos', NULL, 1751623004),
(674, 929, 2061, NULL, NULL, 'company_logos', NULL, 1751623004),
(675, 929, 2061, NULL, NULL, 'company_logos', NULL, 1751623004),
(676, 929, 2061, NULL, NULL, 'company_logos', NULL, 1751623004),
(677, 929, 2061, NULL, NULL, 'company_logos', NULL, 1751623004),
(678, 929, 2061, NULL, NULL, 'requirements', NULL, 1751623004),
(679, 929, 2061, NULL, NULL, 'requirements', NULL, 1751623004),
(680, 929, 2061, NULL, NULL, 'requirements', NULL, 1751623004),
(681, 929, 2061, NULL, NULL, 'requirements', NULL, 1751623004),
(682, 929, 2061, NULL, NULL, 'requirements', NULL, 1751623004),
(683, 929, 2061, NULL, NULL, 'learning_materials', NULL, 1751623004),
(684, 929, 2061, NULL, NULL, 'learning_materials', NULL, 1751623004),
(685, 929, 2061, NULL, NULL, 'learning_materials', NULL, 1751623004),
(686, 929, 2061, NULL, NULL, 'learning_materials', NULL, 1751623004),
(687, 929, 2061, NULL, NULL, 'learning_materials', NULL, 1751623004),
(688, 929, 2061, NULL, NULL, 'learning_materials', NULL, 1751623004),
(689, 929, 2061, NULL, NULL, 'learning_materials', NULL, 1751623004),
(690, 929, 2061, NULL, NULL, 'learning_materials', NULL, 1751623004),
(691, 929, 2061, NULL, NULL, 'learning_materials', NULL, 1751623004),
(692, 929, 2061, NULL, NULL, 'learning_materials', NULL, 1751623004),
(697, 1016, NULL, NULL, 2, 'learning_materials', 1, 1763242809),
(698, 1016, NULL, NULL, 2, 'learning_materials', 2, 1763242810),
(699, 1016, NULL, NULL, 2, 'learning_materials', 3, 1763242811),
(700, 1016, NULL, NULL, 2, 'learning_materials', 4, 1763242812),
(701, 1016, NULL, NULL, 2, 'requirements', 1, 1763242813),
(702, 1016, NULL, NULL, 2, 'requirements', 2, 1763242814),
(703, 1016, NULL, NULL, 2, 'requirements', 3, 1763242815),
(704, 1016, NULL, NULL, 2, 'company_logos', 1, 1763242816),
(705, 1016, NULL, NULL, 2, 'company_logos', 2, 1763242817),
(706, 1016, NULL, NULL, 2, 'company_logos', 3, 1763242818),
(707, 1016, NULL, NULL, 2, 'company_logos', 4, 1763242819),
(708, 1016, NULL, NULL, 3, 'learning_materials', 1, 1763243820),
(709, 1016, NULL, NULL, 3, 'learning_materials', 2, 1763243821),
(710, 1016, NULL, NULL, 3, 'learning_materials', 3, 1763243822),
(711, 1016, NULL, NULL, 3, 'learning_materials', 4, 1763243823),
(712, 1016, NULL, NULL, 3, 'requirements', 1, 1763243824),
(713, 1016, NULL, NULL, 3, 'requirements', 2, 1763243825),
(714, 1016, NULL, NULL, 3, 'requirements', 3, 1763243826),
(715, 1016, NULL, NULL, 3, 'company_logos', 1, 1763243827),
(716, 1016, NULL, NULL, 3, 'company_logos', 2, 1763243828),
(717, 1016, NULL, NULL, 3, 'company_logos', 3, 1763243829),
(718, 1016, NULL, NULL, 3, 'company_logos', 4, 1763243830),
(719, 934, NULL, NULL, 4, 'learning_materials', 1, 1763244831),
(720, 934, NULL, NULL, 4, 'learning_materials', 2, 1763244832),
(721, 934, NULL, NULL, 4, 'learning_materials', 3, 1763244833),
(722, 934, NULL, NULL, 4, 'learning_materials', 4, 1763244834),
(723, 934, NULL, NULL, 4, 'requirements', 1, 1763244835),
(724, 934, NULL, NULL, 4, 'requirements', 2, 1763244836),
(725, 934, NULL, NULL, 4, 'requirements', 3, 1763244837),
(726, 934, NULL, NULL, 4, 'company_logos', 1, 1763244838),
(727, 934, NULL, NULL, 4, 'company_logos', 2, 1763244839),
(728, 934, NULL, NULL, 4, 'company_logos', 3, 1763244840),
(729, 934, NULL, NULL, 4, 'company_logos', 4, 1763244841),
(730, 934, NULL, NULL, 5, 'learning_materials', 1, 1763245842),
(731, 934, NULL, NULL, 5, 'learning_materials', 2, 1763245843),
(732, 934, NULL, NULL, 5, 'learning_materials', 3, 1763245844),
(733, 934, NULL, NULL, 5, 'requirements', 1, 1763245845),
(734, 934, NULL, NULL, 5, 'requirements', 2, 1763245846),
(735, 934, NULL, NULL, 5, 'company_logos', 1, 1763245847),
(736, 934, NULL, NULL, 5, 'company_logos', 2, 1763245848),
(737, 934, NULL, NULL, 5, 'company_logos', 3, 1763245849),
(738, 934, NULL, NULL, 5, 'company_logos', 4, 1763245850),
(739, 934, NULL, NULL, 6, 'learning_materials', 1, 1763246851),
(740, 934, NULL, NULL, 6, 'learning_materials', 2, 1763246852),
(741, 934, NULL, NULL, 6, 'requirements', 1, 1763246853),
(742, 934, NULL, NULL, 6, 'requirements', 2, 1763246854),
(743, 934, NULL, NULL, 6, 'company_logos', 1, 1763246855),
(744, 934, NULL, NULL, 6, 'company_logos', 2, 1763246856),
(745, 934, NULL, NULL, 6, 'company_logos', 3, 1763246857),
(746, 867, NULL, NULL, 7, 'learning_materials', 1, 1763247858),
(747, 867, NULL, NULL, 7, 'learning_materials', 2, 1763247859),
(748, 867, NULL, NULL, 7, 'learning_materials', 3, 1763247860),
(749, 867, NULL, NULL, 7, 'learning_materials', 4, 1763247861),
(750, 867, NULL, NULL, 7, 'requirements', 1, 1763247862),
(751, 867, NULL, NULL, 7, 'requirements', 2, 1763247863),
(752, 867, NULL, NULL, 7, 'requirements', 3, 1763247864),
(753, 867, NULL, NULL, 7, 'company_logos', 1, 1763247865),
(754, 867, NULL, NULL, 7, 'company_logos', 2, 1763247866),
(755, 867, NULL, NULL, 7, 'company_logos', 3, 1763247867),
(756, 867, NULL, NULL, 7, 'company_logos', 4, 1763247868),
(757, 867, NULL, NULL, 8, 'learning_materials', 1, 1763248869),
(758, 867, NULL, NULL, 8, 'learning_materials', 2, 1763248870),
(759, 867, NULL, NULL, 8, 'learning_materials', 3, 1763248871),
(760, 867, NULL, NULL, 8, 'requirements', 1, 1763248872),
(761, 867, NULL, NULL, 8, 'requirements', 2, 1763248873),
(762, 867, NULL, NULL, 8, 'company_logos', 1, 1763248874),
(763, 867, NULL, NULL, 8, 'company_logos', 2, 1763248875),
(764, 867, NULL, NULL, 8, 'company_logos', 3, 1763248876),
(765, 867, NULL, NULL, 8, 'company_logos', 4, 1763248877),
(766, 867, NULL, NULL, 9, 'learning_materials', 1, 1763249878),
(767, 867, NULL, NULL, 9, 'learning_materials', 2, 1763249879),
(768, 867, NULL, NULL, 9, 'learning_materials', 3, 1763249880),
(769, 867, NULL, NULL, 9, 'requirements', 1, 1763249881),
(770, 867, NULL, NULL, 9, 'requirements', 2, 1763249882),
(771, 867, NULL, NULL, 9, 'company_logos', 1, 1763249883),
(772, 867, NULL, NULL, 9, 'company_logos', 2, 1763249884),
(773, 867, NULL, NULL, 9, 'company_logos', 3, 1763249885),
(774, 867, NULL, NULL, 9, 'company_logos', 4, 1763249886),
(775, 1015, NULL, NULL, 10, 'learning_materials', 1, 1763250887),
(776, 1015, NULL, NULL, 10, 'learning_materials', 2, 1763250888),
(777, 1015, NULL, NULL, 10, 'learning_materials', 3, 1763250889),
(778, 1015, NULL, NULL, 10, 'requirements', 1, 1763250890),
(779, 1015, NULL, NULL, 10, 'requirements', 2, 1763250891),
(780, 1015, NULL, NULL, 10, 'company_logos', 1, 1763250892),
(781, 1015, NULL, NULL, 10, 'company_logos', 2, 1763250893),
(782, 1015, NULL, NULL, 10, 'company_logos', 3, 1763250894),
(783, 1015, NULL, NULL, 10, 'company_logos', 4, 1763250895),
(784, 1015, NULL, NULL, 11, 'learning_materials', 1, 1763251896),
(785, 1015, NULL, NULL, 11, 'learning_materials', 2, 1763251897),
(786, 1015, NULL, NULL, 11, 'learning_materials', 3, 1763251898),
(787, 1015, NULL, NULL, 11, 'requirements', 1, 1763251899),
(788, 1015, NULL, NULL, 11, 'requirements', 2, 1763251900);
INSERT INTO `webinar_extra_descriptions` (`id`, `creator_id`, `webinar_id`, `upcoming_course_id`, `event_id`, `type`, `order`, `created_at`) VALUES
(789, 1015, NULL, NULL, 11, 'company_logos', 1, 1763251901),
(790, 1015, NULL, NULL, 11, 'company_logos', 2, 1763251902),
(791, 1015, NULL, NULL, 11, 'company_logos', 3, 1763251903),
(792, 1015, NULL, NULL, 11, 'company_logos', 4, 1763251904),
(793, 1015, NULL, NULL, 12, 'learning_materials', 1, 1763252905),
(794, 1015, NULL, NULL, 12, 'learning_materials', 2, 1763252906),
(795, 1015, NULL, NULL, 12, 'learning_materials', 3, 1763252907),
(796, 1015, NULL, NULL, 12, 'requirements', 1, 1763252908),
(797, 1015, NULL, NULL, 12, 'requirements', 2, 1763252909),
(798, 1015, NULL, NULL, 12, 'company_logos', 1, 1763252910),
(799, 1015, NULL, NULL, 12, 'company_logos', 2, 1763252911),
(800, 1015, NULL, NULL, 12, 'company_logos', 3, 1763252912),
(801, 1015, NULL, NULL, 12, 'company_logos', 4, 1763252913),
(802, 1015, NULL, NULL, 13, 'learning_materials', 1, 1763253914),
(803, 1015, NULL, NULL, 13, 'learning_materials', 2, 1763253915),
(804, 1015, NULL, NULL, 13, 'learning_materials', 3, 1763253916),
(805, 1015, NULL, NULL, 13, 'learning_materials', 4, 1763253917),
(806, 1015, NULL, NULL, 13, 'requirements', 1, 1763253918),
(807, 1015, NULL, NULL, 13, 'requirements', 2, 1763253919),
(808, 1015, NULL, NULL, 13, 'requirements', 3, 1763253920),
(809, 1015, NULL, NULL, 13, 'company_logos', 1, 1763253921),
(810, 1015, NULL, NULL, 13, 'company_logos', 2, 1763253922),
(811, 1015, NULL, NULL, 13, 'company_logos', 3, 1763253923),
(812, 1015, NULL, NULL, 13, 'company_logos', 4, 1763253924);

-- --------------------------------------------------------

--
