-- Table structure for table `session_attendance`
--

CREATE TABLE `session_attendance` (
  `id` int(10) UNSIGNED NOT NULL,
  `student_id` int(10) UNSIGNED NOT NULL,
  `session_id` int(10) UNSIGNED NOT NULL,
  `status` enum('present','absent','late') NOT NULL DEFAULT 'present',
  `joined_at` bigint(20) UNSIGNED NOT NULL,
  `edited_at` bigint(20) UNSIGNED DEFAULT NULL
) ENGINE=InnoDB DEFAULT CHARSET=utf8mb4 COLLATE=utf8mb4_general_ci;

--
-- Dumping data for table `session_attendance`
--

INSERT INTO `session_attendance` (`id`, `student_id`, `session_id`, `status`, `joined_at`, `edited_at`) VALUES
(1, 996, 75, 'absent', 1764575519, NULL),
(2, 995, 118, 'present', 1764575992, NULL),
(3, 996, 118, 'late', 1764576195, NULL),
(4, 1017, 118, 'late', 1764576255, 1764576328);

-- --------------------------------------------------------

--
-- Table structure for table `session_attendance_notifications`
--

CREATE TABLE `session_attendance_notifications` (
  `id` int(10) UNSIGNED NOT NULL,
  `session_id` int(10) UNSIGNED NOT NULL COMMENT 'Notifications will be sent to sessions where the attendance feature is enabled after the session ends.',
  `notify_at` bigint(20) UNSIGNED NOT NULL
) ENGINE=InnoDB DEFAULT CHARSET=utf8mb4 COLLATE=utf8mb4_general_ci;

-- --------------------------------------------------------

--
-- Table structure for table `session_reminds`
--

CREATE TABLE `session_reminds` (
  `id` int(10) UNSIGNED NOT NULL,
  `session_id` int(10) UNSIGNED NOT NULL,
  `user_id` int(10) UNSIGNED NOT NULL,
  `created_at` int(11) NOT NULL
) ENGINE=InnoDB DEFAULT CHARSET=utf8mb4 COLLATE=utf8mb4_unicode_ci;

-- --------------------------------------------------------

--
-- Table structure for table `session_translations`
--

CREATE TABLE `session_translations` (
  `id` bigint(20) UNSIGNED NOT NULL,
  `session_id` int(10) UNSIGNED NOT NULL,
  `locale` varchar(255) NOT NULL,
  `title` varchar(255) NOT NULL,
  `description` text DEFAULT NULL
) ENGINE=InnoDB DEFAULT CHARSET=utf8mb4 COLLATE=utf8mb4_unicode_ci;

--
-- Dumping data for table `session_translations`
--

INSERT INTO `session_translations` (`id`, `session_id`, `locale`, `title`, `description`) VALUES
(1, 52, 'en', 'Day 1', 'In this lesson you will learn:What Linux is and Brief history of Linux'),
(2, 53, 'en', 'Day 2', 'In this lesson you will learn about the Linux directory structure. You\'ll learn where different components of the operating system are located. You\'ll also learn how applications can employ the same conventions for their directory structures.'),
(3, 54, 'en', 'Day 3', 'In this lesson you will learn various commands that can be used to view files as well as how to use the nano text editor.'),
(4, 55, 'en', 'Day 4', 'This lesson will cover how to delete, copy, move, and rename files in Linux.'),
(5, 56, 'en', 'Day 5', 'In this lesson you will learn how to display information about running programs and processes. You will also learn how to control the behavior of processes, including running processes in the background and terminating processes.'),
(6, 59, 'en', 'Introduction', 'Microsoft Excel is a spreadsheet developed by Microsoft for Windows, macOS, Android and iOS. It features calculation, graphing tools, pivot tables, and a macro programming language called Visual Basic for Applications (VBA).'),
(7, 60, 'en', 'Basic Excel Functions', 'Microsoft Excel has the basic features of all spreadsheets,[6] using a grid of cells arranged in numbered rows and letter-named columns to organize data manipulations like arithmetic operations.'),
(8, 61, 'en', 'Basic Charts', 'Excel supports charts, graphs, or histograms generated from specified groups of cells. It also supports Pivot Charts that allow for a chart to be linked directly to a Pivot table. This allows the chart to be refreshed with the Pivot Table.'),
(9, 62, 'en', 'The Key to Effective Time Management', 'If you have ever taken a time management course, you\'ve probably faced the frustration of trying to manage your time better and not succeeding.\r\n\r\nThis is because time management is a Myth.\r\n\r\nWhat this course will teach you, is the concept of \"Task Management.\" In other words, it will teach you how to accomplish more high value tasks, so that you get a 10X greater return for all of the work you put in every hour.'),
(10, 63, 'en', '20/80 Time Management', 'If you have ever taken a time management course, you\'ve probably faced the frustration of trying to manage your time better and not succeeding.\r\n\r\nThis is because time management is a Myth.\r\n\r\nWhat this course will teach you, is the concept of \"Task Management.\" In other words, it will teach you how to accomplish more high value tasks, so that you get a 10X greater return for all of the work you put in every hour.'),
(11, 64, 'en', 'Getting High Value Things Done', 'What this course will teach you, is the concept of \"Task Management.\" In other words, it will teach you how to accomplish more high value tasks, so that you get a 10X greater return for all of the work you put in every hour.'),
(12, 65, 'en', 'Getting Started', 'A brief overview of what you\'ll learn in this course.'),
(13, 66, 'en', 'Modules, Apps, and Controllers', 'AngularJS enables you to control the DOM via modules, apps, and controllers -- all without polluting the global namespace.\r\nThis lecture contains downloadable source code. Download the file below and unzip (or extract) it.'),
(14, 67, 'en', 'Data Binding and Directives', 'Our first visual AngularJS code. Now that we understand scope, let\'s use it to output content to a page.\r\n\r\nThis lecture contains downloadable source code. Download the file below and unzip (or extract) it.'),
(15, 68, 'en', 'The Perfect Fitness Diet', 'My \"Health & Fitness Masterclass\" is designed for anyone who wants to boost their fitness, no matter if you\'re a beginner, athlete or simply want to live a healthier life.'),
(16, 69, 'en', 'Setting Up Your Fitness Diet', 'My \"Health & Fitness Masterclass\" is designed for anyone who wants to boost their fitness, no matter if you\'re a beginner, athlete or simply want to live a healthier life.'),
(17, 70, 'en', 'The Right Fitness Mindset', 'My \"Health & Fitness Masterclass\" is designed for anyone who wants to boost their fitness, no matter if you\'re a beginner, athlete or simply want to live a healthier life.'),
(18, 71, 'en', 'Why Active Listening?', 'Most of us want to get better at talking. But the REAL power tool for influencing others, leading, collaborating, having an impact, and being an an-all-around-better person is Active Listening. While regular listening can look like being blank and silent, Active Listening is engaged, creative, and responsive.'),
(19, 72, 'en', 'Automatic Listening Habits', 'In this course, you will gain both the internal awareness and external skill-set that are the foundation of Active Listening. You will be able to have far more satisfying, interesting, successful conversations.'),
(20, 73, 'en', 'Helpful Habits', 'Most of us want to get better at talking. But the REAL power tool for influencing others, leading, collaborating, having an impact, and being an an-all-around-better person is Active Listening.'),
(21, 74, 'en', 'First sesions', 'Online Course Creation can be simple once you have mastered the art of speaking in front of a camera. Imagine yourself delivering an entire course filled with great lectures'),
(22, 75, 'en', 'Join to This Session', 'The skill you will learn in this class is not primarily theoretical or academic. It is a skill that requires physical habits.'),
(23, 76, 'en', 'Introduction Session', 'The skill you will learn in this class is not primarily theoretical or academic. It is a skill that requires physical habits.'),
(59, 104, 'en', 'session for meeting package', 'session for meeting package'),
(60, 105, 'en', 'session for meeting package', 'session for meeting package'),
(61, 106, 'en', 'session for meeting package', 'session for meeting package'),
(62, 107, 'en', 'session for meeting package', 'session for meeting package'),
(63, 108, 'en', 'session for meeting package', 'session for meeting package'),
(64, 109, 'en', 'session for meeting package', 'session for meeting package'),
(65, 110, 'en', 'session for meeting package', 'session for meeting package'),
(66, 111, 'en', 'session for meeting package', 'session for meeting package'),
(67, 112, 'en', 'session for meeting package', 'session for meeting package'),
(68, 113, 'en', 'session for meeting package', 'session for meeting package'),
(69, 114, 'en', 'session for meeting package', 'session for meeting package'),
(70, 115, 'en', 'session for meeting package', 'session for meeting package'),
(71, 116, 'en', 'session for meeting package', 'session for meeting package'),
(72, 117, 'en', 'session for meeting package', 'session for meeting package'),
(73, 118, 'en', 'Final Session', 'Microsoft Excel is a spreadsheet developed by Microsoft for Windows, macOS, Android and iOS. It features calculation, graphing tools, pivot tables, and a macro programming language called Visual Basic for Applications (VBA).');

-- --------------------------------------------------------

--
-- Table structure for table `settings`
--

CREATE TABLE `settings` (
  `id` int(10) UNSIGNED NOT NULL,
  `page` enum('general','financial','personalization','notifications','seo','customization','other','forum','mobile_app') NOT NULL DEFAULT 'other',
  `name` varchar(255) NOT NULL,
  `updated_at` int(11) DEFAULT NULL
) ENGINE=InnoDB DEFAULT CHARSET=utf8mb4 COLLATE=utf8mb4_unicode_ci;

--
-- Dumping data for table `settings`
--

INSERT INTO `settings` (`id`, `page`, `name`, `updated_at`) VALUES
(1, 'seo', 'seo_metas', 1763808224),
(2, 'general', 'socials', 1749661624),
(4, 'other', 'footer', 1632071275),
(5, 'general', 'general', 1751180127),
(6, 'financial', 'financial', 1719771399),
(8, 'personalization', 'home_hero', 1652016269),
(12, 'customization', 'custom_css_js', 1636119881),
(14, 'personalization', 'page_background', 1709889935),
(15, 'personalization', 'home_hero2', 1632223631),
(20, 'other', 'report_reasons', 1632235945),
(22, 'notifications', 'notifications', 1763807188),
(23, 'financial', 'site_bank_accounts', 1617002426),
(24, 'other', 'contact_us', 1749373158),
(25, 'personalization', 'home_sections', 1653226117),
(26, 'other', 'navbar_links', 1764577038),
(27, 'personalization', 'home_video_or_image_box', 1632226618),
(28, 'other', '404', 1749375480),
(29, 'personalization', 'panel_sidebar', 1751187899),
(30, 'financial', 'referral', 1679091522),
(31, 'general', 'features', 1764575214),
(32, 'personalization', 'find_instructors', 1642530710),
(33, 'personalization', 'reward_program', 1645628594),
(34, 'general', 'rewards_settings', 1647616804),
(37, 'financial', 'registration_packages_general', 1752177228),
(38, 'financial', 'registration_packages_instructors', 1752177286),
(39, 'financial', 'registration_packages_organizations', 1752177312),
(40, 'personalization', 'become_instructor_section', 1645345116),
(41, 'general', 'store_settings', 1678874452),
(42, 'personalization', 'theme_colors', 1678865210),
(43, 'personalization', 'forums_section', 1650546951),
(44, 'personalization', 'cookie_settings', 1749398576),
(45, 'personalization', 'mobile_app', 1653489015),
(46, 'personalization', 'theme_fonts', 1677180546),
(47, 'general', 'reminders', 1650982581),
(48, 'other', 'advertising_modal', 1652000772),
(52, 'personalization', 'others_personalization', 1749454423),
(53, 'general', 'security', 1764575286),
(54, 'general', 'installments_settings', 1694936104),
(55, 'general', 'installments_terms_settings', 1679089417),
(56, 'financial', 'currency_settings', 1678873693),
(57, 'personalization', 'statistics', 1678151460),
(58, 'personalization', 'maintenance_settings', 1749403729),
(59, 'general', 'general_options', 1709710542),
(60, 'financial', 'offline_banks_credits', 1676303092),
(61, 'financial', 'offline_banks', 1676304557),
(62, 'general', 'gifts_general_settings', 1749392506),
(63, 'general', 'registration_bonus_settings', 1678898659),
(64, 'general', 'registration_bonus_terms_settings', 1749395309),
(65, 'general', 'ai_contents_settings', 1694945216),
(66, 'general', 'certificate_settings', 1709893114),
(67, 'general', 'abandoned_cart_settings', 1709625722),
(68, 'personalization', 'restriction_settings', 1749402597),
(69, 'financial', 'commission_settings', 1764542098),
(70, 'forum', 'forum_general_settings', 1749360400),
(71, 'forum', 'forum_homepage_settings', 1749364648),
(72, 'forum', 'forum_homepage_revolver_settings', 1749365217),
(73, 'forum', 'forum_cta_section_settings', 1749369024),
(74, 'forum', 'forum_images_settings', 1749372578),
(75, 'other', '500', 1749375468),
(76, 'other', '419', 1749375457),
(77, 'other', '403', 1749375536),
(78, 'general', 'store_featured_products_settings', 1749379429),
(79, 'general', 'instructor_finder_settings', 1749390983),
(80, 'financial', 'referral_how_work', 1749396264),
(81, 'personalization', 'user_dashboard_data', 1749403064),
(82, 'personalization', 'content_review_information', 1751190964),
(83, 'mobile_app', 'mobile_app_general_settings', 1764758054),
(84, 'general', 'attendances_settings', 1764575337),
(85, 'general', 'events_settings', 1763370417),
(86, 'general', 'meeting_packages_settings', 1763459398);

-- --------------------------------------------------------

--
-- Table structure for table `setting_translations`
--

CREATE TABLE `setting_translations` (
  `id` bigint(20) UNSIGNED NOT NULL,
  `setting_id` int(10) UNSIGNED NOT NULL,
  `locale` varchar(255) NOT NULL,
  `value` longtext NOT NULL
) ENGINE=InnoDB DEFAULT CHARSET=utf8mb4 COLLATE=utf8mb4_unicode_ci;

--
-- Dumping data for table `setting_translations`
--

INSERT INTO `setting_translations` (`id`, `setting_id`, `locale`, `value`) VALUES
(1, 1, 'en', '{\"home\":{\"title\":\"Home\",\"description\":\"Home Page Description\",\"robot\":\"index\"},\"search\":{\"title\":\"Search\",\"description\":\"Search Page Description\",\"robot\":\"index\"},\"categories\":{\"title\":\"Category\",\"description\":\"Categories Page Description\",\"robot\":\"index\"},\"login\":{\"title\":\"Login\",\"description\":\"Login Page Description\",\"robot\":\"index\"},\"register\":{\"title\":\"Register\",\"description\":\"Register Page Description\",\"robot\":\"index\"},\"about\":{\"title\":\"about page title\",\"description\":\"about page Description\"},\"contact\":{\"title\":\"Contact\",\"description\":\"Contact Page Description\",\"robot\":\"index\"},\"certificate_validation\":{\"title\":\"Certificate validation\",\"description\":\"Certificate Validation Description\",\"robot\":\"index\"},\"classes\":{\"title\":\"Courses\",\"description\":\"Courses page Description\",\"robot\":\"index\"},\"blog\":{\"title\":\"Blog\",\"description\":\"Blog Page Description\",\"robot\":\"index\"},\"instructors\":{\"title\":\"Instructors\",\"description\":\"Instructors Page Description\",\"robot\":\"index\"},\"organizations\":{\"title\":\"Organizations\",\"description\":\"Organizations Page Description\",\"robot\":\"index\"},\"instructor_finder_wizard\":{\"title\":\"Instructor finder wizard\",\"description\":\"Tutor Finder Wizard Description\",\"robot\":\"noindex\"},\"instructor_finder\":{\"title\":\"Instructor finder\",\"description\":\"Tutor Finder Description\",\"robot\":\"index\"},\"reward_courses\":{\"title\":\"Reward courses\",\"description\":\"Reward Courses Description\",\"robot\":\"index\"},\"products_lists\":{\"title\":\"Store Products\",\"description\":\"Store Products Description\",\"robot\":\"noindex\"},\"reward_products\":{\"title\":\"Reward Products\",\"description\":\"Reward Products Description\",\"robot\":\"noindex\"},\"forum\":{\"title\":\"Forums\",\"description\":\"Forums Description\",\"robot\":\"noindex\"},\"upcoming_courses_lists\":{\"title\":\"Upcoming Course\",\"description\":\"Upcoming Courses Description\",\"robot\":\"noindex\"},\"tags\":{\"title\":\"Tags\",\"description\":\"Tags Page Description\",\"robot\":\"noindex\"},\"events_lists\":{\"title\":\"Events\",\"description\":\"test\",\"robot\":\"noindex\"},\"meeting_packages_lists\":{\"title\":\"Meeting Packages\",\"description\":null,\"robot\":\"noindex\"},\"bundles_lists\":{\"title\":\"Course Bundles\",\"description\":null,\"bottom_seo_title\":null,\"bottom_seo_content\":null,\"robot\":\"noindex\"}}'),
(2, 2, 'en', '{\"Instagram\":{\"title\":\"Instagram\",\"image\":\"\\/store\\/1\\/default_images\\/social\\/instagram.svg\",\"link\":\"https:\\/\\/www.instagram.com\\/\",\"order\":\"1\"},\"Whatsapp\":{\"title\":\"Whatsapp\",\"image\":\"\\/store\\/1\\/default_images\\/social\\/whatsapp.svg\",\"link\":\"https:\\/\\/web.whatsapp.com\\/\",\"order\":\"2\"},\"Twitter\":{\"title\":\"Messenger\",\"image\":\"\\/store\\/1\\/default_images\\/social\\/messenger.svg\",\"link\":\"https:\\/\\/twitter.com\\/\",\"order\":\"3\"},\"Facebook\":{\"title\":\"Facebook\",\"image\":\"\\/store\\/1\\/default_images\\/social\\/facebook.svg\",\"link\":\"https:\\/\\/www.facebook.com\\/\",\"order\":\"4\"}}'),
(4, 5, 'en', '{\"site_name\":\"Rocket LMS\",\"site_email\":\"mailer@rocket-soft.org\",\"site_phone\":\"415-716-1166\",\"site_language\":\"EN\",\"register_method\":\"email\",\"default_time_zone\":\"America\\/New_York\",\"date_format\":\"textual\",\"time_format\":\"24_hours\",\"user_languages\":[\"AR\",\"EN\",\"ES\"],\"rtl_languages\":[\"AR\"],\"fav_icon\":\"\\/store\\/1\\/favicon.png\",\"logo\":\"\\/store\\/1\\/default_images\\/logo.svg\",\"dark_mode_logo\":\"\\/store\\/1\\/default_images\\/logo-dark.svg\",\"rtl_layout\":\"0\",\"preloading\":\"1\",\"hero_section1\":\"0\",\"hero_section2\":\"1\",\"content_translate\":\"1\",\"app_debugbar\":\"0\"}'),
(5, 6, 'en', '{\"tax\":\"10\",\"minimum_payout\":\"50\",\"price_display\":\"only_price\",\"hide_disabled_payment_gateways\":\"0\"}'),
(6, 8, 'en', '{\"title\":\"Joy of learning & teaching...\",\"description\":\"Rocket LMS is a fully-featured educational platform that helps instructors to create and publish video courses, live classes, and text courses and earn money, and helps students to learn in the easiest way.\",\"hero_background\":\"\\/store\\/1\\/default_images\\/hero_1.jpg\"}'),
(7, 12, 'en', '{\"css\":null,\"js\":null}'),
(8, 14, 'en', '{\"admin_login\":\"\\/store\\/1\\/default_images\\/admin_login.jpg\",\"admin_dashboard\":\"\\/store\\/1\\/default_images\\/admin_dashboard.jpg\",\"login\":\"\\/store\\/1\\/default_images\\/front_login.jpg\",\"register\":\"\\/store\\/1\\/default_images\\/front_register.jpg\",\"remember_pass\":\"\\/store\\/1\\/default_images\\/password_recovery.jpg\",\"verification\":\"\\/store\\/1\\/default_images\\/verification.jpg\",\"search\":\"\\/store\\/1\\/default_images\\/search_cover.png\",\"tags\":\"\\/store\\/1\\/default_images\\/search_cover.png\",\"categories\":\"\\/store\\/1\\/default_images\\/category_cover.png\",\"become_instructor\":\"\\/store\\/1\\/default_images\\/become_instructor.jpg\",\"certificate_validation\":\"\\/store\\/1\\/default_images\\/certificate_validation.jpg\",\"blog\":\"\\/store\\/1\\/default_images\\/blogs_cover.png\",\"instructors\":\"\\/store\\/1\\/default_images\\/instructors_cover.png\",\"organizations\":\"\\/store\\/1\\/default_images\\/organizations_cover.png\",\"dashboard\":\"\\/store\\/1\\/dashboard.png\",\"user_cover\":\"\\/store\\/1\\/default_images\\/default_cover.jpg\",\"instructor_finder_wizard\":\"\\/store\\/1\\/default_images\\/instructor_finder_wizard.jpg\",\"products_lists\":\"\\/store\\/1\\/default_images\\/category_cover.png\",\"upcoming_courses_lists\":\"\\/store\\/1\\/default_images\\/category_cover.png\",\"user_default_signature\":\"\\/store\\/1\\/default_images\\/default_signature.jpg\"}'),
(9, 15, 'en', '{\"title\":\"Joy of learning & teaching...\",\"description\":\"Rocket LMS is a fully-featured educational platform that helps instructors to create and publish video courses, live classes, and text courses and earn money, and helps students to learn in the easiest way.\",\"hero_background\":\"\\/assets\\/default\\/img\\/home\\/world.png\",\"hero_vector\":\"\\/store\\/1\\/animated-header.json\",\"has_lottie\":\"1\"}'),
(10, 20, 'en', '[\"Inappropriate Course Content\",\"Inappropriate Behavior\",\"Policy Violation\",\"Spammy Content\",\"Other\"]'),
(11, 22, 'en', '{\"new_comment_admin\":\"7\",\"support_message_admin\":\"10\",\"support_message_replied_admin\":\"11\",\"promotion_plan_admin\":\"29\",\"new_contact_message\":\"26\",\"new_badge\":\"2\",\"change_user_group\":\"3\",\"course_created\":\"4\",\"course_approve\":\"5\",\"course_reject\":\"6\",\"new_comment\":\"7\",\"support_message\":\"8\",\"support_message_replied\":\"9\",\"new_rating\":\"17\",\"webinar_reminder\":\"27\",\"new_financial_document\":\"12\",\"payout_request\":\"13\",\"payout_proceed\":\"14\",\"offline_payment_request\":\"18\",\"offline_payment_approved\":\"19\",\"offline_payment_rejected\":\"20\",\"new_sales\":\"15\",\"new_purchase\":\"16\",\"new_subscribe_plan\":\"21\",\"promotion_plan\":\"28\",\"new_appointment\":\"22\",\"new_appointment_link\":\"23\",\"appointment_reminder\":\"24\",\"meeting_finished\":\"25\",\"new_certificate\":\"30\",\"waiting_quiz\":\"31\",\"waiting_quiz_result\":\"32\",\"payout_request_admin\":\"13\",\"product_new_sale\":\"33\",\"product_new_purchase\":\"34\",\"product_new_comment\":\"35\",\"product_tracking_code\":\"36\",\"product_new_rating\":\"37\",\"product_receive_shipment\":\"38\",\"product_out_of_stock\":\"39\",\"student_send_message\":\"40\",\"instructor_send_message\":\"41\",\"instructor_set_grade\":\"42\",\"send_post_in_topic\":\"44\",\"publish_instructor_blog_post\":\"45\",\"new_comment_for_instructor_blog_post\":\"46\",\"meeting_reserve_reminder\":\"47\",\"subscribe_reminder\":\"48\",\"reminder_gift_to_receipt\":\"52\",\"gift_sender_confirmation\":\"53\",\"gift_sender_notification\":\"54\",\"admin_gift_submission\":\"55\",\"admin_gift_sending_confirmation\":\"56\",\"reminder_installments_before_overdue\":\"57\",\"installment_due_reminder\":\"58\",\"reminder_installments_after_overdue\":\"59\",\"approve_installment_verification_request\":\"60\",\"reject_installment_verification_request\":\"61\",\"paid_installment_step\":\"62\",\"paid_installment_step_for_admin\":\"63\",\"paid_installment_upfront\":\"64\",\"installment_verification_request_sent\":\"65\",\"admin_installment_verification_request_sent\":\"66\",\"instalment_request_submitted\":\"67\",\"instalment_request_submitted_for_admin\":\"68\",\"upcoming_course_submission\":\"69\",\"upcoming_course_submission_for_admin\":\"70\",\"upcoming_course_approved\":\"71\",\"upcoming_course_rejected\":\"72\",\"upcoming_course_published\":\"73\",\"upcoming_course_followed\":\"74\",\"upcoming_course_published_for_followers\":\"75\",\"user_get_cashback\":\"76\",\"user_get_cashback_notification_for_admin\":\"77\",\"bundle_submission\":\"78\",\"bundle_submission_for_admin\":\"79\",\"bundle_approved\":\"80\",\"bundle_rejected\":\"81\",\"new_review_for_bundle\":\"82\",\"registration_bonus_achieved\":\"83\",\"registration_bonus_unlocked\":\"84\",\"registration_bonus_unlocked_for_admin\":\"85\",\"registration_package_activated\":\"86\",\"registration_package_activated_for_admin\":\"87\",\"registration_package_expired\":\"87\",\"contact_message_submission\":\"88\",\"contact_message_submission_for_admin\":\"89\",\"waitlist_submission\":\"90\",\"waitlist_submission_for_admin\":\"91\",\"new_referral_user\":\"92\",\"user_role_change\":\"97\",\"add_to_user_group\":\"98\",\"become_instructor_request_approved\":\"99\",\"become_instructor_request_rejected\":\"100\",\"new_question_in_forum\":\"101\",\"new_answer_in_forum\":\"102\",\"new_appointment_session\":\"103\",\"new_quiz\":\"93\",\"user_get_new_point\":\"94\",\"new_course_notice\":\"96\",\"new_registration\":\"104\",\"new_become_instructor_request\":\"105\",\"new_course_enrollment\":\"106\",\"new_forum_topic\":\"107\",\"new_report_item_for_admin\":\"108\",\"new_item_created\":\"109\",\"new_store_order\":\"110\",\"subscription_plan_activated\":\"111\",\"content_review_request\":\"112\",\"new_user_blog_post\":\"113\",\"new_user_item_rating\":\"114\",\"new_organization_user\":\"115\",\"user_wallet_charge\":\"116\",\"new_user_payout_request\":\"117\",\"new_offline_payment_request\":\"118\",\"user_access_to_content\":\"119\",\"submit_form_by_users\":\"120\",\"new_purchase_ticket_for_students\":\"124\",\"new_sale_ticket_for_provider\":\"125\",\"cancel_event_for_students\":\"126\",\"online_event_sessions_for_students\":\"127\",\"events_start_reminder\":\"123\",\"for_present_students\":\"129\",\"for_late_students\":\"130\",\"for_absent_students\":\"128\",\"reminder_before_expiration_subscribes\":\"131\",\"plan_not_renewed_due_to_lack_of_wallet_balance\":\"132\",\"auto_renewal_plan_with_wallet_balance\":\"133\",\"meeting_package_session_scheduled\":\"134\",\"meeting_package_session_generated_link\":\"135\",\"meeting_package_session_ended\":\"136\",\"user_purchased_meeting_package\":\"137\"}'),
(12, 23, 'en', '{\"540\":{\"title\":\"Qatar National Bank\",\"image\":\"\\/store\\/1\\/default_images\\/offline_payments\\/Qatar National Bank.png\",\"card_id\":\"2578-4910-3682-6288\",\"account_id\":\"38152294372\",\"iban\":\"QA66QUWW934528129454345775226\"},\"334\":{\"title\":\"State Bank of India\",\"image\":\"\\/store\\/1\\/default_images\\/offline_payments\\/State Bank of India.png\",\"card_id\":\"6282-4518-1237-7641\",\"account_id\":\"56238341127\",\"iban\":\"IN37ABNA2422193788\"},\"jhgDW\":{\"title\":\"JPMorgan\",\"image\":\"\\/store\\/1\\/default_images\\/offline_payments\\/jpmorgan.png\",\"card_id\":\"5012-4518-1772-8911\",\"account_id\":\"46237751125\",\"iban\":\"NL37ABNA2423554788\"}}'),
(13, 24, 'en', '{\"phones\":\"415-716-1166 , 415-716-1167\",\"emails\":\"mail@lms.rocket-soft.org , info@lms.rocket-soft.org\",\"address\":\"4193 Roosevelt Street\\r\\nSan Francisco, CA 94103\\r\\n\\r\\n1812 Downtown Street\\r\\nSan Francisco, CA 94103\",\"latitude\":\"43.46150279436183\",\"longitude\":\"11.854462623596191\",\"map_zoom\":\"16\",\"additional_information_title\":\"Contact Time\",\"additional_information_subtitle\":\"Saturday to Thursday 18-19\\r\\nWe will try to answer messages lastly in 72 hours\",\"additional_information_image\":\"\\/store\\/1\\/themes\\/general\\/contact_icon.png\"}'),
(14, 25, 'en', '{\"latest_classes\":\"1\",\"best_sellers\":\"1\",\"free_classes\":\"1\",\"discount_classes\":\"1\",\"best_rates\":\"1\",\"trend_categories\":\"1\",\"testimonials\":\"1\",\"subscribes\":\"1\",\"blog\":\"1\",\"organizations\":\"1\",\"instructors\":\"1\",\"video_or_image_section\":\"1\",\"find_instructors\":\"1\",\"reward_program\":\"1\"}'),
(15, 26, 'en', '{\"02nh9a\":{\"title\":\"Home\",\"link\":\"\\/\",\"order\":\"1\"},\"1cH2kF\":{\"title\":\"Courses\",\"link\":\"\\/classes?sort=newest\",\"order\":\"2\"},\"gGf8Lv\":{\"title\":\"Instructors\",\"link\":\"\\/instructor-finder\",\"order\":\"3\"},\"Uo5b2v\":{\"title\":\"Store\",\"link\":\"\\/products\",\"order\":\"4\"},\"Wnq5Qb\":{\"title\":\"Forums\",\"link\":\"\\/forums\",\"order\":\"5\"},\"L6sBfp\":{\"title\":\"Events\",\"link\":\"\\/events\",\"order\":\"6\"}}'),
(16, 27, 'en', '{\"link\":\"\\/classes\",\"title\":\"Start learning anywhere, anytime...\",\"description\":\"Use Rocket LMS to access high-quality education materials without any limitations in the easiest way.\",\"background\":\"\\/store\\/1\\/default_images\\/home_video_section.png\"}'),
(17, 28, 'en', '{\"image\":\"\\/store\\/1\\/themes\\/general\\/error_pages\\/404_error.svg\",\"title\":\"Page Not Found\",\"description\":\"The page you\'re looking for doesn\'t exist or was removed...\",\"button\":{\"title\":\"Back to Home\",\"link\":\"\\/\"},\"right_float_image\":\"\\/store\\/1\\/themes\\/general\\/error_pages\\/warning_floating.png\"}'),
(18, 29, 'en', '{\"link\":\"\\/classes?sort=newest\",\"background\":\"\\/store\\/1\\/themes\\/general\\/sidebar_banner.png\"}'),
(19, 30, 'en', '{\"status\":\"1\",\"users_affiliate_status\":\"1\",\"affiliate_user_commission\":\"5\",\"store_affiliate_user_commission\":\"5\",\"affiliate_user_amount\":\"20\",\"referred_user_amount\":\"10\",\"referral_description\":\"You can share your affiliate URL you will get the above rewards when a user uses the platform.\"}'),
(20, 4, 'en', '{\"first_column\":{\"title\":\"About US\",\"value\":\"<p><font color=\\\"#ffffff\\\">Rocket LMS is a fully-featured learning management system that helps you to run your education business in several hours. This platform helps instructors to create professional education materials and helps students to learn from the best instructors.<\\/font><\\/p>\"},\"second_column\":{\"title\":\"Additional Links\",\"value\":\"<p><a href=\\\"\\/login\\\"><font color=\\\"#ffffff\\\">- Login<\\/font><\\/a><\\/p><p><font color=\\\"#ffffff\\\"><a href=\\\"\\/register\\\"><font color=\\\"#ffffff\\\">- Register<\\/font><\\/a><br><\\/font><\\/p><p><a href=\\\"\\/blog\\\"><font color=\\\"#ffffff\\\">- Blog<\\/font><\\/a><\\/p><p><a href=\\\"\\/contact\\\"><font color=\\\"#ffffff\\\">- Contact us<\\/font><\\/a><\\/p><p><font color=\\\"#ffffff\\\"><a href=\\\"\\/certificate_validation\\\"><font color=\\\"#ffffff\\\">- Certificate validation<\\/font><\\/a><br><\\/font><\\/p><p><font color=\\\"#ffffff\\\"><a href=\\\"\\/become-instructor\\\"><font color=\\\"#ffffff\\\">- Become instructor<\\/font><\\/a><br><\\/font><\\/p><p><a href=\\\"\\/pages\\/terms\\\"><font color=\\\"#ffffff\\\">- Terms &amp; rules<\\/font><\\/a><\\/p><p><a href=\\\"\\/pages\\/about\\\"><font color=\\\"#ffffff\\\">- About us<\\/font><\\/a><br><\\/p>\"},\"third_column\":{\"title\":\"Similar Businesses\",\"value\":\"<p><a href=\\\"https:\\/\\/www.udemy.com\\/\\\" target=\\\"_blank\\\"><font color=\\\"#ffffff\\\">- Udemy<\\/font><\\/a><\\/p><p><a href=\\\"https:\\/\\/www.skillshare.com\\/\\\" target=\\\"_blank\\\"><font color=\\\"#ffffff\\\">- Skillshare<\\/font><\\/a><\\/p><p><a href=\\\"https:\\/\\/www.coursera.org\\/\\\" target=\\\"_blank\\\"><font color=\\\"#ffffff\\\">- Coursera<\\/font><\\/a><\\/p><p><a href=\\\"https:\\/\\/www.linkedin.com\\/learning\\/\\\" target=\\\"_blank\\\"><font color=\\\"#ffffff\\\">- Lynda<\\/font><\\/a><\\/p><p><a href=\\\"https:\\/\\/www.skillsoft.com\\/\\\" target=\\\"_blank\\\"><font color=\\\"#ffffff\\\">- Skillsoft<\\/font><\\/a><\\/p><p><a href=\\\"https:\\/\\/www.udacity.com\\/\\\" target=\\\"_blank\\\"><font color=\\\"#ffffff\\\">- Udacity<\\/font><\\/a><\\/p><p><a href=\\\"https:\\/\\/www.edx.org\\/\\\" target=\\\"_blank\\\"><font color=\\\"#ffffff\\\">- edX<\\/font><\\/a><\\/p><p><a href=\\\"https:\\/\\/www.masterclass.com\\/\\\" target=\\\"_blank\\\"><font color=\\\"#ffffff\\\">- Masterclass<\\/font><\\/a><br><\\/p>\"},\"forth_column\":{\"title\":\"Purchase Rocket LMS\",\"value\":\"<p><a title=\\\"Notnt\\\" href=\\\"https:\\/\\/codecanyon.net\\\"><img style=\\\"width: 200px;\\\" src=\\\"\\/store\\/1\\/default_images\\/envato.png\\\"><\\/a><\\/p>\"}}'),
(31, 4, 'ar', '{\"first_column\":{\"title\":\"\\u0645\\u0639\\u0644\\u0648\\u0645\\u0627\\u062a \\u0639\\u0646\\u0627\",\"value\":\"<p><font color=\\\"#ffffff\\\">Rocket LMS \\u0647\\u0648 \\u0646\\u0638\\u0627\\u0645 \\u0625\\u062f\\u0627\\u0631\\u0629 \\u062a\\u0639\\u0644\\u0645 \\u0643\\u0627\\u0645\\u0644 \\u0627\\u0644\\u0645\\u064a\\u0632\\u0627\\u062a \\u064a\\u0633\\u0627\\u0639\\u062f\\u0643 \\u0639\\u0644\\u0649 \\u0625\\u062f\\u0627\\u0631\\u0629 \\u0623\\u0639\\u0645\\u0627\\u0644\\u0643 \\u0627\\u0644\\u062a\\u0639\\u0644\\u064a\\u0645\\u064a\\u0629 \\u0641\\u064a \\u0639\\u062f\\u0629 \\u0633\\u0627\\u0639\\u0627\\u062a. \\u062a\\u0633\\u0627\\u0639\\u062f \\u0647\\u0630\\u0647 \\u0627\\u0644\\u0645\\u0646\\u0635\\u0629 \\u0627\\u0644\\u0645\\u0639\\u0644\\u0645\\u064a\\u0646 \\u0639\\u0644\\u0649 \\u0625\\u0646\\u0634\\u0627\\u0621 \\u0645\\u0648\\u0627\\u062f \\u062a\\u0639\\u0644\\u064a\\u0645\\u064a\\u0629 \\u0627\\u062d\\u062a\\u0631\\u0627\\u0641\\u064a\\u0629 \\u0648\\u062a\\u0633\\u0627\\u0639\\u062f \\u0627\\u0644\\u0637\\u0644\\u0627\\u0628 \\u0639\\u0644\\u0649 \\u0627\\u0644\\u062a\\u0639\\u0644\\u0645 \\u0645\\u0646 \\u0623\\u0641\\u0636\\u0644 \\u0627\\u0644\\u0645\\u062f\\u0631\\u0628\\u064a\\u0646.<\\/font><\\/p>\"},\"second_column\":{\"title\":\"\\u0631\\u0648\\u0627\\u0628\\u0637 \\u0625\\u0636\\u0627\\u0641\\u064a\\u0629\",\"value\":\"<p><a href=\\\"\\/login\\\"><span style=\\\"color: #ffffff;\\\">- \\u062a\\u0633\\u062c\\u064a\\u0644 \\u0627\\u0644\\u062f\\u062e\\u0648\\u0644<\\/span><\\/a><\\/p>\\r\\n<p><span style=\\\"color: #ffffff;\\\"><a href=\\\"\\/register\\\"><span style=\\\"color: #ffffff;\\\">- \\u062a\\u0633\\u062c\\u064a\\u0644<\\/span><\\/a><br><\\/span><\\/p>\\r\\n<p><a href=\\\"\\/blog\\\"><span style=\\\"color: #ffffff;\\\">- \\u0645\\u0642\\u0627\\u0644\\u0627\\u062a<\\/span><\\/a><\\/p>\\r\\n<p><a href=\\\"\\/contact\\\"><span style=\\\"color: #ffffff;\\\">- \\u0627\\u062a\\u0635\\u0644 \\u0628\\u0646\\u0627<\\/span><\\/a><\\/p>\\r\\n<p><span style=\\\"color: #ffffff;\\\"><a href=\\\"\\/certificate_validation\\\"><span style=\\\"color: #ffffff;\\\">- \\u0627\\u0644\\u062a\\u062d\\u0642\\u0642 \\u0645\\u0646 \\u0635\\u062d\\u0629 \\u0627\\u0644\\u0634\\u0647\\u0627\\u062f\\u0629<\\/span><\\/a><br><\\/span><\\/p>\\r\\n<p><span style=\\\"color: #ffffff;\\\"><a href=\\\"\\/become-instructor\\\"><span style=\\\"color: #ffffff;\\\">- \\u0623\\u0635\\u0628\\u062d \\u0645\\u062f\\u0631\\u0628\\u0627<\\/span><\\/a><br><\\/span><\\/p>\\r\\n<p><a href=\\\"\\/pages\\/terms\\\"><span style=\\\"color: #ffffff;\\\">- \\u0627\\u0644\\u0634\\u0631\\u0648\\u0637 \\u0648\\u0627\\u0644\\u0642\\u0648\\u0627\\u0639\\u062f<\\/span><\\/a><\\/p>\\r\\n<p><a href=\\\"\\/pages\\/about\\\"><span style=\\\"color: #ffffff;\\\">- \\u0645\\u0639\\u0644\\u0648\\u0645\\u0627\\u062a \\u0639\\u0646\\u0627<\\/span><\\/a><\\/p>\"},\"third_column\":{\"title\":\"\\u0623\\u0639\\u0645\\u0627\\u0644 \\u0645\\u0645\\u0627\\u062b\\u0644\\u0629\",\"value\":\"<p><a href=\\\"https:\\/\\/www.udemy.com\\/\\\" target=\\\"_blank\\\"><font color=\\\"#ffffff\\\">- \\u064a\\u0648\\u062f\\u0645\\u064a<\\/font><\\/a><\\/p><p><a href=\\\"https:\\/\\/www.skillshare.com\\/\\\" target=\\\"_blank\\\"><font color=\\\"#ffffff\\\">- \\u0627\\u0633\\u06a9\\u06cc\\u0644 \\u0634\\u06cc\\u0631<\\/font><\\/a><\\/p><p><a href=\\\"https:\\/\\/www.coursera.org\\/\\\" target=\\\"_blank\\\"><font color=\\\"#ffffff\\\">- \\u0643\\u0631\\u0633 \\u0627\\u064a\\u0631\\u0627<\\/font><\\/a><\\/p><p><a href=\\\"https:\\/\\/www.linkedin.com\\/learning\\/\\\" target=\\\"_blank\\\"><font color=\\\"#ffffff\\\">- \\u0644\\u06cc\\u0646\\u062f\\u0627<\\/font><\\/a><\\/p><p><a href=\\\"https:\\/\\/www.skillsoft.com\\/\\\" target=\\\"_blank\\\"><font color=\\\"#ffffff\\\">- \\u0627\\u0633\\u0643\\u064a\\u0644 \\u0633\\u0641\\u062a<\\/font><\\/a><\\/p><p><a href=\\\"https:\\/\\/www.udacity.com\\/\\\" target=\\\"_blank\\\"><font color=\\\"#ffffff\\\">- \\u0627\\u0648\\u062f\\u0627\\u0633\\u064a\\u062a\\u064a<\\/font><\\/a><\\/p><p><a href=\\\"https:\\/\\/www.edx.org\\/\\\" target=\\\"_blank\\\"><font color=\\\"#ffffff\\\">\\u0627\\u062f\\u0643\\u0633<\\/font><\\/a><\\/p><p><a href=\\\"https:\\/\\/www.masterclass.com\\/\\\" target=\\\"_blank\\\"><font color=\\\"#ffffff\\\">- \\u0645\\u0633\\u062a\\u0631 \\u0643\\u0644\\u0633<\\/font><\\/a><br><\\/p>\"},\"forth_column\":{\"title\":\"\\u0642\\u0645 \\u0628\\u0634\\u0631\\u0627\\u0621 Rocket LMS\",\"value\":\"<p><a title=\\\"Notnt\\\" href=\\\"https:\\/\\/codecanyon.net\\\"><img style=\\\"width: 200px;\\\" src=\\\"\\/store\\/1\\/default_images\\/envato.png\\\"><\\/a><\\/p>\"}}'),
(32, 31, 'en', '{\"agora_resolution\":null,\"agora_max_bitrate\":\"2260\",\"agora_min_bitrate\":\"1130\",\"agora_frame_rate\":\"15\",\"agora_live_streaming\":\"1\",\"agora_chat\":\"1\",\"agora_in_free_courses\":\"1\",\"agora_for_meeting\":\"1\",\"agora_for_events\":\"1\",\"meeting_live_stream_type\":\"single\",\"course_live_stream_type\":\"single\",\"agora_app_id\":\"4187b17775c147e581c4a6baead28795\",\"agora_app_certificate\":\"6bb34a15b8274ccbb571d918eb47733e\",\"new_interactive_file\":\"1\",\"timezone_in_register\":\"1\",\"timezone_in_create_webinar\":\"1\",\"sequence_content_status\":\"1\",\"webinar_assignment_status\":\"1\",\"free_mode\":\"0\",\"free_mode_show_price\":\"0\",\"free_mode_show_cart\":\"0\",\"webinar_private_content_status\":\"0\",\"disable_view_content_after_user_register\":\"0\",\"course_forum_status\":\"1\",\"direct_classes_payment_button_status\":\"1\",\"direct_bundles_payment_button_status\":\"1\",\"direct_products_payment_button_status\":\"1\",\"cookie_settings_status\":\"0\",\"mobile_app_status\":\"0\",\"maintenance_status\":\"0\",\"maintenance_access_key\":\"key\",\"extra_time_to_join_status\":\"1\",\"extra_time_to_join_default_value\":\"20\",\"show_other_register_method\":\"1\",\"show_certificate_additional_in_register\":\"0\",\"show_google_login_button\":\"1\",\"show_facebook_login_button\":\"1\",\"google_client_id\":\"288945949646-a8shhf85uq7cnphm6j91j6rbqmkf96gg.apps.googleusercontent.com\",\"google_client_secret\":\"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\",\"facebook_client_id\":\"2985767031660953\",\"facebook_client_secret\":\"7a33bbfc0433bf327424f6f83e621cf5\",\"show_live_chat_widget\":\"0\",\"cashback_active\":\"1\",\"display_cashback_notice_in_the_product_page\":\"1\",\"display_minimum_amount_cashback_notices\":\"1\",\"available_session_apis\":[\"local\",\"big_blue_button\",\"zoom\",\"agora\",\"jitsi\"],\"available_sources\":[\"upload\",\"youtube\",\"vimeo\",\"external_link\",\"google_drive\",\"iframe\",\"s3\",\"secure_host\"],\"bunny_configs\":[],\"select_the_role_during_registration\":[\"teacher\",\"organization\"],\"waitlist_status\":\"1\",\"upcoming_courses_status\":\"1\",\"user_register_form\":null,\"instructor_register_form\":null,\"organization_register_form\":null,\"become_instructor_form\":null,\"become_organization_form\":null,\"frontend_coupons_status\":\"1\",\"frontend_coupons_display_type\":\"before_content\",\"course_notes_status\":\"1\",\"course_notes_attachment\":\"1\",\"course_recent_reviews_status\":\"1\",\"zoom_client_id\":\"kh4Xaxx0TJ6SjjJumpoaVQ\",\"zoom_client_secret\":\"iU8L61iCcJtZ3I58MGNCwQOsQ6m1ibn4\",\"zoom_account_id\":\"WUoOVO8YQJ-DshXFGlGRAQ\",\"bigbluebutton_server_base_url\":null,\"bigbluebutton_security_salt\":null,\"jitsi_live_url\":null}'),
(33, 32, 'en', '{\"image\":\"\\/store\\/1\\/default_images\\/home_sections_banners\\/instructor_finder_banner.jpg\",\"title\":\"Find the best instructor\",\"description\":\"Looking for an instructor? Find the best instructors according to different parameters like gender, skill level, price, meeting type, rating, etc.\\r\\nFind instructors on the map.\",\"button1\":{\"title\":\"Tutor Finder\",\"link\":\"\\/instructor-finder\\/wizard\"},\"button2\":{\"title\":\"Tutors on Map\",\"link\":\"\\/instructor-finder\"}}'),
(34, 33, 'en', '{\"image\":\"\\/store\\/1\\/default_images\\/home_sections_banners\\/club_points_banner.png\",\"title\":\"Win Club Points\",\"description\":\"Use Rocket LMS and win club points according to different activities.\\r\\nYou will be able to use your club points to get free prizes and courses. Start using the system now and collect points!\",\"button1\":{\"title\":\"Rewards\",\"link\":\"\\/reward-courses\"},\"button2\":{\"title\":\"Points Club\",\"link\":\"\\/panel\\/rewards\"}}'),
(35, 34, 'en', '{\"status\":\"1\",\"exchangeable\":\"1\",\"exchangeable_unit\":\"200\",\"want_more_points_link\":\"\\/pages\\/reward_points_system\"}'),
(38, 37, 'en', '{\"status\":\"1\",\"show_packages_during_registration\":\"1\",\"force_user_to_select_a_package\":\"0\",\"enable_home_section\":\"1\",\"right_float_image\":\"\\/store\\/1\\/themes\\/general\\/saas_overlay.png\"}'),
(39, 38, 'en', '{\"status\":\"1\",\"courses_capacity\":\"50\",\"courses_count\":\"15\",\"meeting_count\":\"30\",\"product_count\":\"10\",\"icon\":null}'),
(40, 39, 'en', '{\"status\":\"1\",\"instructors_count\":\"5\",\"students_count\":\"30\",\"courses_capacity\":\"60\",\"courses_count\":\"20\",\"meeting_count\":\"50\",\"product_count\":\"10\",\"icon\":null}'),
(41, 40, 'en', '{\"image\":\"\\/store\\/1\\/default_images\\/home_sections_banners\\/become_instructor_banner.jpg\",\"title\":\"Become an instructor\",\"description\":\"Are you interested to be a part of our community?\\r\\nYou can be a part of our community by signing up as an instructor or organization.\",\"button1\":{\"title\":\"Become an Instructor\",\"link\":\"\\/become-instructor\"},\"button2\":{\"title\":\"Registration Packages\",\"link\":\"become-instructor\\/packages\\/\"}}'),
(42, 8, 'ar', '{\"title\":\"\\u0645\\u062a\\u0639\\u0629 \\u0627\\u0644\\u062a\\u0639\\u0644\\u0645 \\u0648\\u0627\\u0644\\u062a\\u0639\\u0644\\u064a\\u0645 ...\",\"description\":\"Rocket LMS \\u0639\\u0628\\u0627\\u0631\\u0629 \\u0639\\u0646 \\u0646\\u0638\\u0627\\u0645 \\u0623\\u0633\\u0627\\u0633\\u064a \\u062a\\u0639\\u0644\\u064a\\u0645\\u064a \\u0643\\u0627\\u0645\\u0644 \\u0627\\u0644\\u0645\\u064a\\u0632\\u0627\\u062a \\u064a\\u0633\\u0627\\u0639\\u062f \\u0627\\u0644\\u0645\\u062f\\u0631\\u0628\\u064a\\u0646 \\u0639\\u0644\\u0649 \\u0625\\u0646\\u0634\\u0627\\u0621 \\u0648\\u0646\\u0634\\u0631 \\u062f\\u0648\\u0631\\u0627\\u062a \\u0641\\u064a\\u062f\\u064a\\u0648 \\u0648\\u0641\\u0635\\u0648\\u0644 \\u0645\\u0628\\u0627\\u0634\\u0631\\u0629 \\u0648\\u062f\\u0648\\u0631\\u0627\\u062a \\u0646\\u0635\\u064a\\u0629 \\u0648\\u0643\\u0633\\u0628 \\u0627\\u0644\\u0645\\u0627\\u0644 \\u060c \\u0648\\u064a\\u0633\\u0627\\u0639\\u062f \\u0627\\u0644\\u0637\\u0644\\u0627\\u0628 \\u0639\\u0644\\u0649 \\u0627\\u0644\\u062a\\u0639\\u0644\\u0645 \\u0628\\u0623\\u0633\\u0647\\u0644 \\u0637\\u0631\\u064a\\u0642\\u0629.\",\"hero_background\":\"\\/store\\/1\\/default_images\\/hero_1.jpg\"}'),
(43, 8, 'es', '{\"title\":\"Alegr\\u00eda de aprender y ense\\u00f1ar ...\",\"description\":\"Rocket LMS es una plataforma educativa con todas las funciones que ayuda a los instructores a crear y publicar cursos de video, clases en vivo y cursos de texto y ganar dinero, y ayuda a los estudiantes a aprender de la manera m\\u00e1s f\\u00e1cil.\",\"hero_background\":\"\\/store\\/1\\/default_images\\/hero_1.jpg\"}'),
(44, 15, 'ar', '{\"title\":\"\\u0645\\u062a\\u0639\\u0629 \\u0627\\u0644\\u062a\\u0639\\u0644\\u0645 \\u0648\\u0627\\u0644\\u062a\\u0639\\u0644\\u064a\\u0645 ...\",\"description\":\"Rocket LMS \\u0639\\u0628\\u0627\\u0631\\u0629 \\u0639\\u0646 \\u0646\\u0638\\u0627\\u0645 \\u0623\\u0633\\u0627\\u0633\\u064a \\u062a\\u0639\\u0644\\u064a\\u0645\\u064a \\u0643\\u0627\\u0645\\u0644 \\u0627\\u0644\\u0645\\u064a\\u0632\\u0627\\u062a \\u064a\\u0633\\u0627\\u0639\\u062f \\u0627\\u0644\\u0645\\u062f\\u0631\\u0628\\u064a\\u0646 \\u0639\\u0644\\u0649 \\u0625\\u0646\\u0634\\u0627\\u0621 \\u0648\\u0646\\u0634\\u0631 \\u062f\\u0648\\u0631\\u0627\\u062a \\u0641\\u064a\\u062f\\u064a\\u0648 \\u0648\\u0641\\u0635\\u0648\\u0644 \\u0645\\u0628\\u0627\\u0634\\u0631\\u0629 \\u0648\\u062f\\u0648\\u0631\\u0627\\u062a \\u0646\\u0635\\u064a\\u0629 \\u0648\\u0643\\u0633\\u0628 \\u0627\\u0644\\u0645\\u0627\\u0644 \\u060c \\u0648\\u064a\\u0633\\u0627\\u0639\\u062f \\u0627\\u0644\\u0637\\u0644\\u0627\\u0628 \\u0639\\u0644\\u0649 \\u0627\\u0644\\u062a\\u0639\\u0644\\u0645 \\u0628\\u0623\\u0633\\u0647\\u0644 \\u0637\\u0631\\u064a\\u0642\\u0629.\",\"hero_background\":\"\\/assets\\/default\\/img\\/home\\/world.png\",\"hero_vector\":\"\\/store\\/1\\/animated-header.json\",\"has_lottie\":\"1\"}'),
(45, 15, 'es', '{\"title\":\"Alegr\\u00eda de aprender y ense\\u00f1ar ...\",\"description\":\"Rocket LMS es una plataforma educativa con todas las funciones que ayuda a los instructores a crear y publicar cursos de video, clases en vivo y cursos de texto y ganar dinero, y ayuda a los estudiantes a aprender de la manera m\\u00e1s f\\u00e1cil.\",\"hero_background\":\"\\/assets\\/default\\/img\\/home\\/world.png\",\"hero_vector\":\"\\/store\\/1\\/animated-header.json\",\"has_lottie\":\"1\"}'),
(46, 27, 'ar', '{\"link\":\"\\/classes\",\"title\":\"\\u0627\\u0628\\u062f\\u0623 \\u0627\\u0644\\u062a\\u0639\\u0644\\u0645 \\u0641\\u064a \\u0623\\u064a \\u0645\\u0643\\u0627\\u0646 \\u0648\\u0641\\u064a \\u0623\\u064a \\u0648\\u0642\\u062a ...\",\"description\":\"\\u0627\\u0633\\u062a\\u062e\\u062f\\u0645 Rocket LMS \\u0644\\u0644\\u0648\\u0635\\u0648\\u0644 \\u0625\\u0644\\u0649 \\u0645\\u0648\\u0627\\u062f \\u062a\\u0639\\u0644\\u064a\\u0645\\u064a\\u0629 \\u0639\\u0627\\u0644\\u064a\\u0629 \\u0627\\u0644\\u062c\\u0648\\u062f\\u0629 \\u062f\\u0648\\u0646 \\u0623\\u064a \\u0642\\u064a\\u0648\\u062f \\u0648\\u0628\\u0623\\u0633\\u0647\\u0644 \\u0637\\u0631\\u064a\\u0642\\u0629.\",\"background\":\"\\/store\\/1\\/default_images\\/home_video_section.png\"}'),
(47, 27, 'es', '{\"link\":\"\\/classes\",\"title\":\"Empiece a aprender en cualquier lugar, en cualquier momento ...\",\"description\":\"Utilice Rocket LMS para acceder a materiales educativos de alta calidad sin limitaciones de la forma m\\u00e1s sencilla.\",\"background\":\"\\/store\\/1\\/default_images\\/home_video_section.png\"}'),
(48, 29, 'ar', '{\"link\":\"\\/classes?sort=newest\",\"background\":\"\\/store\\/1\\/sidebar-user-ar.png\"}'),
(49, 29, 'es', '{\"link\":\"\\/classes?sort=newest\",\"background\":\"\\/store\\/1\\/sidebar-user-sp.png\"}'),
(50, 4, 'es', '{\"first_column\":{\"title\":\"Sobre Nosotras\",\"value\":\"<p><font color=\\\"#ffffff\\\">Rocket LMS es un sistema de gesti\\u00f3n de aprendizaje con todas las funciones que le ayuda a gestionar su negocio educativo en varias horas. Esta plataforma ayuda a los instructores a crear materiales educativos profesionales y ayuda a los estudiantes a aprender de los mejores instructores.<\\/font><\\/p>\"},\"second_column\":{\"title\":\"Enlaces Adicionales\",\"value\":\"<p><a href=\\\"\\/login\\\"><span style=\\\"color: #ffffff;\\\">- Acceso<\\/span><\\/a><\\/p>\\r\\n<p><span style=\\\"color: #ffffff;\\\"><a href=\\\"\\/register\\\"><span style=\\\"color: #ffffff;\\\">- Registrarse<\\/span><\\/a><br><\\/span><\\/p>\\r\\n<p><a href=\\\"\\/blog\\\"><span style=\\\"color: #ffffff;\\\">- Blog<\\/span><\\/a><\\/p>\\r\\n<p><a href=\\\"\\/contact\\\"><span style=\\\"color: #ffffff;\\\">- Contacta con nosotras<\\/span><\\/a><\\/p>\\r\\n<p><span style=\\\"color: #ffffff;\\\"><a href=\\\"\\/certificate_validation\\\"><span style=\\\"color: #ffffff;\\\">- Validaci\\u00f3n de certificado<\\/span><\\/a><br><\\/span><\\/p>\\r\\n<p><span style=\\\"color: #ffffff;\\\"><a href=\\\"\\/become-instructor\\\"><span style=\\\"color: #ffffff;\\\">- Convi\\u00e9rtete en instructor<\\/span><\\/a><br><\\/span><\\/p>\\r\\n<p><a href=\\\"\\/pages\\/terms\\\"><span style=\\\"color: #ffffff;\\\">- T\\u00e9rminos y reglas<\\/span><\\/a><\\/p>\\r\\n<p><a href=\\\"\\/pages\\/about\\\"><span style=\\\"color: #ffffff;\\\">- Sobre nosotras<\\/span><\\/a><\\/p>\"},\"third_column\":{\"title\":\"Negocios Similares\",\"value\":\"<p><a href=\\\"https:\\/\\/www.udemy.com\\/\\\" target=\\\"_blank\\\"><font color=\\\"#ffffff\\\">- Udemy<\\/font><\\/a><\\/p><p><a href=\\\"https:\\/\\/www.skillshare.com\\/\\\" target=\\\"_blank\\\"><font color=\\\"#ffffff\\\">- Skillshare<\\/font><\\/a><\\/p><p><a href=\\\"https:\\/\\/www.coursera.org\\/\\\" target=\\\"_blank\\\"><font color=\\\"#ffffff\\\">- Coursera<\\/font><\\/a><\\/p><p><a href=\\\"https:\\/\\/www.linkedin.com\\/learning\\/\\\" target=\\\"_blank\\\"><font color=\\\"#ffffff\\\">- Lynda<\\/font><\\/a><\\/p><p><a href=\\\"https:\\/\\/www.skillsoft.com\\/\\\" target=\\\"_blank\\\"><font color=\\\"#ffffff\\\">- Skillsoft<\\/font><\\/a><\\/p><p><a href=\\\"https:\\/\\/www.udacity.com\\/\\\" target=\\\"_blank\\\"><font color=\\\"#ffffff\\\">- Udacity<\\/font><\\/a><\\/p><p><a href=\\\"https:\\/\\/www.edx.org\\/\\\" target=\\\"_blank\\\"><font color=\\\"#ffffff\\\">- edX<\\/font><\\/a><\\/p><p><a href=\\\"https:\\/\\/www.masterclass.com\\/\\\" target=\\\"_blank\\\"><font color=\\\"#ffffff\\\">- Masterclass<\\/font><\\/a><br><\\/p>\"},\"forth_column\":{\"title\":\"Compra Rocket LMS\",\"value\":\"<p><a title=\\\"Notnt\\\" href=\\\"https:\\/\\/codecanyon.net\\\"><img style=\\\"width: 200px;\\\" src=\\\"\\/store\\/1\\/default_images\\/envato.png\\\"><\\/a><\\/p>\"}}'),
(51, 26, 'es', '{\"02nh9a\":{\"title\":\"hogar\",\"link\":\"\\/\",\"order\":\"1\"},\"1cH2kF\":{\"title\":\"Cursos\",\"link\":\"\\/classes?sort=newest\",\"order\":\"2\"},\"gGf8Lv\":{\"title\":\"Instructoras\",\"link\":\"\\/instructor-finder\",\"order\":\"3\"},\"VBxDrB\":{\"title\":\"Blog\",\"link\":\"\\/blog\",\"order\":\"4\"},\"Uo5b2v\":{\"title\":\"Tienda\",\"link\":\"\\/products\",\"order\":\"4\"},\"Wnq5Qb\":{\"title\":\"Foros\",\"link\":\"\\/forums\",\"order\":\"5\"}}'),
(52, 26, 'ar', '{\"02nh9a\":{\"title\":\"\\u0627\\u0644\\u0635\\u0641\\u062d\\u0629 \\u0627\\u0644\\u0631\\u0626\\u064a\\u0633\\u064a\\u0629\",\"link\":\"\\/\",\"order\":\"1\"},\"1cH2kF\":{\"title\":\"\\u0627\\u0644\\u062f\\u0648\\u0631\\u0627\\u062a\",\"link\":\"\\/classes?sort=newest\",\"order\":\"2\"},\"gGf8Lv\":{\"title\":\"\\u0627\\u0644\\u0645\\u062f\\u0631\\u0628\\u064a\\u0646\",\"link\":\"\\/instructor-finder\",\"order\":\"3\"},\"Uo5b2v\":{\"title\":\"\\u0645\\u062a\\u062c\\u0631\",\"link\":\"\\/products\",\"order\":\"4\"},\"Wnq5Qb\":{\"title\":\"\\u0627\\u0644\\u0645\\u0646\\u062a\\u062f\\u064a\\u0627\\u062a\",\"link\":\"\\/forums\",\"order\":\"5\"}}'),
(53, 32, 'ar', '{\"image\":\"\\/store\\/1\\/default_images\\/home_sections_banners\\/instructor_finder_banner.jpg\",\"title\":\"\\u0627\\u0639\\u062b\\u0631 \\u0639\\u0644\\u0649 \\u0623\\u0641\\u0636\\u0644 \\u0645\\u062f\\u0631\\u0628\",\"description\":\"\\u062a\\u0628\\u062d\\u062b \\u0639\\u0646 \\u0645\\u062f\\u0631\\u0628\\u061f \\u0627\\u0639\\u062b\\u0631 \\u0639\\u0644\\u0649 \\u0623\\u0641\\u0636\\u0644 \\u0627\\u0644\\u0645\\u062f\\u0631\\u0628\\u064a\\u0646 \\u0648\\u0641\\u0642\\u064b\\u0627 \\u0644\\u0645\\u0639\\u0627\\u064a\\u064a\\u0631 \\u0645\\u062e\\u062a\\u0644\\u0641\\u0629 \\u0645\\u062b\\u0644 \\u0627\\u0644\\u062c\\u0646\\u0633 \\u0648\\u0645\\u0633\\u062a\\u0648\\u0649 \\u0627\\u0644\\u0645\\u0647\\u0627\\u0631\\u0629 \\u0648\\u0627\\u0644\\u0633\\u0639\\u0631 \\u0648\\u0646\\u0648\\u0639 \\u0627\\u0644\\u0627\\u062c\\u062a\\u0645\\u0627\\u0639 \\u0648\\u0627\\u0644\\u062a\\u0642\\u064a\\u064a\\u0645 \\u0648\\u0645\\u0627 \\u0625\\u0644\\u0649 \\u0630\\u0644\\u0643.\\r\\n\\u0627\\u0628\\u062d\\u062b \\u0639\\u0646 \\u0645\\u062f\\u0631\\u0628\\u064a\\u0646 \\u0639\\u0644\\u0649 \\u0627\\u0644\\u062e\\u0631\\u064a\\u0637\\u0629.\",\"button1\":{\"title\":\"\\u0627\\u0644\\u0628\\u0627\\u062d\\u062b \\u0639\\u0646 \\u0627\\u0644\\u0645\\u0639\\u0644\\u0645\",\"link\":\"\\/instructor-finder\\/wizard\"},\"button2\":{\"title\":\"\\u0645\\u062f\\u0631\\u0633\\u0648\\u0646 \\u0639\\u0644\\u0649 \\u0627\\u0644\\u062e\\u0631\\u064a\\u0637\\u0629\",\"link\":\"\\/instructor-finder\"}}'),
(54, 32, 'es', '{\"image\":\"\\/store\\/1\\/default_images\\/home_sections_banners\\/instructor_finder_banner.jpg\",\"title\":\"Encuentra la mejor instructora\",\"description\":\"\\u00bfBuscas un instructor? Encuentre los mejores instructores seg\\u00fan diferentes par\\u00e1metros como g\\u00e9nero, nivel de habilidad, precio, tipo de reuni\\u00f3n, calificaci\\u00f3n, etc.\\r\\nEncuentra instructores en el mapa.\",\"button1\":{\"title\":\"Buscadora de tutores\",\"link\":\"\\/instructor-finder\\/wizard\"},\"button2\":{\"title\":\"Tutores en el mapa\",\"link\":\"\\/instructor-finder\"}}'),
(55, 33, 'ar', '{\"image\":\"\\/store\\/1\\/default_images\\/home_sections_banners\\/club_points_banner.png\",\"title\":\"\\u0627\\u0631\\u0628\\u062d \\u0646\\u0642\\u0627\\u0637 \\u0627\\u0644\\u0646\\u0627\\u062f\\u064a\",\"description\":\"\\u0627\\u0633\\u062a\\u062e\\u062f\\u0645 Rocket LMS \\u0648\\u0627\\u0631\\u0628\\u062d \\u0646\\u0642\\u0627\\u0637 \\u0627\\u0644\\u0646\\u0627\\u062f\\u064a \\u0648\\u0641\\u0642\\u064b\\u0627 \\u0644\\u0644\\u0623\\u0646\\u0634\\u0637\\u0629 \\u0627\\u0644\\u0645\\u062e\\u062a\\u0644\\u0641\\u0629.\\r\\n\\u0633\\u062a\\u062a\\u0645\\u0643\\u0646 \\u0645\\u0646 \\u0627\\u0633\\u062a\\u062e\\u062f\\u0627\\u0645 \\u0646\\u0642\\u0627\\u0637 \\u0627\\u0644\\u0646\\u0627\\u062f\\u064a \\u0627\\u0644\\u062e\\u0627\\u0635\\u0629 \\u0628\\u0643 \\u0644\\u0644\\u062d\\u0635\\u0648\\u0644 \\u0639\\u0644\\u0649 \\u062c\\u0648\\u0627\\u0626\\u0632 \\u0648\\u062f\\u0648\\u0631\\u0627\\u062a \\u0645\\u062c\\u0627\\u0646\\u064a\\u0629. \\u0627\\u0628\\u062f\\u0623 \\u0641\\u064a \\u0627\\u0633\\u062a\\u062e\\u062f\\u0627\\u0645 \\u0627\\u0644\\u0646\\u0638\\u0627\\u0645 \\u0627\\u0644\\u0622\\u0646 \\u0648\\u0627\\u062c\\u0645\\u0639 \\u0627\\u0644\\u0646\\u0642\\u0627\\u0637!\",\"button1\":{\"title\":\"\\u0627\\u0644\\u0645\\u0643\\u0627\\u0641\\u0622\\u062a\",\"link\":\"\\/reward-courses\"},\"button2\":{\"title\":\"\\u0646\\u0627\\u062f\\u064a \\u0627\\u0644\\u0646\\u0642\\u0627\\u0637\",\"link\":\"\\/panel\\/rewards\"}}'),
(56, 33, 'es', '{\"image\":\"\\/store\\/1\\/default_images\\/home_sections_banners\\/club_points_banner.png\",\"title\":\"Gana puntos del club\",\"description\":\"Utilice Rocket LMS y gane puntos del club seg\\u00fan diferentes actividades.\\r\\nPodr\\u00e1s utilizar tus puntos del club para conseguir premios y cursos gratuitos. \\u00a1Comience a usar el sistema ahora y acumule puntos!\",\"button1\":{\"title\":\"Recompensas\",\"link\":\"\\/reward-courses\"},\"button2\":{\"title\":\"club de puntos\",\"link\":\"\\/panel\\/rewards\"}}'),
(57, 40, 'ar', '{\"image\":\"\\/store\\/1\\/default_images\\/home_sections_banners\\/become_instructor_banner.jpg\",\"title\":\"\\u0643\\u0646 \\u0645\\u062f\\u0631\\u0628\\u064b\\u0627\",\"description\":\"\\u0647\\u0644 \\u0623\\u0646\\u062a \\u0645\\u0647\\u062a\\u0645 \\u0628\\u0623\\u0646 \\u062a\\u0643\\u0648\\u0646 \\u062c\\u0632\\u0621\\u064b\\u0627 \\u0645\\u0646 \\u0645\\u062c\\u062a\\u0645\\u0639\\u0646\\u0627\\u061f\\r\\n\\u064a\\u0645\\u0643\\u0646\\u0643 \\u0623\\u0646 \\u062a\\u0643\\u0648\\u0646 \\u062c\\u0632\\u0621\\u064b\\u0627 \\u0645\\u0646 \\u0645\\u062c\\u062a\\u0645\\u0639\\u0646\\u0627 \\u0645\\u0646 \\u062e\\u0644\\u0627\\u0644 \\u0627\\u0644\\u062a\\u0633\\u062c\\u064a\\u0644 \\u0643\\u0645\\u062f\\u0631\\u0628 \\u0623\\u0648 \\u0645\\u0646\\u0638\\u0645\\u0629.\",\"button1\":{\"title\":\"\\u0643\\u0646 \\u0645\\u062f\\u0631\\u0633\\u064b\\u0627\",\"link\":\"\\/become-instructor\"},\"button2\":{\"title\":\"\\u062d\\u0632\\u0645 \\u0627\\u0644\\u062a\\u0633\\u062c\\u064a\\u0644\",\"link\":\"become-instructor\\/packages\\/\"}}'),
(58, 40, 'es', '{\"image\":\"\\/store\\/1\\/default_images\\/home_sections_banners\\/become_instructor_banner.jpg\",\"title\":\"Convi\\u00e9rtete en instructora\",\"description\":\"\\u00bfEst\\u00e1s interesado en ser parte de nuestra comunidad?\\r\\nPuedes ser parte de nuestra comunidad registr\\u00e1ndote como instructor u organizaci\\u00f3n.\",\"button1\":{\"title\":\"Convi\\u00e9rtete en instructora\",\"link\":\"\\/become-instructor\"},\"button2\":{\"title\":\"Paquetes de registro\",\"link\":\"become-instructor\\/packages\\/\"}}'),
(59, 42, 'en', '{\"primary\":null,\"primary-border\":null,\"primary-hover\":null,\"primary-border-hover\":null,\"primary-btn-shadow\":null,\"primary-btn-shadow-hover\":null,\"primary-btn-color\":null,\"primary-btn-color-hover\":null,\"secondary\":null,\"secondary-border\":null,\"secondary-hover\":null,\"secondary-border-hover\":null,\"secondary-btn-shadow\":null,\"secondary-btn-shadow-hover\":null,\"secondary-btn-color\":null,\"secondary-btn-color-hover\":null,\"admin_primary\":\"#6777ef\"}'),
(60, 44, 'en', '{\"dialog_title\":\"Cookie Privacy Policies\",\"dialog_description\":\"Our website uses cookies, mainly from 3rd party services. Define your preferences or agree to our use of cookies.\",\"cookie_settings_modal_message\":\"<p>When you visit any of our websites, it may store or retrieve information on your browser, mostly in the form of cookies. This information might be about you, your preferences or your device and is mostly used to make the site work as you expect it to. The information does not usually directly identify you, but it can give you a more personalized web experience. Because we respect your right to privacy, you can choose not to allow some types of cookies. Click on the different category headings to find out more and manage your preferences. Please note, that blocking some types of cookies may impact your experience of the site and the services we are able to offer.<\\/p>\",\"cookie_settings_modal_items\":{\"dDRjfkGvQfFzQJpa\":{\"title\":\"Strictly Necessary\",\"subtitle\":null,\"description\":\"These cookies are necessary for our website to function properly and cannot be switched off in our systems. They are usually only set in response to actions made by you that amount to a request for services, such as setting your privacy preferences, logging in or filling in forms, or where they\\u2019re essential to providing you with a service you have requested. You cannot opt out of these cookies. You can set your browser to block or alert you about these cookies, but if you do, some parts of the site will not then work. These cookies do not store any personally identifiable information.\",\"required\":\"1\"},\"mOzJowgvTnWFlRzz\":{\"title\":\"Performance Cookies\",\"subtitle\":null,\"description\":\"These cookies allow us to count visits and traffic sources so we can measure and improve the performance of our site. They help us to know which pages are the most and least popular and see how visitors move around the site, which helps us optimize your experience. All information these cookies collect is aggregated and therefore anonymous. If you do not allow these cookies we will not be able to use your data in this way.\",\"required\":\"0\"},\"XBMtdYaeSrqMicTH\":{\"title\":\"Functional Cookies\",\"subtitle\":null,\"description\":\"These cookies enable the website to provide enhanced functionality and personalization. They may be set by us or by third-party providers whose services we have added to our pages. If you do not allow these cookies then some or all of these services may not function properly.\",\"required\":\"0\"},\"XlLqzsvNpRqdcNWP\":{\"title\":\"Targeting Cookies\",\"subtitle\":null,\"description\":\"These cookies may be set through our site by our advertising partners. They may be used by those companies to build a profile of your interests and show you relevant adverts on other sites. They do not store directly personal information but are based on uniquely identifying your browser and internet device. If you do not allow these cookies, you will experience less targeted advertising.\",\"required\":\"0\"}}}'),
(61, 41, 'en', '{\"status\":\"1\",\"virtual_product_commission\":\"20\",\"physical_product_commission\":\"10\",\"store_tax\":\"10\",\"possibility_create_virtual_product\":\"1\",\"possibility_create_physical_product\":\"1\",\"shipping_tracking_url\":\"https:\\/\\/www.tracking.my\\/\",\"activate_comments\":\"1\"}'),
(62, 46, 'en', '{\"main\":{\"regular\":\"\\/store\\/1\\/fonts\\/montserrat-regular.woff2\",\"bold\":\"\\/store\\/1\\/fonts\\/montserrat-bold.woff2\",\"medium\":\"\\/store\\/1\\/fonts\\/montserrat-medium.woff2\"},\"rtl\":{\"regular\":\"\\/store\\/1\\/fonts\\/Vazir-Regular.woff2\",\"bold\":\"\\/store\\/1\\/fonts\\/Vazir-Bold.woff2\",\"medium\":\"\\/store\\/1\\/fonts\\/Vazir-Medium.woff2\"}}'),
(63, 43, 'en', '{\"image\":\"\\/store\\/1\\/default_images\\/forums\\/forum_section.jpg\",\"title\":\"Have a Question? Ask it in forum and get answer\",\"description\":\"Our forums helps you to create your questions on different subjects and communicate with other forum users. Our users will help you to get the best answer!\",\"button1\":{\"title\":\"Create a new topic\",\"link\":\"\\/forums\\/create-topic\"},\"button2\":{\"title\":\"Browse forums\",\"link\":\"\\/forums\"}}'),
(64, 45, 'en', '{\"mobile_app_hero_image\":\"\\/store\\/1\\/default_images\\/app_only.png\",\"mobile_app_description\":\"<div>Is an amazing, modern, and clean landing page for showcasing your app or anything else.<\\/div><div><br><\\/div><div>A mobile application or app is a computer program or software application designed to run on a mobile device such as a phone, tablet, or watch. Mobile applications often stand in contrast to desktop applications which are designed to run on desktop computers, and web applications which run in mobile web browsers rather than directly on the mobile device.<\\/div>\",\"mobile_app_buttons\":{\"htQgcSjzjLJlGRyY\":{\"title\":\"Download from Play Store\",\"link\":\"https:\\/\\/play.google.com\\/store\\/games\",\"icon\":\"\\/store\\/1\\/default_images\\/google-play.png\",\"color\":\"primary\"}}}'),
(65, 48, 'en', '{\"image\":\"\\/store\\/1\\/default_images\\/ads_modal.png\",\"title\":\"Sales Campaign\",\"description\":\"We have a sales campaign on our promoted courses and products. You can purchase 150 products at a discounted price up to 50% discount.\",\"button1\":{\"title\":\"View Courses\",\"link\":\"\\/classes\"},\"button2\":{\"title\":\"View Products\",\"link\":\"\\/products\"}}'),
(66, 52, 'en', '{\"show_guarantee_text\":\"1\",\"show_secure_payment_text\":\"1\",\"secure_payment_image\":\"\\/store\\/1\\/themes\\/general\\/secure_payments.svg\",\"user_avatar_style\":\"ui_avatar\",\"default_user_avatar\":\"\\/store\\/1\\/default_images\\/default_profile.jpg\",\"default_user_profile_secondary_image\":\"\\/store\\/1\\/themes\\/general\\/default_instructor_placeholder.png\",\"platform_phone_and_email_position\":\"footer\"}'),
(67, 47, 'en', '{\"webinar_reminder_schedule\":\"1\",\"meeting_reminder_schedule\":\"1\",\"subscribe_reminder_schedule\":\"48\"}'),
(68, 61, 'en', '{\"offline_banks_status\":\"1\"}'),
(69, 62, 'en', '{\"status\":\"1\",\"allow_sending_gift_for_courses\":\"1\",\"allow_sending_gift_for_bundles\":\"1\",\"allow_sending_gift_for_products\":\"1\",\"right_float_image\":\"\\/store\\/1\\/themes\\/general\\/gift_overlay.png\"}'),
(70, 63, 'en', '{\"status\":\"1\",\"unlock_registration_bonus_instantly\":\"0\",\"unlock_registration_bonus_with_referral\":\"1\",\"number_of_referred_users\":\"5\",\"enable_referred_users_purchase\":\"1\",\"purchase_amount_for_unlocking_bonus\":\"100\",\"registration_bonus_amount\":\"50\",\"bonus_wallet\":\"balance_wallet\"}'),
(71, 57, 'en', '{\"enable_statistics\":\"1\",\"display_default_statistics\":\"1\"}'),
(72, 56, 'en', '{\"currency\":\"USD\",\"currency_position\":\"left\",\"currency_separator\":\"dot\",\"currency_decimal\":\"2\",\"multi_currency\":\"1\"}'),
(73, 53, 'en', '{\"login_device_limit\":\"1\",\"number_of_allowed_devices\":\"1000\",\"captcha_for_admin_login\":\"0\",\"captcha_for_admin_forgot_pass\":\"0\",\"captcha_for_login\":\"0\",\"captcha_for_register\":\"0\",\"captcha_for_forgot_pass\":\"0\",\"admin_panel_url\":\"admin\",\"learning_page_watermark\":\"1\",\"learning_page_watermark_data\":\"instructor\",\"learning_page_watermark_mode\":\"fade\",\"learning_page_watermark_size\":\"1\",\"learning_page_watermark_opacity\":\"0.5\"}'),
(74, 54, 'en', '{\"status\":\"1\",\"disable_course_access_when_user_have_an_overdue_installment\":\"0\",\"disable_all_courses_access_when_user_have_an_overdue_installment\":\"0\",\"disable_instalments_when_the_user_have_an_overdue_installment\":\"1\",\"allow_cancel_verification\":\"1\",\"display_installment_button\":\"1\",\"overdue_interval_days\":\"3\",\"installment_plans_position\":\"top_of_page\",\"reminder_before_overdue_days\":\"3\",\"reminder_after_overdue_days\":\"2\"}');
INSERT INTO `setting_translations` (`id`, `setting_id`, `locale`, `value`) VALUES
(75, 58, 'en', '{\"title\":\"We are under maintenance!\",\"image\":\"\\/store\\/1\\/themes\\/general\\/maintenance.svg\",\"description\":\"We are working on the platform; It won\'t take a long time. We will try to back as soon as possible.\",\"maintenance_button\":{\"title\":\"Contact Support\",\"link\":\"\\/\"},\"end_date\":1771630200,\"right_float_image\":\"\\/store\\/1\\/themes\\/general\\/maintenance_overlay.png\"}'),
(76, 64, 'en', '{\"term_image\":\"\\/store\\/1\\/themes\\/general\\/registration_bonus.png\",\"items\":{\"DnrPr\":{\"icon\":\"\\/store\\/1\\/default_images\\/registration bonus\\/step1.svg\",\"title\":\"Sign up\",\"description\":\"Create an account on platform and get $50\"},\"eNMTB\":{\"icon\":\"\\/store\\/1\\/default_images\\/registration bonus\\/step2.svg\",\"title\":\"Refer your friends\",\"description\":\"Refer at least 5 users to the system using your affiliate URL\"},\"fdIUc\":{\"icon\":\"\\/store\\/1\\/default_images\\/registration bonus\\/step3.svg\",\"title\":\"Reach purchase target\",\"description\":\"Each referred user should purchase $100 on the platform\"},\"oeMZr\":{\"icon\":\"\\/store\\/1\\/default_images\\/registration bonus\\/step4.svg\",\"title\":\"Unlock your bonus\",\"description\":\"Your bonus will be unlocked! Enjoy spending...\"}}}'),
(77, 55, 'en', '{\"terms_description\":\"<p>Welcome to our website! To ensure the best possible experience for all users, please review and agree to the following terms and rules before using our installment feature:<\\/p><p>Installment Payment Plan: Our website offers an installment payment plan for select courses. By selecting the installment payment option, you agree to pay the full course fee in multiple installments. Each installment payment will be automatically deducted from the payment method you provided on the scheduled dates until the full payment is completed.<\\/p><p>Payment Plan Fees: Our installment payment plan may include a small processing fee for each installment payment. The total processing fee will be disclosed to you before you select the installment payment option.<\\/p><p>Late Payment: If a payment is not received on the scheduled date, a late payment fee may be added to the next scheduled payment.<\\/p><p>Refunds: Once an installment payment is made, it is non-refundable. However, if you wish to cancel your enrollment in the course, you may be eligible for a partial refund according to our Refund Policy.<\\/p><p>Default: If you default on a payment or fail to complete the full payment plan, your access to the course will be revoked, and you may be subject to additional fees and collection efforts.<\\/p><p>Privacy: Your personal and payment information will be kept secure and confidential. We use industry-standard security measures to protect your information.<\\/p><p>Changes to Terms and Rules: We reserve the right to modify these terms and rules at any time. Any changes will be posted on our website and will become effective immediately upon posting.<\\/p><p>By using our installment payment plan, you agree to these terms and rules. If you have any questions or concerns, please contact our support team.<\\/p>\"}'),
(78, 65, 'en', '{\"status\":\"1\",\"active_for_admin_panel\":\"1\",\"active_for_organization_panel\":\"1\",\"active_for_instructor_panel\":\"1\",\"secret_key\":null,\"activate_text_service_type\":\"1\",\"text_service_type\":\"gpt-3.5-turbo\",\"number_of_text_generated_per_request\":\"1\",\"max_tokens\":\"500\",\"activate_image_service_type\":\"1\",\"number_of_images_generated_per_request\":\"1\"}'),
(79, 66, 'en', '{\"_token\":\"QjOqPtX6wYvIJAYYUiOzTGZyAvJ4Xc22OaD842V1\",\"page\":\"general\",\"name\":\"certificate_settings\",\"locale\":\"en\",\"status\":\"1\",\"certificate_id\":\"CR\",\"ltr_font\":\"\\/store\\/1\\/fonts\\/montserrat-medium.woff2\",\"rtl_font\":\"\\/store\\/1\\/fonts\\/Vazir-Medium.woff2\",\"certificate_api_user_id\":null,\"certificate_api_key\":null}'),
(80, 67, 'en', '{\"status\":\"1\",\"reset_cart_items\":\"0\",\"reset_hours\":null,\"default_cart_reminder\":\"121\",\"default_cart_coupon_template\":\"122\"}'),
(81, 68, 'en', '{\"title\":\"Access Limited\",\"image\":\"\\/store\\/1\\/themes\\/general\\/access_denied_state.svg\",\"description\":\"Your IP is not allowed to access the website.\"}'),
(82, 59, 'en', '{\"direct_publication_of_courses\":\"0\",\"direct_publication_of_comments\":\"0\",\"direct_publication_of_reviews\":\"0\",\"direct_publication_of_blog\":\"0\",\"allow_instructor_delete_content\":\"1\",\"content_delete_method\":\"delete_with_admin_approval\",\"disable_registration_verification_process\":null}'),
(83, 69, 'en', '{\"courses\":{\"type\":\"percent\",\"value\":\"20\"},\"bundles\":{\"type\":\"percent\",\"value\":\"20\"},\"virtual_products\":{\"type\":\"percent\",\"value\":\"30\"},\"physical_products\":{\"type\":\"percent\",\"value\":\"10\"},\"meetings\":{\"type\":\"percent\",\"value\":\"30\"},\"events\":{\"type\":\"percent\",\"value\":\"30\"},\"meeting_packages\":{\"type\":\"percent\",\"value\":\"20\"}}'),
(84, 70, 'en', '{\"forums_status\":\"1\"}'),
(85, 71, 'en', '{\"image\":\"\\/store\\/1\\/default_images\\/forums\\/forum_hero.png\",\"title\":\"Your Learning Community Starts Here\",\"description\":\"Access a dedicated space for questions, answers, and peer support. Stay connected, solve doubts, and enrich your learning journey collaboratively\",\"badge\":{\"title\":\"Forum\",\"color\":\"#3fcd82\"},\"show_search\":\"1\"}'),
(86, 72, 'en', '{\"separator_image\":\"\\/store\\/1\\/default_images\\/forums\\/forum_separator.svg\",\"revolver_items\":{\"Zknua\":{\"title\":\"Beauty and Makeup\",\"link\":\"\\/forums\\/Beauty-Makeup\\/topics\"},\"Adgnd\":{\"title\":\"Food and Beverage\",\"link\":\"\\/forums\\/Food-Beverage\\/topics\"},\"nWqZS\":{\"title\":\"Travel\",\"link\":\"\\/forums\\/Travel\\/topics\"},\"VQDJm\":{\"title\":\"Music\",\"link\":\"\\/forums\\/Music\\/topics\"},\"vkzzq\":{\"title\":\"Digital Marketing\",\"link\":\"\\/forums\\/Digital-Marketing\\/topics\"},\"mTQqI\":{\"title\":\"Public Relations\",\"link\":\"\\/forums\\/Public-Relations\\/topics\"},\"iYAHS\":{\"title\":\"Advertising\",\"link\":\"\\/forums\\/Advertising\\/topics\"},\"qaslt\":{\"title\":\"Social Media\",\"link\":\"\\/forums\\/Social-Media\\/topics\"}}}'),
(87, 73, 'en', '{\"image\":\"\\/store\\/1\\/default_images\\/forums\\/forum_cta_image.png\",\"title\":\"Share What You Know!\",\"description\":\"Be part of a thriving learning community. Ask questions, share ideas, and connect with fellow learners to expand your knowledge beyond the classroom experience.\",\"badge\":{\"title\":\"Communicate Now!\",\"color\":\"#3fcd82\"},\"button1\":{\"title\":\"Create a Topic\",\"link\":\"\\/forums\\/create-topic\"},\"button2\":{\"title\":\"Explore Forums\",\"link\":\"\\/forums\"}}'),
(88, 74, 'en', '{\"create_topic_cover_image\":\"\\/store\\/1\\/default_images\\/forums\\/forum_new_cover.jpg\",\"forum_search_topics_cover_image\":\"\\/store\\/1\\/default_images\\/forums\\/forum_search_cover.jpg\",\"featured_topics_left_float_image\":\"\\/store\\/1\\/default_images\\/forums\\/icons\\/forum_floating_1.png\",\"featured_topics_right_float_image\":\"\\/store\\/1\\/default_images\\/forums\\/icons\\/forum_floating_2.png\"}'),
(89, 75, 'en', '{\"image\":\"\\/store\\/1\\/themes\\/general\\/error_pages\\/500_error.svg\",\"title\":\"Something Went Wrong\",\"description\":\"An unexpected server error occurred. Please try again later...\",\"right_float_image\":\"\\/store\\/1\\/themes\\/general\\/error_pages\\/warning_floating.png\"}'),
(90, 76, 'en', '{\"image\":\"\\/store\\/1\\/themes\\/general\\/error_pages\\/419_error.svg\",\"title\":\"Session Expired\",\"description\":\"Your session has timed out. Please refresh and try again...\",\"button\":{\"title\":\"Back to Home\",\"link\":\"\\/\"},\"right_float_image\":\"\\/store\\/1\\/themes\\/general\\/error_pages\\/warning_floating.png\"}'),
(91, 77, 'en', '{\"image\":\"\\/store\\/1\\/themes\\/general\\/error_pages\\/403_error.svg\",\"title\":\"Access Not Allowed\",\"description\":\"You don\\u2019t have permission to view this page or resource...\",\"button\":{\"title\":\"Back to Home\",\"link\":\"\\/\"},\"right_float_image\":\"\\/store\\/1\\/themes\\/general\\/error_pages\\/warning_floating.png\"}'),
(92, 78, 'en', '{\"featured_products\":[\"1\",\"2\",\"5\"],\"background_image\":\"\\/store\\/1\\/default_images\\/store\\/store_featured_categories_bg.svg\",\"overlay_image\":\"\\/store\\/1\\/default_images\\/store\\/store_featured_categories_overlay.png\"}'),
(93, 79, 'en', '{\"featured_instructors_ids\":[\"923\",\"929\",\"934\",\"1015\",\"1016\"],\"top_mentors_ids\":[\"934\",\"1015\"],\"main_image_step_1\":\"\\/store\\/1\\/default_images\\/tutor_finder\\/tutorfinder_step1_background.jpg\",\"overlay_image_step_1\":\"\\/store\\/1\\/default_images\\/tutor_finder\\/tutorfinder_step1_overlay.png\",\"main_image_step_2\":\"\\/store\\/1\\/default_images\\/tutor_finder\\/tutorfinder_step2_background.jpg\",\"overlay_image_step_2\":\"\\/store\\/1\\/default_images\\/tutor_finder\\/tutorfinder_step2_overlay.png\",\"main_image_step_3\":\"\\/store\\/1\\/default_images\\/tutor_finder\\/tutorfinder_step3_background.jpg\",\"overlay_image_step_3\":\"\\/store\\/1\\/default_images\\/tutor_finder\\/tutorfinder_step3_overlay.png\",\"main_image_step_4\":\"\\/store\\/1\\/default_images\\/tutor_finder\\/tutorfinder_step4_background.jpg\",\"overlay_image_step_4\":\"\\/store\\/1\\/default_images\\/tutor_finder\\/tutorfinder_step4_overlay.png\"}'),
(94, 80, 'en', '{\"image\":\"\\/store\\/1\\/themes\\/general\\/affiliate_guide.svg\",\"description\":\"Once the affiliate feature is activated, you\\u2019ll receive a unique referral link to share with others. When someone registers using your link and activates their account, you can earn a fixed bonus\\u2014automatically credited to your wallet.\\r\\n\\r\\nBut that\\u2019s not all. Each time your referred user makes a purchase on the platform, you\\u2019ll also earn a commission from their transaction. It\\u2019s a simple way to grow the community while earning rewards for every successful referral.\\r\\n\\r\\nTrack your referrals and earnings easily from your dashboard, and keep growing your rewards by sharing your link with more friends.\"}'),
(95, 81, 'en', '{\"student_enroll_on_courses\":[\"2022\",\"2010\"],\"student_overview_courses\":[\"2005\",\"2009\"],\"student_when_dont_upcoming_live_session\":[\"2007\",\"2006\"]}'),
(96, 82, 'en', '{\"description\":\"Make your title clear so users understand immediately.\\r\\n\\r\\nUse a high-quality cover image for professionalism.\\r\\n\\r\\nCheck pricing and discounts carefully before publishing.\\r\\n\\r\\nWrite clear, compelling descriptions highlighting key points.\\r\\n\\r\\nAdd relevant keywords and categories for easy discovery.\\r\\n\\r\\nUpload only original content you own or licensed.\\r\\n\\r\\nClarify refund terms, access rules, and conditions upfront.\\r\\n\\r\\nList all files, resources, and bonuses accurately.\\r\\n\\r\\nRespond quickly to questions and feedback from buyers.\",\"image\":\"\\/store\\/1\\/default_images\\/wizard_image.svg\"}'),
(98, 84, 'en', '{\"status\":\"1\",\"time_allowed_for_attendance\":\"10\",\"time_allowed_for_delay\":\"20\",\"allow_instructor_to_change_attendance_status\":\"1\"}'),
(99, 85, 'en', '{\"status\":\"1\",\"qr_status\":\"0\",\"ticket_code_format\":\"both\",\"number_of_characters_ticket_code\":\"8\",\"ticket_card_style\":\"grid\"}'),
(100, 86, 'en', '{\"status\":\"1\",\"default_icon\":null}'),
(101, 83, 'en', '{\"api_key\":\"1234\"}');

-- --------------------------------------------------------

--
-- Table structure for table `special_offers`
--

CREATE TABLE `special_offers` (
  `id` int(10) UNSIGNED NOT NULL,
  `creator_id` int(10) UNSIGNED NOT NULL,
  `webinar_id` int(10) UNSIGNED DEFAULT NULL,
  `bundle_id` int(10) UNSIGNED DEFAULT NULL,
  `subscribe_id` int(10) UNSIGNED DEFAULT NULL,
  `registration_package_id` int(10) UNSIGNED DEFAULT NULL,
  `name` varchar(64) DEFAULT NULL,
  `percent` int(10) UNSIGNED NOT NULL,
  `status` enum('active','inactive') NOT NULL,
  `created_at` int(10) UNSIGNED NOT NULL,
  `from_date` int(10) UNSIGNED NOT NULL,
  `to_date` int(10) UNSIGNED NOT NULL
) ENGINE=InnoDB DEFAULT CHARSET=utf8mb4 COLLATE=utf8mb4_unicode_ci ROW_FORMAT=DYNAMIC;

--
-- Dumping data for table `special_offers`
--

INSERT INTO `special_offers` (`id`, `creator_id`, `webinar_id`, `bundle_id`, `subscribe_id`, `registration_package_id`, `name`, `percent`, `status`, `created_at`, `from_date`, `to_date`) VALUES
(12, 1, 2002, NULL, NULL, NULL, 'Discount', 20, 'active', 1694936206, 1625081400, 1782847800),
(13, 1, 2001, NULL, 5, NULL, 'Discount Title', 20, 'active', 1694936194, 1625081400, 1782927000),
(14, 1, 2004, NULL, NULL, 3, 'Limited Offer', 40, 'active', 1709200346, 1656043200, 1798153200);

-- --------------------------------------------------------

--
-- Table structure for table `specific_locations`
--

CREATE TABLE `specific_locations` (
  `id` int(10) UNSIGNED NOT NULL,
  `targetable_id` int(10) UNSIGNED NOT NULL,
  `targetable_type` varchar(255) NOT NULL,
  `country_id` int(10) UNSIGNED DEFAULT NULL,
  `province_id` int(10) UNSIGNED DEFAULT NULL,
  `city_id` int(10) UNSIGNED DEFAULT NULL,
  `district_id` int(10) UNSIGNED DEFAULT NULL,
  `geo_center` point DEFAULT NULL,
  `address` text DEFAULT NULL,
  `zip_code` varchar(255) DEFAULT NULL
) ENGINE=InnoDB DEFAULT CHARSET=utf8mb4 COLLATE=utf8mb4_general_ci;

--
-- Dumping data for table `specific_locations`
--

INSERT INTO `specific_locations` (`id`, `targetable_id`, `targetable_type`, `country_id`, `province_id`, `city_id`, `district_id`, `geo_center`, `address`, `zip_code`) VALUES
(14, 8, 'App\\Models\\Event', NULL, NULL, NULL, NULL, NULL, NULL, NULL),
(15, 10, 'App\\Models\\Event', NULL, NULL, NULL, NULL, NULL, NULL, NULL),
(16, 9, 'App\\Models\\Event', NULL, NULL, NULL, NULL, 0x0000000001010000001895d409686240400c21e7fd7fce4a40, NULL, NULL),
(17, 6, 'App\\Models\\Event', 16, 21, 67, 68, 0x0000000001010000001d2d3bd0140e4840060000009f54fbbf, '645-2366 Aliquam Street', NULL),
(19, 13, 'App\\Models\\Event', NULL, NULL, NULL, NULL, NULL, NULL, NULL),
(20, 5, 'App\\Models\\Event', NULL, NULL, NULL, NULL, NULL, NULL, NULL),
(22, 12, 'App\\Models\\Event', 18, 46, 49, 55, 0x000000000101000000502d3717765b444003000064278052c0, '645-2366 Aliquam Street', NULL),
(23, 3, 'App\\Models\\Event', NULL, NULL, NULL, NULL, 0x0000000001010000001895d409686240400c21e7fd7fce4a40, NULL, NULL),
(24, 11, 'App\\Models\\Event', NULL, NULL, NULL, NULL, NULL, NULL, NULL),
(25, 7, 'App\\Models\\Event', NULL, NULL, NULL, NULL, NULL, NULL, NULL),
(26, 4, 'App\\Models\\Event', NULL, NULL, NULL, NULL, NULL, NULL, NULL),
(27, 2, 'App\\Models\\Event', NULL, NULL, NULL, NULL, NULL, NULL, NULL);

-- --------------------------------------------------------

--
-- Table structure for table `subscribes`
--

CREATE TABLE `subscribes` (
  `id` int(10) UNSIGNED NOT NULL,
  `target_type` enum('all','courses','bundles') NOT NULL DEFAULT 'all',
  `target` varchar(255) DEFAULT NULL,
  `usable_count` int(10) UNSIGNED NOT NULL,
  `days` int(10) UNSIGNED NOT NULL,
  `price` double(15,2) UNSIGNED NOT NULL,
  `icon` varchar(255) NOT NULL,
  `is_popular` tinyint(1) NOT NULL DEFAULT 0,
  `infinite_use` tinyint(1) NOT NULL DEFAULT 0,
  `created_at` int(10) UNSIGNED NOT NULL
) ENGINE=InnoDB DEFAULT CHARSET=utf8mb4 COLLATE=utf8mb4_unicode_ci ROW_FORMAT=DYNAMIC;

--
-- Dumping data for table `subscribes`
--

INSERT INTO `subscribes` (`id`, `target_type`, `target`, `usable_count`, `days`, `price`, `icon`, `is_popular`, `infinite_use`, `created_at`) VALUES
(3, 'all', NULL, 100, 15, 20.00, '/store/1/default_images/subscribe_packages/subscribe_icon_1.svg', 0, 0, 1751707952),
(4, 'all', NULL, 1000, 30, 100.00, '/store/1/default_images/subscribe_packages/subscribe_icon_2.svg', 1, 0, 1751708114),
(5, 'all', NULL, 400, 30, 50.00, '/store/1/default_images/subscribe_packages/subscribe_icon_3.svg', 0, 0, 1751708005);

-- --------------------------------------------------------

--
-- Table structure for table `subscribe_reminds`
--

CREATE TABLE `subscribe_reminds` (
  `id` int(10) UNSIGNED NOT NULL,
  `user_id` int(10) UNSIGNED NOT NULL,
  `subscribe_id` int(10) UNSIGNED NOT NULL,
  `created_at` bigint(20) UNSIGNED NOT NULL
) ENGINE=InnoDB DEFAULT CHARSET=utf8mb4 COLLATE=utf8mb4_unicode_ci;

-- --------------------------------------------------------

--
-- Table structure for table `subscribe_specification_items`
--

CREATE TABLE `subscribe_specification_items` (
  `id` int(10) UNSIGNED NOT NULL,
  `subscribe_id` int(10) UNSIGNED NOT NULL,
  `category_id` int(10) UNSIGNED DEFAULT NULL,
  `instructor_id` int(10) UNSIGNED DEFAULT NULL,
  `course_id` int(10) UNSIGNED DEFAULT NULL,
  `bundle_id` int(10) UNSIGNED DEFAULT NULL
) ENGINE=InnoDB DEFAULT CHARSET=utf8mb4 COLLATE=utf8mb4_general_ci;

-- --------------------------------------------------------

--
-- Table structure for table `subscribe_translations`
--

CREATE TABLE `subscribe_translations` (
  `id` bigint(20) UNSIGNED NOT NULL,
  `subscribe_id` int(10) UNSIGNED NOT NULL,
  `locale` varchar(255) NOT NULL,
  `title` varchar(255) NOT NULL,
  `subtitle` varchar(255) DEFAULT NULL,
  `description` text DEFAULT NULL
) ENGINE=InnoDB DEFAULT CHARSET=utf8mb4 COLLATE=utf8mb4_unicode_ci;

--
-- Dumping data for table `subscribe_translations`
--

INSERT INTO `subscribe_translations` (`id`, `subscribe_id`, `locale`, `title`, `subtitle`, `description`) VALUES
(1, 3, 'en', 'Starter Access', 'Ideal for beginners to start learning', 'Perfect for beginners, offering essential tools and resources to kickstart your learning journey effectively'),
(2, 4, 'en', 'Pro Plus', 'Advanced tools for serious learners', 'Designed for serious learners, providing advanced features, in-depth content, and exclusive resources'),
(3, 5, 'en', 'Elite Mastery', 'Exclusive access for expert users', 'Exclusive access for experts, offering premium content, personalized support, and top-tier resources for mastery'),
(4, 3, 'ar', 'برونزية', 'اقترح للاستخدام الشخصي', NULL),
(5, 3, 'es', 'Bronce', 'Sugerido para uso personal', NULL),
(6, 4, 'es', 'Oro', 'Sugerido para grandes empresas', NULL),
(7, 4, 'ar', 'ذهب', 'مقترح للشركات الكبيرة', NULL),
(8, 5, 'ar', 'فضة', 'اقترح للشركات الصغيرة', NULL),
(9, 5, 'es', 'Plata', 'Sugerido para pequeñas empresas', NULL);

-- --------------------------------------------------------

--
-- Table structure for table `subscribe_uses`
--

CREATE TABLE `subscribe_uses` (
  `id` int(10) UNSIGNED NOT NULL,
  `user_id` int(10) UNSIGNED NOT NULL,
  `subscribe_id` int(10) UNSIGNED NOT NULL,
  `webinar_id` int(10) UNSIGNED DEFAULT NULL,
  `bundle_id` int(10) UNSIGNED DEFAULT NULL,
  `sale_id` int(10) UNSIGNED NOT NULL,
  `installment_order_id` int(10) UNSIGNED DEFAULT NULL
) ENGINE=InnoDB DEFAULT CHARSET=utf8mb4 COLLATE=utf8mb4_unicode_ci ROW_FORMAT=DYNAMIC;

--
-- Dumping data for table `subscribe_uses`
--

INSERT INTO `subscribe_uses` (`id`, `user_id`, `subscribe_id`, `webinar_id`, `bundle_id`, `sale_id`, `installment_order_id`) VALUES
(9, 995, 3, 2006, NULL, 160, NULL),
(10, 995, 3, 2004, NULL, 161, NULL),
(11, 995, 3, 2002, NULL, 162, NULL);

-- --------------------------------------------------------

--
-- Table structure for table `supports`
--

CREATE TABLE `supports` (
  `id` int(10) UNSIGNED NOT NULL,
  `user_id` int(10) UNSIGNED NOT NULL,
  `webinar_id` int(10) UNSIGNED DEFAULT NULL,
  `department_id` int(10) UNSIGNED DEFAULT NULL,
  `title` varchar(255) NOT NULL,
  `status` enum('open','close','replied','supporter_replied') NOT NULL DEFAULT 'open',
  `created_at` int(10) UNSIGNED DEFAULT NULL,
  `updated_at` int(10) UNSIGNED DEFAULT NULL
) ENGINE=InnoDB DEFAULT CHARSET=utf8mb4 COLLATE=utf8mb4_unicode_ci ROW_FORMAT=DYNAMIC;

--
-- Dumping data for table `supports`
--

INSERT INTO `supports` (`id`, `user_id`, `webinar_id`, `department_id`, `title`, `status`, `created_at`, `updated_at`) VALUES
(25, 934, NULL, 3, 'Convert Videos', 'close', 1625891270, 1625973596),
(26, 995, NULL, 3, 'Pre-Purchase Question', 'close', 1625891677, 1625973708),
(27, 930, NULL, 2, 'Pending Offline Payment', 'open', 1625891851, 1625891851),
(28, 923, NULL, 3, 'Commission Rate', 'supporter_replied', 1625892221, 1625892332),
(29, 867, NULL, 3, 'Class delay', 'supporter_replied', 1625895874, 1625973471),
(30, 995, 2005, NULL, 'design software', 'open', 1625953303, 1625953303),
(31, 996, 1996, NULL, 'help for start', 'replied', 1626062396, 1626062756),
(32, 995, 1996, NULL, 'Version of linux', 'close', 1626062941, 1626065078),
(33, 995, NULL, 2, 'Refund Request #64237', 'close', 1626063457, 1626063559),
(34, 995, NULL, 3, 'Problem with quiz', 'open', 1626250124, 1626250124);

-- --------------------------------------------------------

--
-- Table structure for table `support_conversations`
--

CREATE TABLE `support_conversations` (
  `id` int(10) UNSIGNED NOT NULL,
  `support_id` int(10) UNSIGNED NOT NULL,
  `supporter_id` int(10) UNSIGNED DEFAULT NULL,
  `sender_id` int(10) UNSIGNED DEFAULT NULL,
  `attach` varchar(255) DEFAULT NULL,
  `message` text NOT NULL,
  `created_at` int(10) UNSIGNED NOT NULL
) ENGINE=InnoDB DEFAULT CHARSET=utf8mb4 COLLATE=utf8mb4_unicode_ci ROW_FORMAT=DYNAMIC;

--
-- Dumping data for table `support_conversations`
--

INSERT INTO `support_conversations` (`id`, `support_id`, `supporter_id`, `sender_id`, `attach`, `message`, `created_at`) VALUES
(1, 25, NULL, 934, NULL, 'Hello.\r\nI want to convert my video files to reduce their size. What software do you recommend?', 1625891270),
(2, 26, NULL, 995, NULL, 'Hello\r\nIs it possible to refund it after the purchase if you are dissatisfied with the course?', 1625891677),
(3, 27, NULL, 930, NULL, 'Hello.\r\nI registered an offline payment document to charge my wallet.\r\nHow long does it take for my payment to be approved?\r\nI am going to buy a course and I would be grateful if this could be done a little earlier.', 1625891851),
(4, 28, NULL, 923, NULL, 'Hello.\r\nIs it possible for me to receive more commission for my sales on this platform?', 1625892221),
(5, 28, 1, NULL, NULL, 'Hello.\r\nPlease send this ticket to the financial department.\r\nThank', 1625892332),
(6, 29, NULL, 867, NULL, 'Hello .\r\nWhat are the rules if one of the live class sessions is delayed?\r\nIs it possible to change the date of that session?', 1625895874),
(7, 29, NULL, 867, '/store/867/60da388cbcee3.png', 'Hi.\r\nPlease check attachmnet', 1625897110),
(8, 29, 1, NULL, NULL, 'Yes you can change the date of your class sessions at any time.', 1625897202),
(9, 29, NULL, 867, NULL, 'thank you.', 1625898890),
(10, 30, NULL, 995, NULL, 'Hello.\r\nWhat software do you recommend to start learning?', 1625953303),
(11, 29, 1, NULL, NULL, 'you\'re welcome.', 1625973471),
(12, 25, 1, NULL, NULL, 'We offer you handbrake software.', 1625973573),
(13, 26, 1, NULL, NULL, 'Hello Cameron.\r\nYes it is possible.', 1625973699),
(14, 31, NULL, 996, NULL, 'Hello . Which version of Linux should I install to get started?', 1626062396),
(15, 31, NULL, 1015, NULL, 'Hello . I recommend version 6.0.4.', 1626062467),
(16, 31, NULL, 996, NULL, 'I get an error during installation.', 1626062520),
(17, 31, NULL, 1015, NULL, 'Please send a screenshot.', 1626062578),
(18, 31, NULL, 996, '/store/996/lmX4K.png', 'Please check attachment .', 1626062690),
(19, 31, NULL, 1015, NULL, 'I will check and let you know the problem.', 1626062756),
(20, 32, NULL, 995, NULL, 'Hello . Which version of Linux should I install for getting start?', 1626062941),
(21, 32, NULL, 1015, NULL, 'Hello . I recommend version 5.8.4.', 1626063058),
(22, 33, NULL, 995, NULL, 'Hello. I was supposed to get this refund via email. Please follow my request.', 1626063457),
(23, 33, 1, NULL, NULL, 'Hello. We will check. Thanks', 1626063496),
(24, 33, NULL, 995, NULL, 'Thanks.', 1626063547),
(25, 34, NULL, 995, NULL, 'Hello.\r\nIn the quiz of course that I bought was the wrong question.\r\nCourse Name: Photoshop course from beginner to advanced\r\nQuestion number : 3\r\nPlease check it. thank you', 1626250124);

-- --------------------------------------------------------

--
-- Table structure for table `support_departments`
--

CREATE TABLE `support_departments` (
  `id` int(10) UNSIGNED NOT NULL,
  `icon` varchar(255) DEFAULT NULL,
  `color` varchar(255) DEFAULT NULL,
  `created_at` int(10) UNSIGNED NOT NULL
) ENGINE=InnoDB DEFAULT CHARSET=utf8mb4 COLLATE=utf8mb4_unicode_ci ROW_FORMAT=DYNAMIC;

--
-- Dumping data for table `support_departments`
--

INSERT INTO `support_departments` (`id`, `icon`, `color`, `created_at`) VALUES
(2, '/store/1/default_images/support_departments/support_financial.svg', '#0170ff', 1749376245),
(3, '/store/1/default_images/support_departments/support_content.svg', '#0e2145', 1749376335),
(4, '/store/1/default_images/support_departments/support_marketing.svg', '#ff7043', 1749376299);

-- --------------------------------------------------------

--
-- Table structure for table `support_department_translations`
--

CREATE TABLE `support_department_translations` (
  `id` bigint(20) UNSIGNED NOT NULL,
  `support_department_id` int(10) UNSIGNED NOT NULL,
  `locale` varchar(255) NOT NULL,
  `title` varchar(255) NOT NULL
) ENGINE=InnoDB DEFAULT CHARSET=utf8mb4 COLLATE=utf8mb4_unicode_ci;

--
-- Dumping data for table `support_department_translations`
--

INSERT INTO `support_department_translations` (`id`, `support_department_id`, `locale`, `title`) VALUES
(1, 2, 'en', 'Financial'),
(2, 3, 'en', 'Content'),
(3, 4, 'en', 'Marketing'),
(4, 4, 'ar', 'تسويق'),
(5, 4, 'es', 'Márketing'),
(6, 3, 'es', 'Contenido'),
(7, 3, 'ar', 'المحتوى'),
(8, 2, 'ar', 'الأمور المالية'),
(9, 2, 'es', 'Financiera');

-- --------------------------------------------------------

--
-- Table structure for table `tags`
--

CREATE TABLE `tags` (
  `id` int(10) UNSIGNED NOT NULL,
  `title` varchar(64) NOT NULL,
  `webinar_id` int(10) UNSIGNED DEFAULT NULL,
  `bundle_id` int(10) UNSIGNED DEFAULT NULL,
  `upcoming_course_id` int(10) UNSIGNED DEFAULT NULL,
  `event_id` int(10) UNSIGNED DEFAULT NULL
) ENGINE=InnoDB DEFAULT CHARSET=utf8mb4 COLLATE=utf8mb4_unicode_ci ROW_FORMAT=DYNAMIC;

--
-- Dumping data for table `tags`
--

INSERT INTO `tags` (`id`, `title`, `webinar_id`, `bundle_id`, `upcoming_course_id`, `event_id`) VALUES
(6705, 'energy', NULL, 3, NULL, NULL),
(6706, 'solar energy', NULL, 3, NULL, NULL),
(6707, 'web', NULL, 2, NULL, NULL),
(6708, 'programming', NULL, 2, NULL, NULL),
(6709, 'office', NULL, 1, NULL, NULL),
(6710, 'bundle', NULL, 1, NULL, NULL),
(6711, 'Web Design', NULL, NULL, 5, NULL),
(6712, 'Photography', NULL, NULL, 4, NULL),
(6713, 'Digital Photography', NULL, NULL, 4, NULL),
(6714, 'python', NULL, NULL, 3, NULL),
(6719, 'Laravel', NULL, NULL, 6, NULL),
(6722, 'Installment payment', 2022, NULL, NULL, NULL),
(6723, 'Installment', 2022, NULL, NULL, NULL),
(6724, 'Partial payment', 2022, NULL, NULL, NULL),
(6725, 'Drip', 2010, NULL, NULL, NULL),
(6726, 'Assignment', 2010, NULL, NULL, NULL),
(6729, 'Guitar', 2008, NULL, NULL, NULL),
(6730, 'Guitar Masterclass', 2008, NULL, NULL, NULL),
(6731, 'travel', 2007, NULL, NULL, NULL),
(6732, 'Travel Management', 2007, NULL, NULL, NULL),
(6733, 'trip', 2007, NULL, NULL, NULL),
(6734, 'web', 2005, NULL, NULL, NULL),
(6735, 'design', 2005, NULL, NULL, NULL),
(6736, 'web design', 2005, NULL, NULL, NULL),
(6737, 'Virtual Team', 1999, NULL, NULL, NULL),
(6738, 'Team', 1999, NULL, NULL, NULL),
(6739, 'Product Manager', 1995, NULL, NULL, NULL),
(6740, 'managment', 1995, NULL, NULL, NULL),
(6741, 'Live Class', 2009, NULL, NULL, NULL),
(6742, 'New Live System', 2009, NULL, NULL, NULL),
(6743, 'travel', 2006, NULL, NULL, NULL),
(6744, 'trip', 2006, NULL, NULL, NULL),
(6745, 'World Trip', 2006, NULL, NULL, NULL),
(6746, 'Listening', 2003, NULL, NULL, NULL),
(6747, 'Listen', 2003, NULL, NULL, NULL),
(6748, 'Listener', 2003, NULL, NULL, NULL),
(6749, 'fitness', 2002, NULL, NULL, NULL),
(6750, 'Health & Fitness', 2002, NULL, NULL, NULL),
(6751, 'Health', 2002, NULL, NULL, NULL),
(6752, 'Angular', 2001, NULL, NULL, NULL),
(6753, 'AngularJS', 2001, NULL, NULL, NULL),
(6754, 'Javascript', 2001, NULL, NULL, NULL),
(6755, 'Time', 2000, NULL, NULL, NULL),
(6756, 'Time Management', 2000, NULL, NULL, NULL),
(6757, 'Save Time', 2000, NULL, NULL, NULL),
(6758, 'linux', 1996, NULL, NULL, NULL),
(6759, 'os', 1996, NULL, NULL, NULL),
(6760, 'network', 1996, NULL, NULL, NULL),
(6767, 'Excel', 1998, NULL, NULL, NULL),
(6768, 'microsoft excel', 1998, NULL, NULL, NULL),
(6769, 'excel class', 1998, NULL, NULL, NULL);

-- --------------------------------------------------------

--
-- Table structure for table `testimonials`
--

CREATE TABLE `testimonials` (
  `id` int(10) UNSIGNED NOT NULL,
  `user_avatar` varchar(255) NOT NULL,
  `rate` varchar(5) NOT NULL DEFAULT '0',
  `status` enum('active','disable') NOT NULL DEFAULT 'disable',
  `created_at` int(10) UNSIGNED NOT NULL
) ENGINE=InnoDB DEFAULT CHARSET=utf8mb4 COLLATE=utf8mb4_unicode_ci ROW_FORMAT=DYNAMIC;

--
-- Dumping data for table `testimonials`
--

INSERT INTO `testimonials` (`id`, `user_avatar`, `rate`, `status`, `created_at`) VALUES
(2, '/store/1/default_images/testimonials/Group 2043.png', '5', 'active', 1606841889),
(3, '/store/1/default_images/testimonials/Group 2038.png', '5', 'active', 1606841910),
(4, '/store/1/default_images/testimonials/Group 2044.png', '5', 'active', 1606841929),
(5, '/store/1/default_images/testimonials/Group 2040.png', '5', 'active', 1606841946),
(6, '/store/1/default_images/testimonials/Group 2049.png', '5', 'active', 1606842000),
(7, '/store/1/default_images/testimonials/Group 2045.png', '5', 'active', 1750180065),
(8, '/store/1/default_images/testimonials/Group 2051.png', '5', 'active', 1750180153),
(9, '/store/1/default_images/testimonials/Group 2046.png', '5', 'active', 1750180264),
(10, '/store/1/default_images/testimonials/Group 2052.png', '5', 'active', 1750180350),
(11, '/store/1/default_images/testimonials/Group 2053.png', '5', 'active', 1750180442);

-- --------------------------------------------------------

--
-- Table structure for table `testimonial_translations`
--

CREATE TABLE `testimonial_translations` (
  `id` bigint(20) UNSIGNED NOT NULL,
  `testimonial_id` int(10) UNSIGNED NOT NULL,
  `locale` varchar(255) NOT NULL,
  `user_name` varchar(255) NOT NULL,
  `user_bio` varchar(255) NOT NULL,
  `comment` text NOT NULL
) ENGINE=InnoDB DEFAULT CHARSET=utf8mb4 COLLATE=utf8mb4_unicode_ci;

--
-- Dumping data for table `testimonial_translations`
--

INSERT INTO `testimonial_translations` (`id`, `testimonial_id`, `locale`, `user_name`, `user_bio`, `comment`) VALUES
(1, 2, 'en', 'Sarah Mitchell', 'Graphic Designer', 'I signed up for this platform last year, and it’s been an amazing journey of learning and growth. The instructors are very knowledgeable, the course material is up to date, and the quizzes and assignments really help reinforce what you learn. I love how flexible it is; I can study whenever I want. I’ve already completed four courses and can’t wait to enroll in more. Highly recommend this site for anyone serious about gaining new skills.'),
(2, 3, 'en', 'James Carter', 'Freelance Videographer', 'Before joining, I was hesitant about online learning. But this platform completely changed my perspective. The video lectures are clear, engaging, and easy to follow. I really appreciate the discussion forums too, where I can ask questions and get help quickly. The certificates have helped me boost my resume, and my confidence has grown a lot. I feel more prepared for new job opportunities now. If you’re considering taking a course, don’t hesitate. It’s worth it!'),
(3, 4, 'en', 'Emily Ross', 'Social Media Manager', 'As someone with a busy schedule, I needed a flexible learning solution. This platform was exactly what I was looking for. The instructors break down complex topics into manageable lessons, and I can track my progress easily. I especially love the mobile app that lets me learn on the go. I’ve already recommended this site to my friends and colleagues. It’s a smart investment for anyone who wants to keep up with industry trends and advance professionally.'),
(4, 5, 'en', 'Daniel Kim', 'Architecture Student', 'Taking courses here has been one of my best decisions. The wide variety of subjects means I always find something that fits my interests and career goals. The quizzes and assignments challenge me to apply what I’ve learned, which makes a huge difference. I’ve also interacted with some amazing instructors who genuinely care about their students’ success. If you want to stay ahead in today’s competitive world, I highly recommend giving this learning platform a try.'),
(5, 6, 'en', 'Olivia Bennett', 'Event Planner', 'I’ve always believed in continuous learning, and this site makes it incredibly easy and accessible. The course bundles offer great value for money, and the discounts during promotions are unbeatable. I enjoy the practical projects included in many courses because they help build a solid portfolio. Plus, earning certificates feels rewarding and keeps me motivated. The customer support is responsive and helpful whenever I have questions. Overall, I’ve gained valuable knowledge that I can immediately apply at work.'),
(6, 2, 'ar', 'Abdul Jabbaar el-Kaleel', 'محلل بيانات في مايكروسوفت', '\"لقد استخدمنا Rocket LMS خلال العامين الماضيين. شكرًا على الخدمة الرائعة.\"'),
(7, 2, 'es', 'Ryan Newman', 'Analista de datos en Microsoft', '\"Hemos utilizado Rocket LMS durante los últimos 2 años. Gracias por el gran servicio\"'),
(8, 3, 'es', 'Megan Hayward', 'Administradora de sistemas en Amazon', '\"Nos encanta. Rocket LMS es perfecto y muy adaptable\".'),
(9, 3, 'ar', 'Khaleela el-Alam', 'مسؤول النظام في أمازون', '\"نحن نحبها. Rocket LMS مثالي وقابل للتكيف بشكل كبير.\"'),
(10, 4, 'es', 'Natasha Hope', 'Técnico de TI en IBM', '\"Estoy realmente satisfecho con mi Rocket LMS. Es la solución perfecta para nuestro negocio\"'),
(11, 4, 'ar', 'Sakeena el-Shad', 'فني تكنولوجيا المعلومات في شركة آی بی ام', '\"أنا راضٍ حقًا عن Rocket LMS. إنه الحل الأمثل لأعمالنا.\"'),
(12, 5, 'es', 'Charles Dale', 'Ingeniera informatica en oracle', '\"Estoy muy satisfecho con este producto. No podría haber pedido más que esto\"'),
(13, 5, 'ar', 'Rifat el-Younis', 'مهندس كمبيوتر', '\"أنا مسرور جدًا بهذا المنتج. لم أستطع طلب أكثر من هذا.\"'),
(14, 6, 'es', 'David Patterson', 'Técnico de redes en Cisco', '\"Rocket LMS me impresionó en varios niveles\"'),
(15, 6, 'ar', 'Ahmed al-Mansouri', 'فني شبكات في سيسكو', '\"لقد أبهرني صاروخ Rocket LMS على مستويات متعددة.\"'),
(16, 7, 'en', 'Michael Alvarez', 'Industrial Engineer', 'Learning new skills felt intimidating before, but the supportive community here made a big difference for me. The instructors are approachable and explain concepts in an easy-to-understand way. I appreciate the interactive quizzes, assignments, and real-world projects that push me to practice. The flexible deadlines make it stress-free to learn at my own pace. I’ve even found mentors through the platform who’ve guided me on career choices. It’s a fantastic place to grow professionally and personally.'),
(17, 8, 'en', 'Chloe Martin', 'Blogger & Content Creator', 'This course marketplace has completely changed my professional life. I wanted to switch careers and needed practical skills fast. The UI/UX design path was exactly what I needed. The step-by-step lessons, downloadable resources, and active discussion boards kept me engaged. Within months, I felt confident enough to take on freelance projects. The certificates I earned really added value to my profile. If you’re serious about gaining skills employers actually want, this is the best place to start.'),
(18, 9, 'en', 'Rohan Kumar', 'Marketing Executive', 'Enrolling in courses here has been an eye-opening experience. I love that I can access thousands of high-quality lessons from experts around the world. The variety of topics is impressive — from programming to marketing, it’s all here. I also appreciate the lifetime access, so I can revisit content anytime I need a refresher. It’s a great investment for anyone wanting to grow their career, explore new fields, or simply keep their knowledge updated and relevant.'),
(19, 10, 'en', 'Jessica Patel', 'Travel Influencer', 'I discovered this platform when I needed help advancing my tech skills. What surprised me most was how interactive and engaging the lessons are. The quizzes and hands-on projects really help solidify what you learn. I also appreciate the clear structure and easy navigation. It feels like having a personal coach guiding me step by step. I’ve already landed a better job because of what I learned here. I’ll definitely keep coming back for more courses in the future.'),
(20, 11, 'en', 'Ahmed Al-Maktoum', 'Product Photographer', 'This online learning marketplace has everything I need to keep growing my knowledge. The instructors are industry experts who share valuable insights and practical tips. I especially love the certificates, which I’ve added to my LinkedIn profile and resume. They really stand out to employers. The course bundles make it affordable to learn multiple topics at once. I feel more confident tackling new challenges at work thanks to these lessons. If you’re thinking of enrolling, do it today!');

-- --------------------------------------------------------

--
-- Table structure for table `text_lessons`
--

CREATE TABLE `text_lessons` (
  `id` int(10) UNSIGNED NOT NULL,
  `creator_id` int(10) UNSIGNED NOT NULL,
  `webinar_id` int(10) UNSIGNED NOT NULL,
  `chapter_id` int(10) UNSIGNED DEFAULT NULL,
  `image` varchar(255) DEFAULT NULL,
  `study_time` int(10) UNSIGNED DEFAULT NULL,
  `accessibility` enum('free','paid') NOT NULL DEFAULT 'free',
  `check_previous_parts` tinyint(1) NOT NULL DEFAULT 0,
  `access_after_day` int(10) UNSIGNED DEFAULT NULL,
  `order` int(10) UNSIGNED DEFAULT NULL,
  `status` enum('active','inactive') NOT NULL DEFAULT 'active',
  `created_at` int(10) UNSIGNED NOT NULL,
  `updated_at` int(10) UNSIGNED DEFAULT NULL
) ENGINE=InnoDB DEFAULT CHARSET=utf8mb4 COLLATE=utf8mb4_unicode_ci ROW_FORMAT=DYNAMIC;

--
-- Dumping data for table `text_lessons`
--

INSERT INTO `text_lessons` (`id`, `creator_id`, `webinar_id`, `chapter_id`, `image`, `study_time`, `accessibility`, `check_previous_parts`, `access_after_day`, `order`, `status`, `created_at`, `updated_at`) VALUES
(13, 934, 1997, 26, '/store/934/hero (9).jpg', 5, 'free', 0, NULL, 1, 'active', 1624954655, 1635417906),
(14, 934, 1997, 26, '/store/934/hero (14).jpg', 10, 'free', 0, NULL, 2, 'active', 1624954929, 1635417914),
(15, 934, 1997, 26, '/store/934/hero (4).jpg', 20, 'free', 0, NULL, 3, 'active', 1624956733, 1635417921);

-- --------------------------------------------------------

--
-- Table structure for table `text_lessons_attachments`
--

CREATE TABLE `text_lessons_attachments` (
  `id` int(10) UNSIGNED NOT NULL,
  `text_lesson_id` int(10) UNSIGNED NOT NULL,
  `file_id` int(10) UNSIGNED NOT NULL,
  `created_at` int(10) UNSIGNED NOT NULL
) ENGINE=InnoDB DEFAULT CHARSET=utf8mb4 COLLATE=utf8mb4_unicode_ci ROW_FORMAT=DYNAMIC;

--
-- Dumping data for table `text_lessons_attachments`
--

INSERT INTO `text_lessons_attachments` (`id`, `text_lesson_id`, `file_id`, `created_at`) VALUES
(14, 13, 35, 1635417906);

-- --------------------------------------------------------

--
-- Table structure for table `text_lesson_translations`
--

CREATE TABLE `text_lesson_translations` (
  `id` bigint(20) UNSIGNED NOT NULL,
  `text_lesson_id` int(10) UNSIGNED NOT NULL,
  `locale` varchar(255) NOT NULL,
  `title` varchar(255) NOT NULL,
  `summary` text NOT NULL,
  `content` longtext NOT NULL
) ENGINE=InnoDB DEFAULT CHARSET=utf8mb4 COLLATE=utf8mb4_unicode_ci;

--
-- Dumping data for table `text_lesson_translations`
--

INSERT INTO `text_lesson_translations` (`id`, `text_lesson_id`, `locale`, `title`, `summary`, `content`) VALUES
(1, 13, 'en', 'Hello, World!', 'Get started learning Python with DataCamp\'s free Intro to Python tutorial. Learn Data Science by completing interactive coding challenges and watching videos by expert instructors. Start Now!', '<div>Python is a very simple language, and has a very straightforward syntax. It encourages programmers to program without boilerplate (prepared) code. The simplest directive in Python is the \"print\" directive - it simply prints out a line (and also includes a newline, unlike in C).</div><div><br></div><div>There are two major Python versions, Python 2 and Python 3. Python 2 and 3 are quite different. This tutorial uses Python 3, because it more semantically correct and supports newer features.</div><div><br></div><div>For example, one difference between Python 2 and 3 is the print statement. In Python 2, the \"print\" statement is not a function, and therefore it is invoked without parentheses. However, in Python 3, it is a function, and must be invoked with parentheses.</div>'),
(2, 14, 'en', 'Learning', 'Before getting started, you may want to find out which IDEs and text editors are tailored to make Python editing easy, browse the list of introductory books, or look at code samples that you might find helpful.', '<div>There is a list of tutorials suitable for experienced programmers on the BeginnersGuide/Tutorials page. There is also a list of resources in other languages which might be useful if English is not your first language.</div><div><br></div><div>The online documentation is your first port of call for definitive information. There is a fairly brief tutorial that gives you basic information about the language and gets you started. You can follow this by looking at the library reference for a full description of Python\'s many libraries and the language reference for a complete (though somewhat dry) explanation of Python\'s syntax. If you are looking for common Python recipes and patterns, you can browse the ActiveState Python Cookbook</div>'),
(3, 15, 'en', 'Looking for Something Specific?', 'If you want to know whether a particular application, or a library with particular functionality, is available in Python there are a number of possible sources of information.', '<p>If you want to know whether a particular application, or a library with particular functionality, is available in Python there are a number of possible sources of information. The Python web site provides a Python Package Index (also known as the Cheese Shop, a reference to the Monty Python script of that name). There is also a search page for a number of sources of Python-related information. Failing that, just Google for a phrase including the word \'\'python\'\' and you may well get the result you need. If all else fails, ask on the python newsgroup and there\'s a good chance someone will put you on the right track.</p><p>Python is an interpreted high-level general-purpose programming language. Python\'s design philosophy emphasizes code readability with its notable use of significant indentation. Its language constructs as well as its object-oriented approach aim to help programmers write clear, logical code for small and large-scale projects.[30]</p><p><br></p><p>Python is dynamically-typed and garbage-collected. It supports multiple programming paradigms, including structured (particularly, procedural), object-oriented and functional programming. Python is often described as a \"batteries included\" language due to its comprehensive standard library.[31]</p><p><br></p><p>Guido van Rossum began working on Python in the late 1980s, as a successor to the ABC programming language, and first released it in 1991 as Python 0.9.0.[32] Python 2.0 was released in 2000 and introduced new features, such as list comprehensions and a garbage collection system using reference counting. Python 3.0 was released in 2008 and was a major revision of the language that is not completely backward-compatible and much Python 2 code does not run unmodified on Python 3. Python 2 was discontinued with version 2.7.18 in 2020.[33]</p><p><br></p><p>Python consistently ranks as one of the most popular programming languages.</p>');

-- --------------------------------------------------------

--
-- Table structure for table `themes`
--

CREATE TABLE `themes` (
  `id` int(10) UNSIGNED NOT NULL,
  `title` varchar(255) NOT NULL,
  `preview_image` varchar(255) DEFAULT NULL,
  `default_color_mode` enum('light','dark') NOT NULL DEFAULT 'light',
  `color_id` int(10) UNSIGNED DEFAULT NULL,
  `font_id` int(10) UNSIGNED DEFAULT NULL,
  `header_id` int(10) UNSIGNED DEFAULT NULL,
  `footer_id` int(10) UNSIGNED DEFAULT NULL,
  `home_landing_id` int(10) UNSIGNED DEFAULT NULL,
  `contents` longtext DEFAULT NULL,
  `is_default` tinyint(1) NOT NULL DEFAULT 0,
  `enable` tinyint(1) NOT NULL DEFAULT 0,
  `created_at` bigint(20) UNSIGNED NOT NULL
) ENGINE=InnoDB DEFAULT CHARSET=utf8mb4 COLLATE=utf8mb4_general_ci;

--
-- Dumping data for table `themes`
--

INSERT INTO `themes` (`id`, `title`, `preview_image`, `default_color_mode`, `color_id`, `font_id`, `header_id`, `footer_id`, `home_landing_id`, `contents`, `is_default`, `enable`, `created_at`) VALUES
(1, 'Lite (Included)', '/store/1/default_images/themes/lite-preview.jpg', 'light', 1, 2, 1, 2, 1, '{\"card_styles\":{\"course\":\"grid_card_1\",\"product\":\"grid_card_1\",\"bundle\":\"grid_card_1\",\"upcoming_course\":\"grid_card_1\",\"blog_post\":\"grid_card_1\",\"instructor\":\"grid_card_1\",\"organization\":\"grid_card_1\"},\"images\":{\"admin_login\":\"\\/store\\/1\\/themes\\/general\\/admin_login.jpg\",\"admin_dashboard\":\"\\/store\\/1\\/themes\\/general\\/admin_dashboard.png\",\"search\":\"\\/store\\/1\\/themes\\/general\\/search_background.jpg\",\"tags\":\"\\/store\\/1\\/themes\\/general\\/tags_background.jpg\",\"categories\":\"\\/store\\/1\\/themes\\/general\\/categories_background.jpg\",\"become_instructor\":\"\\/store\\/1\\/themes\\/general\\/become_instructor_background.jpg\",\"certificate_validation\":\"\\/store\\/1\\/themes\\/general\\/certificate_validation.jpg\",\"certificate_validation_overlay_image\":\"\\/store\\/1\\/themes\\/general\\/certificate_validation_overlay.png\",\"instructors_lists\":\"\\/store\\/1\\/themes\\/general\\/instructors_background.jpg\",\"instructors_header_overlay_image\":\"\\/store\\/1\\/themes\\/general\\/instructors_overlay.png\",\"organizations_lists\":\"\\/store\\/1\\/themes\\/general\\/organizations_background.jpg\",\"organizations_header_overlay_image\":\"\\/store\\/1\\/themes\\/general\\/organizations_overlay.png\",\"user_cover\":\"\\/store\\/1\\/themes\\/general\\/user_profile_background.jpg\",\"products_lists\":\"\\/store\\/1\\/themes\\/general\\/products_list_background.jpg\",\"products_lists_overlay_image\":\"\\/store\\/1\\/themes\\/general\\/products_overlay.png\",\"upcoming_courses_lists\":\"\\/store\\/1\\/themes\\/general\\/upcoming_courses_background.jpg\",\"upcoming_courses_lists_overlay_image\":\"\\/store\\/1\\/themes\\/general\\/upcoming_courses_overlay.png\",\"categories_courses_lists_featured_courses_background\":\"\\/store\\/1\\/themes\\/general\\/featured_courses_background.svg\",\"categories_courses_lists_featured_courses_overlay_image\":\"\\/store\\/1\\/themes\\/general\\/featured_courses_overlay.png\",\"bundles_lists\":\"\\/store\\/1\\/themes\\/general\\/bundles_background.jpg\",\"bundles_lists_overlay_image\":\"\\/store\\/1\\/themes\\/general\\/bundles_overlay.png\",\"blog_lists\":\"\\/store\\/1\\/themes\\/general\\/blog_background.jpg\",\"blog_lists_overlay_image\":\"\\/store\\/1\\/themes\\/general\\/blog_overlay.png\",\"form_default_cover\":\"\\/store\\/1\\/themes\\/general\\/form_background.jpg\",\"form_default_overlay_image\":\"\\/store\\/1\\/themes\\/general\\/form_overlay.png\",\"form_default_header_icon\":\"\\/store\\/1\\/themes\\/general\\/form_default_icon.svg\",\"meeting_booking_step_1_image\":\"\\/store\\/1\\/themes\\/general\\/meeting_booking_step1_overlay.png\",\"meeting_booking_step_2_image\":\"\\/store\\/1\\/themes\\/general\\/meeting_booking_step2_overlay.png\",\"classes_lists\":\"\\/store\\/1\\/themes\\/general\\/classes_background.jpg\",\"classes_lists_overlay_image\":\"\\/store\\/1\\/themes\\/general\\/courses_overlay.png\",\"reward_courses\":\"\\/store\\/1\\/themes\\/general\\/reward_courses_background.jpg\",\"reward_courses_overlay_image\":\"\\/store\\/1\\/themes\\/general\\/rewards_overlay.png\",\"event_ticket_validation\":\"\\/store\\/1\\/themes\\/general\\/ticket_validation.jpg\",\"event_ticket_validation_overlay_image\":\"\\/store\\/1\\/themes\\/general\\/ticket_validation_overlay.png\",\"events_lists\":\"\\/store\\/1\\/themes\\/general\\/events_background.jpg\",\"events_lists_overlay_image\":\"\\/store\\/1\\/themes\\/general\\/events_overlay.png\",\"meeting_packages_lists\":\"\\/store\\/1\\/themes\\/general\\/instructors_background.jpg\",\"meeting_packages_lists_overlay_image\":\"\\/store\\/1\\/themes\\/general\\/meeting_packages_overlay.png\"},\"authentication_pages\":{\"style\":\"theme_1\",\"slider_background_image\":\"\\/store\\/1\\/themes\\/general\\/authentication_background.svg\",\"slider_contents\":{\"uHuuS\":{\"title\":\"Instant Certificate Access\",\"subtitle\":\"Download certificates right after completion\",\"image\":\"\\/store\\/1\\/themes\\/general\\/authentication_slide1.png\"},\"axuTg\":{\"title\":\"Affordable Quality Education\",\"subtitle\":\"High-value courses at accessible prices\",\"image\":\"\\/store\\/1\\/themes\\/general\\/authentication_slide2.png\"},\"RuDfz\":{\"title\":\"Advance Your Career\",\"subtitle\":\"Build your resume with proven expertise\",\"image\":\"\\/store\\/1\\/themes\\/general\\/authentication_slide3.png\"}}},\"custom_css\":null,\"custom_js\":null}', 1, 0, 1763661756),
(2, 'Marketplace', '/store/1/default_images/themes/marketplace-preview.jpg', 'light', 3, 2, 1, 2, 2, '{\"card_styles\":{\"course\":\"grid_card_1\",\"product\":\"grid_card_1\",\"bundle\":\"grid_card_1\",\"upcoming_course\":\"grid_card_1\",\"blog_post\":\"grid_card_1\",\"instructor\":\"grid_card_1\",\"organization\":\"grid_card_1\"},\"images\":{\"admin_login\":\"\\/store\\/1\\/themes\\/general\\/admin_login.jpg\",\"admin_dashboard\":\"\\/store\\/1\\/themes\\/general\\/admin_dashboard.png\",\"search\":\"\\/store\\/1\\/themes\\/general\\/search_background.jpg\",\"tags\":\"\\/store\\/1\\/themes\\/general\\/tags_background.jpg\",\"categories\":\"\\/store\\/1\\/themes\\/general\\/categories_background.jpg\",\"become_instructor\":\"\\/store\\/1\\/themes\\/general\\/become_instructor_background.jpg\",\"certificate_validation\":\"\\/store\\/1\\/themes\\/general\\/certificate_validation.jpg\",\"certificate_validation_overlay_image\":\"\\/store\\/1\\/themes\\/general\\/certificate_validation_overlay.png\",\"instructors_lists\":\"\\/store\\/1\\/themes\\/general\\/instructors_background.jpg\",\"instructors_header_overlay_image\":\"\\/store\\/1\\/themes\\/general\\/instructors_overlay.png\",\"organizations_lists\":\"\\/store\\/1\\/themes\\/general\\/organizations_background.jpg\",\"organizations_header_overlay_image\":\"\\/store\\/1\\/themes\\/general\\/organizations_overlay.png\",\"user_cover\":\"\\/store\\/1\\/themes\\/general\\/user_profile_background.jpg\",\"products_lists\":\"\\/store\\/1\\/themes\\/general\\/products_list_background.jpg\",\"products_lists_overlay_image\":\"\\/store\\/1\\/themes\\/general\\/products_overlay.png\",\"upcoming_courses_lists\":\"\\/store\\/1\\/themes\\/general\\/upcoming_courses_background.jpg\",\"upcoming_courses_lists_overlay_image\":\"\\/store\\/1\\/themes\\/general\\/upcoming_courses_overlay.png\",\"categories_courses_lists_featured_courses_background\":\"\\/store\\/1\\/themes\\/general\\/featured_courses_background.svg\",\"categories_courses_lists_featured_courses_overlay_image\":\"\\/store\\/1\\/themes\\/general\\/featured_courses_overlay.png\",\"bundles_lists\":\"\\/store\\/1\\/themes\\/general\\/bundles_background.jpg\",\"bundles_lists_overlay_image\":\"\\/store\\/1\\/themes\\/general\\/bundles_overlay.png\",\"blog_lists\":\"\\/store\\/1\\/themes\\/general\\/blog_background.jpg\",\"blog_lists_overlay_image\":\"\\/store\\/1\\/themes\\/general\\/blog_overlay.png\",\"form_default_cover\":\"\\/store\\/1\\/themes\\/general\\/form_background.jpg\",\"form_default_overlay_image\":\"\\/store\\/1\\/themes\\/general\\/form_overlay.png\",\"form_default_header_icon\":\"\\/store\\/1\\/themes\\/general\\/form_default_icon.svg\",\"meeting_booking_step_1_image\":\"\\/store\\/1\\/themes\\/general\\/meeting_booking_step1_overlay.png\",\"meeting_booking_step_2_image\":\"\\/store\\/1\\/themes\\/general\\/meeting_booking_step2_overlay.png\",\"classes_lists\":\"\\/store\\/1\\/themes\\/general\\/classes_background.jpg\",\"classes_lists_overlay_image\":\"\\/store\\/1\\/themes\\/general\\/courses_overlay.png\",\"reward_courses\":\"\\/store\\/1\\/themes\\/general\\/reward_courses_background.jpg\",\"reward_courses_overlay_image\":\"\\/store\\/1\\/themes\\/general\\/rewards_overlay.png\",\"event_ticket_validation\":\"\\/store\\/1\\/themes\\/general\\/ticket_validation.jpg\",\"event_ticket_validation_overlay_image\":\"\\/store\\/1\\/themes\\/general\\/ticket_validation_overlay.png\",\"events_lists\":\"\\/store\\/1\\/themes\\/general\\/events_background.jpg\",\"events_lists_overlay_image\":\"\\/store\\/1\\/themes\\/general\\/events_overlay.png\",\"meeting_packages_lists\":\"\\/store\\/1\\/themes\\/general\\/instructors_background.jpg\",\"meeting_packages_lists_overlay_image\":\"\\/store\\/1\\/themes\\/general\\/meeting_packages_overlay.png\"},\"authentication_pages\":{\"style\":\"theme_1\",\"slider_background_image\":\"\\/store\\/1\\/themes\\/general\\/authentication_background.svg\",\"slider_contents\":{\"uHuuS\":{\"title\":\"Instant Certificate Access\",\"subtitle\":\"Download certificates right after completion\",\"image\":\"\\/store\\/1\\/themes\\/general\\/authentication_slide1.png\"},\"axuTg\":{\"title\":\"Affordable Quality Education\",\"subtitle\":\"High-value courses at accessible prices\",\"image\":\"\\/store\\/1\\/themes\\/general\\/authentication_slide2.png\"},\"RuDfz\":{\"title\":\"Advance Your Career\",\"subtitle\":\"Build your resume with proven expertise\",\"image\":\"\\/store\\/1\\/themes\\/general\\/authentication_slide3.png\"}}},\"custom_css\":null,\"custom_js\":null}', 0, 0, 1763662052),
(3, 'Single Instructor', '/store/1/default_images/themes/single-preview.jpg', 'light', 5, 2, 1, 2, 4, '{\"card_styles\":{\"course\":\"grid_card_1\",\"product\":\"grid_card_1\",\"bundle\":\"grid_card_1\",\"upcoming_course\":\"grid_card_1\",\"blog_post\":\"grid_card_1\",\"instructor\":\"grid_card_1\",\"organization\":\"grid_card_1\"},\"images\":{\"admin_login\":\"\\/store\\/1\\/themes\\/general\\/admin_login.jpg\",\"admin_dashboard\":\"\\/store\\/1\\/themes\\/general\\/admin_dashboard.png\",\"search\":\"\\/store\\/1\\/themes\\/general\\/search_background.jpg\",\"tags\":\"\\/store\\/1\\/themes\\/general\\/tags_background.jpg\",\"categories\":\"\\/store\\/1\\/themes\\/general\\/categories_background.jpg\",\"become_instructor\":\"\\/store\\/1\\/themes\\/general\\/become_instructor_background.jpg\",\"certificate_validation\":\"\\/store\\/1\\/themes\\/general\\/certificate_validation.jpg\",\"certificate_validation_overlay_image\":\"\\/store\\/1\\/themes\\/general\\/certificate_validation_overlay.png\",\"instructors_lists\":\"\\/store\\/1\\/themes\\/general\\/instructors_background.jpg\",\"instructors_header_overlay_image\":\"\\/store\\/1\\/themes\\/general\\/instructors_overlay.png\",\"organizations_lists\":\"\\/store\\/1\\/themes\\/general\\/organizations_background.jpg\",\"organizations_header_overlay_image\":\"\\/store\\/1\\/themes\\/general\\/organizations_overlay.png\",\"user_cover\":\"\\/store\\/1\\/themes\\/general\\/user_profile_background.jpg\",\"products_lists\":\"\\/store\\/1\\/themes\\/general\\/products_list_background.jpg\",\"products_lists_overlay_image\":\"\\/store\\/1\\/themes\\/general\\/products_overlay.png\",\"upcoming_courses_lists\":\"\\/store\\/1\\/themes\\/general\\/upcoming_courses_background.jpg\",\"upcoming_courses_lists_overlay_image\":\"\\/store\\/1\\/themes\\/general\\/upcoming_courses_overlay.png\",\"categories_courses_lists_featured_courses_background\":\"\\/store\\/1\\/themes\\/general\\/featured_courses_background.svg\",\"categories_courses_lists_featured_courses_overlay_image\":\"\\/store\\/1\\/themes\\/general\\/featured_courses_overlay.png\",\"bundles_lists\":\"\\/store\\/1\\/themes\\/general\\/bundles_background.jpg\",\"bundles_lists_overlay_image\":\"\\/store\\/1\\/themes\\/general\\/bundles_overlay.png\",\"blog_lists\":\"\\/store\\/1\\/themes\\/general\\/blog_background.jpg\",\"blog_lists_overlay_image\":\"\\/store\\/1\\/themes\\/general\\/blog_overlay.png\",\"form_default_cover\":\"\\/store\\/1\\/themes\\/general\\/form_background.jpg\",\"form_default_overlay_image\":\"\\/store\\/1\\/themes\\/general\\/form_overlay.png\",\"form_default_header_icon\":\"\\/store\\/1\\/themes\\/general\\/form_default_icon.svg\",\"meeting_booking_step_1_image\":\"\\/store\\/1\\/themes\\/general\\/meeting_booking_step1_overlay.png\",\"meeting_booking_step_2_image\":\"\\/store\\/1\\/themes\\/general\\/meeting_booking_step2_overlay.png\",\"classes_lists\":\"\\/store\\/1\\/themes\\/general\\/classes_background.jpg\",\"classes_lists_overlay_image\":\"\\/store\\/1\\/themes\\/general\\/courses_overlay.png\",\"reward_courses\":\"\\/store\\/1\\/themes\\/general\\/reward_courses_background.jpg\",\"reward_courses_overlay_image\":\"\\/store\\/1\\/themes\\/general\\/rewards_overlay.png\",\"event_ticket_validation\":\"\\/store\\/1\\/themes\\/general\\/ticket_validation.jpg\",\"event_ticket_validation_overlay_image\":\"\\/store\\/1\\/themes\\/general\\/ticket_validation_overlay.png\",\"events_lists\":\"\\/store\\/1\\/themes\\/general\\/events_background.jpg\",\"events_lists_overlay_image\":\"\\/store\\/1\\/themes\\/general\\/events_overlay.png\",\"meeting_packages_lists\":\"\\/store\\/1\\/themes\\/general\\/instructors_background.jpg\",\"meeting_packages_lists_overlay_image\":\"\\/store\\/1\\/themes\\/general\\/meeting_packages_overlay.png\"},\"authentication_pages\":{\"style\":\"theme_1\",\"slider_background_image\":\"\\/store\\/1\\/themes\\/general\\/authentication_background.svg\",\"slider_contents\":{\"uHuuS\":{\"title\":\"Instant Certificate Access\",\"subtitle\":\"Download certificates right after completion\",\"image\":\"\\/store\\/1\\/themes\\/general\\/authentication_slide1.png\"},\"axuTg\":{\"title\":\"Affordable Quality Education\",\"subtitle\":\"High-value courses at accessible prices\",\"image\":\"\\/store\\/1\\/themes\\/general\\/authentication_slide2.png\"},\"RuDfz\":{\"title\":\"Advance Your Career\",\"subtitle\":\"Build your resume with proven expertise\",\"image\":\"\\/store\\/1\\/themes\\/general\\/authentication_slide3.png\"}}},\"custom_css\":null,\"custom_js\":null}', 0, 0, 1763662014),
(4, 'Organizational Education', '/store/1/default_images/themes/organization-preview.jpg', 'light', 4, 2, 1, 2, 5, '{\"card_styles\":{\"course\":\"grid_card_1\",\"product\":\"grid_card_1\",\"bundle\":\"grid_card_1\",\"upcoming_course\":\"grid_card_1\",\"blog_post\":\"grid_card_1\",\"instructor\":\"grid_card_1\",\"organization\":\"grid_card_1\"},\"images\":{\"admin_login\":\"\\/store\\/1\\/themes\\/general\\/admin_login.jpg\",\"admin_dashboard\":\"\\/store\\/1\\/themes\\/general\\/admin_dashboard.png\",\"search\":\"\\/store\\/1\\/themes\\/general\\/search_background.jpg\",\"tags\":\"\\/store\\/1\\/themes\\/general\\/tags_background.jpg\",\"categories\":\"\\/store\\/1\\/themes\\/general\\/categories_background.jpg\",\"become_instructor\":\"\\/store\\/1\\/themes\\/general\\/become_instructor_background.jpg\",\"certificate_validation\":\"\\/store\\/1\\/themes\\/general\\/certificate_validation.jpg\",\"certificate_validation_overlay_image\":\"\\/store\\/1\\/themes\\/general\\/certificate_validation_overlay.png\",\"instructors_lists\":\"\\/store\\/1\\/themes\\/general\\/instructors_background.jpg\",\"instructors_header_overlay_image\":\"\\/store\\/1\\/themes\\/general\\/instructors_overlay.png\",\"organizations_lists\":\"\\/store\\/1\\/themes\\/general\\/organizations_background.jpg\",\"organizations_header_overlay_image\":\"\\/store\\/1\\/themes\\/general\\/organizations_overlay.png\",\"user_cover\":\"\\/store\\/1\\/themes\\/general\\/user_profile_background.jpg\",\"products_lists\":\"\\/store\\/1\\/themes\\/general\\/products_list_background.jpg\",\"products_lists_overlay_image\":\"\\/store\\/1\\/themes\\/general\\/products_overlay.png\",\"upcoming_courses_lists\":\"\\/store\\/1\\/themes\\/general\\/upcoming_courses_background.jpg\",\"upcoming_courses_lists_overlay_image\":\"\\/store\\/1\\/themes\\/general\\/upcoming_courses_overlay.png\",\"categories_courses_lists_featured_courses_background\":\"\\/store\\/1\\/themes\\/general\\/featured_courses_background.svg\",\"categories_courses_lists_featured_courses_overlay_image\":\"\\/store\\/1\\/themes\\/general\\/featured_courses_overlay.png\",\"bundles_lists\":\"\\/store\\/1\\/themes\\/general\\/bundles_background.jpg\",\"bundles_lists_overlay_image\":\"\\/store\\/1\\/themes\\/general\\/bundles_overlay.png\",\"blog_lists\":\"\\/store\\/1\\/themes\\/general\\/blog_background.jpg\",\"blog_lists_overlay_image\":\"\\/store\\/1\\/themes\\/general\\/blog_overlay.png\",\"form_default_cover\":\"\\/store\\/1\\/themes\\/general\\/form_background.jpg\",\"form_default_overlay_image\":\"\\/store\\/1\\/themes\\/general\\/form_overlay.png\",\"form_default_header_icon\":\"\\/store\\/1\\/themes\\/general\\/form_default_icon.svg\",\"meeting_booking_step_1_image\":\"\\/store\\/1\\/themes\\/general\\/meeting_booking_step1_overlay.png\",\"meeting_booking_step_2_image\":\"\\/store\\/1\\/themes\\/general\\/meeting_booking_step2_overlay.png\",\"classes_lists\":\"\\/store\\/1\\/themes\\/general\\/classes_background.jpg\",\"classes_lists_overlay_image\":\"\\/store\\/1\\/themes\\/general\\/courses_overlay.png\",\"reward_courses\":\"\\/store\\/1\\/themes\\/general\\/reward_courses_background.jpg\",\"reward_courses_overlay_image\":\"\\/store\\/1\\/themes\\/general\\/rewards_overlay.png\",\"event_ticket_validation\":\"\\/store\\/1\\/themes\\/general\\/ticket_validation.jpg\",\"event_ticket_validation_overlay_image\":\"\\/store\\/1\\/themes\\/general\\/ticket_validation_overlay.png\",\"events_lists\":\"\\/store\\/1\\/themes\\/general\\/events_background.jpg\",\"events_lists_overlay_image\":\"\\/store\\/1\\/themes\\/general\\/events_overlay.png\",\"meeting_packages_lists\":\"\\/store\\/1\\/themes\\/general\\/instructors_background.jpg\",\"meeting_packages_lists_overlay_image\":\"\\/store\\/1\\/themes\\/general\\/meeting_packages_overlay.png\"},\"authentication_pages\":{\"style\":\"theme_1\",\"slider_background_image\":\"\\/store\\/1\\/themes\\/general\\/authentication_background.svg\",\"slider_contents\":{\"uHuuS\":{\"title\":\"Instant Certificate Access\",\"subtitle\":\"Download certificates right after completion\",\"image\":\"\\/store\\/1\\/themes\\/general\\/authentication_slide1.png\"},\"axuTg\":{\"title\":\"Affordable Quality Education\",\"subtitle\":\"High-value courses at accessible prices\",\"image\":\"\\/store\\/1\\/themes\\/general\\/authentication_slide2.png\"},\"RuDfz\":{\"title\":\"Advance Your Career\",\"subtitle\":\"Build your resume with proven expertise\",\"image\":\"\\/store\\/1\\/themes\\/general\\/authentication_slide3.png\"}}},\"custom_css\":null,\"custom_js\":null}', 0, 0, 1763661789),
(5, 'Meeting Booking', '/store/1/default_images/themes/meeting-preview.jpg', 'light', 6, 2, 1, 2, 6, '{\"card_styles\":{\"course\":\"grid_card_1\",\"product\":\"grid_card_1\",\"bundle\":\"grid_card_1\",\"upcoming_course\":\"grid_card_1\",\"blog_post\":\"grid_card_1\",\"instructor\":\"grid_card_1\",\"organization\":\"grid_card_1\"},\"images\":{\"admin_login\":\"\\/store\\/1\\/themes\\/general\\/admin_login.jpg\",\"admin_dashboard\":\"\\/store\\/1\\/themes\\/general\\/admin_dashboard.png\",\"search\":\"\\/store\\/1\\/themes\\/general\\/search_background.jpg\",\"tags\":\"\\/store\\/1\\/themes\\/general\\/tags_background.jpg\",\"categories\":\"\\/store\\/1\\/themes\\/general\\/categories_background.jpg\",\"become_instructor\":\"\\/store\\/1\\/themes\\/general\\/become_instructor_background.jpg\",\"certificate_validation\":\"\\/store\\/1\\/themes\\/general\\/certificate_validation.jpg\",\"certificate_validation_overlay_image\":\"\\/store\\/1\\/themes\\/general\\/certificate_validation_overlay.png\",\"instructors_lists\":\"\\/store\\/1\\/themes\\/general\\/instructors_background.jpg\",\"instructors_header_overlay_image\":\"\\/store\\/1\\/themes\\/general\\/instructors_overlay.png\",\"organizations_lists\":\"\\/store\\/1\\/themes\\/general\\/organizations_background.jpg\",\"organizations_header_overlay_image\":\"\\/store\\/1\\/themes\\/general\\/organizations_overlay.png\",\"user_cover\":\"\\/store\\/1\\/themes\\/general\\/user_profile_background.jpg\",\"products_lists\":\"\\/store\\/1\\/themes\\/general\\/products_list_background.jpg\",\"products_lists_overlay_image\":\"\\/store\\/1\\/themes\\/general\\/products_overlay.png\",\"upcoming_courses_lists\":\"\\/store\\/1\\/themes\\/general\\/upcoming_courses_background.jpg\",\"upcoming_courses_lists_overlay_image\":\"\\/store\\/1\\/themes\\/general\\/upcoming_courses_overlay.png\",\"categories_courses_lists_featured_courses_background\":\"\\/store\\/1\\/themes\\/general\\/featured_courses_background.svg\",\"categories_courses_lists_featured_courses_overlay_image\":\"\\/store\\/1\\/themes\\/general\\/featured_courses_overlay.png\",\"bundles_lists\":\"\\/store\\/1\\/themes\\/general\\/bundles_background.jpg\",\"bundles_lists_overlay_image\":\"\\/store\\/1\\/themes\\/general\\/bundles_overlay.png\",\"blog_lists\":\"\\/store\\/1\\/themes\\/general\\/blog_background.jpg\",\"blog_lists_overlay_image\":\"\\/store\\/1\\/themes\\/general\\/blog_overlay.png\",\"form_default_cover\":\"\\/store\\/1\\/themes\\/general\\/form_background.jpg\",\"form_default_overlay_image\":\"\\/store\\/1\\/themes\\/general\\/form_overlay.png\",\"form_default_header_icon\":\"\\/store\\/1\\/themes\\/general\\/form_default_icon.svg\",\"meeting_booking_step_1_image\":\"\\/store\\/1\\/themes\\/general\\/meeting_booking_step1_overlay.png\",\"meeting_booking_step_2_image\":\"\\/store\\/1\\/themes\\/general\\/meeting_booking_step2_overlay.png\",\"classes_lists\":\"\\/store\\/1\\/themes\\/general\\/classes_background.jpg\",\"classes_lists_overlay_image\":\"\\/store\\/1\\/themes\\/general\\/courses_overlay.png\",\"reward_courses\":\"\\/store\\/1\\/themes\\/general\\/reward_courses_background.jpg\",\"reward_courses_overlay_image\":\"\\/store\\/1\\/themes\\/general\\/rewards_overlay.png\",\"event_ticket_validation\":\"\\/store\\/1\\/themes\\/general\\/ticket_validation.jpg\",\"event_ticket_validation_overlay_image\":\"\\/store\\/1\\/themes\\/general\\/ticket_validation_overlay.png\",\"events_lists\":\"\\/store\\/1\\/themes\\/general\\/events_background.jpg\",\"events_lists_overlay_image\":\"\\/store\\/1\\/themes\\/general\\/events_overlay.png\",\"meeting_packages_lists\":\"\\/store\\/1\\/themes\\/general\\/instructors_background.jpg\",\"meeting_packages_lists_overlay_image\":\"\\/store\\/1\\/themes\\/general\\/meeting_packages_overlay.png\"},\"authentication_pages\":{\"style\":\"theme_1\",\"slider_background_image\":\"\\/store\\/1\\/themes\\/general\\/authentication_background.svg\",\"slider_contents\":{\"uHuuS\":{\"title\":\"Instant Certificate Access\",\"subtitle\":\"Download certificates right after completion\",\"image\":\"\\/store\\/1\\/themes\\/general\\/authentication_slide1.png\"},\"axuTg\":{\"title\":\"Affordable Quality Education\",\"subtitle\":\"High-value courses at accessible prices\",\"image\":\"\\/store\\/1\\/themes\\/general\\/authentication_slide2.png\"},\"RuDfz\":{\"title\":\"Advance Your Career\",\"subtitle\":\"Build your resume with proven expertise\",\"image\":\"\\/store\\/1\\/themes\\/general\\/authentication_slide3.png\"}}},\"custom_css\":null,\"custom_js\":null}', 0, 0, 1763662039),
(6, 'Instructor Introduction', '/store/1/default_images/themes/instructor-preview.jpg', 'light', 7, 2, 1, 2, 7, '{\"card_styles\":{\"course\":\"grid_card_1\",\"product\":\"grid_card_1\",\"bundle\":\"grid_card_1\",\"upcoming_course\":\"grid_card_1\",\"blog_post\":\"grid_card_1\",\"instructor\":\"grid_card_1\",\"organization\":\"grid_card_1\"},\"images\":{\"admin_login\":\"\\/store\\/1\\/themes\\/general\\/admin_login.jpg\",\"admin_dashboard\":\"\\/store\\/1\\/themes\\/general\\/admin_dashboard.png\",\"search\":\"\\/store\\/1\\/themes\\/general\\/search_background.jpg\",\"tags\":\"\\/store\\/1\\/themes\\/general\\/tags_background.jpg\",\"categories\":\"\\/store\\/1\\/themes\\/general\\/categories_background.jpg\",\"become_instructor\":\"\\/store\\/1\\/themes\\/general\\/become_instructor_background.jpg\",\"certificate_validation\":\"\\/store\\/1\\/themes\\/general\\/certificate_validation.jpg\",\"certificate_validation_overlay_image\":\"\\/store\\/1\\/themes\\/general\\/certificate_validation_overlay.png\",\"instructors_lists\":\"\\/store\\/1\\/themes\\/general\\/instructors_background.jpg\",\"instructors_header_overlay_image\":\"\\/store\\/1\\/themes\\/general\\/instructors_overlay.png\",\"organizations_lists\":\"\\/store\\/1\\/themes\\/general\\/organizations_background.jpg\",\"organizations_header_overlay_image\":\"\\/store\\/1\\/themes\\/general\\/organizations_overlay.png\",\"user_cover\":\"\\/store\\/1\\/themes\\/general\\/user_profile_background.jpg\",\"products_lists\":\"\\/store\\/1\\/themes\\/general\\/products_list_background.jpg\",\"products_lists_overlay_image\":\"\\/store\\/1\\/themes\\/general\\/products_overlay.png\",\"upcoming_courses_lists\":\"\\/store\\/1\\/themes\\/general\\/upcoming_courses_background.jpg\",\"upcoming_courses_lists_overlay_image\":\"\\/store\\/1\\/themes\\/general\\/upcoming_courses_overlay.png\",\"categories_courses_lists_featured_courses_background\":\"\\/store\\/1\\/themes\\/general\\/featured_courses_background.svg\",\"categories_courses_lists_featured_courses_overlay_image\":\"\\/store\\/1\\/themes\\/general\\/featured_courses_overlay.png\",\"bundles_lists\":\"\\/store\\/1\\/themes\\/general\\/bundles_background.jpg\",\"bundles_lists_overlay_image\":\"\\/store\\/1\\/themes\\/general\\/bundles_overlay.png\",\"blog_lists\":\"\\/store\\/1\\/themes\\/general\\/blog_background.jpg\",\"blog_lists_overlay_image\":\"\\/store\\/1\\/themes\\/general\\/blog_overlay.png\",\"form_default_cover\":\"\\/store\\/1\\/themes\\/general\\/form_background.jpg\",\"form_default_overlay_image\":\"\\/store\\/1\\/themes\\/general\\/form_overlay.png\",\"form_default_header_icon\":\"\\/store\\/1\\/themes\\/general\\/form_default_icon.svg\",\"meeting_booking_step_1_image\":\"\\/store\\/1\\/themes\\/general\\/meeting_booking_step1_overlay.png\",\"meeting_booking_step_2_image\":\"\\/store\\/1\\/themes\\/general\\/meeting_booking_step2_overlay.png\",\"classes_lists\":\"\\/store\\/1\\/themes\\/general\\/classes_background.jpg\",\"classes_lists_overlay_image\":\"\\/store\\/1\\/themes\\/general\\/courses_overlay.png\",\"reward_courses\":\"\\/store\\/1\\/themes\\/general\\/reward_courses_background.jpg\",\"reward_courses_overlay_image\":\"\\/store\\/1\\/themes\\/general\\/rewards_overlay.png\",\"event_ticket_validation\":\"\\/store\\/1\\/themes\\/general\\/ticket_validation.jpg\",\"event_ticket_validation_overlay_image\":\"\\/store\\/1\\/themes\\/general\\/ticket_validation_overlay.png\",\"events_lists\":\"\\/store\\/1\\/themes\\/general\\/events_background.jpg\",\"events_lists_overlay_image\":\"\\/store\\/1\\/themes\\/general\\/events_overlay.png\",\"meeting_packages_lists\":\"\\/store\\/1\\/themes\\/general\\/instructors_background.jpg\",\"meeting_packages_lists_overlay_image\":\"\\/store\\/1\\/themes\\/general\\/meeting_packages_overlay.png\"},\"authentication_pages\":{\"style\":\"theme_1\",\"slider_background_image\":\"\\/store\\/1\\/themes\\/general\\/authentication_background.svg\",\"slider_contents\":{\"uHuuS\":{\"title\":\"Instant Certificate Access\",\"subtitle\":\"Download certificates right after completion\",\"image\":\"\\/store\\/1\\/themes\\/general\\/authentication_slide1.png\"},\"axuTg\":{\"title\":\"Affordable Quality Education\",\"subtitle\":\"High-value courses at accessible prices\",\"image\":\"\\/store\\/1\\/themes\\/general\\/authentication_slide2.png\"},\"RuDfz\":{\"title\":\"Advance Your Career\",\"subtitle\":\"Build your resume with proven expertise\",\"image\":\"\\/store\\/1\\/themes\\/general\\/authentication_slide3.png\"}}},\"custom_css\":null,\"custom_js\":null}', 0, 0, 1763661816),
(7, 'Instructor Recruitment', '/store/1/default_images/themes/recruitment-preview.jpg', 'light', 8, 2, 1, 2, 8, '{\"card_styles\":{\"course\":\"grid_card_1\",\"product\":\"grid_card_1\",\"bundle\":\"grid_card_1\",\"upcoming_course\":\"grid_card_1\",\"blog_post\":\"grid_card_1\",\"instructor\":\"grid_card_1\",\"organization\":\"grid_card_1\"},\"images\":{\"admin_login\":\"\\/store\\/1\\/themes\\/general\\/admin_login.jpg\",\"admin_dashboard\":\"\\/store\\/1\\/themes\\/general\\/admin_dashboard.png\",\"search\":\"\\/store\\/1\\/themes\\/general\\/search_background.jpg\",\"tags\":\"\\/store\\/1\\/themes\\/general\\/tags_background.jpg\",\"categories\":\"\\/store\\/1\\/themes\\/general\\/categories_background.jpg\",\"become_instructor\":\"\\/store\\/1\\/themes\\/general\\/become_instructor_background.jpg\",\"certificate_validation\":\"\\/store\\/1\\/themes\\/general\\/certificate_validation.jpg\",\"certificate_validation_overlay_image\":\"\\/store\\/1\\/themes\\/general\\/certificate_validation_overlay.png\",\"instructors_lists\":\"\\/store\\/1\\/themes\\/general\\/instructors_background.jpg\",\"instructors_header_overlay_image\":\"\\/store\\/1\\/themes\\/general\\/instructors_overlay.png\",\"organizations_lists\":\"\\/store\\/1\\/themes\\/general\\/organizations_background.jpg\",\"organizations_header_overlay_image\":\"\\/store\\/1\\/themes\\/general\\/organizations_overlay.png\",\"user_cover\":\"\\/store\\/1\\/themes\\/general\\/user_profile_background.jpg\",\"products_lists\":\"\\/store\\/1\\/themes\\/general\\/products_list_background.jpg\",\"products_lists_overlay_image\":\"\\/store\\/1\\/themes\\/general\\/products_overlay.png\",\"upcoming_courses_lists\":\"\\/store\\/1\\/themes\\/general\\/upcoming_courses_background.jpg\",\"upcoming_courses_lists_overlay_image\":\"\\/store\\/1\\/themes\\/general\\/upcoming_courses_overlay.png\",\"categories_courses_lists_featured_courses_background\":\"\\/store\\/1\\/themes\\/general\\/featured_courses_background.svg\",\"categories_courses_lists_featured_courses_overlay_image\":\"\\/store\\/1\\/themes\\/general\\/featured_courses_overlay.png\",\"bundles_lists\":\"\\/store\\/1\\/themes\\/general\\/bundles_background.jpg\",\"bundles_lists_overlay_image\":\"\\/store\\/1\\/themes\\/general\\/bundles_overlay.png\",\"blog_lists\":\"\\/store\\/1\\/themes\\/general\\/blog_background.jpg\",\"blog_lists_overlay_image\":\"\\/store\\/1\\/themes\\/general\\/blog_overlay.png\",\"form_default_cover\":\"\\/store\\/1\\/themes\\/general\\/form_background.jpg\",\"form_default_overlay_image\":\"\\/store\\/1\\/themes\\/general\\/form_overlay.png\",\"form_default_header_icon\":\"\\/store\\/1\\/themes\\/general\\/form_default_icon.svg\",\"meeting_booking_step_1_image\":\"\\/store\\/1\\/themes\\/general\\/meeting_booking_step1_overlay.png\",\"meeting_booking_step_2_image\":\"\\/store\\/1\\/themes\\/general\\/meeting_booking_step2_overlay.png\",\"classes_lists\":\"\\/store\\/1\\/themes\\/general\\/classes_background.jpg\",\"classes_lists_overlay_image\":\"\\/store\\/1\\/themes\\/general\\/courses_overlay.png\",\"reward_courses\":\"\\/store\\/1\\/themes\\/general\\/reward_courses_background.jpg\",\"reward_courses_overlay_image\":\"\\/store\\/1\\/themes\\/general\\/rewards_overlay.png\",\"event_ticket_validation\":\"\\/store\\/1\\/themes\\/general\\/ticket_validation.jpg\",\"event_ticket_validation_overlay_image\":\"\\/store\\/1\\/themes\\/general\\/ticket_validation_overlay.png\",\"events_lists\":\"\\/store\\/1\\/themes\\/general\\/events_background.jpg\",\"events_lists_overlay_image\":\"\\/store\\/1\\/themes\\/general\\/events_overlay.png\",\"meeting_packages_lists\":\"\\/store\\/1\\/themes\\/general\\/instructors_background.jpg\",\"meeting_packages_lists_overlay_image\":\"\\/store\\/1\\/themes\\/general\\/meeting_packages_overlay.png\"},\"authentication_pages\":{\"style\":\"theme_1\",\"slider_background_image\":\"\\/store\\/1\\/themes\\/general\\/authentication_background.svg\",\"slider_contents\":{\"uHuuS\":{\"title\":\"Instant Certificate Access\",\"subtitle\":\"Download certificates right after completion\",\"image\":\"\\/store\\/1\\/themes\\/general\\/authentication_slide1.png\"},\"axuTg\":{\"title\":\"Affordable Quality Education\",\"subtitle\":\"High-value courses at accessible prices\",\"image\":\"\\/store\\/1\\/themes\\/general\\/authentication_slide2.png\"},\"RuDfz\":{\"title\":\"Advance Your Career\",\"subtitle\":\"Build your resume with proven expertise\",\"image\":\"\\/store\\/1\\/themes\\/general\\/authentication_slide3.png\"}}},\"custom_css\":null,\"custom_js\":null}', 0, 0, 1763661827),
(8, 'Category', '/store/1/default_images/themes/category-preview.jpg', 'light', 3, 2, 1, 2, 9, '{\"card_styles\":{\"course\":\"grid_card_1\",\"product\":\"grid_card_1\",\"bundle\":\"grid_card_1\",\"upcoming_course\":\"grid_card_1\",\"blog_post\":\"grid_card_1\",\"instructor\":\"grid_card_1\",\"organization\":\"grid_card_1\"},\"images\":{\"admin_login\":\"\\/store\\/1\\/themes\\/general\\/admin_login.jpg\",\"admin_dashboard\":\"\\/store\\/1\\/themes\\/general\\/admin_dashboard.png\",\"search\":\"\\/store\\/1\\/themes\\/general\\/search_background.jpg\",\"tags\":\"\\/store\\/1\\/themes\\/general\\/tags_background.jpg\",\"categories\":\"\\/store\\/1\\/themes\\/general\\/categories_background.jpg\",\"become_instructor\":\"\\/store\\/1\\/themes\\/general\\/become_instructor_background.jpg\",\"certificate_validation\":\"\\/store\\/1\\/themes\\/general\\/certificate_validation.jpg\",\"certificate_validation_overlay_image\":\"\\/store\\/1\\/themes\\/general\\/certificate_validation_overlay.png\",\"instructors_lists\":\"\\/store\\/1\\/themes\\/general\\/instructors_background.jpg\",\"instructors_header_overlay_image\":\"\\/store\\/1\\/themes\\/general\\/instructors_overlay.png\",\"organizations_lists\":\"\\/store\\/1\\/themes\\/general\\/organizations_background.jpg\",\"organizations_header_overlay_image\":\"\\/store\\/1\\/themes\\/general\\/organizations_overlay.png\",\"user_cover\":\"\\/store\\/1\\/themes\\/general\\/user_profile_background.jpg\",\"products_lists\":\"\\/store\\/1\\/themes\\/general\\/products_list_background.jpg\",\"products_lists_overlay_image\":\"\\/store\\/1\\/themes\\/general\\/products_overlay.png\",\"upcoming_courses_lists\":\"\\/store\\/1\\/themes\\/general\\/upcoming_courses_background.jpg\",\"upcoming_courses_lists_overlay_image\":\"\\/store\\/1\\/themes\\/general\\/upcoming_courses_overlay.png\",\"categories_courses_lists_featured_courses_background\":\"\\/store\\/1\\/themes\\/general\\/featured_courses_background.svg\",\"categories_courses_lists_featured_courses_overlay_image\":\"\\/store\\/1\\/themes\\/general\\/featured_courses_overlay.png\",\"bundles_lists\":\"\\/store\\/1\\/themes\\/general\\/bundles_background.jpg\",\"bundles_lists_overlay_image\":\"\\/store\\/1\\/themes\\/general\\/bundles_overlay.png\",\"blog_lists\":\"\\/store\\/1\\/themes\\/general\\/blog_background.jpg\",\"blog_lists_overlay_image\":\"\\/store\\/1\\/themes\\/general\\/blog_overlay.png\",\"form_default_cover\":\"\\/store\\/1\\/themes\\/general\\/form_background.jpg\",\"form_default_overlay_image\":\"\\/store\\/1\\/themes\\/general\\/form_overlay.png\",\"form_default_header_icon\":\"\\/store\\/1\\/themes\\/general\\/form_default_icon.svg\",\"meeting_booking_step_1_image\":\"\\/store\\/1\\/themes\\/general\\/meeting_booking_step1_overlay.png\",\"meeting_booking_step_2_image\":\"\\/store\\/1\\/themes\\/general\\/meeting_booking_step2_overlay.png\",\"classes_lists\":\"\\/store\\/1\\/themes\\/general\\/classes_background.jpg\",\"classes_lists_overlay_image\":\"\\/store\\/1\\/themes\\/general\\/courses_overlay.png\",\"reward_courses\":\"\\/store\\/1\\/themes\\/general\\/reward_courses_background.jpg\",\"reward_courses_overlay_image\":\"\\/store\\/1\\/themes\\/general\\/rewards_overlay.png\",\"event_ticket_validation\":\"\\/store\\/1\\/themes\\/general\\/ticket_validation.jpg\",\"event_ticket_validation_overlay_image\":\"\\/store\\/1\\/themes\\/general\\/ticket_validation_overlay.png\",\"events_lists\":\"\\/store\\/1\\/themes\\/general\\/events_background.jpg\",\"events_lists_overlay_image\":\"\\/store\\/1\\/themes\\/general\\/events_overlay.png\",\"meeting_packages_lists\":\"\\/store\\/1\\/themes\\/general\\/instructors_background.jpg\",\"meeting_packages_lists_overlay_image\":\"\\/store\\/1\\/themes\\/general\\/meeting_packages_overlay.png\"},\"authentication_pages\":{\"style\":\"theme_1\",\"slider_background_image\":\"\\/store\\/1\\/themes\\/general\\/authentication_background.svg\",\"slider_contents\":{\"uHuuS\":{\"title\":\"Instant Certificate Access\",\"subtitle\":\"Download certificates right after completion\",\"image\":\"\\/store\\/1\\/themes\\/general\\/authentication_slide1.png\"},\"axuTg\":{\"title\":\"Affordable Quality Education\",\"subtitle\":\"High-value courses at accessible prices\",\"image\":\"\\/store\\/1\\/themes\\/general\\/authentication_slide2.png\"},\"RuDfz\":{\"title\":\"Advance Your Career\",\"subtitle\":\"Build your resume with proven expertise\",\"image\":\"\\/store\\/1\\/themes\\/general\\/authentication_slide3.png\"}}},\"custom_css\":null,\"custom_js\":null}', 0, 0, 1763661771),
(9, 'Course Introduction', '/store/1/default_images/themes/course-preview.jpg', 'light', 9, 2, 1, 2, 10, '{\"card_styles\":{\"course\":\"grid_card_1\",\"product\":\"grid_card_1\",\"bundle\":\"grid_card_1\",\"upcoming_course\":\"grid_card_1\",\"blog_post\":\"grid_card_1\",\"instructor\":\"grid_card_1\",\"organization\":\"grid_card_1\"},\"images\":{\"admin_login\":\"\\/store\\/1\\/themes\\/general\\/admin_login.jpg\",\"admin_dashboard\":\"\\/store\\/1\\/themes\\/general\\/admin_dashboard.png\",\"search\":\"\\/store\\/1\\/themes\\/general\\/search_background.jpg\",\"tags\":\"\\/store\\/1\\/themes\\/general\\/tags_background.jpg\",\"categories\":\"\\/store\\/1\\/themes\\/general\\/categories_background.jpg\",\"become_instructor\":\"\\/store\\/1\\/themes\\/general\\/become_instructor_background.jpg\",\"certificate_validation\":\"\\/store\\/1\\/themes\\/general\\/certificate_validation.jpg\",\"certificate_validation_overlay_image\":\"\\/store\\/1\\/themes\\/general\\/certificate_validation_overlay.png\",\"instructors_lists\":\"\\/store\\/1\\/themes\\/general\\/instructors_background.jpg\",\"instructors_header_overlay_image\":\"\\/store\\/1\\/themes\\/general\\/instructors_overlay.png\",\"organizations_lists\":\"\\/store\\/1\\/themes\\/general\\/organizations_background.jpg\",\"organizations_header_overlay_image\":\"\\/store\\/1\\/themes\\/general\\/organizations_overlay.png\",\"user_cover\":\"\\/store\\/1\\/themes\\/general\\/user_profile_background.jpg\",\"products_lists\":\"\\/store\\/1\\/themes\\/general\\/products_list_background.jpg\",\"products_lists_overlay_image\":\"\\/store\\/1\\/themes\\/general\\/products_overlay.png\",\"upcoming_courses_lists\":\"\\/store\\/1\\/themes\\/general\\/upcoming_courses_background.jpg\",\"upcoming_courses_lists_overlay_image\":\"\\/store\\/1\\/themes\\/general\\/upcoming_courses_overlay.png\",\"categories_courses_lists_featured_courses_background\":\"\\/store\\/1\\/themes\\/general\\/featured_courses_background.svg\",\"categories_courses_lists_featured_courses_overlay_image\":\"\\/store\\/1\\/themes\\/general\\/featured_courses_overlay.png\",\"bundles_lists\":\"\\/store\\/1\\/themes\\/general\\/bundles_background.jpg\",\"bundles_lists_overlay_image\":\"\\/store\\/1\\/themes\\/general\\/bundles_overlay.png\",\"blog_lists\":\"\\/store\\/1\\/themes\\/general\\/blog_background.jpg\",\"blog_lists_overlay_image\":\"\\/store\\/1\\/themes\\/general\\/blog_overlay.png\",\"form_default_cover\":\"\\/store\\/1\\/themes\\/general\\/form_background.jpg\",\"form_default_overlay_image\":\"\\/store\\/1\\/themes\\/general\\/form_overlay.png\",\"form_default_header_icon\":\"\\/store\\/1\\/themes\\/general\\/form_default_icon.svg\",\"meeting_booking_step_1_image\":\"\\/store\\/1\\/themes\\/general\\/meeting_booking_step1_overlay.png\",\"meeting_booking_step_2_image\":\"\\/store\\/1\\/themes\\/general\\/meeting_booking_step2_overlay.png\",\"classes_lists\":\"\\/store\\/1\\/themes\\/general\\/classes_background.jpg\",\"classes_lists_overlay_image\":\"\\/store\\/1\\/themes\\/general\\/courses_overlay.png\",\"reward_courses\":\"\\/store\\/1\\/themes\\/general\\/reward_courses_background.jpg\",\"reward_courses_overlay_image\":\"\\/store\\/1\\/themes\\/general\\/rewards_overlay.png\",\"event_ticket_validation\":\"\\/store\\/1\\/themes\\/general\\/ticket_validation.jpg\",\"event_ticket_validation_overlay_image\":\"\\/store\\/1\\/themes\\/general\\/ticket_validation_overlay.png\",\"events_lists\":\"\\/store\\/1\\/themes\\/general\\/events_background.jpg\",\"events_lists_overlay_image\":\"\\/store\\/1\\/themes\\/general\\/events_overlay.png\",\"meeting_packages_lists\":\"\\/store\\/1\\/themes\\/general\\/instructors_background.jpg\",\"meeting_packages_lists_overlay_image\":\"\\/store\\/1\\/themes\\/general\\/meeting_packages_overlay.png\"},\"authentication_pages\":{\"style\":\"theme_1\",\"slider_background_image\":\"\\/store\\/1\\/themes\\/general\\/authentication_background.svg\",\"slider_contents\":{\"uHuuS\":{\"title\":\"Instant Certificate Access\",\"subtitle\":\"Download certificates right after completion\",\"image\":\"\\/store\\/1\\/themes\\/general\\/authentication_slide1.png\"},\"axuTg\":{\"title\":\"Affordable Quality Education\",\"subtitle\":\"High-value courses at accessible prices\",\"image\":\"\\/store\\/1\\/themes\\/general\\/authentication_slide2.png\"},\"RuDfz\":{\"title\":\"Advance Your Career\",\"subtitle\":\"Build your resume with proven expertise\",\"image\":\"\\/store\\/1\\/themes\\/general\\/authentication_slide3.png\"}}},\"custom_css\":null,\"custom_js\":null}', 0, 0, 1763661841),
(10, 'Black Friday', '/store/1/default_images/themes/blackfriday-preview.jpg', 'dark', 10, 2, 1, 2, 11, '{\"card_styles\":{\"course\":\"grid_card_1\",\"product\":\"grid_card_1\",\"bundle\":\"grid_card_1\",\"upcoming_course\":\"grid_card_1\",\"blog_post\":\"grid_card_1\",\"instructor\":\"grid_card_1\",\"organization\":\"grid_card_1\"},\"images\":{\"admin_login\":\"\\/store\\/1\\/themes\\/general\\/admin_login.jpg\",\"admin_dashboard\":\"\\/store\\/1\\/themes\\/general\\/admin_dashboard.png\",\"search\":\"\\/store\\/1\\/themes\\/general\\/search_background.jpg\",\"tags\":\"\\/store\\/1\\/themes\\/general\\/tags_background.jpg\",\"categories\":\"\\/store\\/1\\/themes\\/general\\/categories_background.jpg\",\"become_instructor\":\"\\/store\\/1\\/themes\\/general\\/become_instructor_background.jpg\",\"certificate_validation\":\"\\/store\\/1\\/themes\\/general\\/certificate_validation.jpg\",\"certificate_validation_overlay_image\":\"\\/store\\/1\\/themes\\/general\\/certificate_validation_overlay.png\",\"instructors_lists\":\"\\/store\\/1\\/themes\\/general\\/instructors_background.jpg\",\"instructors_header_overlay_image\":\"\\/store\\/1\\/themes\\/general\\/instructors_overlay.png\",\"organizations_lists\":\"\\/store\\/1\\/themes\\/general\\/organizations_background.jpg\",\"organizations_header_overlay_image\":\"\\/store\\/1\\/themes\\/general\\/organizations_overlay.png\",\"user_cover\":\"\\/store\\/1\\/themes\\/general\\/user_profile_background.jpg\",\"products_lists\":\"\\/store\\/1\\/themes\\/general\\/products_list_background.jpg\",\"products_lists_overlay_image\":\"\\/store\\/1\\/themes\\/general\\/products_overlay.png\",\"upcoming_courses_lists\":\"\\/store\\/1\\/themes\\/general\\/upcoming_courses_background.jpg\",\"upcoming_courses_lists_overlay_image\":\"\\/store\\/1\\/themes\\/general\\/upcoming_courses_overlay.png\",\"categories_courses_lists_featured_courses_background\":\"\\/store\\/1\\/themes\\/general\\/featured_courses_background.svg\",\"categories_courses_lists_featured_courses_overlay_image\":\"\\/store\\/1\\/themes\\/general\\/featured_courses_overlay.png\",\"bundles_lists\":\"\\/store\\/1\\/themes\\/general\\/bundles_background.jpg\",\"bundles_lists_overlay_image\":\"\\/store\\/1\\/themes\\/general\\/bundles_overlay.png\",\"blog_lists\":\"\\/store\\/1\\/themes\\/general\\/blog_background.jpg\",\"blog_lists_overlay_image\":\"\\/store\\/1\\/themes\\/general\\/blog_overlay.png\",\"form_default_cover\":\"\\/store\\/1\\/themes\\/general\\/form_background.jpg\",\"form_default_overlay_image\":\"\\/store\\/1\\/themes\\/general\\/form_overlay.png\",\"form_default_header_icon\":\"\\/store\\/1\\/themes\\/general\\/form_default_icon.svg\",\"meeting_booking_step_1_image\":\"\\/store\\/1\\/themes\\/general\\/meeting_booking_step1_overlay.png\",\"meeting_booking_step_2_image\":\"\\/store\\/1\\/themes\\/general\\/meeting_booking_step2_overlay.png\",\"classes_lists\":\"\\/store\\/1\\/themes\\/general\\/classes_background.jpg\",\"classes_lists_overlay_image\":\"\\/store\\/1\\/themes\\/general\\/courses_overlay.png\",\"reward_courses\":\"\\/store\\/1\\/themes\\/general\\/reward_courses_background.jpg\",\"reward_courses_overlay_image\":\"\\/store\\/1\\/themes\\/general\\/rewards_overlay.png\",\"event_ticket_validation\":\"\\/store\\/1\\/themes\\/general\\/ticket_validation.jpg\",\"event_ticket_validation_overlay_image\":\"\\/store\\/1\\/themes\\/general\\/ticket_validation_overlay.png\",\"events_lists\":\"\\/store\\/1\\/themes\\/general\\/events_background.jpg\",\"events_lists_overlay_image\":\"\\/store\\/1\\/themes\\/general\\/events_overlay.png\",\"meeting_packages_lists\":\"\\/store\\/1\\/themes\\/general\\/instructors_background.jpg\",\"meeting_packages_lists_overlay_image\":\"\\/store\\/1\\/themes\\/general\\/meeting_packages_overlay.png\"},\"authentication_pages\":{\"style\":\"theme_1\",\"slider_background_image\":\"\\/store\\/1\\/themes\\/general\\/authentication_background.svg\",\"slider_contents\":{\"uHuuS\":{\"title\":\"Instant Certificate Access\",\"subtitle\":\"Download certificates right after completion\",\"image\":\"\\/store\\/1\\/themes\\/general\\/authentication_slide1.png\"},\"axuTg\":{\"title\":\"Affordable Quality Education\",\"subtitle\":\"High-value courses at accessible prices\",\"image\":\"\\/store\\/1\\/themes\\/general\\/authentication_slide2.png\"},\"RuDfz\":{\"title\":\"Advance Your Career\",\"subtitle\":\"Build your resume with proven expertise\",\"image\":\"\\/store\\/1\\/themes\\/general\\/authentication_slide3.png\"}}},\"custom_css\":null,\"custom_js\":null}', 0, 0, 1763661853);
INSERT INTO `themes` (`id`, `title`, `preview_image`, `default_color_mode`, `color_id`, `font_id`, `header_id`, `footer_id`, `home_landing_id`, `contents`, `is_default`, `enable`, `created_at`) VALUES
(11, 'Learning Path', '/store/1/default_images/themes/learningpath-preview.jpg', 'light', 1, 2, 1, 2, 12, '{\"card_styles\":{\"course\":\"grid_card_1\",\"product\":\"grid_card_1\",\"bundle\":\"grid_card_1\",\"upcoming_course\":\"grid_card_1\",\"blog_post\":\"grid_card_1\",\"instructor\":\"grid_card_1\",\"organization\":\"grid_card_1\"},\"images\":{\"admin_login\":\"\\/store\\/1\\/themes\\/general\\/admin_login.jpg\",\"admin_dashboard\":\"\\/store\\/1\\/themes\\/general\\/admin_dashboard.png\",\"search\":\"\\/store\\/1\\/themes\\/general\\/search_background.jpg\",\"tags\":\"\\/store\\/1\\/themes\\/general\\/tags_background.jpg\",\"categories\":\"\\/store\\/1\\/themes\\/general\\/categories_background.jpg\",\"become_instructor\":\"\\/store\\/1\\/themes\\/general\\/become_instructor_background.jpg\",\"certificate_validation\":\"\\/store\\/1\\/themes\\/general\\/certificate_validation.jpg\",\"certificate_validation_overlay_image\":\"\\/store\\/1\\/themes\\/general\\/certificate_validation_overlay.png\",\"instructors_lists\":\"\\/store\\/1\\/themes\\/general\\/instructors_background.jpg\",\"instructors_header_overlay_image\":\"\\/store\\/1\\/themes\\/general\\/instructors_overlay.png\",\"organizations_lists\":\"\\/store\\/1\\/themes\\/general\\/organizations_background.jpg\",\"organizations_header_overlay_image\":\"\\/store\\/1\\/themes\\/general\\/organizations_overlay.png\",\"user_cover\":\"\\/store\\/1\\/themes\\/general\\/user_profile_background.jpg\",\"products_lists\":\"\\/store\\/1\\/themes\\/general\\/products_list_background.jpg\",\"products_lists_overlay_image\":\"\\/store\\/1\\/themes\\/general\\/products_overlay.png\",\"upcoming_courses_lists\":\"\\/store\\/1\\/themes\\/general\\/upcoming_courses_background.jpg\",\"upcoming_courses_lists_overlay_image\":\"\\/store\\/1\\/themes\\/general\\/upcoming_courses_overlay.png\",\"categories_courses_lists_featured_courses_background\":\"\\/store\\/1\\/themes\\/general\\/featured_courses_background.svg\",\"categories_courses_lists_featured_courses_overlay_image\":\"\\/store\\/1\\/themes\\/general\\/featured_courses_overlay.png\",\"bundles_lists\":\"\\/store\\/1\\/themes\\/general\\/bundles_background.jpg\",\"bundles_lists_overlay_image\":\"\\/store\\/1\\/themes\\/general\\/bundles_overlay.png\",\"blog_lists\":\"\\/store\\/1\\/themes\\/general\\/blog_background.jpg\",\"blog_lists_overlay_image\":\"\\/store\\/1\\/themes\\/general\\/blog_overlay.png\",\"form_default_cover\":\"\\/store\\/1\\/themes\\/general\\/form_background.jpg\",\"form_default_overlay_image\":\"\\/store\\/1\\/themes\\/general\\/form_overlay.png\",\"form_default_header_icon\":\"\\/store\\/1\\/themes\\/general\\/form_default_icon.svg\",\"meeting_booking_step_1_image\":\"\\/store\\/1\\/themes\\/general\\/meeting_booking_step1_overlay.png\",\"meeting_booking_step_2_image\":\"\\/store\\/1\\/themes\\/general\\/meeting_booking_step2_overlay.png\",\"classes_lists\":\"\\/store\\/1\\/themes\\/general\\/classes_background.jpg\",\"classes_lists_overlay_image\":\"\\/store\\/1\\/themes\\/general\\/courses_overlay.png\",\"reward_courses\":\"\\/store\\/1\\/themes\\/general\\/reward_courses_background.jpg\",\"reward_courses_overlay_image\":\"\\/store\\/1\\/themes\\/general\\/rewards_overlay.png\",\"event_ticket_validation\":\"\\/store\\/1\\/themes\\/general\\/ticket_validation.jpg\",\"event_ticket_validation_overlay_image\":\"\\/store\\/1\\/themes\\/general\\/ticket_validation_overlay.png\",\"events_lists\":\"\\/store\\/1\\/themes\\/general\\/events_background.jpg\",\"events_lists_overlay_image\":\"\\/store\\/1\\/themes\\/general\\/events_overlay.png\",\"meeting_packages_lists\":\"\\/store\\/1\\/themes\\/general\\/instructors_background.jpg\",\"meeting_packages_lists_overlay_image\":\"\\/store\\/1\\/themes\\/general\\/meeting_packages_overlay.png\"},\"authentication_pages\":{\"style\":\"theme_1\",\"slider_background_image\":\"\\/store\\/1\\/themes\\/general\\/authentication_background.svg\",\"slider_contents\":{\"uHuuS\":{\"title\":\"Instant Certificate Access\",\"subtitle\":\"Download certificates right after completion\",\"image\":\"\\/store\\/1\\/themes\\/general\\/authentication_slide1.png\"},\"axuTg\":{\"title\":\"Affordable Quality Education\",\"subtitle\":\"High-value courses at accessible prices\",\"image\":\"\\/store\\/1\\/themes\\/general\\/authentication_slide2.png\"},\"RuDfz\":{\"title\":\"Advance Your Career\",\"subtitle\":\"Build your resume with proven expertise\",\"image\":\"\\/store\\/1\\/themes\\/general\\/authentication_slide3.png\"}}},\"custom_css\":null,\"custom_js\":null}', 0, 0, 1763662026),
(12, 'Universal (Default)', '/store/1/default_images/themes/universal-preview.jpg', 'light', 1, 2, 1, 2, 13, '{\"card_styles\":{\"course\":\"grid_card_1\",\"product\":\"grid_card_1\",\"bundle\":\"grid_card_1\",\"upcoming_course\":\"grid_card_1\",\"blog_post\":\"grid_card_1\",\"instructor\":\"grid_card_1\",\"organization\":\"grid_card_1\"},\"images\":{\"admin_login\":\"\\/store\\/1\\/themes\\/general\\/admin_login.jpg\",\"admin_dashboard\":\"\\/store\\/1\\/themes\\/general\\/admin_dashboard.png\",\"search\":\"\\/store\\/1\\/themes\\/general\\/search_background.jpg\",\"tags\":\"\\/store\\/1\\/themes\\/general\\/tags_background.jpg\",\"categories\":\"\\/store\\/1\\/themes\\/general\\/categories_background.jpg\",\"become_instructor\":\"\\/store\\/1\\/themes\\/general\\/become_instructor_background.jpg\",\"certificate_validation\":\"\\/store\\/1\\/themes\\/general\\/certificate_validation.jpg\",\"certificate_validation_overlay_image\":\"\\/store\\/1\\/themes\\/general\\/certificate_validation_overlay.png\",\"instructors_lists\":\"\\/store\\/1\\/themes\\/general\\/instructors_background.jpg\",\"instructors_header_overlay_image\":\"\\/store\\/1\\/themes\\/general\\/instructors_overlay.png\",\"organizations_lists\":\"\\/store\\/1\\/themes\\/general\\/organizations_background.jpg\",\"organizations_header_overlay_image\":\"\\/store\\/1\\/themes\\/general\\/organizations_overlay.png\",\"user_cover\":\"\\/store\\/1\\/themes\\/general\\/user_profile_background.jpg\",\"products_lists\":\"\\/store\\/1\\/themes\\/general\\/products_list_background.jpg\",\"products_lists_overlay_image\":\"\\/store\\/1\\/themes\\/general\\/products_overlay.png\",\"upcoming_courses_lists\":\"\\/store\\/1\\/themes\\/general\\/upcoming_courses_background.jpg\",\"upcoming_courses_lists_overlay_image\":\"\\/store\\/1\\/themes\\/general\\/upcoming_courses_overlay.png\",\"categories_courses_lists_featured_courses_background\":\"\\/store\\/1\\/themes\\/general\\/featured_courses_background.svg\",\"categories_courses_lists_featured_courses_overlay_image\":\"\\/store\\/1\\/themes\\/general\\/featured_courses_overlay.png\",\"bundles_lists\":\"\\/store\\/1\\/themes\\/general\\/bundles_background.jpg\",\"bundles_lists_overlay_image\":\"\\/store\\/1\\/themes\\/general\\/bundles_overlay.png\",\"blog_lists\":\"\\/store\\/1\\/themes\\/general\\/blog_background.jpg\",\"blog_lists_overlay_image\":\"\\/store\\/1\\/themes\\/general\\/blog_overlay.png\",\"form_default_cover\":\"\\/store\\/1\\/themes\\/general\\/form_background.jpg\",\"form_default_overlay_image\":\"\\/store\\/1\\/themes\\/general\\/form_overlay.png\",\"form_default_header_icon\":\"\\/store\\/1\\/themes\\/general\\/form_default_icon.svg\",\"meeting_booking_step_1_image\":\"\\/store\\/1\\/themes\\/general\\/meeting_booking_step1_overlay.png\",\"meeting_booking_step_2_image\":\"\\/store\\/1\\/themes\\/general\\/meeting_booking_step2_overlay.png\",\"classes_lists\":\"\\/store\\/1\\/themes\\/general\\/classes_background.jpg\",\"classes_lists_overlay_image\":\"\\/store\\/1\\/themes\\/general\\/courses_overlay.png\",\"reward_courses\":\"\\/store\\/1\\/themes\\/general\\/reward_courses_background.jpg\",\"reward_courses_overlay_image\":\"\\/store\\/1\\/themes\\/general\\/rewards_overlay.png\",\"event_ticket_validation\":\"\\/store\\/1\\/themes\\/general\\/ticket_validation.jpg\",\"event_ticket_validation_overlay_image\":\"\\/store\\/1\\/themes\\/general\\/ticket_validation_overlay.png\",\"events_lists\":\"\\/store\\/1\\/themes\\/general\\/events_background.jpg\",\"events_lists_overlay_image\":\"\\/store\\/1\\/themes\\/general\\/events_overlay.png\",\"meeting_packages_lists\":\"\\/store\\/1\\/themes\\/general\\/instructors_background.jpg\",\"meeting_packages_lists_overlay_image\":\"\\/store\\/1\\/themes\\/general\\/meeting_packages_overlay.png\"},\"authentication_pages\":{\"style\":\"theme_1\",\"slider_background_image\":\"\\/store\\/1\\/themes\\/general\\/authentication_background.svg\",\"slider_contents\":{\"uHuuS\":{\"title\":\"Instant Certificate Access\",\"subtitle\":\"Download certificates right after completion\",\"image\":\"\\/store\\/1\\/themes\\/general\\/authentication_slide1.png\"},\"axuTg\":{\"title\":\"Affordable Quality Education\",\"subtitle\":\"High-value courses at accessible prices\",\"image\":\"\\/store\\/1\\/themes\\/general\\/authentication_slide2.png\"},\"RuDfz\":{\"title\":\"Advance Your Career\",\"subtitle\":\"Build your resume with proven expertise\",\"image\":\"\\/store\\/1\\/themes\\/general\\/authentication_slide3.png\"}}},\"custom_css\":null,\"custom_js\":null}', 0, 1, 1763636289),
(13, 'Event Hub', '/store/1/default_images/themes/events-preview.jpg', 'light', 11, 2, 3, 4, 14, '{\"card_styles\":{\"course\":\"grid_card_1\",\"product\":\"grid_card_1\",\"bundle\":\"grid_card_1\",\"upcoming_course\":\"grid_card_1\",\"blog_post\":\"grid_card_1\",\"instructor\":\"grid_card_1\",\"organization\":\"grid_card_1\"},\"images\":{\"admin_login\":\"\\/store\\/1\\/themes\\/general\\/admin_login.jpg\",\"admin_dashboard\":\"\\/store\\/1\\/themes\\/general\\/admin_dashboard.png\",\"search\":\"\\/store\\/1\\/themes\\/general\\/search_background.jpg\",\"tags\":\"\\/store\\/1\\/themes\\/general\\/tags_background.jpg\",\"categories\":\"\\/store\\/1\\/themes\\/general\\/categories_background.jpg\",\"become_instructor\":\"\\/store\\/1\\/themes\\/general\\/become_instructor_background.jpg\",\"certificate_validation\":\"\\/store\\/1\\/themes\\/general\\/certificate_validation.jpg\",\"certificate_validation_overlay_image\":\"\\/store\\/1\\/themes\\/general\\/certificate_validation_overlay.png\",\"instructors_lists\":\"\\/store\\/1\\/themes\\/general\\/instructors_background.jpg\",\"instructors_header_overlay_image\":\"\\/store\\/1\\/themes\\/general\\/instructors_overlay.png\",\"organizations_lists\":\"\\/store\\/1\\/themes\\/general\\/organizations_background.jpg\",\"organizations_header_overlay_image\":\"\\/store\\/1\\/themes\\/general\\/organizations_overlay.png\",\"user_cover\":\"\\/store\\/1\\/themes\\/general\\/user_profile_background.jpg\",\"products_lists\":\"\\/store\\/1\\/themes\\/general\\/products_list_background.jpg\",\"products_lists_overlay_image\":\"\\/store\\/1\\/themes\\/general\\/products_overlay.png\",\"upcoming_courses_lists\":\"\\/store\\/1\\/themes\\/general\\/upcoming_courses_background.jpg\",\"upcoming_courses_lists_overlay_image\":\"\\/store\\/1\\/themes\\/general\\/upcoming_courses_overlay.png\",\"categories_courses_lists_featured_courses_background\":\"\\/store\\/1\\/themes\\/general\\/featured_courses_background.svg\",\"categories_courses_lists_featured_courses_overlay_image\":\"\\/store\\/1\\/themes\\/general\\/featured_courses_overlay.png\",\"bundles_lists\":\"\\/store\\/1\\/themes\\/general\\/bundles_background.jpg\",\"bundles_lists_overlay_image\":\"\\/store\\/1\\/themes\\/general\\/bundles_overlay.png\",\"blog_lists\":\"\\/store\\/1\\/themes\\/general\\/blog_background.jpg\",\"blog_lists_overlay_image\":\"\\/store\\/1\\/themes\\/general\\/blog_overlay.png\",\"form_default_cover\":\"\\/store\\/1\\/themes\\/general\\/form_background.jpg\",\"form_default_overlay_image\":\"\\/store\\/1\\/themes\\/general\\/form_overlay.png\",\"form_default_header_icon\":\"\\/store\\/1\\/themes\\/general\\/form_default_icon.svg\",\"meeting_booking_step_1_image\":\"\\/store\\/1\\/themes\\/general\\/meeting_booking_step1_overlay.png\",\"meeting_booking_step_2_image\":\"\\/store\\/1\\/themes\\/general\\/meeting_booking_step2_overlay.png\",\"classes_lists\":\"\\/store\\/1\\/themes\\/general\\/classes_background.jpg\",\"classes_lists_overlay_image\":\"\\/store\\/1\\/themes\\/general\\/courses_overlay.png\",\"reward_courses\":\"\\/store\\/1\\/themes\\/general\\/reward_courses_background.jpg\",\"reward_courses_overlay_image\":\"\\/store\\/1\\/themes\\/general\\/rewards_overlay.png\",\"event_ticket_validation\":\"\\/store\\/1\\/themes\\/general\\/ticket_validation.jpg\",\"event_ticket_validation_overlay_image\":\"\\/store\\/1\\/themes\\/general\\/ticket_validation_overlay.png\",\"events_lists\":\"\\/store\\/1\\/themes\\/general\\/events_background.jpg\",\"events_lists_overlay_image\":\"\\/store\\/1\\/themes\\/general\\/events_overlay.png\",\"meeting_packages_lists\":\"\\/store\\/1\\/themes\\/general\\/instructors_background.jpg\",\"meeting_packages_lists_overlay_image\":\"\\/store\\/1\\/themes\\/general\\/meeting_packages_overlay.png\"},\"authentication_pages\":{\"style\":\"theme_1\",\"slider_background_image\":\"\\/store\\/1\\/themes\\/general\\/authentication_background.svg\",\"slider_contents\":{\"uHuuS\":{\"title\":\"Instant Certificate Access\",\"subtitle\":\"Download certificates right after completion\",\"image\":\"\\/store\\/1\\/themes\\/general\\/authentication_slide1.png\"},\"axuTg\":{\"title\":\"Affordable Quality Education\",\"subtitle\":\"High-value courses at accessible prices\",\"image\":\"\\/store\\/1\\/themes\\/general\\/authentication_slide2.png\"},\"RuDfz\":{\"title\":\"Advance Your Career\",\"subtitle\":\"Build your resume with proven expertise\",\"image\":\"\\/store\\/1\\/themes\\/general\\/authentication_slide3.png\"}}},\"custom_css\":null,\"custom_js\":null}', 0, 0, 1764431688),
(14, 'K12 School', '/store/1/default_images/themes/k12school-preview.jpg', 'light', 12, 2, 3, 4, 15, '{\"card_styles\":{\"course\":\"grid_card_1\",\"product\":\"grid_card_1\",\"bundle\":\"grid_card_1\",\"upcoming_course\":\"grid_card_1\",\"blog_post\":\"grid_card_1\",\"instructor\":\"grid_card_1\",\"organization\":\"grid_card_1\"},\"images\":{\"admin_login\":\"\\/store\\/1\\/themes\\/general\\/admin_login.jpg\",\"admin_dashboard\":\"\\/store\\/1\\/themes\\/general\\/admin_dashboard.png\",\"search\":\"\\/store\\/1\\/themes\\/general\\/search_background.jpg\",\"tags\":\"\\/store\\/1\\/themes\\/general\\/tags_background.jpg\",\"categories\":\"\\/store\\/1\\/themes\\/general\\/categories_background.jpg\",\"become_instructor\":\"\\/store\\/1\\/themes\\/general\\/become_instructor_background.jpg\",\"certificate_validation\":\"\\/store\\/1\\/themes\\/general\\/certificate_validation.jpg\",\"certificate_validation_overlay_image\":\"\\/store\\/1\\/themes\\/general\\/certificate_validation_overlay.png\",\"instructors_lists\":\"\\/store\\/1\\/themes\\/general\\/instructors_background.jpg\",\"instructors_header_overlay_image\":\"\\/store\\/1\\/themes\\/general\\/instructors_overlay.png\",\"organizations_lists\":\"\\/store\\/1\\/themes\\/general\\/organizations_background.jpg\",\"organizations_header_overlay_image\":\"\\/store\\/1\\/themes\\/general\\/organizations_overlay.png\",\"user_cover\":\"\\/store\\/1\\/themes\\/general\\/user_profile_background.jpg\",\"products_lists\":\"\\/store\\/1\\/themes\\/general\\/products_list_background.jpg\",\"products_lists_overlay_image\":\"\\/store\\/1\\/themes\\/general\\/products_overlay.png\",\"upcoming_courses_lists\":\"\\/store\\/1\\/themes\\/general\\/upcoming_courses_background.jpg\",\"upcoming_courses_lists_overlay_image\":\"\\/store\\/1\\/themes\\/general\\/upcoming_courses_overlay.png\",\"categories_courses_lists_featured_courses_background\":\"\\/store\\/1\\/themes\\/general\\/featured_courses_background.svg\",\"categories_courses_lists_featured_courses_overlay_image\":\"\\/store\\/1\\/themes\\/general\\/featured_courses_overlay.png\",\"bundles_lists\":\"\\/store\\/1\\/themes\\/general\\/bundles_background.jpg\",\"bundles_lists_overlay_image\":\"\\/store\\/1\\/themes\\/general\\/bundles_overlay.png\",\"blog_lists\":\"\\/store\\/1\\/themes\\/general\\/blog_background.jpg\",\"blog_lists_overlay_image\":\"\\/store\\/1\\/themes\\/general\\/blog_overlay.png\",\"form_default_cover\":\"\\/store\\/1\\/themes\\/general\\/form_background.jpg\",\"form_default_overlay_image\":\"\\/store\\/1\\/themes\\/general\\/form_overlay.png\",\"form_default_header_icon\":\"\\/store\\/1\\/themes\\/general\\/form_default_icon.svg\",\"meeting_booking_step_1_image\":\"\\/store\\/1\\/themes\\/general\\/meeting_booking_step1_overlay.png\",\"meeting_booking_step_2_image\":\"\\/store\\/1\\/themes\\/general\\/meeting_booking_step2_overlay.png\",\"classes_lists\":\"\\/store\\/1\\/themes\\/general\\/classes_background.jpg\",\"classes_lists_overlay_image\":\"\\/store\\/1\\/themes\\/general\\/courses_overlay.png\",\"reward_courses\":\"\\/store\\/1\\/themes\\/general\\/reward_courses_background.jpg\",\"reward_courses_overlay_image\":\"\\/store\\/1\\/themes\\/general\\/rewards_overlay.png\",\"event_ticket_validation\":\"\\/store\\/1\\/themes\\/general\\/ticket_validation.jpg\",\"event_ticket_validation_overlay_image\":\"\\/store\\/1\\/themes\\/general\\/ticket_validation_overlay.png\",\"events_lists\":\"\\/store\\/1\\/themes\\/general\\/events_background.jpg\",\"events_lists_overlay_image\":\"\\/store\\/1\\/themes\\/general\\/events_overlay.png\",\"meeting_packages_lists\":\"\\/store\\/1\\/themes\\/general\\/instructors_background.jpg\",\"meeting_packages_lists_overlay_image\":\"\\/store\\/1\\/themes\\/general\\/meeting_packages_overlay.png\"},\"authentication_pages\":{\"style\":\"theme_1\",\"slider_background_image\":\"\\/store\\/1\\/themes\\/general\\/authentication_background.svg\",\"slider_contents\":{\"uHuuS\":{\"title\":\"Instant Certificate Access\",\"subtitle\":\"Download certificates right after completion\",\"image\":\"\\/store\\/1\\/themes\\/general\\/authentication_slide1.png\"},\"axuTg\":{\"title\":\"Affordable Quality Education\",\"subtitle\":\"High-value courses at accessible prices\",\"image\":\"\\/store\\/1\\/themes\\/general\\/authentication_slide2.png\"},\"RuDfz\":{\"title\":\"Advance Your Career\",\"subtitle\":\"Build your resume with proven expertise\",\"image\":\"\\/store\\/1\\/themes\\/general\\/authentication_slide3.png\"}}},\"custom_css\":null,\"custom_js\":null}', 0, 0, 1764431675);

-- --------------------------------------------------------

--
-- Table structure for table `theme_colors_fonts`
--

CREATE TABLE `theme_colors_fonts` (
  `id` int(10) UNSIGNED NOT NULL,
  `type` enum('color','font') NOT NULL,
  `title` varchar(255) NOT NULL,
  `content` text DEFAULT NULL,
  `created_at` bigint(20) UNSIGNED NOT NULL
) ENGINE=InnoDB DEFAULT CHARSET=utf8mb4 COLLATE=utf8mb4_general_ci;

--
-- Dumping data for table `theme_colors_fonts`
--

INSERT INTO `theme_colors_fonts` (`id`, `type`, `title`, `content`, `created_at`) VALUES
(1, 'color', 'Blue (Default)', '{\"light\":{\"primary\":\"#0170ff\",\"primary_saturated\":\"#67a9ff\",\"secondary\":\"#0e2145\",\"accent\":\"#fe6257\",\"success\":\"#3fcd82\",\"info\":\"#67a9ff\",\"warning\":\"#ffa200\",\"danger\":\"#f63c3c\",\"dark\":\"#121f3e\",\"black\":\"#000000\",\"white\":\"#ffffff\",\"gray_100\":\"#fafcff\",\"gray_200\":\"#f0f4f9\",\"gray_300\":\"#e9edf3\",\"gray_400\":\"#cdd5e2\",\"gray_500\":\"#97a7bf\",\"gray\":\"#f5f8f9\",\"section_bg\":\"#eaf0f3\"},\"dark\":{\"primary\":\"#3e93ff\",\"primary_saturated\":\"#8dbeff\",\"secondary\":\"#2658b7\",\"accent\":\"#ff8077\",\"success\":\"#5ade98\",\"info\":\"#8dbeff\",\"warning\":\"#ffb32d\",\"danger\":\"#fe6363\",\"dark\":\"#aab8c5\",\"black\":\"#e1eaf6\",\"white\":\"#1e1f26\",\"gray_100\":\"#272832\",\"gray_200\":\"#30313e\",\"gray_300\":\"#3e404e\",\"gray_400\":\"#5d5f72\",\"gray_500\":\"#8391a2\",\"gray\":\"#17181e\",\"section_bg\":\"#2d323a\"}}', 1748879802),
(2, 'font', 'Default', '{\"main\":{\"regular\":\"\\/store\\/1\\/fonts\\/Gilroy-Regular.woff2\",\"bold\":\"\\/store\\/1\\/fonts\\/Gilroy-Bold.woff2\",\"medium\":\"\\/store\\/1\\/fonts\\/Gilroy-Medium.woff2\"},\"rtl\":{\"regular\":\"\\/store\\/1\\/fonts\\/Tajawal-Regular.woff2\",\"bold\":\"\\/store\\/1\\/fonts\\/Tajawal-Bold.woff2\",\"medium\":\"\\/store\\/1\\/fonts\\/Tajawal-Medium.woff2\"}}', 1748880740),
(3, 'color', 'May Green', '{\"light\":{\"primary\":\"#559864\",\"primary_saturated\":\"#7db689\",\"secondary\":\"#264240\",\"accent\":\"#ffc94d\",\"success\":\"#3fcd82\",\"info\":\"#67a9ff\",\"warning\":\"#ffa200\",\"danger\":\"#f63c3c\",\"dark\":\"#121f3e\",\"black\":\"#000000\",\"white\":\"#ffffff\",\"gray_100\":\"#fafcff\",\"gray_200\":\"#f0f4f9\",\"gray_300\":\"#e9edf3\",\"gray_400\":\"#cdd5e2\",\"gray_500\":\"#97a7bf\",\"gray\":\"#f5f8f9\",\"section_bg\":\"#eaeee8\"},\"dark\":{\"primary\":\"#8ac497\",\"primary_saturated\":\"#97c4a1\",\"secondary\":\"#5b7371\",\"accent\":\"#ff8077\",\"success\":\"#5ade98\",\"info\":\"#8dbeff\",\"warning\":\"#ffb32d\",\"danger\":\"#fe6363\",\"dark\":\"#aab8c5\",\"black\":\"#e1eaf6\",\"white\":\"#1e1f26\",\"gray_100\":\"#272832\",\"gray_200\":\"#30313e\",\"gray_300\":\"#3e404e\",\"gray_400\":\"#5d5f72\",\"gray_500\":\"#8391a2\",\"gray\":\"#17181e\",\"section_bg\":\"#232626\"}}', 1748930716),
(4, 'color', 'Formal Black', '{\"light\":{\"primary\":\"#080609\",\"primary_saturated\":\"#4d494f\",\"secondary\":\"#2a2d3c\",\"accent\":\"#fe6257\",\"success\":\"#3fcd82\",\"info\":\"#67a9ff\",\"warning\":\"#ffa200\",\"danger\":\"#f63c3c\",\"dark\":\"#121f3e\",\"black\":\"#000000\",\"white\":\"#ffffff\",\"gray_100\":\"#fafcff\",\"gray_200\":\"#f0f4f9\",\"gray_300\":\"#e9edf3\",\"gray_400\":\"#cdd5e2\",\"gray_500\":\"#97a7bf\",\"gray\":\"#f5f8f9\",\"section_bg\":\"#eaf0f3\"},\"dark\":{\"primary\":\"#5c585f\",\"primary_saturated\":\"#635f65\",\"secondary\":\"#626475\",\"accent\":\"#ff8077\",\"success\":\"#5ade98\",\"info\":\"#8dbeff\",\"warning\":\"#ffb32d\",\"danger\":\"#fe6363\",\"dark\":\"#aab8c5\",\"black\":\"#e1eaf6\",\"white\":\"#1e1f26\",\"gray_100\":\"#272832\",\"gray_200\":\"#30313e\",\"gray_300\":\"#3e404e\",\"gray_400\":\"#5d5f72\",\"gray_500\":\"#8391a2\",\"gray\":\"#17181e\",\"section_bg\":\"#2b2d3b\"}}', 1750089746),
(5, 'color', 'Royal Blue', '{\"light\":{\"primary\":\"#2d5bd2\",\"primary_saturated\":\"#7394ea\",\"secondary\":\"#2d3f6c\",\"accent\":\"#fe6257\",\"success\":\"#3fcd82\",\"info\":\"#67a9ff\",\"warning\":\"#ffa200\",\"danger\":\"#f63c3c\",\"dark\":\"#121f3e\",\"black\":\"#000000\",\"white\":\"#ffffff\",\"gray_100\":\"#fafcff\",\"gray_200\":\"#f0f4f9\",\"gray_300\":\"#e9edf3\",\"gray_400\":\"#cdd5e2\",\"gray_500\":\"#97a7bf\",\"gray\":\"#f5f8f9\",\"section_bg\":\"#eaf0f3\"},\"dark\":{\"primary\":\"#5882ec\",\"primary_saturated\":\"#9cb5f6\",\"secondary\":\"#5c6b90\",\"accent\":\"#ff8077\",\"success\":\"#5ade98\",\"info\":\"#8dbeff\",\"warning\":\"#ffb32d\",\"danger\":\"#fe6363\",\"dark\":\"#aab8c5\",\"black\":\"#e1eaf6\",\"white\":\"#1e1f26\",\"gray_100\":\"#272832\",\"gray_200\":\"#30313e\",\"gray_300\":\"#3e404e\",\"gray_400\":\"#5d5f72\",\"gray_500\":\"#8391a2\",\"gray\":\"#17181e\",\"section_bg\":\"#2b2d3b\"}}', 1750089746),
(6, 'color', 'Amber Orange', '{\"light\":{\"primary\":\"#ffa200\",\"primary_saturated\":\"#eeaf42\",\"secondary\":\"#212237\",\"accent\":\"#fe6257\",\"success\":\"#3fcd82\",\"info\":\"#67a9ff\",\"warning\":\"#ffa200\",\"danger\":\"#f63c3c\",\"dark\":\"#121f3e\",\"black\":\"#000000\",\"white\":\"#ffffff\",\"gray_100\":\"#fafcff\",\"gray_200\":\"#f0f4f9\",\"gray_300\":\"#e9edf3\",\"gray_400\":\"#cdd5e2\",\"gray_500\":\"#97a7bf\",\"gray\":\"#f5f8f9\",\"section_bg\":\"#eaf0f3\"},\"dark\":{\"primary\":\"#e99503\",\"primary_saturated\":\"#dba13d\",\"secondary\":\"#54566c\",\"accent\":\"#ff8077\",\"success\":\"#5ade98\",\"info\":\"#8dbeff\",\"warning\":\"#ffb32d\",\"danger\":\"#fe6363\",\"dark\":\"#aab8c5\",\"black\":\"#e1eaf6\",\"white\":\"#1e1f26\",\"gray_100\":\"#272832\",\"gray_200\":\"#30313e\",\"gray_300\":\"#3e404e\",\"gray_400\":\"#5d5f72\",\"gray_500\":\"#8391a2\",\"gray\":\"#17181e\",\"section_bg\":\"#2b2d3b\"}}', 1750089746),
(7, 'color', 'Myrtle Green', '{\"light\":{\"primary\":\"#224639\",\"primary_saturated\":\"#517367\",\"secondary\":\"#23352e\",\"accent\":\"#fe6257\",\"success\":\"#3fcd82\",\"info\":\"#67a9ff\",\"warning\":\"#ffa200\",\"danger\":\"#f63c3c\",\"dark\":\"#121f3e\",\"black\":\"#000000\",\"white\":\"#ffffff\",\"gray_100\":\"#fafcff\",\"gray_200\":\"#f0f4f9\",\"gray_300\":\"#e9edf3\",\"gray_400\":\"#cdd5e2\",\"gray_500\":\"#97a7bf\",\"gray\":\"#f5f8f9\",\"section_bg\":\"#ebede9\"},\"dark\":{\"primary\":\"#3a5d50\",\"primary_saturated\":\"#67857a\",\"secondary\":\"#43554e\",\"accent\":\"#ff8077\",\"success\":\"#5ade98\",\"info\":\"#8dbeff\",\"warning\":\"#ffb32d\",\"danger\":\"#fe6363\",\"dark\":\"#aab8c5\",\"black\":\"#e1eaf6\",\"white\":\"#1e1f26\",\"gray_100\":\"#272832\",\"gray_200\":\"#30313e\",\"gray_300\":\"#3e404e\",\"gray_400\":\"#5d5f72\",\"gray_500\":\"#8391a2\",\"gray\":\"#17181e\",\"section_bg\":\"#303030\"}}', 1750089746),
(8, 'color', 'Lavender Violet', '{\"light\":{\"primary\":\"#7c66f6\",\"primary_saturated\":\"#a190ff\",\"secondary\":\"#2c2749\",\"accent\":\"#fe6257\",\"success\":\"#3fcd82\",\"info\":\"#67a9ff\",\"warning\":\"#ffa200\",\"danger\":\"#f63c3c\",\"dark\":\"#121f3e\",\"black\":\"#000000\",\"white\":\"#ffffff\",\"gray_100\":\"#fafcff\",\"gray_200\":\"#f0f4f9\",\"gray_300\":\"#e9edf3\",\"gray_400\":\"#cdd5e2\",\"gray_500\":\"#97a7bf\",\"gray\":\"#f5f8f9\",\"section_bg\":\"#eaf0f3\"},\"dark\":{\"primary\":\"#927fff\",\"primary_saturated\":\"#b0a2ff\",\"secondary\":\"#3d385b\",\"accent\":\"#ff8077\",\"success\":\"#5ade98\",\"info\":\"#8dbeff\",\"warning\":\"#ffb32d\",\"danger\":\"#fe6363\",\"dark\":\"#aab8c5\",\"black\":\"#e1eaf6\",\"white\":\"#1e1f26\",\"gray_100\":\"#272832\",\"gray_200\":\"#30313e\",\"gray_300\":\"#3e404e\",\"gray_400\":\"#5d5f72\",\"gray_500\":\"#8391a2\",\"gray\":\"#17181e\",\"section_bg\":\"#2b2d3b\"}}', 1750089746),
(9, 'color', 'Majestic Blue', '{\"light\":{\"primary\":\"#3a30dc\",\"primary_saturated\":\"#5c52fe\",\"secondary\":\"#0c2e54\",\"accent\":\"#fe6257\",\"success\":\"#3fcd82\",\"info\":\"#67a9ff\",\"warning\":\"#ffa200\",\"danger\":\"#f63c3c\",\"dark\":\"#121f3e\",\"black\":\"#000000\",\"white\":\"#ffffff\",\"gray_100\":\"#fafcff\",\"gray_200\":\"#f0f4f9\",\"gray_300\":\"#e9edf3\",\"gray_400\":\"#cdd5e2\",\"gray_500\":\"#97a7bf\",\"gray\":\"#f5f8f9\",\"section_bg\":\"#e5efff\"},\"dark\":{\"primary\":\"#574df8\",\"primary_saturated\":\"#766dff\",\"secondary\":\"#385f8d\",\"accent\":\"#ff8077\",\"success\":\"#5ade98\",\"info\":\"#8dbeff\",\"warning\":\"#ffb32d\",\"danger\":\"#fe6363\",\"dark\":\"#aab8c5\",\"black\":\"#e1eaf6\",\"white\":\"#1e1f26\",\"gray_100\":\"#272832\",\"gray_200\":\"#30313e\",\"gray_300\":\"#3e404e\",\"gray_400\":\"#5d5f72\",\"gray_500\":\"#8391a2\",\"gray\":\"#17181e\",\"section_bg\":\"#2b2d3b\"}}', 1748879802),
(10, 'color', 'Hot Red', '{\"light\":{\"primary\":\"#ff5b52\",\"primary_saturated\":\"#ff746d\",\"secondary\":\"#2a2d3c\",\"accent\":\"#fe6257\",\"success\":\"#3fcd82\",\"info\":\"#67a9ff\",\"warning\":\"#ffa200\",\"danger\":\"#f63c3c\",\"dark\":\"#121f3e\",\"black\":\"#000000\",\"white\":\"#ffffff\",\"gray_100\":\"#fafcff\",\"gray_200\":\"#f0f4f9\",\"gray_300\":\"#e9edf3\",\"gray_400\":\"#cdd5e2\",\"gray_500\":\"#97a7bf\",\"gray\":\"#f5f8f9\",\"section_bg\":\"#eaf0f3\"},\"dark\":{\"primary\":\"#ff3b30\",\"primary_saturated\":\"#eb827c\",\"secondary\":\"#626475\",\"accent\":\"#ff8077\",\"success\":\"#5ade98\",\"info\":\"#8dbeff\",\"warning\":\"#ffb32d\",\"danger\":\"#fe6363\",\"dark\":\"#aab8c5\",\"black\":\"#e1eaf6\",\"white\":\"#1e1f26\",\"gray_100\":\"#272832\",\"gray_200\":\"#30313e\",\"gray_300\":\"#3e404e\",\"gray_400\":\"#5d5f72\",\"gray_500\":\"#8391a2\",\"gray\":\"#17181e\",\"section_bg\":\"#2b2d3b\"}}', 1748879802),
(11, 'color', 'Neo Green', '{\"light\":{\"primary\":\"#abd624\",\"primary_saturated\":\"#c9eb5f\",\"secondary\":\"#10302a\",\"accent\":\"#2e6359\",\"success\":\"#3fcd82\",\"info\":\"#67a9ff\",\"warning\":\"#ffa200\",\"danger\":\"#f63c3c\",\"dark\":\"#121f3e\",\"black\":\"#000000\",\"white\":\"#ffffff\",\"gray_100\":\"#fafcff\",\"gray_200\":\"#f0f4f9\",\"gray_300\":\"#e9edf3\",\"gray_400\":\"#cdd5e2\",\"gray_500\":\"#97a7bf\",\"gray\":\"#f5f8f9\",\"section_bg\":\"#eaf0f3\"},\"dark\":{\"primary\":\"#b1cb5f\",\"primary_saturated\":\"#d7ec96\",\"secondary\":\"#2c544d\",\"accent\":\"#80b0a7\",\"success\":\"#5ade98\",\"info\":\"#8dbeff\",\"warning\":\"#ffb32d\",\"danger\":\"#fe6363\",\"dark\":\"#aab8c5\",\"black\":\"#e1eaf6\",\"white\":\"#1e1f26\",\"gray_100\":\"#272832\",\"gray_200\":\"#30313e\",\"gray_300\":\"#3e404e\",\"gray_400\":\"#5d5f72\",\"gray_500\":\"#8391a2\",\"gray\":\"#17181e\",\"section_bg\":\"#2d323a\"}}', 1748879802),
(12, 'color', 'Vibrant Indigo', '{\"light\":{\"primary\":\"#6754e9\",\"primary_saturated\":\"#9081f5\",\"secondary\":\"#f15f25\",\"accent\":\"#4ec4bc\",\"success\":\"#3fcd82\",\"info\":\"#67a9ff\",\"warning\":\"#ffa200\",\"danger\":\"#f63c3c\",\"dark\":\"#121f3e\",\"black\":\"#000000\",\"white\":\"#ffffff\",\"gray_100\":\"#fafcff\",\"gray_200\":\"#f0f4f9\",\"gray_300\":\"#e9edf3\",\"gray_400\":\"#cdd5e2\",\"gray_500\":\"#97a7bf\",\"gray\":\"#f5f8f9\",\"section_bg\":\"#eaf0f3\"},\"dark\":{\"primary\":\"#806ff7\",\"primary_saturated\":\"#aca0ff\",\"secondary\":\"#d45f31\",\"accent\":\"#66d2cb\",\"success\":\"#5ade98\",\"info\":\"#8dbeff\",\"warning\":\"#ffb32d\",\"danger\":\"#fe6363\",\"dark\":\"#aab8c5\",\"black\":\"#e1eaf6\",\"white\":\"#1e1f26\",\"gray_100\":\"#272832\",\"gray_200\":\"#30313e\",\"gray_300\":\"#3e404e\",\"gray_400\":\"#5d5f72\",\"gray_500\":\"#8391a2\",\"gray\":\"#17181e\",\"section_bg\":\"#2d323a\"}}', 1748879802);

-- --------------------------------------------------------

--
-- Table structure for table `theme_headers_footers`
--

CREATE TABLE `theme_headers_footers` (
  `id` int(10) UNSIGNED NOT NULL,
  `type` enum('header','footer') NOT NULL,
  `component_name` varchar(255) NOT NULL,
  `created_at` bigint(20) UNSIGNED NOT NULL
) ENGINE=InnoDB DEFAULT CHARSET=utf8mb4 COLLATE=utf8mb4_general_ci;

--
-- Dumping data for table `theme_headers_footers`
--

INSERT INTO `theme_headers_footers` (`id`, `type`, `component_name`, `created_at`) VALUES
(1, 'header', 'header_1', 1748875817),
(2, 'footer', 'footer_1', 1748875817),
(3, 'header', 'header_2', 1754300005),
(4, 'footer', 'footer_2', 1763197474);

-- --------------------------------------------------------

--
-- Table structure for table `theme_header_footer_translations`
--

CREATE TABLE `theme_header_footer_translations` (
  `id` int(10) UNSIGNED NOT NULL,
  `theme_header_footer_id` int(10) UNSIGNED NOT NULL,
  `locale` varchar(191) NOT NULL,
  `title` varchar(255) NOT NULL,
  `content` longtext NOT NULL
) ENGINE=InnoDB DEFAULT CHARSET=utf8mb4 COLLATE=utf8mb4_general_ci;

--
-- Dumping data for table `theme_header_footer_translations`
--

INSERT INTO `theme_header_footer_translations` (`id`, `theme_header_footer_id`, `locale`, `title`, `content`) VALUES
(1, 1, 'en', 'Header 1 (Default)', '{\"top_navbar\":{\"phone\":\"+1 (323) 555-9876\",\"email\":\"mail@rocket-soft.org\",\"link_1\":{\"title\":\"Login\",\"url\":\"\\/login\"},\"link_2\":{\"title\":\"Register\",\"url\":\"\\/register\"},\"show_color_mode\":\"on\"},\"specific_links\":{\"RUYtv\":{\"title\":\"Home\",\"url\":\"\\/\"},\"tZblv\":{\"title\":\"Courses\",\"url\":\"\\/classes?sort=newest\"},\"rOvAj\":{\"title\":\"Instructors\",\"url\":\"\\/instructor-finder\"},\"qeAzK\":{\"title\":\"Store\",\"url\":\"\\/products\"},\"GZDCs\":{\"title\":\"Forums\",\"url\":\"\\/forums\"},\"qeIWn\":{\"title\":\"Events\",\"url\":\"\\/events\"},\"record\":{\"title\":null,\"url\":null}},\"specific_buttons\":{\"BFKTm\":{\"user_role\":\"for_guest\",\"title\":\"Start Learning\",\"url\":\"\\/login\",\"icon\":\"bul-teacher\"},\"UsxeP\":{\"user_role\":\"1\",\"title\":\"Become Instructor\",\"url\":\"\\/become-instructor\",\"icon\":\"bul-teacher\"},\"MYTBW\":{\"user_role\":\"2\",\"title\":\"Admin Panel\",\"url\":\"\\/admin\",\"icon\":\"bul-setting-2\"},\"yVQQV\":{\"user_role\":\"3\",\"title\":\"Create a Course\",\"url\":\"\\/panel\\/courses\\/new\",\"icon\":\"bul-video-add\"},\"fQclX\":{\"user_role\":\"4\",\"title\":\"Create a Course\",\"url\":\"\\/panel\\/courses\\/new\",\"icon\":\"bul-video-add\"},\"record\":{\"user_role\":null,\"title\":null,\"url\":null,\"icon\":null}}}'),
(2, 2, 'en', 'Footer 1 (Default)', '{\"newsletter\":{\"enable\":\"on\",\"title\":\"Subscribe to Our Newsletter\",\"subtitle\":\"Receive expert insights, course updates, and learning resources directly in your inbox and get notified\",\"button_text\":\"Join\",\"emoji\":\"\\/store\\/themes\\/footers\\/2\\/happy_emoji_zoa.svg\"},\"cta\":{\"pre_title\":\"Let\\u2019s get started now!\",\"title\":\"Take the First Step Towards Mastery!\",\"button\":{\"label\":\"Enroll on Courses\",\"icon\":\"bul-teacher\",\"url\":\"\\/classes\"},\"emoji\":\"\\/store\\/themes\\/footers\\/2\\/power_emoji_42t.svg\"},\"contact\":{\"section_title\":\"Contact US\",\"address\":\"1234 Sunset Blvd, Suite 567 Los Angeles, CA 90026 United States\",\"phone\":\"+1 (323) 555-9876\",\"email\":\"mail@lms.rocket-soft.org\",\"mobile\":\"+1 (213) 555-4321\"},\"links_1_section_title\":\"Additional Links\",\"links_2_section_title\":\"Popular Categories\",\"copyright_text\":\"\\u00a9 2025 Rocket Soft. All Rights Reserved. Empowering Learning Worldwide.\",\"specific_links\":{\"LITim\":{\"title\":\"Login\",\"url\":\"\\/login\"},\"qJFNp\":{\"title\":\"Register\",\"url\":\"\\/register\"},\"izISj\":{\"title\":\"Contact\",\"url\":\"\\/contact\"},\"cdkPb\":{\"title\":\"Certificate Validation\",\"url\":\"\\/certificate_validation\"},\"OKAqQ\":{\"title\":\"Become Instructor\",\"url\":\"\\/become-instructor\"},\"DebJE\":{\"title\":\"About\",\"url\":\"\\/pages\\/about\"},\"aMQau\":{\"title\":\"Terms and Policies\",\"url\":\"\\/pages\\/terms\"},\"record\":{\"title\":null,\"url\":null}},\"specific_links_2\":{\"dzQOe\":{\"title\":\"Development\",\"url\":\"\\/categories\\/Development\"},\"pgxMd\":{\"title\":\"Business\",\"url\":\"\\/categories\\/Business\"},\"ZveCn\":{\"title\":\"Marketing\",\"url\":\"\\/categories\\/Marketing\"},\"QXKsq\":{\"title\":\"Lifestyle\",\"url\":\"\\/categories\\/Lifestyles\"},\"FCJal\":{\"title\":\"Health\",\"url\":\"\\/categories\\/Health-and-Fitness\"},\"SVtaA\":{\"title\":\"Academics\",\"url\":\"\\/categories\\/Academics\"},\"PivsB\":{\"title\":\"Design\",\"url\":\"\\/categories\\/Design\"},\"record\":{\"title\":null,\"url\":null}},\"social_media\":[\"Instagram\",\"Whatsapp\",\"Twitter\",\"Facebook\"],\"background\":\"\\/store\\/themes\\/footers\\/2\\/footer_background_7gn.png\",\"dark_mode_background\":\"\\/store\\/themes\\/footers\\/2\\/footer_background_7gn.png\",\"background_color\":\"secondary\"}'),
(3, 3, 'en', 'Header 2', '{\"top_navbar\":{\"show_color_mode\":\"on\",\"phone\":\"+1 (323) 555-9876\",\"email\":\"mail@rocket-soft.org\",\"link_1\":{\"title\":\"Login\",\"url\":\"\\/login\"},\"link_2\":{\"title\":\"Register\",\"url\":\"\\/register\"}},\"specific_links\":{\"JFovW\":{\"title\":\"Home\",\"url\":\"\\/\"},\"ZNrIT\":{\"title\":\"Courses\",\"url\":\"\\/classes?sort=newest\"},\"vsulK\":{\"title\":\"Instructors\",\"url\":\"\\/instructor-finder\"},\"CoqxP\":{\"title\":\"Store\",\"url\":\"\\/products\"},\"JqwqY\":{\"title\":\"Forums\",\"url\":\"\\/forums\"},\"DELcs\":{\"title\":\"Events\",\"url\":\"\\/events\"},\"record\":{\"title\":null,\"url\":null}},\"specific_buttons\":{\"IXdIJ\":{\"user_role\":\"for_guest\",\"title\":\"Start Learning\",\"url\":\"\\/login\",\"icon\":\"bul-teacher\"},\"ZyBBr\":{\"user_role\":\"1\",\"title\":\"Become Instructor\",\"url\":\"\\/become-instructor\",\"icon\":\"bul-teacher\"},\"MDCBD\":{\"user_role\":\"2\",\"title\":\"Admin Panel\",\"url\":\"\\/admin\",\"icon\":\"bul-setting-2\"},\"WNIvI\":{\"user_role\":\"3\",\"title\":\"Create a Course\",\"url\":\"\\/panel\\/courses\\/new\",\"icon\":\"bul-video-add\"},\"yrdcx\":{\"user_role\":\"4\",\"title\":\"Create a Course\",\"url\":\"\\/panel\\/courses\\/new\",\"icon\":\"bul-video-add\"},\"record\":{\"user_role\":null,\"title\":null,\"url\":null,\"icon\":null}}}'),
(5, 4, 'en', 'Footer 2', '{\"background_color\":\"secondary\",\"title\":\"Rocket LMS\",\"description\":\"Rocket LMS connects learners, professionals, and organizers through engaging online and in-person events, offering expert-led workshops, networking opportunities, skill-building sessions, and learning experiences for everyone.\",\"enable_logo\":null,\"enable_back_to_top\":\"on\",\"specific_links\":{\"LuUds\":{\"title\":\"Login\",\"url\":\"\\/login\"},\"VknMT\":{\"title\":\"Register\",\"url\":\"\\/register\"},\"GQCRH\":{\"title\":\"Contact Us\",\"url\":\"\\/contact\"},\"vQxqY\":{\"title\":\"Certificate Validation\",\"url\":\"\\/certificate_validation\"},\"ZPsfG\":{\"title\":\"Become Conductor\",\"url\":\"\\/become-instructor\"},\"svCqY\":{\"title\":\"About\",\"url\":\"\\/pages\\/about\"},\"RUqbP\":{\"title\":\"Terms and Policies\",\"url\":\"\\/pages\\/terms\"},\"record\":{\"title\":null,\"url\":null}},\"copyright_text\":\"\\u00a9 2025 Rocket Soft. All Rights Reserved.\",\"social_media\":[\"Instagram\",\"Whatsapp\",\"Twitter\",\"Facebook\"],\"background\":\"\\/store\\/themes\\/footers\\/4\\/footer_bg_bXX.svg\"}');

-- --------------------------------------------------------

--
-- Table structure for table `tickets`
--

CREATE TABLE `tickets` (
  `id` int(10) UNSIGNED NOT NULL,
  `creator_id` int(10) UNSIGNED NOT NULL,
  `webinar_id` int(10) UNSIGNED DEFAULT NULL,
  `bundle_id` int(10) UNSIGNED DEFAULT NULL,
  `start_date` int(10) UNSIGNED DEFAULT NULL,
  `end_date` int(10) UNSIGNED DEFAULT NULL,
  `discount` int(11) NOT NULL,
  `capacity` int(11) DEFAULT NULL,
  `order` int(10) UNSIGNED DEFAULT NULL,
  `created_at` int(11) NOT NULL,
  `updated_at` int(11) DEFAULT NULL,
  `deleted_at` int(11) DEFAULT NULL
) ENGINE=InnoDB DEFAULT CHARSET=utf8mb4 COLLATE=utf8mb4_unicode_ci ROW_FORMAT=DYNAMIC;

--
-- Dumping data for table `tickets`
--

INSERT INTO `tickets` (`id`, `creator_id`, `webinar_id`, `bundle_id`, `start_date`, `end_date`, `discount`, `capacity`, `order`, `created_at`, `updated_at`, `deleted_at`) VALUES
(28, 1015, 1998, NULL, 1702616400, 1734238800, 50, 10, NULL, 1624965807, 1709538929, NULL),
(29, 1015, 1998, NULL, 1734238800, 1797310800, 20, 20, NULL, 1624965932, 1709538910, NULL),
(30, 929, 1999, NULL, 1622489400, 1623267000, 20, 100, NULL, 1625038262, NULL, NULL),
(31, 864, 2003, NULL, 1625081400, 1690831800, 25, 5, NULL, 1625299801, NULL, NULL);

-- --------------------------------------------------------

--
-- Table structure for table `ticket_translations`
--

CREATE TABLE `ticket_translations` (
  `id` bigint(20) UNSIGNED NOT NULL,
  `ticket_id` int(10) UNSIGNED NOT NULL,
  `locale` varchar(255) NOT NULL,
  `title` varchar(255) NOT NULL
) ENGINE=InnoDB DEFAULT CHARSET=utf8mb4 COLLATE=utf8mb4_unicode_ci;

--
-- Dumping data for table `ticket_translations`
--

INSERT INTO `ticket_translations` (`id`, `ticket_id`, `locale`, `title`) VALUES
(1, 28, 'en', 'Golden Offer'),
(2, 29, 'en', 'Silver Offer'),
(3, 30, 'en', 'First Students Offer'),
(4, 31, 'en', 'First Price Plan');

-- --------------------------------------------------------

--
-- Table structure for table `ticket_users`
--

CREATE TABLE `ticket_users` (
  `id` int(10) UNSIGNED NOT NULL,
  `ticket_id` int(10) UNSIGNED NOT NULL,
  `user_id` int(10) UNSIGNED NOT NULL,
  `created_at` int(10) UNSIGNED NOT NULL
) ENGINE=InnoDB DEFAULT CHARSET=utf8mb4 COLLATE=utf8mb4_unicode_ci ROW_FORMAT=DYNAMIC;

--
-- Dumping data for table `ticket_users`
--

INSERT INTO `ticket_users` (`id`, `ticket_id`, `user_id`, `created_at`) VALUES
(6, 28, 995, 1625996979),
(7, 28, 996, 1626060553),
(8, 28, 930, 1626060837),
(9, 31, 929, 1626241214),
(10, 31, 1017, 1639379395);

-- --------------------------------------------------------

--
-- Table structure for table `time_spent_on_courses`
--

CREATE TABLE `time_spent_on_courses` (
  `id` int(10) UNSIGNED NOT NULL,
  `user_id` int(10) UNSIGNED NOT NULL,
  `course_id` int(10) UNSIGNED NOT NULL,
  `page` enum('learning_page','show') NOT NULL DEFAULT 'learning_page',
  `entry_time` bigint(20) UNSIGNED DEFAULT NULL,
  `exit_time` bigint(20) UNSIGNED DEFAULT NULL,
  `seconds_spent` bigint(20) UNSIGNED DEFAULT NULL
) ENGINE=InnoDB DEFAULT CHARSET=utf8mb4 COLLATE=utf8mb4_general_ci;

--
-- Dumping data for table `time_spent_on_courses`
--

INSERT INTO `time_spent_on_courses` (`id`, `user_id`, `course_id`, `page`, `entry_time`, `exit_time`, `seconds_spent`) VALUES
(1, 1, 2008, 'learning_page', 1749459566, 1749462983, 3417),
(2, 1015, 1996, 'learning_page', 1750030159, 1750030169, 10),
(3, 1, 2010, 'learning_page', 1750160261, 1750162292, 2031),
(4, 1, 1995, 'learning_page', 1750162301, 1750162383, 82),
(5, 1, 2008, 'learning_page', 1750162336, 1750162368, 32),
(6, 995, 2008, 'learning_page', 1750162422, 1750162685, 263),
(7, 995, 1995, 'learning_page', 1750162436, 1750162685, 249),
(8, 1, 2060, 'learning_page', 1751623985, 1751623995, 10),
(9, 995, 2009, 'learning_page', 1751723668, 1751723678, 10),
(10, 1015, 2008, 'learning_page', 1751723965, 1751723975, 10),
(11, 1015, 2008, 'learning_page', 1751723972, 1751724648, 676),
(12, 995, 2009, 'learning_page', 1763587040, 1763587050, 10),
(13, 996, 2009, 'learning_page', 1764575508, 1764575550, 42),
(14, 1, 2009, 'learning_page', 1764575551, 1764575757, 206),
(15, 1015, 2009, 'learning_page', 1764575594, 1764575697, 103),
(16, 995, 1998, 'learning_page', 1764575979, 1764576022, 43),
(17, 996, 1998, 'learning_page', 1764576187, 1764576239, 52),
(18, 1017, 1998, 'learning_page', 1764576240, 1764576250, 10),
(19, 1017, 1998, 'learning_page', 1764576246, 1764577801, 1555);

-- --------------------------------------------------------

--
-- Table structure for table `trend_categories`
--

CREATE TABLE `trend_categories` (
  `id` int(10) UNSIGNED NOT NULL,
  `category_id` int(10) UNSIGNED NOT NULL,
  `icon` varchar(255) NOT NULL,
  `color` varchar(32) NOT NULL,
  `created_at` int(10) UNSIGNED NOT NULL
) ENGINE=InnoDB DEFAULT CHARSET=utf8mb4 COLLATE=utf8mb4_unicode_ci ROW_FORMAT=DYNAMIC;

--
-- Dumping data for table `trend_categories`
--

INSERT INTO `trend_categories` (`id`, `category_id`, `icon`, `color`, `created_at`) VALUES
(1, 609, '/store/1/default_images/trend_categories_icons/management.svg', '#b3d5ff', 1605117336),
(2, 611, '/store/1/default_images/trend_categories_icons/business.svg', '#ffd0cd', 1605117336),
(3, 604, '/store/1/default_images/trend_categories_icons/lifestyle.svg', '#ffe4b3', 1605117336),
(4, 523, '/store/1/default_images/trend_categories_icons/health.svg', '#c6f1da', 1605117336),
(5, 602, '/store/1/default_images/trend_categories_icons/science.svg', '#c1c1c1', 1605117336),
(6, 520, '/store/1/default_images/trend_categories_icons/design.svg', '#eadaff', 1605117336),
(10, 606, '/store/1/default_images/trend_categories_icons/development.svg', '#ffd0db', 1749636845),
(11, 525, '/store/1/default_images/trend_categories_icons/marketing.svg', '#99dfff', 1749636884);

-- --------------------------------------------------------

--
-- Table structure for table `upcoming_courses`
--

CREATE TABLE `upcoming_courses` (
  `id` int(10) UNSIGNED NOT NULL,
  `creator_id` int(10) UNSIGNED NOT NULL,
  `teacher_id` int(10) UNSIGNED NOT NULL,
  `category_id` int(10) UNSIGNED DEFAULT NULL,
  `webinar_id` int(10) UNSIGNED DEFAULT NULL COMMENT 'when assigned a course',
  `type` enum('webinar','course','text_lesson') NOT NULL,
  `slug` varchar(255) NOT NULL,
  `thumbnail` varchar(255) DEFAULT NULL,
  `image_cover` varchar(255) DEFAULT NULL,
  `video_demo` longtext DEFAULT NULL,
  `video_demo_source` enum('upload','youtube','vimeo','external_link','google_drive','iframe','s3','secure_host') DEFAULT NULL,
  `publish_date` bigint(20) UNSIGNED DEFAULT NULL,
  `timezone` varchar(255) CHARACTER SET utf8mb4 COLLATE utf8mb4_general_ci DEFAULT NULL,
  `points` int(10) UNSIGNED DEFAULT NULL,
  `capacity` int(10) UNSIGNED DEFAULT NULL,
  `price` double(15,2) DEFAULT NULL,
  `duration` int(10) UNSIGNED DEFAULT NULL,
  `sections` int(10) UNSIGNED DEFAULT NULL,
  `parts` int(10) UNSIGNED DEFAULT NULL,
  `course_progress` int(10) UNSIGNED DEFAULT NULL,
  `support` tinyint(1) NOT NULL DEFAULT 0,
  `certificate` tinyint(1) NOT NULL DEFAULT 0,
  `include_quizzes` tinyint(1) NOT NULL DEFAULT 0,
  `downloadable` tinyint(1) NOT NULL DEFAULT 0,
  `forum` tinyint(1) NOT NULL DEFAULT 0,
  `assignments` tinyint(1) NOT NULL DEFAULT 0,
  `message_for_reviewer` text DEFAULT NULL,
  `status` enum('active','pending','is_draft','inactive') NOT NULL DEFAULT 'is_draft',
  `created_at` bigint(20) UNSIGNED NOT NULL
) ENGINE=InnoDB DEFAULT CHARSET=utf8mb4 COLLATE=utf8mb4_unicode_ci;

--
-- Dumping data for table `upcoming_courses`
--

INSERT INTO `upcoming_courses` (`id`, `creator_id`, `teacher_id`, `category_id`, `webinar_id`, `type`, `slug`, `thumbnail`, `image_cover`, `video_demo`, `video_demo_source`, `publish_date`, `timezone`, `points`, `capacity`, `price`, `duration`, `sections`, `parts`, `course_progress`, `support`, `certificate`, `include_quizzes`, `downloadable`, `forum`, `assignments`, `message_for_reviewer`, `status`, `created_at`) VALUES
(3, 1015, 1015, 606, NULL, 'webinar', 'Python-for-Beginners', '/store/1/default_images/upcoming/upcoming2.jpg', '/store/1015/The Professional Guitar Masterclass_c.jpg', '/store/1015/Learn Linux In 5 Days.mp4', 'upload', 1708009200, 'America/New_York', 20, 50, 100.00, 60, 5, 80, 30, 1, 1, 1, 0, 1, 0, 'Thank you', 'active', 1677566920),
(4, 1016, 1016, 520, NULL, 'webinar', 'Digital-Photography', '/store/1/default_images/upcoming/upcoming3.jpg', '/store/1016/1_c.jpg', NULL, NULL, 1705784400, 'America/New_York', NULL, 20, 50.00, 360, 10, 70, 50, 1, 1, 1, 1, 1, 0, NULL, 'active', 1678876998),
(5, 934, 934, 520, 2005, 'course', 'Web-Design-for-Beginners', '/store/1/default_images/upcoming/upcoming1.jpg', '/store/934/A-Z Web Programming_c.jpg', 'https://youtu.be/j1pa36PK14E', 'youtube', 1678852800, 'America/New_York', NULL, NULL, 10.00, 210, 6, 85, 100, 1, 1, 1, 1, 1, 0, 'Thank you', 'active', 1678877796),
(6, 929, 929, 606, 2010, 'course', 'laravel-advanced-course', '/store/1/default_images/upcoming/upcoming4.jpg', '/store/1/default_images/upcoming/upcoming4.jpg', 'https://youtu.be/laravel-demo-video', 'youtube', 1745197200, 'America/New_York', NULL, 100, 90.00, 480, 8, 120, 100, 1, 1, 1, 1, 1, 1, NULL, 'active', 1751132998);

-- --------------------------------------------------------

--
-- Table structure for table `upcoming_course_filter_option`
--

CREATE TABLE `upcoming_course_filter_option` (
  `id` int(10) UNSIGNED NOT NULL,
  `upcoming_course_id` int(10) UNSIGNED NOT NULL,
  `filter_option_id` int(10) UNSIGNED NOT NULL
) ENGINE=InnoDB DEFAULT CHARSET=utf8mb4 COLLATE=utf8mb4_unicode_ci;

--
-- Dumping data for table `upcoming_course_filter_option`
--

INSERT INTO `upcoming_course_filter_option` (`id`, `upcoming_course_id`, `filter_option_id`) VALUES
(53, 5, 9114),
(54, 4, 9114),
(55, 4, 9156),
(56, 4, 9231),
(57, 3, 9147),
(58, 3, 9216),
(71, 6, 9149),
(72, 6, 9216),
(73, 6, 9283);

-- --------------------------------------------------------

--
-- Table structure for table `upcoming_course_followers`
--

CREATE TABLE `upcoming_course_followers` (
  `id` int(10) UNSIGNED NOT NULL,
  `upcoming_course_id` int(10) UNSIGNED NOT NULL,
  `user_id` int(10) UNSIGNED NOT NULL,
  `created_at` bigint(20) UNSIGNED NOT NULL
) ENGINE=InnoDB DEFAULT CHARSET=utf8mb4 COLLATE=utf8mb4_unicode_ci;

--
-- Dumping data for table `upcoming_course_followers`
--

INSERT INTO `upcoming_course_followers` (`id`, `upcoming_course_id`, `user_id`, `created_at`) VALUES
(8, 3, 1015, 1677569743),
(9, 5, 995, 1678908505),
(10, 5, 930, 1678908543),
(11, 5, 996, 1678908564),
(12, 5, 1017, 1678908593),
(13, 5, 979, 1678908616),
(14, 4, 996, 1678908833),
(15, 4, 995, 1678908841),
(16, 4, 930, 1678908851),
(17, 3, 996, 1678908877),
(18, 3, 979, 1678908893);

-- --------------------------------------------------------

--
-- Table structure for table `upcoming_course_reports`
--

CREATE TABLE `upcoming_course_reports` (
  `id` int(10) UNSIGNED NOT NULL,
  `upcoming_course_id` int(10) UNSIGNED NOT NULL,
  `user_id` int(10) UNSIGNED NOT NULL,
  `reason` varchar(255) NOT NULL,
  `message` text NOT NULL,
  `created_at` bigint(20) UNSIGNED NOT NULL
) ENGINE=InnoDB DEFAULT CHARSET=utf8mb4 COLLATE=utf8mb4_unicode_ci;

-- --------------------------------------------------------

--
-- Table structure for table `upcoming_course_translations`
--

CREATE TABLE `upcoming_course_translations` (
  `id` bigint(20) UNSIGNED NOT NULL,
  `upcoming_course_id` int(10) UNSIGNED NOT NULL,
  `locale` varchar(255) NOT NULL,
  `title` varchar(255) NOT NULL,
  `seo_description` text DEFAULT NULL,
  `summary` text DEFAULT NULL,
  `description` longtext DEFAULT NULL
) ENGINE=InnoDB DEFAULT CHARSET=utf8mb4 COLLATE=utf8mb4_unicode_ci;

--
-- Dumping data for table `upcoming_course_translations`
--

INSERT INTO `upcoming_course_translations` (`id`, `upcoming_course_id`, `locale`, `title`, `seo_description`, `summary`, `description`) VALUES
(3, 3, 'en', 'Python for Beginners', 'This course is meant for absolute beginners in programming or in python', NULL, '<p>This python for beginners course is geared to students who want to know how python works and also to those totally new to programming.</p><p><br></p><p>The python language has very simple syntax(way to write it) to learn and it is one of the most powerful languages to learn since it can be used for a variety of things.</p><p><br></p><p>Jobs in this field are really lucrative and knowing this language will give you an edge when finding a job and making a lot more money than other developers; python developers are not as many as in other languages since people think is hard. Python is super easy to learn but very powerful since it contains many possibilities.</p><p><br></p><p>Python is growing faster and faster every day and it has surpassed many other languages over the years for a lot of reasons, which you will find out soon enough.</p>'),
(4, 4, 'en', 'Digital Photography', 'Learn how to take stunning photographs by mastering both the technical and creative sides of digital photography.', NULL, '<p>This course is divided into two broad components: first, we cover all the technical aspects, like camera equipment and support, as well as the camera\'s most important settings. After that we look at the artistic side of photography, which focuses on light, composition, and creativity.</p><p><br></p><p>It has been structured in such a way that you won\'t ever feel overwhelmed by technical jargon, complicated camera functions or obscure principles. The aim is to keep everything as clear and simple as possible, and this was achieved by tackling each important photographic element separately in short and concise lectures that last between 2 and 5 minutes each. The majority of lectures consist of both teacher-style video clips (where I explain a setting, principle or tip) and slides, both of which contain photographic examples and audio (where I interpret each photographic example).</p>'),
(5, 5, 'en', 'Web Design for Beginners', 'Launch a career as a web designer by learning HTML5, CSS3, responsive design, Sass and more!', NULL, '<p>You can launch a new career in web development today by learning HTML & CSS. You don\'t need a computer science degree or expensive software. All you need is a computer, a bit of time, a lot of determination, and a teacher you trust. I\'ve taught HTML and CSS to countless coworkers and held training sessions for fortune 100 companies. I am that teacher you can trust. </p><p><br></p><p>Don\'t limit yourself by creating websites with some cheesy “site-builder\" tool. This course teaches you how to take 100% control over your webpages by using the same concepts that every professional website is created with.</p><p><br></p><p>This course does not assume any prior experience. We start at square one and learn together bit by bit. By the end of the course you will have created (by hand) a website that looks great on phones, tablets, laptops, and desktops alike.</p><p><br></p><p>In the summer of 2020 the course has received a new section where we push our website live up onto the web using the free GitHub Pages service; this means you\'ll be able to share a link to what you\'ve created with your friends, family, colleagues and the world!</p>'),
(6, 6, 'en', 'Laravel Advanced Programming', 'Master Laravel framework with this comprehensive course covering advanced topics like Eloquent ORM, API development and testing', 'A complete guide to Laravel framework for intermediate to advanced developers.', '<p>This comprehensive Laravel course takes you beyond the basics into advanced web development with PHP\'s most popular framework. You\'ll master Eloquent ORM relationships, build robust RESTful APIs, implement real-time features with Laravel Echo, and optimize your applications for performance.</p>\r\n  \r\n  <p>We\'ll cover advanced authentication techniques, queue system for background jobs, and testing with PHPUnit. The course includes practical projects like building a complete e-commerce backend and a real-time chat application.</p>\r\n  \r\n  <p>By the end of this course, you\'ll be able to architect complex Laravel applications following best practices and design patterns. The curriculum is designed based on real-world project requirements from top tech companies.</p>\r\n  \r\n  <p>Prerequisites include basic PHP knowledge and familiarity with Laravel fundamentals. Each section includes hands-on exercises and downloadable resources to reinforce your learning.</p>');

-- --------------------------------------------------------

--
-- Table structure for table `users`
--

CREATE TABLE `users` (
  `id` int(10) UNSIGNED NOT NULL,
  `username` varchar(255) DEFAULT NULL,
  `full_name` varchar(128) DEFAULT NULL,
  `role_name` varchar(64) NOT NULL,
  `role_id` int(10) UNSIGNED NOT NULL,
  `organ_id` int(11) DEFAULT NULL,
  `mobile` varchar(32) DEFAULT NULL,
  `email` varchar(255) DEFAULT NULL,
  `bio` varchar(128) DEFAULT NULL,
  `password` varchar(255) DEFAULT NULL,
  `google_id` varchar(255) DEFAULT NULL,
  `facebook_id` varchar(255) DEFAULT NULL,
  `remember_token` varchar(255) DEFAULT NULL,
  `logged_count` int(10) UNSIGNED NOT NULL DEFAULT 0,
  `verified` tinyint(1) NOT NULL DEFAULT 0,
  `financial_approval` tinyint(1) NOT NULL DEFAULT 0,
  `installment_approval` tinyint(1) DEFAULT 0,
  `enable_installments` tinyint(1) DEFAULT 1,
  `disable_cashback` tinyint(1) DEFAULT 0,
  `enable_registration_bonus` tinyint(1) NOT NULL DEFAULT 0,
  `registration_bonus_amount` double(15,2) DEFAULT NULL,
  `avatar` varchar(255) DEFAULT NULL,
  `avatar_settings` varchar(255) DEFAULT NULL,
  `cover_img` varchar(255) DEFAULT NULL,
  `profile_video` varchar(255) DEFAULT NULL,
  `profile_secondary_image` varchar(255) DEFAULT NULL,
  `headline` varchar(255) DEFAULT NULL,
  `about` text DEFAULT NULL,
  `address` text DEFAULT NULL,
  `country_id` int(10) UNSIGNED DEFAULT NULL,
  `province_id` int(10) UNSIGNED DEFAULT NULL,
  `city_id` int(10) UNSIGNED DEFAULT NULL,
  `district_id` int(10) UNSIGNED DEFAULT NULL,
  `location` point DEFAULT NULL,
  `level_of_training` bit(3) DEFAULT NULL,
  `meeting_type` enum('all','in_person','online') NOT NULL DEFAULT 'all',
  `status` enum('active','pending','inactive') NOT NULL DEFAULT 'active',
  `access_content` tinyint(1) NOT NULL DEFAULT 1,
  `enable_ai_content` tinyint(1) NOT NULL DEFAULT 0,
  `language` varchar(255) DEFAULT NULL,
  `currency` varchar(255) DEFAULT NULL,
  `timezone` varchar(255) DEFAULT NULL,
  `theme_color_mode` enum('dark','light') DEFAULT NULL,
  `newsletter` tinyint(1) NOT NULL DEFAULT 0,
  `public_message` tinyint(1) NOT NULL DEFAULT 0,
  `enable_profile_statistics` tinyint(1) NOT NULL DEFAULT 0,
  `auto_renew_subscription` tinyint(1) NOT NULL DEFAULT 0,
  `identity_scan` text DEFAULT NULL,
  `certificate` text DEFAULT NULL,
  `affiliate` tinyint(1) NOT NULL DEFAULT 1,
  `can_create_store` tinyint(1) NOT NULL DEFAULT 0 COMMENT 'Despite disabling the store feature in the settings, we can enable this feature for that user through the edit page of a user and turning on the store toggle.',
  `ban` tinyint(1) NOT NULL DEFAULT 0,
  `ban_start_at` int(10) UNSIGNED DEFAULT NULL,
  `ban_end_at` int(10) UNSIGNED DEFAULT NULL,
  `offline` tinyint(1) NOT NULL DEFAULT 0,
  `offline_message` text DEFAULT NULL,
  `created_at` int(11) NOT NULL,
  `updated_at` int(11) DEFAULT NULL,
  `deleted_at` int(11) DEFAULT NULL
) ENGINE=InnoDB DEFAULT CHARSET=utf8mb4 COLLATE=utf8mb4_unicode_ci ROW_FORMAT=DYNAMIC;

--
-- Dumping data for table `users`
--

INSERT INTO `users` (`id`, `username`, `full_name`, `role_name`, `role_id`, `organ_id`, `mobile`, `email`, `bio`, `password`, `google_id`, `facebook_id`, `remember_token`, `logged_count`, `verified`, `financial_approval`, `installment_approval`, `enable_installments`, `disable_cashback`, `enable_registration_bonus`, `registration_bonus_amount`, `avatar`, `avatar_settings`, `cover_img`, `profile_video`, `profile_secondary_image`, `headline`, `about`, `address`, `country_id`, `province_id`, `city_id`, `district_id`, `location`, `level_of_training`, `meeting_type`, `status`, `access_content`, `enable_ai_content`, `language`, `currency`, `timezone`, `theme_color_mode`, `newsletter`, `public_message`, `enable_profile_statistics`, `auto_renew_subscription`, `identity_scan`, `certificate`, `affiliate`, `can_create_store`, `ban`, `ban_start_at`, `ban_end_at`, `offline`, `offline_message`, `created_at`, `updated_at`, `deleted_at`) VALUES
(1, 'admin', 'Admin', 'admin', 2, NULL, '00000000', 'admin@demo.com', 'Senior software developer', '$2y$10$We7v6xiSH8y9NsabdEPYneLmEt/Qe768uWXTd4kqxMfxcqTwFfgiy', NULL, NULL, 'aFzIxhQsXbjKXBQ9E2lIW6ewDaob2kLIDDomjQ01ee76HTjLbMDtVIhlrnxa', 0, 1, 0, 0, 1, 0, 0, NULL, '/store/1/default_images/admin-avatar.jpg', NULL, NULL, NULL, NULL, NULL, NULL, NULL, NULL, NULL, NULL, NULL, NULL, NULL, 'all', 'active', 1, 0, 'EN', 'USD', 'America/New_York', 'light', 0, 0, 0, 0, NULL, NULL, 1, 0, 0, NULL, NULL, 0, NULL, 1597826952, 1597826952, NULL),
(3, 'james-kong', 'James Kong', 'teacher', 4, 864, '+12085141324', 'Jameskong2021@gmail.com', 'Master Certified Coach', '$2y$10$NPgvpOF52CHJuSKbh9gG8.7IvjjFd0HklLy5elWySZ58m.9IHpM2K', NULL, NULL, 'Xr4zhhoQpDZU1NbMVh0h7iXy390lCDz8pt4NYTUNvsncEqn9Z8PoTKSxKB96', 0, 0, 1, 0, 1, 0, 0, NULL, '/store/3/setting/avatar.jpg', NULL, '/store/3/17.jpg', NULL, '/store/3/setting/profile_secondary_image.png', NULL, 'James Kong is a sound and communication expert. His vision is for a world that listens consciously and speaks powerfully.\r\n\r\nJulian is author of the books How to be Heard: Secrets for Powerful Speaking and Listening and Sound Business. \r\n\r\nHis five TED talks about sound and communication have been watched over 90 million times and his latest talk, How to speak so that people want to listen, is the sixth most watched TED talk of all time. \r\n\r\nJames is a media commentator on speaking and listening skills, and has been featured by the likes of TIME Magazine, The Economist, The BBC, and The Times. \r\n\r\nJames\'s company, The Sound Agency, works with major brands worldwide to improve the way they sound. Their pioneering methods have improved customer happiness, raised sales, and even lowered crime rates, and their work has made headlines internationally.', '638153, Tamil Nadu, Modakkurichi, Elumathur', 20, 33, 34, 42, 0x000000000101000000c36b207dbda43840180620262a544740, b'110', 'all', 'active', 1, 0, 'EN', NULL, 'America/New_York', NULL, 0, 0, 0, 0, '/store/3/passport.jpg', '', 1, 0, 0, NULL, NULL, 1, 'I will not be available for 2 weeks until  end of January due to a business trip.', 1597826952, 1597826952, NULL),
(4, 'king-pictures', 'King Pictures', 'organization', 3, NULL, '+441632960079', 'kingpictures@gmail.com', 'High Quality Training', '$2y$10$NPgvpOF52CHJuSKbh9gG8.7IvjjFd0HklLy5elWySZ58m.9IHpM2K', NULL, NULL, 'HVMcrvVIvbrAWoMqj0keYcuCqkuVNZ5SumTNTlEY510zC373P6VQXFs6ZNN4', 0, 0, 0, 0, 1, 0, 0, NULL, '/store/4/setting/avatar.jpg', NULL, '/store/4/19.jpg', NULL, NULL, NULL, 'King Pictures is a Canadian based company who offer a huge and ever growing range of high quality eLearning solutions that teach using studio quality narrated videos backed-up with practical hands-on examples and comprehensive working files. All courses are created by trained educators and experts in video based education.\r\n\r\nThe emphasis is on teaching real life skills that are essential for progressing in today\'s commercial environment.', NULL, NULL, NULL, NULL, NULL, NULL, NULL, 'all', 'active', 1, 0, 'EN', NULL, 'America/New_York', NULL, 0, 0, 0, 0, NULL, NULL, 1, 0, 0, NULL, NULL, 0, NULL, 1597826952, 1597826952, NULL),
(859, 'cactuscat-clothing', 'Cactuscat Clothing', 'organization', 3, NULL, '+12025550132', 'cactuscat@hotmail.com', 'Programming Training Institute', '$2y$10$IjiUK.pAJGeErJNyys7CkeFzHlwv50b4L0tDSicMvhSpNk2QGud1G', NULL, NULL, NULL, 0, 0, 0, 0, 1, 0, 0, NULL, '/store/859/setting/avatar.jpg', NULL, '/store/859/8.png', NULL, NULL, NULL, 'Eduonix creates and distributes high quality technology training content. Our team of  industry professionals have been training manpower for more than a decade. We aim to teach technology the way it is used in industry and professional world.  We have professional team of trainers for technologies ranging from Mobility, Web to Enterprise and Database and Server Administration.', '', 20, 31, 32, 40, 0x000000000101000000109b5fd3557b38409a046daf23cc4340, b'111', 'all', 'active', 1, 0, 'EN', NULL, 'America/New_York', NULL, 0, 0, 0, 0, '/store/859/certificate.jpg', '/store/859/certificate.jpg', 1, 0, 0, NULL, NULL, 0, NULL, 1604509713, NULL, NULL),
(863, 'owosso', 'Owosso', 'organization', 3, NULL, '+12025550198', 'owosso@info.com', 'Chemical Engineering Institute', '$2y$10$NPgvpOF52CHJuSKbh9gG8.7IvjjFd0HklLy5elWySZ58m.9IHpM2K', NULL, NULL, NULL, 0, 0, 0, 0, 1, 0, 0, NULL, '/store/863/setting/avatar.jpg', NULL, '/store/863/2.png', NULL, NULL, NULL, 'Dear students,\r\n\r\nWR Training is a group of professional engineers from various disciplines (chemical, petrochemical, mechanical, electrical…) providing academic and industrial online courses.\r\n\r\nWhether you’re trying to learn and discover a new scientific or engineering topic from scratch, or want to refresh your memory on something you’ve learnt in the past, you’ve come to the right place.\r\n\r\nWR Training exists to help you succeed in your academic and professional life. Our goal is to spread the knowledge and promote science.\r\n\r\nThe courses, you are about to enroll in, were undertaken to give you a clear view of scientific and engineering topics through detailed examples using hands on demo and provide numerous problems with their solutions. You can also use these courses as a review for taking exams or as a vehicle for self-instruction.\r\n\r\nOur training methodology was designed to enable individual self paced e-learning.\r\n\r\nEach course has been undertaken to teach a specific skill.\r\n\r\nOur courses can be watched 24/7 wherever you are. You can also view them on mobile devices with the Udemy mobile app.\r\n\r\nWe are active online instructors and we will be here for you every step of the way. If you have questions about the course content, you can always post your questions or send us a private message. It will be our pleasure to provide assistance and answer your questions.\r\n\r\nSo with no further ado, go ahead, select the course suitable for you, click the enroll button and we\'ll see you in the first section !\r\n\r\nWR Training\r\n\r\nSpread the wings of your knowledge', NULL, 17, 28, 30, 37, 0x0000000001010000006656cabeb2f73240a691c50fda345240, b'110', 'online', 'active', 1, 0, 'EN', NULL, 'America/New_York', NULL, 0, 0, 0, 0, NULL, NULL, 1, 0, 0, NULL, NULL, 0, NULL, 1604509713, NULL, NULL),
(864, 'affogato-media', 'Affogato Media', 'organization', 3, NULL, '+12025550131', 'affogato@yahoo.com', 'Learn Creative Skills', '$2y$10$NPgvpOF52CHJuSKbh9gG8.7IvjjFd0HklLy5elWySZ58m.9IHpM2K', NULL, NULL, NULL, 0, 0, 0, 0, 1, 0, 0, NULL, '/store/864/setting/avatar.jpg', NULL, '/store/864/20.jpg', NULL, NULL, NULL, 'Learn creative skills, from absolute beginner to advanced mastery. \r\n\r\nVideo School exists to help you succeed in life. Each course has been hand-tailored to teach a specific skill from photography and video to art, design and business.\r\n\r\nWhether you’re trying to learn a new skill from scratch, or want to refresh your memory on something you’ve learned in the past, you’ve come to the right place.\r\n\r\nEducation makes the world a better place. Make your world better with new skills!\r\n\r\nOur courses can be watched 24/7 wherever you are. Most are fully downloadable so you can take them with you.\r\n\r\nAll courses have a 30-day money-back guarantee so that you can check it out, make sure it’s the right course for you, and get a refund if it’s not!', NULL, 19, 61, 62, 65, 0x000000000101000000983696ed17262140f870c75749123040, b'100', 'all', 'active', 1, 0, 'EN', NULL, 'America/New_York', NULL, 0, 0, 0, 0, NULL, NULL, 1, 0, 0, NULL, NULL, 0, NULL, 1604509713, NULL, NULL),
(867, 'light-moon', 'Light Moon', 'organization', 3, NULL, '+12025550151', 'organization@demo.com', 'Building Better Professionals', '$2y$10$W0.rfZgYCWGr/rOSrGrGg.Nnm6xBVdR3FYjJiXqiq6LZdx2Ds.aXq', NULL, NULL, '9Xw5yy8Sgof5VPJcLvcaNKGL99LcuR9xjU2oWPFNiGFoBwzBEwk4Wa8LUBG2', 1, 1, 1, 0, 1, 0, 0, NULL, '/store/867/setting/avatar.jpg', NULL, '/store/867/18.jpg', NULL, NULL, NULL, 'The Light Moon Academy was created by Tim Buchalka, a software developer with 35 years experience, who is also an instructor on Udemy, with over 1.22M+ students in his courses on Java, Python, Android, C#  and the Spring framework. \r\n\r\nThe Academy’s goal in the next three years, is to teach one million people to learn how to program.\r\n\r\nApart from Tim’s own courses, which are all available here, we are working with the very best teachers, creating courses to teach the essential skills required by developers, at all levels.\r\n\r\nOne other important philosophy is that our courses are taught by real professionals; software developers with real and substantial experience in the industry, who are also great teachers.  All our instructors are experienced, software developers!\r\n\r\nOur team is busy creating new courses right now.\r\n\r\nWhether you are a beginner, looking to learn how to program for the very first time, or to brush up on your existing skills, or to learn new languages and frameworks, the Academy has you covered.', 'Massachusetts, West Roxbury, 3979 Smith Street', 16, 21, 67, 68, 0x000000000101000000b4c5c332820e4840b73e0bfa1c52fbbf, b'110', 'all', 'active', 1, 0, 'EN', NULL, 'America/New_York', NULL, 0, 0, 0, 0, '/store/867/passport.jpg', '', 1, 0, 0, NULL, NULL, 0, NULL, 1604509713, NULL, NULL),
(868, 'techdecomposed', 'Tech Decomposed', 'organization', 3, NULL, '+441632960582', 'techdecomposed@info.com', 'Behavioral Expert Institute', '$2y$10$NPgvpOF52CHJuSKbh9gG8.7IvjjFd0HklLy5elWySZ58m.9IHpM2K', NULL, NULL, NULL, 0, 0, 0, 0, 1, 0, 0, NULL, '/store/868/setting/avatar.jpg', NULL, '/store/868/6.jpg', NULL, NULL, NULL, 'Hi, my name is Gregory Caremans. I\'m the founder of the award-winning TechDecomposed.\r\nI\'m a psychologist with a Master in communication, specialized in the Neurocognitive and Behavioral Approach. I\'m the former Director of the Institute of Neurocognitivism in Brussels (Belgium).\r\nWith the TechDecomposed we\'ve specialized in writing and producing high quality brain-related content. Mostly, we create online courses. I\'m very proud to say that we have a partnership with The Economist where they offer our courses to their readers. Our courses were also featured in the magazine Entrepreneur and CNN. And I was invited to give my first TEDx Talk in December of 2018.', NULL, NULL, NULL, NULL, NULL, NULL, NULL, 'all', 'active', 1, 0, 'EN', NULL, 'America/New_York', NULL, 0, 0, 0, 0, NULL, NULL, 1, 0, 0, NULL, NULL, 0, NULL, 1604509713, NULL, NULL),
(870, 'jessica-wray', 'Jessica Wray', 'teacher', 4, 863, '+12025550188', 'marques.torp@hotmail.com', 'Network Technician at Cisco', '$2y$10$NPgvpOF52CHJuSKbh9gG8.7IvjjFd0HklLy5elWySZ58m.9IHpM2K', NULL, NULL, NULL, 0, 1, 1, 0, 1, 0, 0, NULL, '/store/870/setting/avatar.jpg', NULL, '/store/870/16.jpg', NULL, '/store/870/setting/profile_secondary_image.png', NULL, 'Hi,\r\n\r\nI’m a certified coach and author. Over the years I\'ve worked with and coached 100,000 students from all over the world.\r\nMy expertise includes science-based personal development, health & fitness advice in the following areas:\r\n- Self Improvement\r\n- Life Coaching\r\n- Stress Management\r\n- Muscle Growth & Fat Loss\r\n- Healthy Living & Meal Planning\r\n- Gym Workouts & Bodybuilding\r\n\r\nPersonal Development doesn\'t have to be difficult!\r\nWhat you need are the right strategies and a few simple - but crucial - tips on how to get started and stay motivated. That\'s what I teach in my courses, on my blog and in my books.', NULL, 16, 22, 23, 26, 0x000000000101000000b2ea5bb7216d4840098c262b63310340, b'100', 'all', 'active', 1, 0, 'EN', NULL, 'America/New_York', NULL, 0, 0, 0, 0, NULL, NULL, 1, 0, 0, NULL, NULL, 0, NULL, 1604509713, NULL, NULL),
(923, 'john-powe', 'John Powe', 'teacher', 4, 867, '+61498970158', 'johnpowe98@yahoo.com', 'IT Director at Cognizant', '$2y$10$NPgvpOF52CHJuSKbh9gG8.7IvjjFd0HklLy5elWySZ58m.9IHpM2K', NULL, NULL, NULL, 0, 1, 0, 0, 1, 0, 0, NULL, '/store/923/setting/avatar.jpg', NULL, '/store/923/14.jpg', NULL, '/store/923/setting/profile_secondary_image.png', NULL, 'Hello! I am John Powe; let me welcome you on this platform. I have created unique courses on different subjects including Business, marketing, Sales, Psychology, Copywriting, Social media marketing and a lot more. I have vast knowledge about business planning, marketing strategies, sales and management.\r\n\r\nI am a Gold Medalist Student of my time. With the passage of time, I have done different courses including IELTS, Color Therapy, Cognitive behavior Therapy, Nebosh etc.\r\n\r\nI always try to learn new things and like to travel. Learning new skills and exploring new fields is my passion. I am a full time Udemy instructor so I am always there to support and help you if you find any kind of difficulty.\r\n\r\nI try to make my courses as simple and informative as possible. My courses are mostly 1 to 2 hours of length, to the point and cover most important information regarding the respective subject so that you can learn the best possible knowledge in shortest possible time.\r\n\r\nI hope you will learn new things from my courses. Feel free to contact me if you have any questions. Thanks I wish you all the success and happiness in the world. Best of luck', '106 Ben Street', 18, 46, 50, 57, NULL, NULL, 'all', 'active', 1, 0, 'EN', NULL, 'America/New_York', NULL, 0, 0, 0, 0, NULL, NULL, 1, 0, 0, NULL, NULL, 0, NULL, 1604509713, NULL, NULL),
(929, 'kate-williams', 'Kate Williams', 'teacher', 4, 868, '+12025550148', 'kate.williams.dev@yahoo.com', 'Computer Engineer at Oracle', '$2y$10$NPgvpOF52CHJuSKbh9gG8.7IvjjFd0HklLy5elWySZ58m.9IHpM2K', NULL, NULL, 'pP6HTrpGp7DTJv4wocq6BqinGolsn4pxOVmnxr15WEvlpDQjpAo0ZeHsNlhl', 0, 0, 0, 0, 1, 0, 0, NULL, '/store/929/setting/avatar.jpg', '{\"color\":\"FFFFFF\",\"background\":\"8e24aa\"}', '/store/929/15.jpg', NULL, '/store/929/setting/profile_secondary_image.png', NULL, '\"Short courses for busy managers\"\r\n\r\nHi there, my name is Kate Williams and I\'ve been managing projects and virtual teams for the past 10+ years.\r\n\r\nI\'m currently a Director at Cisco Systems,* where I lead Project and Program Management teams on delivering complex projects for Cisco\'s customers.\r\n\r\nPreviously, I was a manager at Ernst & Young, where I analyzed failing projects at Fortune 500 companies, and recommended solutions to fix them.  \r\n\r\nI was also a research assistant at Harvard University, where I studied issues related to virtual teams. \r\n\r\nI\'m an Amazon bestselling author of 4 books about team management (including \"Influencing Virtual Teams,\" \"Don\'t Reply All,\" \"Project Kickoff,\" and \"Effective Delegation of Authority\"), and I hold the PMP, CSM and ITIL certifications.\r\n\r\nMost managers don\'t have a lot of time to watch lengthy courses (that are usually full of fluff). So I focus on creating short courses that help busy managers become more effective leaders, without wasting their time.\r\n\r\nI have published courses about Writing Better Emails, Delegating Effectively, Leading Virtual Meetings, and Managing and Influencing Virtual Teams.', NULL, 17, 27, 29, 36, 0x000000000101000000cb37fdc1618e3c408abc2353c14d5340, b'010', 'all', 'active', 1, 0, 'EN', NULL, 'America/New_York', NULL, 0, 0, 0, 0, NULL, NULL, 1, 0, 0, NULL, NULL, 0, NULL, 1605463391, NULL, 1622030241),
(930, 'jade-harrison', 'Jade Harrison', 'user', 1, NULL, '+12025550130', 'jadeharrison@gmail.com', NULL, '$2y$10$NPgvpOF52CHJuSKbh9gG8.7IvjjFd0HklLy5elWySZ58m.9IHpM2K', NULL, NULL, 'Ci4PVF45uuqLCuaxz92kWYuFMnTyesfS5N9cMaGnCsTrkb6zQF5UL8suOFrk', 0, 0, 0, 0, 1, 0, 0, NULL, '/store/930/setting/avatar.jpg', NULL, '/store/930/2.jpg', NULL, NULL, NULL, NULL, '46 Place Charles de Gaulle', 16, 22, 23, 24, NULL, NULL, 'all', 'active', 1, 0, 'EN', NULL, 'America/New_York', NULL, 0, 0, 0, 0, '/store/930/passport.jpg', '/store/930/certificate.jpg', 1, 0, 0, NULL, NULL, 0, NULL, 1606325331, NULL, NULL),
(934, 'linda-anderson', 'Linda Anderson', 'teacher', 4, 4, '+12025550143', 'Lindaanderson_92@gmail.com', 'IT Technician at IBM', '$2y$10$m.NTg5P372vNTY2PQlx/S.j9cswa9Fc9UKWJ608AmlaOkqdgRmyw6', NULL, NULL, NULL, 0, 0, 1, 0, 1, 0, 0, NULL, '/store/934/setting/avatar.jpg', NULL, '/store/934/2.jpg', NULL, '/store/934/setting/profile_secondary_image.png', NULL, 'I am a programmer with over 12 years\' experience gained in a range of industries, the last 16 with IBM.\r\n\r\nI am now self employed developing apps for Android; programming in a range of languages including Java, Javascript and Python; and helping the next generation of programmers gain the skills that I have acquired over the years.\r\n\r\nThe first program I sold controlled stock movement in a warehouse, and ran on a CP/M computer - both the program and operating system lived in the 64 kb (yes, kilobytes) that was all CP/M systems had in those days.\r\n\r\nI have gained experience in a wide range of industries including Utilities, Retail, Insurance and the Motor Manufacturing industry. My clients and employers have included Northumbrian Water, Arcadia, Royal Sun Alliance, Nissan and Jaguar Landrover. I also worked for Sunderland University for 3 years preparing and delivering training courses in computing.\r\n\r\nTimes have changed, the challenges are very different to what they were, but programming remains fun!\r\n\r\nWhen not at my computer, I am often riding my motorbike through the wonderful countryside of the UK and Europe.', 'OX7 3NH, England, Oxfordshire, Ascott-under-Wychwood', 19, 59, 60, 63, 0x0000000001010000002e7710c1ce2f284043a4cb6cec292e40, b'100', 'all', 'active', 1, 0, 'EN', NULL, 'America/New_York', NULL, 0, 0, 0, 0, '/store/934/passport.jpg', '', 1, 0, 0, NULL, NULL, 0, NULL, 1612680476, NULL, NULL),
(979, 'morgan-sullivan', 'Sara Sullivan', 'user', 1, NULL, '+12025550162', 'sarasullivan@yahoo.com', NULL, '$2y$10$TB0nU6Wpg4W9NtIix/uPge6w8aovVEHuzTkoLYWLqykaBnXEkF96u', NULL, NULL, NULL, 0, 0, 0, 0, 1, 0, 0, NULL, '/store/979/setting/avatar.jpg', NULL, '/store/979/5.jpg', NULL, NULL, NULL, NULL, NULL, NULL, NULL, NULL, NULL, NULL, NULL, 'all', 'active', 1, 0, 'EN', 'USD', 'America/New_York', NULL, 0, 0, 0, 0, NULL, NULL, 1, 0, 0, NULL, NULL, 0, NULL, 1613807727, NULL, NULL),
(995, 'cameron-schofield', 'Camelia Schofield', 'user', 1, 867, '+12025550169', 'student@demo.com', NULL, '$2y$10$Hc4OzTkL3i5vmHXXvZvSfOsZDMD/XYwO4yS8UOtUIAFQcXYhIIJsa', NULL, NULL, 'ijcAlYG6DxYpsNo6teLSFvCN4cpqFl8iicGUIAokVQ2TCkC8s5vadNHsnDK1', 2, 1, 0, 0, 1, 0, 1, NULL, '/store/995/setting/avatar.jpg', '{\"color\":\"000000\",\"background\":\"e0f2f1\"}', '/store/995/7.jpg', NULL, NULL, NULL, NULL, 'Jeevan Tara Building, 1Sr Floor, Gate No.4, 5 Sansad Marg, New Delhi', 17, 27, 29, 35, NULL, NULL, 'all', 'active', 1, 0, 'EN', 'USD', 'America/New_York', 'light', 1, 0, 0, 0, '/store/995/1696696655058.jpg', '/store/995/1696696655058.jpg', 1, 0, 0, NULL, NULL, 0, NULL, 1615538893, NULL, NULL),
(996, 'robert-b-gray', 'Jessica B. Gray', 'user', 1, 867, '+12025550159', 'jessica2002@gmail.com', 'bio', '$2y$10$PNK/Cn/SK/ut4rIsFeZhB.xehag15jXTD60lI8WDnEv8evtGn19my', NULL, NULL, 'iw1xNbFV2orSeJvaSeJVKCcOBCPcJNRGalESn6M1dVSflsJwM468L9iEEzr0', 0, 0, 0, 0, 1, 0, 0, NULL, '/store/996/setting/avatar.jpg', '{\"color\":\"000000\",\"background\":\"FF4081\"}', '/store/996/11.jpg', NULL, NULL, NULL, 'about', NULL, NULL, NULL, NULL, NULL, NULL, NULL, 'all', 'active', 1, 0, 'EN', 'USD', 'America/New_York', NULL, 1, 0, 0, 0, NULL, NULL, 1, 0, 0, NULL, NULL, 0, NULL, 1619885166, NULL, NULL),
(1014, 'george-hamilton', 'George Hamilton', 'education', 6, NULL, '6104254644', 'staff@demo.com', NULL, '$2y$10$roRgDkF2YNbBiwdMqgBDuO5b52ZjaOR5gBf9j65niedYfQUAXeDI6', NULL, NULL, NULL, 0, 1, 0, 0, 1, 0, 0, NULL, '/store/1/default_images/testimonials/staff1.jpg', NULL, NULL, NULL, NULL, NULL, NULL, NULL, NULL, NULL, NULL, NULL, NULL, NULL, 'all', 'active', 1, 0, NULL, 'USD', 'America/New_York', NULL, 0, 0, 0, 0, NULL, NULL, 1, 0, 0, NULL, NULL, 0, NULL, 1624692024, NULL, NULL),
(1015, 'robert-ransdell', 'Robert Ransdell', 'teacher', 4, 867, '+61491170156', 'instructor@demo.com', 'System Administrator at Amazon', '$2y$10$8.jgtS/cg8L6HfuuBgWnkeg49r0LiY7kofR6eiY9b.mx747i82n.u', NULL, NULL, 'LpAO3lfBHFpJKHa9irs6MpZeTJdo0M7FSpqjThwzP3rutu7DHXvrQdbQQJrM', 3, 1, 1, 0, 1, 0, 1, NULL, '/store/1015/setting/avatar.jpg', NULL, '/store/1015/6.jpg', NULL, '/store/1015/setting/profile_secondary_image.png', NULL, 'Robert started his career as a Unix and Linux System Engineer in 1999. Since that time he has utilized his Linux skills at companies such as Xerox, UPS, Hewlett-Packard, and Amazon.com. Additionally, he has acted as a technical consultant and independent contractor for small businesses and Fortune 500 companies.\r\n\r\nRobert has professional experience with CentOS, RedHat Enterprise Linux, SUSE Linux Enterprise Server, and Ubuntu. He has used several Linux distributions on personal projects including Debian, Slackware, CrunchBang, and others. In addition to Linux, Jason has experience supporting proprietary Unix operating systems including AIX, HP-UX, and Solaris.\r\n\r\nHe enjoys teaching others how to use and exploit the power of the Linux operating system. He is also the author of the books \"Linux for Beginners\" and \"Command Line Kung Fu.\"', 'Al Wakrah ,27904 Hilpert Knoll', 18, 46, 49, 55, 0x0000000001010000007a87fa84a95b4440f17007d9bc8052c0, b'110', 'all', 'active', 1, 0, 'EN', NULL, 'America/New_York', 'light', 0, 0, 0, 0, '/store/1015/passport.jpg', '/store/1015/certificate_validation.jpg', 1, 0, 0, NULL, NULL, 0, NULL, 1624817207, NULL, NULL),
(1016, 'ricardo-dave', 'Ricardo Dave', 'teacher', 4, NULL, '+12025250175', 'Ricardodave09@hotmail.com', 'Data Analyst at Microsoft', '$2y$10$NA3UcrvzR9bOoHbFQa.Xbeb2KhRplWzdSLU72eRosUOLfhaMITiN.', NULL, NULL, NULL, 0, 0, 1, 0, 1, 0, 0, NULL, '/store/1016/setting/avatar.jpg', NULL, '/store/1016/7.jpg', NULL, '/store/1016/setting/profile_secondary_image.png', NULL, 'Ricardo dave has a BS and MS in Mechanical Engineering from Santa Clara University and years of experience as a professional instructor and trainer for Data Science and programming. He has publications and patents in various fields such as microfluidics, materials science, and data science technologies. Over the course of his career he has developed a skill set in analyzing data and he hopes to use his experience in teaching and data science to help other people learn the power of programming the ability to analyze data, as well as present the data in clear and beautiful visualizations. Currently he works as the Head of Data Science for Pierian Data Inc. and provides in-person data science and python programming training courses to employees working at top companies, including General Electric, Cigna, The New York Times, Credit Suisse, McKinsey and many more. Feel free to contact him on LinkedIn for more information on in-person training sessions or group training sessions in Las Vegas, NV.', 'Luib, 72 Wern Ddu Lane', 16, 22, 23, 25, 0x0000000001010000008df8fa14fb674840de3a59c20bfb0140, b'010', 'all', 'active', 1, 0, 'EN', NULL, 'America/New_York', NULL, 0, 0, 0, 0, '/store/1016/passport.jpg', '', 1, 0, 0, NULL, NULL, 1, 'I am not available for 2 days due to a business trip', 1624817905, NULL, NULL),
(1017, 'alex-pmelaa', 'Alex Pmelaa', 'user', 1, NULL, '085374589', 'a.pmelaa@gmail.com', NULL, '$2y$10$EfeGqWC1GieaFQKzSLPeMOPr9ggMsLPgP5L8wunEz4tI.5wIz3Eni', NULL, NULL, NULL, 0, 0, 0, 0, 1, 0, 0, NULL, '/store/1017/setting/avatar.jpg', NULL, NULL, NULL, NULL, NULL, NULL, 'Jeevan Tara Building, 1Sr Floor, Gate No.4, 5 Sansad Marg, New Delhi', 17, 27, 29, 35, NULL, NULL, 'all', 'active', 1, 0, 'EN', NULL, 'America/New_York', NULL, 1, 0, 0, 0, NULL, NULL, 1, 0, 0, NULL, NULL, 0, NULL, 1639378748, NULL, NULL),
(1019, 'ryan-lester', 'Ryan Lester', 'user', 1, NULL, '0448509638', 'ryan2002@demo.com', NULL, '$2y$10$4QLNH1y6wB9/JQeOVRt8u.tvYDCKVNv7J11eAiJpbUqZU5lM0gheS', NULL, NULL, NULL, 0, 0, 0, 0, 1, 0, 0, NULL, '/store/1019/setting/avatar.jpg', '{\"color\":\"000000\",\"background\":\"0091ea\"}', NULL, NULL, NULL, NULL, NULL, NULL, NULL, NULL, NULL, NULL, NULL, NULL, 'all', 'active', 0, 0, 'EN', NULL, NULL, NULL, 0, 0, 0, 0, NULL, NULL, 1, 0, 0, NULL, NULL, 0, NULL, 1655885724, NULL, NULL),
(1045, 'lewis-erickson', 'Lewis Erickson', 'user', 1, NULL, '1648664852', 'Lewis@yahoo.com', NULL, '$2y$10$TnKXAoGt3qrjgii5E7DC3.alQLloOjMp2vSFXpYZ4WHnoAS1KbWsu', NULL, NULL, NULL, 0, 0, 0, 0, 1, 0, 1, 50.00, '/store/1045/setting/avatar.jpg', '{\"color\":\"000000\",\"background\":\"ba68c8\"}', NULL, NULL, NULL, NULL, NULL, NULL, NULL, NULL, NULL, NULL, NULL, NULL, 'all', 'active', 1, 0, NULL, 'USD', 'America/New_York', NULL, 0, 0, 0, 0, NULL, NULL, 1, 0, 0, NULL, NULL, 0, NULL, 1678958736, NULL, NULL),
(1046, 'robert-travis', 'Robert Travis', 'user', 1, NULL, '179654566', 'travis@gmail.com', NULL, '$2y$10$IyEnbWvOLvML4xn4hqaOI./8Y31OFmUySiBkoM2CejQDPicgt0VsG', NULL, NULL, NULL, 0, 0, 0, 0, 1, 0, 1, 50.00, '/store/1046/setting/avatar.jpg', '{\"color\":\"000000\",\"background\":\"ffe57f\"}', NULL, NULL, NULL, NULL, NULL, NULL, NULL, NULL, NULL, NULL, NULL, NULL, 'all', 'active', 1, 0, NULL, 'USD', 'America/New_York', NULL, 0, 0, 0, 0, NULL, NULL, 1, 0, 0, NULL, NULL, 0, NULL, 1678959456, NULL, NULL);

-- --------------------------------------------------------

--
-- Table structure for table `users_badges`
--

CREATE TABLE `users_badges` (
  `id` int(10) UNSIGNED NOT NULL,
  `user_id` int(10) UNSIGNED NOT NULL,
  `badge_id` int(10) UNSIGNED NOT NULL,
  `created_at` int(10) UNSIGNED NOT NULL
) ENGINE=InnoDB DEFAULT CHARSET=utf8mb4 COLLATE=utf8mb4_unicode_ci ROW_FORMAT=DYNAMIC;

-- --------------------------------------------------------

--
-- Table structure for table `users_cookie_security`
--

CREATE TABLE `users_cookie_security` (
  `id` int(10) UNSIGNED NOT NULL,
  `user_id` int(10) UNSIGNED NOT NULL,
  `type` enum('all','customize') NOT NULL,
  `settings` text DEFAULT NULL,
  `created_at` bigint(20) UNSIGNED NOT NULL
) ENGINE=InnoDB DEFAULT CHARSET=utf8mb4 COLLATE=utf8mb4_unicode_ci;

--
-- Dumping data for table `users_cookie_security`
--

INSERT INTO `users_cookie_security` (`id`, `user_id`, `type`, `settings`, `created_at`) VALUES
(1, 1015, 'all', NULL, 1655621683),
(2, 1, 'all', NULL, 1655624844),
(3, 934, 'all', NULL, 1655627382),
(4, 1016, 'all', NULL, 1655790120),
(5, 930, 'all', NULL, 1655790832),
(6, 929, 'all', NULL, 1655799536),
(7, 995, 'all', NULL, 1655872658),
(8, 996, 'all', NULL, 1655875490),
(9, 923, 'all', NULL, 1656104015),
(10, 979, 'all', NULL, 1656139682),
(11, 1019, 'all', NULL, 1656571625);

-- --------------------------------------------------------

--
-- Table structure for table `users_manual_purchase`
--

CREATE TABLE `users_manual_purchase` (
  `id` int(10) UNSIGNED NOT NULL,
  `user_id` int(10) UNSIGNED NOT NULL,
  `webinar_id` int(10) UNSIGNED NOT NULL,
  `access` tinyint(1) NOT NULL DEFAULT 0,
  `created_at` bigint(20) UNSIGNED NOT NULL
) ENGINE=InnoDB DEFAULT CHARSET=utf8mb4 COLLATE=utf8mb4_unicode_ci;

-- --------------------------------------------------------

--
-- Table structure for table `users_metas`
--

CREATE TABLE `users_metas` (
  `id` int(10) UNSIGNED NOT NULL,
  `user_id` int(10) UNSIGNED NOT NULL,
  `name` varchar(255) NOT NULL,
  `value` text NOT NULL
) ENGINE=InnoDB DEFAULT CHARSET=utf8mb4 COLLATE=utf8mb4_unicode_ci;

--
-- Dumping data for table `users_metas`
--

INSERT INTO `users_metas` (`id`, `user_id`, `name`, `value`) VALUES
(21, 1016, 'education', 'BS in Mechanical Engineering from Santa Clara University'),
(22, 1016, 'education', 'MS in Mechanical Engineering from Santa Clara University'),
(23, 1016, 'experience', 'professional instructor and trainer for Data Science and programming'),
(24, 1016, 'experience', 'Head of Data Science for Pierian Data Inc'),
(25, 1015, 'experience', 'supporting proprietary Unix operating systems including AIX, HP-UX, and Solaris.'),
(26, 1015, 'experience', '10 years of experience working with Linux systems'),
(27, 1015, 'education', 'Red Hat Certified Engineer (RHCE)'),
(28, 1015, 'education', 'AWS Certified DevOps Engineer - Professional'),
(29, 1015, 'education', 'Linux Foundation Certified System Administrator'),
(30, 929, 'experience', 'Director at Cisco Systems 2015 - 2021'),
(31, 929, 'experience', 'research assistant at Harvard University 2010 - 2019'),
(32, 929, 'experience', 'Amazon bestselling author'),
(33, 923, 'experience', 'marketing strategies at Microlab 2010-2015'),
(34, 923, 'education', 'Associate of Business Administration from Imperial College London'),
(35, 923, 'education', 'Bachelor of International Business Economics from University of Cambridge'),
(36, 923, 'education', 'Master of Business Administration from King\'s College London'),
(37, 3, 'experience', 'Five-time TED speaker'),
(38, 3, 'education', 'Associate of Applied Business from Stanford University'),
(39, 3, 'education', 'Bachelor of Science in Business from Harvard University'),
(40, 3, 'education', 'Master of Computational Finance from University of Chicago'),
(41, 870, 'education', 'Associate in Physical Therapy from University of British Columbia'),
(42, 870, 'education', 'Bachelor of Arts in Psychology from Duke University'),
(43, 870, 'education', 'Master of Public Health from Cornell University'),
(44, 929, 'education', 'Associate of Applied Business from University of Leeds'),
(45, 929, 'education', 'Bachelor of Management and Organizational Studies from University of Sheffield'),
(46, 929, 'education', 'Master of Management from Durham University'),
(47, 934, 'education', 'Bachelor of Science in Information Technology from University of Glasgow'),
(48, 934, 'education', 'Master of Science in Information Systems (MSIS) from Delft University of Technology'),
(49, 934, 'experience', 'Web Developer at Uber 2015 - 2018'),
(50, 1015, 'education', 'Master of Science in Information Systems (MSIS) from University of Sydney'),
(51, 1016, 'gender', 'man'),
(52, 1016, 'age', '29'),
(53, 1016, 'address', 'Luib, 72 Wern Ddu Lane'),
(54, 1015, 'address', 'Al Wakrah ,27904 Hilpert Knoll'),
(55, 934, 'gender', 'woman'),
(56, 934, 'age', '32'),
(57, 934, 'address', 'OX7 3NH, England, Oxfordshire, Ascott-under-Wychwood'),
(58, 1015, 'gender', 'man'),
(59, 1015, 'age', '27'),
(60, 929, 'gender', 'woman'),
(61, 929, 'age', '24'),
(62, 929, 'address', '668, Katra Hira Lal, Chandni Chowk'),
(63, 870, 'gender', 'woman'),
(64, 870, 'age', '28'),
(65, 870, 'address', '99 boulevard de Prague'),
(66, 3, 'gender', 'man'),
(67, 3, 'age', '36'),
(68, 3, 'address', '638153, Tamil Nadu, Modakkurichi, Elumathur'),
(69, 859, 'age', '30'),
(70, 859, 'address', '6N736 MEDINAH RD , MEDINAH, IL'),
(71, 863, 'age', '22'),
(72, 863, 'address', '19, Janata Market, Nerul, Navi Mumbai'),
(73, 864, 'address', 'No. 13 Poultry Farm Ave., South Odorkor ESt.'),
(74, 867, 'address', 'Massachusetts, West Roxbury, 3979 Smith Street');

-- --------------------------------------------------------

--
-- Table structure for table `users_occupations`
--

CREATE TABLE `users_occupations` (
  `id` int(10) UNSIGNED NOT NULL,
  `user_id` int(10) UNSIGNED NOT NULL,
  `category_id` int(10) UNSIGNED NOT NULL
) ENGINE=InnoDB DEFAULT CHARSET=utf8mb4 COLLATE=utf8mb4_unicode_ci ROW_FORMAT=DYNAMIC;

--
-- Dumping data for table `users_occupations`
--

INSERT INTO `users_occupations` (`id`, `user_id`, `category_id`) VALUES
(1004, 1016, 520),
(1005, 1016, 606),
(1006, 1016, 607),
(1010, 1015, 609),
(1011, 1015, 606),
(1012, 1015, 607),
(1016, 867, 520),
(1017, 867, 525),
(1018, 867, 611),
(1019, 867, 606),
(1020, 867, 607),
(1021, 867, 608),
(1027, 929, 604),
(1028, 929, 525),
(1029, 929, 609),
(1030, 929, 610),
(1031, 929, 611),
(1032, 870, 523),
(1033, 870, 604),
(1034, 3, 602),
(1035, 3, 525),
(1036, 3, 609),
(1037, 3, 611),
(1038, 3, 606),
(1039, 934, 525),
(1040, 934, 606),
(1041, 934, 607),
(1042, 934, 608),
(1043, 923, 604),
(1044, 923, 609),
(1045, 923, 611),
(1050, 863, 601),
(1051, 863, 602),
(1052, 863, 603),
(1053, 863, 609),
(1054, 863, 611),
(1055, 864, 520),
(1056, 864, 601),
(1057, 864, 602),
(1058, 864, 603),
(1059, 868, 601),
(1060, 868, 602),
(1061, 868, 603),
(1062, 868, 523),
(1063, 868, 611),
(1064, 4, 520),
(1065, 4, 606),
(1066, 930, 520),
(1067, 859, 520),
(1068, 859, 601),
(1069, 859, 604),
(1070, 859, 611),
(1071, 995, 607);

-- --------------------------------------------------------

--
-- Table structure for table `users_registration_packages`
--

CREATE TABLE `users_registration_packages` (
  `id` bigint(20) UNSIGNED NOT NULL,
  `user_id` int(10) UNSIGNED NOT NULL,
  `instructors_count` int(11) DEFAULT NULL,
  `students_count` int(11) DEFAULT NULL,
  `courses_capacity` int(11) DEFAULT NULL,
  `courses_count` int(11) DEFAULT NULL,
  `meeting_count` int(11) DEFAULT NULL,
  `product_count` int(10) UNSIGNED DEFAULT NULL,
  `events_count` int(10) UNSIGNED DEFAULT NULL,
  `meeting_packages_count` int(10) UNSIGNED DEFAULT NULL,
  `status` enum('disabled','active') NOT NULL,
  `created_at` int(10) UNSIGNED NOT NULL
) ENGINE=InnoDB DEFAULT CHARSET=utf8mb4 COLLATE=utf8mb4_unicode_ci;

-- --------------------------------------------------------

--
-- Table structure for table `users_zoom_api`
--

CREATE TABLE `users_zoom_api` (
  `id` int(10) UNSIGNED NOT NULL,
  `user_id` int(10) UNSIGNED NOT NULL,
  `jwt_token` text DEFAULT NULL,
  `api_key` text DEFAULT NULL,
  `api_secret` text DEFAULT NULL,
  `account_id` text DEFAULT NULL,
  `created_at` int(11) NOT NULL
) ENGINE=InnoDB DEFAULT CHARSET=utf8mb4 COLLATE=utf8mb4_unicode_ci;

--
-- Dumping data for table `users_zoom_api`
--

INSERT INTO `users_zoom_api` (`id`, `user_id`, `jwt_token`, `api_key`, `api_secret`, `account_id`, `created_at`) VALUES
(3, 1015, 'eyJhbGciOiJIUzI1NiJ9.eyJhdWQiOm51bGwsImlzcyI6IlJvSDREeURtU2lHQTNjMXhMejFoUWciLCJleHAiOjE3NjYyNTAwMDAsImlhdCI6MTYyNDk2NjMwM30.exdStLAnK4V4jIFd6CtLCX_4nvMYLpX1JqMj70If04s', 'x1u5-C4FSdGsqweFlMGO7A', 'AOtbi0nkg9ThD1DtlNUlQB9C8cV670eGzqQR', NULL, 1624966312);

-- --------------------------------------------------------

--
-- Table structure for table `user_banks`
--

CREATE TABLE `user_banks` (
  `id` int(10) UNSIGNED NOT NULL,
  `logo` varchar(255) NOT NULL,
  `created_at` bigint(20) UNSIGNED NOT NULL
) ENGINE=InnoDB DEFAULT CHARSET=utf8mb4 COLLATE=utf8mb4_unicode_ci;

--
-- Dumping data for table `user_banks`
--

INSERT INTO `user_banks` (`id`, `logo`, `created_at`) VALUES
(4, '/store/1/default_images/payment gateways/paypal.png', 1678874235),
(5, '/store/1/default_images/payment gateways/stripe.png', 1679090196);

-- --------------------------------------------------------

--
-- Table structure for table `user_bank_specifications`
--

CREATE TABLE `user_bank_specifications` (
  `id` int(10) UNSIGNED NOT NULL,
  `user_bank_id` int(10) UNSIGNED NOT NULL
) ENGINE=InnoDB DEFAULT CHARSET=utf8mb4 COLLATE=utf8mb4_unicode_ci;

--
-- Dumping data for table `user_bank_specifications`
--

INSERT INTO `user_bank_specifications` (`id`, `user_bank_id`) VALUES
(10, 4),
(11, 4),
(12, 5),
(13, 5);

-- --------------------------------------------------------

--
-- Table structure for table `user_bank_specification_translations`
--

CREATE TABLE `user_bank_specification_translations` (
  `id` int(10) UNSIGNED NOT NULL,
  `user_bank_specification_id` int(10) UNSIGNED NOT NULL,
  `locale` varchar(255) NOT NULL,
  `name` varchar(255) NOT NULL
) ENGINE=InnoDB DEFAULT CHARSET=utf8mb4 COLLATE=utf8mb4_unicode_ci;

--
-- Dumping data for table `user_bank_specification_translations`
--

INSERT INTO `user_bank_specification_translations` (`id`, `user_bank_specification_id`, `locale`, `name`) VALUES
(15, 10, 'en', 'Account Holder'),
(16, 11, 'en', 'Email'),
(17, 12, 'en', 'Account Holder'),
(18, 13, 'en', 'Account ID');

-- --------------------------------------------------------

--
-- Table structure for table `user_bank_translations`
--

CREATE TABLE `user_bank_translations` (
  `id` int(10) UNSIGNED NOT NULL,
  `user_bank_id` int(10) UNSIGNED NOT NULL,
  `locale` varchar(255) NOT NULL,
  `title` varchar(255) NOT NULL
) ENGINE=InnoDB DEFAULT CHARSET=utf8mb4 COLLATE=utf8mb4_unicode_ci;

--
-- Dumping data for table `user_bank_translations`
--

INSERT INTO `user_bank_translations` (`id`, `user_bank_id`, `locale`, `title`) VALUES
(6, 4, 'en', 'Paypal'),
(7, 5, 'en', 'Stripe');

-- --------------------------------------------------------

--
-- Table structure for table `user_commissions`
--

CREATE TABLE `user_commissions` (
  `id` int(10) UNSIGNED NOT NULL,
  `user_id` int(10) UNSIGNED DEFAULT NULL,
  `user_group_id` int(10) UNSIGNED DEFAULT NULL,
  `source` enum('courses','bundles','virtual_products','physical_products','meetings','events','meeting_packages') NOT NULL,
  `type` enum('percent','fixed_amount') NOT NULL,
  `value` double(15,2) DEFAULT NULL
) ENGINE=InnoDB DEFAULT CHARSET=utf8mb4 COLLATE=utf8mb4_general_ci;

-- --------------------------------------------------------

--
-- Table structure for table `user_firebase_sessions`
--

CREATE TABLE `user_firebase_sessions` (
  `id` bigint(20) UNSIGNED NOT NULL,
  `user_id` int(10) UNSIGNED NOT NULL,
  `token` text NOT NULL,
  `fcm_token` text DEFAULT NULL,
  `ip` varchar(255) NOT NULL,
  `created_at` timestamp NULL DEFAULT NULL,
  `updated_at` timestamp NULL DEFAULT NULL
) ENGINE=InnoDB DEFAULT CHARSET=utf8mb4 COLLATE=utf8mb4_general_ci;

-- --------------------------------------------------------

--
-- Table structure for table `user_form_fields`
--

CREATE TABLE `user_form_fields` (
  `id` int(10) UNSIGNED NOT NULL,
  `user_id` int(10) UNSIGNED DEFAULT NULL,
  `become_instructor_id` int(10) UNSIGNED DEFAULT NULL,
  `form_field_id` int(10) UNSIGNED NOT NULL,
  `value` text DEFAULT NULL,
  `created_at` bigint(20) UNSIGNED NOT NULL
) ENGINE=InnoDB DEFAULT CHARSET=utf8mb4 COLLATE=utf8mb4_unicode_ci;

-- --------------------------------------------------------

--
-- Table structure for table `user_login_histories`
--

CREATE TABLE `user_login_histories` (
  `id` int(10) UNSIGNED NOT NULL,
  `user_id` int(10) UNSIGNED NOT NULL,
  `browser` varchar(255) DEFAULT NULL,
  `device` varchar(255) DEFAULT NULL,
  `os` varchar(255) DEFAULT NULL,
  `ip` varchar(255) DEFAULT NULL,
  `country` varchar(255) DEFAULT NULL,
  `city` varchar(255) DEFAULT NULL,
  `location` point DEFAULT NULL,
  `session_id` text NOT NULL,
  `session_start_at` bigint(20) UNSIGNED DEFAULT NULL,
  `session_end_at` bigint(20) UNSIGNED DEFAULT NULL,
  `end_session_type` enum('default','by_admin','by_user') DEFAULT NULL,
  `created_at` bigint(20) UNSIGNED NOT NULL
) ENGINE=InnoDB DEFAULT CHARSET=utf8mb4 COLLATE=utf8mb4_general_ci;

--
-- Dumping data for table `user_login_histories`
--

INSERT INTO `user_login_histories` (`id`, `user_id`, `browser`, `device`, `os`, `ip`, `country`, `city`, `location`, `session_id`, `session_start_at`, `session_end_at`, `end_session_type`, `created_at`) VALUES
(2, 1, 'Chrome', 'desktop', 'Windows-10.0', '65.21.56.119', 'Finland', 'Helsinki', 0x0000000001010000005917b7d100164e403a92cb7f48ef3840, 'kN18MMzWlxgPSWBWxXTly5a3YMFGEMV9Bms521UO', 1709191017, 1709547115, 'by_admin', 1709191017),
(3, 1, 'Chrome', 'desktop', 'Windows-10.0', '65.21.56.119', 'Finland', 'Helsinki', 0x0000000001010000005917b7d100164e403a92cb7f48ef3840, 'crWa1BxQByDdaaD7kpQbAxuIYPuQc8a88lq3NfkD', 1709199245, 1709547109, 'by_admin', 1709199245),
(8, 1, 'Chrome', 'desktop', 'Windows-10.0', '65.21.56.119', 'Finland', 'Helsinki', 0x0000000001010000005917b7d100164e403a92cb7f48ef3840, 'VEdsOBa2c1SpFhLq1pddkZBQoG6y1PckbYPg8uIV', 1709533376, 1709547103, 'by_admin', 1709533376),
(86, 1, 'Chrome', 'desktop', 'Windows-10.0', '193.29.107.178', 'Denmark', 'Randers', 0x00000000010100000034a2b437f83a4c4018265305a3122440, 'U2x5wv8EVq4pGKZrccyNmU6Vj5KWEuw9kLqAlA3N', 1750599255, NULL, NULL, 1750599255),
(123, 1, 'Chrome', 'desktop', 'Windows-10.0', '139.144.31.29', 'United States', 'Atlanta', 0x0000000001010000002b8716d9cedf40400612143fc61855c0, 'bWC8SCIjsbU6J64bSg9yLJ70XM3yWpZ5Y5HbLUKu', 1751355772, NULL, NULL, 1751355772),
(124, 1, 'Chrome', 'desktop', 'Windows-10.0', '144.126.204.39', 'United Kingdom', 'Slough', 0x000000000101000000d1915cfe43c2494017d9cef753e3e3bf, '9U8stbdVy1rdSu2V340r9zZacztsizQWpGXGGDbS', 1751415357, NULL, NULL, 1751415357),
(139, 1, 'Chrome', 'desktop', 'Windows-10.0', '172.238.224.93', 'Italy', 'Milan', 0x000000000101000000ea95b20c71bc46401895d40968622240, '0cYgmPnbAzuVMTEWM8uFtD1UHcQZGGal52T1JaLL', 1751692226, NULL, NULL, 1751692226),
(140, 995, 'Chrome', 'desktop', 'Windows-10.0', '172.238.224.93', 'Italy', 'Milan', 0x000000000101000000ea95b20c71bc46401895d40968622240, 'Tqjk3eDEpBbLE0g5Pf1jvfsQCrd1jpIzjWRXL3xE', 1751698369, NULL, NULL, 1751698369),
(141, 1015, 'Chrome', 'desktop', 'Windows-10.0', '172.238.224.93', 'Italy', 'Milan', 0x000000000101000000ea95b20c71bc46401895d40968622240, 'k0Q0ipKodPbPnCt2c0s1L26vFZ4mQSNSkVbfTM0W', 1751704179, 1751704454, 'default', 1751704179),
(145, 867, 'Chrome', 'desktop', 'Windows-10.0', '37.114.33.4', 'Germany', 'Frankfurt am Main', 0x0000000001010000002e90a0f8310e4940b03db324405d2140, 'W70lNhWVdisDhQd2sKOwiptBoiOPQVE80feRSsdQ', 1751710557, NULL, NULL, 1751710557),
(147, 1, 'Chrome', 'desktop', 'Windows-10.0', '5.157.22.146', 'Poland', 'Warsaw', 0x000000000101000000daacfa5c6d1d4a4051da1b7c61023540, 'XYkUhQQ32wlyYWdxFw6L7vSkFV2v1XSgfLTkvyT5', 1751715166, NULL, NULL, 1751715166),
(148, 1015, 'Chrome', 'desktop', 'Windows-10.0', '37.114.33.4', 'Germany', 'Frankfurt am Main', 0x0000000001010000002e90a0f8310e4940b03db324405d2140, '33UeagiOxDdEVnkZZQn0DwpBJpvlRcDMNYnT1VoI', 1751721285, 1751721364, 'default', 1751721285),
(155, 1, 'Chrome', 'desktop', 'Windows-10.0', '2.58.46.114', 'Denmark', 'Christianshavn', 0x000000000101000000bc0512143fd64b40a913d044d8302940, 'xPBMcI2xFHFoPzwN0xgpj5BAbDb8Cy7tt84Hwnsj', 1751731703, NULL, NULL, 1751731703),
(156, 1, 'Chrome', 'desktop', 'Windows-10.0', '192.46.208.243', 'India', 'Mumbai', 0x000000000101000000a5bdc117261333409b559fabad385240, 'qx3bqGu5DETqknyhs9mTqxnp8ZGfoLQ3qlz5AkoK', 1751732034, NULL, NULL, 1751732034),
(157, 1, 'Chrome', 'desktop', 'Windows-10.0', '172.238.224.216', 'Italy', 'Milan', 0x000000000101000000ea95b20c71bc46401895d40968622240, 'eYzTiV2iljoLLLNmnBKOkVTYAqn4E4YOcV08mIQU', 1751878091, NULL, NULL, 1751878091),
(158, 1, 'Chrome', 'desktop', 'Windows-10.0', '37.114.33.147', 'Germany', 'Frankfurt am Main', 0x0000000001010000002e90a0f8310e4940b03db324405d2140, 'l2vHgzoE7mIMDTk1PxGXjPs26PjYzERPUB50VX2u', 1752177181, NULL, NULL, 1752177181),
(159, 1014, 'Chrome', 'desktop', 'Windows-10.0', '37.114.33.147', 'Germany', 'Frankfurt am Main', 0x0000000001010000002e90a0f8310e4940b03db324405d2140, '6SayaLg13KovcGcWGiLapZEHhDY7OOMsHBNN1aNx', 1752177552, NULL, NULL, 1752177552),
(160, 1, 'Chrome', 'desktop', 'Windows-10.0', '5.75.176.250', 'Germany', 'Nuremberg', 0x0000000001010000001973d712f2b94840b98d06f016282640, 'v42k1yllX1Gei7JibedOdMqbL91Ot4gA4SU24BEV', 1752690394, NULL, NULL, 1752690394),
(163, 1, 'Chrome', 'desktop', 'Windows-10.0', '45.144.29.224', 'The Netherlands', 'Meppel', 0x000000000101000000e3c798bb96584a40115322895ec61840, 'C1uClYSvv407VsMydthbTwHWNzOjQs0dtTlQYuRT', 1763197494, NULL, NULL, 1763197494),
(167, 1015, 'Chrome', 'desktop', 'Windows-10.0', '152.53.12.114', 'Germany', 'Nuremberg', 0x000000000101000000aa8251499db848400bb5a679c7092640, 'LZYO3CIxUB9sbBzcZGiYr6c8870hLKMSRN8yo8ux', 1763363168, NULL, NULL, 1763363168),
(178, 1, 'Chrome', 'desktop', 'Windows-10.0', '152.53.12.114', 'Germany', 'Nuremberg', 0x000000000101000000aa8251499db848400bb5a679c7092640, 'Pwuk6zIC7vYMqDkk6q2jnBGexU1H3uU6CGNxDjTk', 1763623536, NULL, NULL, 1763623536),
(186, 1, 'Chrome', 'desktop', 'Windows-10.0', '152.53.12.114', 'Germany', 'Nuremberg', 0x000000000101000000aa8251499db848400bb5a679c7092640, 'rTI0uq8WtbJglGPzQksQC80enUU5HYg4Q06LEKdw', 1764000990, NULL, NULL, 1764000990),
(187, 1, 'Chrome', 'desktop', 'Windows-10.0', '46.37.123.128', 'Germany', 'Frankfurt am Main', 0x000000000101000000d95f764f1e0e494004e78c28ed6d2140, 'DwXtMsdLdH2DiBNaw1s4H2kPc3vZW1xVugngO59f', 1764004026, NULL, NULL, 1764004026),
(196, 1, 'Chrome', 'desktop', 'Windows-10.0', '45.76.34.109', 'The Netherlands', 'Amsterdam', 0x000000000101000000d26f5f07ce314a408e75711b0da01240, 'BjAPbzdrMsb5qfqUHyr7thVLBZeSZHLzWc8Yrhxu', 1764541103, NULL, NULL, 1764541103),
(197, 1, 'Chrome', 'desktop', 'Windows-10.0', '188.245.61.172', 'Germany', 'Falkenstein', 0x0000000001010000004ca60a46253d4940ed9e3c2cd4ba2840, 'APYiAWHZRI7DWuYAtqqm0tkrpSBxMXFkhWAqZNgE', 1764572335, NULL, NULL, 1764572335),
(198, 1015, 'Chrome', 'desktop', 'Windows-10.0', '152.53.12.114', 'Germany', 'Nuremberg', 0x000000000101000000aa8251499db848400bb5a679c7092640, 'RyQgPlvYi9y7n0ZdSjXNargRL0SV1K0XJgJD1yMW', 1764573009, 1764574813, 'default', 1764573009),
(199, 1015, 'Chrome', 'desktop', 'Windows-10.0', '152.53.12.114', 'Germany', 'Nuremberg', 0x000000000101000000aa8251499db848400bb5a679c7092640, '7AotyE4XCvUkZCCgPFbCxlB55MRV7scS3LoZFg5y', 1764574824, 1764574834, 'default', 1764574824),
(200, 1, 'Chrome', 'desktop', 'Windows-10.0', '152.53.12.114', 'Germany', 'Nuremberg', 0x000000000101000000aa8251499db848400bb5a679c7092640, '2b4RNf1k8ZfPMFQwnnK4LBkBcb8UkmH0ACqvv2zo', 1764574845, NULL, NULL, 1764574845),
(204, 1, 'Chrome', 'desktop', 'Windows-10.0', '95.216.210.215', 'Finland', 'Helsinki', 0x0000000001010000005917b7d100164e403a92cb7f48ef3840, 'VHPmPE3N6002WjCT6s47xeQFuraIz1M4q8UhdIzo', 1764758027, NULL, NULL, 1764758027);

-- --------------------------------------------------------

--
-- Table structure for table `user_profile_attachments`
--

CREATE TABLE `user_profile_attachments` (
  `id` int(10) UNSIGNED NOT NULL,
  `user_id` int(10) UNSIGNED NOT NULL,
  `file_type` enum('pdf','powerpoint','sound','video','image','archive','document','project') NOT NULL,
  `attachment` varchar(255) DEFAULT NULL,
  `created_at` bigint(20) UNSIGNED NOT NULL
) ENGINE=InnoDB DEFAULT CHARSET=utf8mb4 COLLATE=utf8mb4_general_ci;

-- --------------------------------------------------------

--
-- Table structure for table `user_profile_attachment_translations`
--

CREATE TABLE `user_profile_attachment_translations` (
  `id` bigint(20) UNSIGNED NOT NULL,
  `user_profile_attachment_id` int(10) UNSIGNED NOT NULL,
  `locale` varchar(191) NOT NULL,
  `title` varchar(255) NOT NULL,
  `description` text DEFAULT NULL
) ENGINE=InnoDB DEFAULT CHARSET=utf8mb4 COLLATE=utf8mb4_general_ci;

-- --------------------------------------------------------

--
-- Table structure for table `user_selected_banks`
--

CREATE TABLE `user_selected_banks` (
  `id` int(10) UNSIGNED NOT NULL,
  `user_id` int(10) UNSIGNED NOT NULL,
  `user_bank_id` int(10) UNSIGNED NOT NULL
) ENGINE=InnoDB DEFAULT CHARSET=utf8mb4 COLLATE=utf8mb4_unicode_ci;

--
-- Dumping data for table `user_selected_banks`
--

INSERT INTO `user_selected_banks` (`id`, `user_id`, `user_bank_id`) VALUES
(2, 1015, 4),
(3, 995, 5),
(4, 867, 4);

-- --------------------------------------------------------

--
-- Table structure for table `user_selected_bank_specifications`
--

CREATE TABLE `user_selected_bank_specifications` (
  `id` int(10) UNSIGNED NOT NULL,
  `user_selected_bank_id` int(10) UNSIGNED NOT NULL,
  `user_bank_specification_id` int(10) UNSIGNED NOT NULL,
  `value` text NOT NULL
) ENGINE=InnoDB DEFAULT CHARSET=utf8mb4 COLLATE=utf8mb4_unicode_ci;

--
-- Dumping data for table `user_selected_bank_specifications`
--

INSERT INTO `user_selected_bank_specifications` (`id`, `user_selected_bank_id`, `user_bank_specification_id`, `value`) VALUES
(3, 2, 10, 'Robert Ransdell'),
(4, 2, 11, 'instructor@demo.com'),
(5, 3, 12, 'Camelia Schofield'),
(6, 3, 13, '467288129822'),
(7, 4, 10, 'Light Moon'),
(8, 4, 11, 'organization@demo.com');

-- --------------------------------------------------------

--
-- Table structure for table `verifications`
--

CREATE TABLE `verifications` (
  `id` int(10) UNSIGNED NOT NULL,
  `user_id` int(10) UNSIGNED DEFAULT NULL,
  `mobile` char(16) DEFAULT NULL,
  `email` char(64) DEFAULT NULL,
  `code` char(6) NOT NULL,
  `verified_at` int(10) UNSIGNED DEFAULT NULL,
  `expired_at` int(10) UNSIGNED DEFAULT NULL,
  `created_at` int(10) UNSIGNED NOT NULL
) ENGINE=InnoDB DEFAULT CHARSET=utf8mb4 COLLATE=utf8mb4_unicode_ci ROW_FORMAT=DYNAMIC;

--
-- Dumping data for table `verifications`
--

INSERT INTO `verifications` (`id`, `user_id`, `mobile`, `email`, `code`, `verified_at`, `expired_at`, `created_at`) VALUES
(57, 996, NULL, 'test@gmail.com', '52692', NULL, 1626247575, 1626243975),
(58, 995, NULL, 'student@demo.com', '30257', 1626246439, 1626246489, 1626246375),
(59, 1017, NULL, 'a.pmelaa@gmail.com', '86261', 1639378855, 1639378905, 1639378748),
(84, 1045, NULL, 'tyshun.zaydrian@foundtoo.com', '28503', 1678958778, 1678958828, 1678958736),
(85, 1046, NULL, 'kelii.kendryk@foundtoo.com', '69646', 1678959533, 1678959583, 1678959456);

-- --------------------------------------------------------

--
