-- Table structure for table `failed_jobs`
--

CREATE TABLE `failed_jobs` (
  `id` bigint(20) UNSIGNED NOT NULL,
  `uuid` varchar(255) NOT NULL,
  `connection` text NOT NULL,
  `queue` text NOT NULL,
  `payload` longtext NOT NULL,
  `exception` longtext NOT NULL,
  `failed_at` timestamp NOT NULL DEFAULT current_timestamp()
) ENGINE=MyISAM DEFAULT CHARSET=utf8mb4 COLLATE=utf8mb4_unicode_ci;

-- --------------------------------------------------------

--
-- Table structure for table `faqs`
--

CREATE TABLE `faqs` (
  `id` int(10) UNSIGNED NOT NULL,
  `creator_id` int(10) UNSIGNED NOT NULL,
  `webinar_id` int(10) UNSIGNED DEFAULT NULL,
  `bundle_id` int(10) UNSIGNED DEFAULT NULL,
  `upcoming_course_id` int(10) UNSIGNED DEFAULT NULL,
  `event_id` int(10) UNSIGNED DEFAULT NULL,
  `order` int(10) UNSIGNED DEFAULT NULL,
  `created_at` int(10) UNSIGNED DEFAULT NULL,
  `updated_at` int(10) UNSIGNED DEFAULT NULL
) ENGINE=InnoDB DEFAULT CHARSET=utf8mb4 COLLATE=utf8mb4_unicode_ci ROW_FORMAT=DYNAMIC;

--
-- Dumping data for table `faqs`
--

INSERT INTO `faqs` (`id`, `creator_id`, `webinar_id`, `bundle_id`, `upcoming_course_id`, `event_id`, `order`, `created_at`, `updated_at`) VALUES
(13, 1016, 1995, NULL, NULL, NULL, NULL, 1624908798, NULL),
(14, 1016, 1995, NULL, NULL, NULL, NULL, 1624908812, NULL),
(15, 1016, 1995, NULL, NULL, NULL, NULL, 1624908829, NULL),
(16, 1016, 1995, NULL, NULL, NULL, NULL, 1624908852, NULL),
(17, 1016, 1995, NULL, NULL, NULL, NULL, 1624908868, NULL),
(18, 1015, 1996, NULL, NULL, NULL, NULL, 1624945244, NULL),
(19, 1015, 1996, NULL, NULL, NULL, NULL, 1624945306, NULL),
(20, 1015, 1996, NULL, NULL, NULL, NULL, 1624945328, NULL),
(21, 934, 1997, NULL, NULL, NULL, NULL, 1624956994, NULL),
(22, 934, 1997, NULL, NULL, NULL, NULL, 1624957014, NULL),
(23, 929, 1999, NULL, NULL, NULL, NULL, 1625039334, NULL),
(24, 929, 1999, NULL, NULL, NULL, NULL, 1625039363, NULL),
(25, 929, 1999, NULL, NULL, NULL, NULL, 1625039377, NULL),
(26, 867, 2000, NULL, NULL, NULL, NULL, 1625046069, NULL),
(27, 867, 2000, NULL, NULL, NULL, NULL, 1625046102, NULL),
(28, 3, 2001, NULL, NULL, NULL, NULL, 1625079104, NULL),
(29, 864, 2003, NULL, NULL, NULL, NULL, 1625300294, NULL),
(30, 864, 2003, NULL, NULL, NULL, NULL, 1625300305, NULL),
(31, 864, 2003, NULL, NULL, NULL, NULL, 1625300320, NULL),
(32, 4, 2005, NULL, NULL, NULL, NULL, 1625691029, NULL),
(33, 4, 2005, NULL, NULL, NULL, NULL, 1625691056, NULL),
(34, 4, 2005, NULL, NULL, NULL, NULL, 1625691083, NULL),
(35, 867, 2006, NULL, NULL, NULL, NULL, 1625694463, NULL),
(36, 867, 2006, NULL, NULL, NULL, NULL, 1625694481, NULL),
(37, 1015, 1998, NULL, NULL, NULL, NULL, 1626109158, NULL),
(38, 1015, 1998, NULL, NULL, NULL, NULL, 1626109178, NULL),
(39, 1015, 1998, NULL, NULL, NULL, NULL, 1626109196, NULL),
(40, 867, 2007, NULL, NULL, NULL, NULL, 1626234581, NULL),
(41, 867, 2007, NULL, NULL, NULL, NULL, 1626234619, NULL),
(42, 867, 2007, NULL, NULL, NULL, NULL, 1626234666, NULL),
(43, 1015, 2009, NULL, NULL, NULL, NULL, 1646172991, NULL),
(44, 1015, 2009, NULL, NULL, NULL, NULL, 1646173018, NULL),
(45, 1015, 2009, NULL, NULL, NULL, NULL, 1646173035, NULL),
(46, 1015, 2008, NULL, NULL, NULL, NULL, 1646173113, NULL),
(47, 1015, 2008, NULL, NULL, NULL, NULL, 1646173127, NULL),
(48, 1015, 2008, NULL, NULL, NULL, NULL, 1646173143, NULL),
(49, 929, 2010, NULL, NULL, NULL, NULL, 1655801621, NULL),
(50, 929, 2010, NULL, NULL, NULL, NULL, 1655801642, NULL),
(51, 929, 2010, NULL, NULL, NULL, NULL, 1655803063, NULL),
(52, 1015, NULL, 1, NULL, NULL, NULL, 1656082919, NULL),
(53, 1015, NULL, 1, NULL, NULL, NULL, 1656082949, NULL),
(54, 1015, NULL, NULL, 3, NULL, 15, 1678876257, NULL),
(55, 870, 2022, NULL, NULL, NULL, 1, 1678911802, NULL),
(56, 870, 2022, NULL, NULL, NULL, 2, 1678911826, NULL),
(57, 870, 2022, NULL, NULL, NULL, 3, 1678911861, NULL),
(58, 1016, NULL, NULL, NULL, 2, 1, 1763242809, 1763242809),
(59, 1016, NULL, NULL, NULL, 2, 2, 1763242810, 1763242810),
(60, 1016, NULL, NULL, NULL, 2, 3, 1763242811, 1763242811),
(61, 1016, NULL, NULL, NULL, 3, 1, 1763243820, 1763243820),
(62, 1016, NULL, NULL, NULL, 3, 2, 1763243821, 1763243821),
(63, 1016, NULL, NULL, NULL, 3, 3, 1763243822, 1763243822),
(64, 934, NULL, NULL, NULL, 4, 1, 1763244831, 1763244831),
(65, 934, NULL, NULL, NULL, 4, 2, 1763244832, 1763244832),
(66, 934, NULL, NULL, NULL, 4, 3, 1763244833, 1763244833),
(67, 934, NULL, NULL, NULL, 5, 1, 1763245842, 1763245842),
(68, 934, NULL, NULL, NULL, 5, 2, 1763245843, 1763245843),
(69, 934, NULL, NULL, NULL, 5, 3, 1763245844, 1763245844),
(70, 934, NULL, NULL, NULL, 6, 1, 1763246851, 1763246851),
(71, 934, NULL, NULL, NULL, 6, 2, 1763246852, 1763246852),
(72, 934, NULL, NULL, NULL, 6, 3, 1763246853, 1763246853),
(73, 867, NULL, NULL, NULL, 7, 1, 1763247858, 1763247858),
(74, 867, NULL, NULL, NULL, 7, 2, 1763247859, 1763247859),
(75, 867, NULL, NULL, NULL, 7, 3, 1763247860, 1763247860),
(76, 867, NULL, NULL, NULL, 8, 1, 1763248869, 1763248869),
(77, 867, NULL, NULL, NULL, 8, 2, 1763248870, 1763248870),
(78, 867, NULL, NULL, NULL, 8, 3, 1763248871, 1763248871),
(79, 867, NULL, NULL, NULL, 9, 1, 1763249878, 1763249878),
(80, 867, NULL, NULL, NULL, 9, 2, 1763249879, 1763249879),
(81, 867, NULL, NULL, NULL, 9, 3, 1763249880, 1763249880),
(82, 1015, NULL, NULL, NULL, 10, 1, 1763250887, 1763250887),
(83, 1015, NULL, NULL, NULL, 10, 2, 1763250888, 1763250888),
(84, 1015, NULL, NULL, NULL, 10, 3, 1763250889, 1763250889),
(85, 1015, NULL, NULL, NULL, 11, 1, 1763251896, 1763251896),
(86, 1015, NULL, NULL, NULL, 11, 2, 1763251897, 1763251897),
(87, 1015, NULL, NULL, NULL, 11, 3, 1763251898, 1763251898),
(88, 1015, NULL, NULL, NULL, 12, 1, 1763252905, 1763252905),
(89, 1015, NULL, NULL, NULL, 12, 2, 1763252906, 1763252906),
(90, 1015, NULL, NULL, NULL, 12, 3, 1763252907, 1763252907),
(91, 1015, NULL, NULL, NULL, 13, 1, 1763253914, 1763253914),
(92, 1015, NULL, NULL, NULL, 13, 2, 1763253915, 1763253915),
(93, 1015, NULL, NULL, NULL, 13, 3, 1763253916, 1763253916);

-- --------------------------------------------------------

--
-- Table structure for table `faq_translations`
--

CREATE TABLE `faq_translations` (
  `id` bigint(20) UNSIGNED NOT NULL,
  `faq_id` int(10) UNSIGNED NOT NULL,
  `locale` varchar(255) NOT NULL,
  `title` varchar(255) NOT NULL,
  `answer` text NOT NULL
) ENGINE=InnoDB DEFAULT CHARSET=utf8mb4 COLLATE=utf8mb4_unicode_ci;

--
-- Dumping data for table `faq_translations`
--

INSERT INTO `faq_translations` (`id`, `faq_id`, `locale`, `title`, `answer`) VALUES
(1, 13, 'en', 'What is the course level?', 'This is a course for beginners so you will get familiar with the topic from scratch.'),
(2, 14, 'en', 'How can I get course updates?', 'You will receive a notification after each update is released so you can download updated files from the course page.'),
(3, 15, 'en', 'Is it a supported course?', 'Yes, you can get in touch with the instructor using the support system.'),
(4, 16, 'en', 'How can I download exercise files?', 'All of the exercise files could be downloaded from the content tab on the course page.'),
(5, 17, 'en', 'Can I have a private meeting with the instructor?', 'Yes, you can reserve a 1 to 1 meeting with the instructor using the instructor profile.'),
(6, 18, 'en', 'What is the course level??', 'This is a course for beginners so you will get familiar with the topic from scratch.'),
(7, 19, 'en', 'How can I get course updates?', 'You will receive a notification after each update is released so you can download updated files from the course page.'),
(8, 20, 'en', 'Is it a supported course?', 'Yes, you can get in touch with the instructor using the support system.'),
(9, 21, 'en', 'What is the course level?', 'This is a course for beginners so you will get familiar with the topic from scratch.'),
(10, 22, 'en', 'How can I get course updates?', 'You will receive a notification after each update is released so you can download updated files from the course page.'),
(11, 23, 'en', 'What is the course level?', 'This is a course for beginners so you will get familiar with the topic from scratch.'),
(12, 24, 'en', 'How can I download exercise files?', 'All of the exercise files could be downloaded from the content tab on the course page.'),
(13, 25, 'en', 'Can I have a private meeting with the instructor?', 'Yes, you can reserve a 1 to 1 meeting with the instructor using the instructor profile.'),
(14, 26, 'en', 'How can I get course updates?', 'You will receive a notification after each update is released so you can download updated files from the course page.'),
(15, 27, 'en', 'What is the course level?', 'This is a course for beginners so you will get familiar with the topic from scratch.'),
(16, 28, 'en', 'Is it a supported course?', 'Yes, you can get in touch with the instructor using the support system.'),
(17, 29, 'en', 'How can I get course updates?', 'You will receive a notification after each update is released so you can download updated files from the course page.'),
(18, 30, 'en', 'Can I have a private meeting with the instructor?', 'Yes, you can reserve a 1 to 1 meeting with the instructor using the instructor profile.'),
(19, 31, 'en', 'Is it a supported course?', 'Yes, you can get in touch with the instructor using the support system.'),
(20, 32, 'en', 'What is the course level?', 'This is a course for beginners so you will get familiar with the topic from scratch.'),
(21, 33, 'en', 'Is it a supported course?', 'Yes, you can get in touch with the instructor using the support system.'),
(22, 34, 'en', 'Can I have a private meeting with the instructor?', 'Yes, you can reserve a 1 to 1 meeting with the instructor using the instructor profile.'),
(23, 35, 'en', 'Is it a supported course?', 'Yes, you can get in touch with the instructor using the support system.'),
(24, 36, 'en', 'Can I have a private meeting with the instructor?', 'Yes, you can reserve a 1 to 1 meeting with the instructor using the instructor profile.'),
(25, 37, 'en', 'What is the course level?', 'This is a course for beginners so you will get familiar with the topic from scratch.'),
(26, 38, 'en', 'Is it a supported course?', 'Yes, you can get in touch with the instructor using the support system.'),
(27, 39, 'en', 'Can I have a private meeting with the instructor?', 'Yes, you can reserve a 1 to 1 meeting with the instructor using the instructor profile.'),
(28, 40, 'en', 'What is the course level?', 'This is a course for beginners so you will get familiar with the topic from scratch.'),
(29, 41, 'en', 'How can I get course updates?', 'You will receive a notification after each update is released so you can download updated files from the course page.'),
(30, 42, 'en', 'Is it a supported course?', 'Yes, you can get in touch with the instructor using the support system.'),
(31, 43, 'en', 'Is it a supported course?', 'Yes, you can get in touch with the instructor using the support system.'),
(32, 44, 'en', 'How can I get course updates?', 'You will receive a notification after each update is released so you can download updated files from the course page.'),
(33, 45, 'en', 'What is the course level?', 'This is a course for beginners so you will get familiar with the topic from scratch.'),
(34, 46, 'en', 'What is the course level?', 'This is a course for beginners so you will get familiar with the topic from scratch.'),
(35, 47, 'en', 'Is it a supported course?', 'Yes, you can get in touch with the instructor using the support system.'),
(36, 48, 'en', 'Can I have a private meeting with the instructor?', 'Yes, you can reserve a 1 to 1 meeting with the instructor using the instructor profile.'),
(37, 49, 'en', 'What is the course level?', 'This is a course for beginners so you will get familiar with the topic from scratch.'),
(38, 50, 'en', 'How can I get course updates?', 'You will receive a notification after each update is released so you can download updated files from the course page.'),
(39, 51, 'en', 'Is it a supported course?', 'Yes, you can get in touch with the instructor using the support system.'),
(40, 52, 'en', 'How can I get course updates?', 'You will receive a notification after each update is released so you can download updated files from the course page.'),
(41, 53, 'en', 'How can I download exercise files?', 'All of the exercise files could be downloaded from the content tab on the course page.'),
(42, 54, 'en', 'Why take this course?', 'This course starts with explaining what programming really is? Have you ever wondered how things actually work in a program?'),
(43, 55, 'en', 'What is an installment payment?', 'An installment payment is a payment method that allows customers to spread the cost of a purchase over a period of time by making regular payments, typically on a monthly basis.'),
(44, 56, 'en', 'How does an installment payment plan work?', 'When a customer chooses to pay by installment, they agree to pay the total cost of the purchase in smaller, more manageable amounts over a set period of time. The amount of each payment is determined by the total cost of the purchase and the length of the repayment period.'),
(45, 57, 'en', 'Are there any fees or interest associated with installment payment?', 'Some installment plans may come with additional fees or higher interest rates than other payment methods. Customers should always read the terms and conditions carefully before agreeing to an installment payment plan to ensure they fully understand the costs involved.'),
(46, 58, 'en', 'What is the skill level required for this React course?', 'This course is designed for developers with basic JavaScript knowledge. No prior React experience is needed - we start from the fundamentals.'),
(47, 59, 'en', 'Do you provide certificates upon completion?', 'Yes, all participants who complete the course will receive a verified certificate of completion that can be shared on LinkedIn and other professional platforms.'),
(48, 60, 'en', 'Is there ongoing support during the course?', 'Absolutely! You will have access to our community forum, live Q&A sessions, and direct instructor support throughout the course duration.'),
(49, 61, 'en', 'What technologies will be covered in this bootcamp?', 'This intensive bootcamp covers the complete MERN stack including MongoDB, Express.js, React, and Node.js, along with modern development tools and best practices.'),
(50, 62, 'en', 'Do I need any prior programming experience?', 'While helpful, no prior programming experience is strictly required. We provide foundational materials and support for beginners, though some basic computer literacy is recommended.'),
(51, 63, 'en', 'Will I get help with job placement after completion?', 'Yes, our career services team provides resume review, interview preparation, portfolio development, and connections to our network of hiring partners.'),
(52, 64, 'en', 'What Python libraries will we learn?', 'You will master essential libraries including NumPy, pandas, Matplotlib, scikit-learn, and TensorFlow, with hands-on projects using real datasets.'),
(53, 65, 'en', 'Is this course suitable for complete beginners?', 'While we recommend basic Python knowledge, we include Python fundamentals for those new to programming. The focus is on data science applications rather than pure programming.'),
(54, 66, 'en', 'Will I learn to build machine learning models?', 'Yes, you will learn both supervised and unsupervised machine learning algorithms, model evaluation techniques, and how to deploy models in production environments.'),
(55, 67, 'en', 'What design tools will we use?', 'We cover industry-standard tools including Figma, Adobe XD, and Sketch. You will learn design systems, prototyping, and collaborative workflows.'),
(56, 68, 'en', 'Do I need artistic skills to become a UX designer?', 'While artistic sensibility helps, UX design is more about problem-solving, user research, and creating intuitive experiences than pure artistic talent.'),
(57, 69, 'en', 'Will I build a professional portfolio?', 'Yes, you will create multiple projects including user research studies, wireframes, prototypes, and design systems that can be showcased in your professional portfolio.'),
(58, 70, 'en', 'Will I get certified in Scrum or Agile?', 'While we prepare you for Scrum Master certification, this workshop focuses on practical Agile implementation. We provide guidance on certification paths and exam preparation.'),
(59, 71, 'en', 'What industries can benefit from Agile methodologies?', 'Agile is applicable across industries including software development, marketing, product management, manufacturing, and any project-based work requiring flexibility and rapid response to change.'),
(60, 72, 'en', 'How does this workshop differ from online courses?', 'This is an interactive workshop with hands-on exercises, group activities, case studies from real companies, and direct interaction with experienced Agile coaches and practitioners.'),
(61, 73, 'en', 'What math background do I need?', 'Basic understanding of algebra, statistics, and calculus is helpful but not required. We explain mathematical concepts in practical terms and provide intuitive explanations for complex topics.'),
(62, 74, 'en', 'Will I learn deep learning and neural networks?', 'Yes, we cover neural networks, convolutional networks, recurrent networks, and modern architectures. You will build and train models using TensorFlow and PyTorch.'),
(63, 75, 'en', 'Are there prerequisites for this course?', 'Basic Python programming knowledge is recommended. We provide Python refreshers, but the course moves quickly through advanced AI concepts.'),
(64, 76, 'en', 'What security certifications will I be prepared for?', 'This course prepares you for CompTIA Security+, CISSP foundation, and other entry-level security certifications with practical knowledge and exam preparation materials.'),
(65, 77, 'en', 'Do I need technical background to understand cybersecurity?', 'While technical knowledge helps, we explain concepts from the ground up. The course covers both technical implementation and security awareness for non-technical roles.'),
(66, 78, 'en', 'Will I learn ethical hacking and penetration testing?', 'Yes, you will learn ethical hacking methodologies, vulnerability assessment, penetration testing techniques, and tools used by cybersecurity professionals.'),
(67, 79, 'en', 'Which platforms will we cover?', 'We cover both iOS (SwiftUI) and Android (Kotlin) native development, plus cross-platform solutions using React Native and Flutter for comprehensive mobile development skills.'),
(68, 80, 'en', 'Will I learn to publish apps to app stores?', 'Yes, you will learn the complete app publishing process for both Apple App Store and Google Play Store, including app store optimization and monetization strategies.'),
(69, 81, 'en', 'What if I have no programming experience?', 'We start with programming fundamentals and mobile-specific concepts. While challenging for complete beginners, dedicated students can succeed with consistent effort and practice.'),
(70, 82, 'en', 'Which marketing channels will be covered?', 'Comprehensive coverage including SEO, SEM, social media marketing, content marketing, email marketing, affiliate marketing, and emerging channels like TikTok and Clubhouse.'),
(71, 83, 'en', 'Will I learn analytics and tracking?', 'Yes, you will master Google Analytics, Facebook Pixel, conversion tracking, A/B testing, and building comprehensive marketing dashboards for data-driven decisions.'),
(72, 84, 'en', 'Do you provide real case studies?', 'Each module includes real-world case studies from successful businesses, complete campaigns analysis, and practical exercises using live accounts and real budgets.'),
(73, 85, 'en', 'Which cloud platforms will we cover?', 'We provide comprehensive coverage of AWS, Microsoft Azure, and Google Cloud Platform, with hands-on labs and real-world architecture patterns for each platform.'),
(74, 86, 'en', 'Will I get cloud certifications?', 'We prepare you for major cloud certifications (AWS Certified Cloud Practitioner, Azure Fundamentals, etc.) with exam-focused content and practice tests included in the course.'),
(75, 87, 'en', 'Do I need programming skills for cloud computing?', 'While programming knowledge is helpful for advanced topics, you can succeed in cloud computing roles with basic scripting knowledge. We include practical automation and DevOps integration.'),
(76, 88, 'en', 'What blockchain platforms will we cover?', 'We cover Ethereum, Bitcoin, Hyperledger, and emerging platforms. You will learn smart contract development, DeFi protocols, and NFT creation across multiple blockchains.'),
(77, 89, 'en', 'Will I learn to build decentralized applications?', 'Yes, you will build complete DApps including smart contracts, frontend interfaces, wallet integration, and deployment to test networks with real cryptocurrency transactions.'),
(78, 90, 'en', 'Is programming experience required?', 'Solid JavaScript programming skills are essential. We recommend prior experience with web development, though we provide blockchain-specific programming tutorials.'),
(79, 91, 'en', 'What tools and technologies will we cover?', 'Comprehensive DevOps toolchain including Docker, Kubernetes, Jenkins, GitLab CI, Terraform, Ansible, monitoring tools, and cloud-native technologies.'),
(80, 92, 'en', 'Will I learn infrastructure as code?', 'Yes, you will master Infrastructure as Code with Terraform and Ansible, container orchestration with Kubernetes, and automated deployment pipelines.'),
(81, 93, 'en', 'What background do I need for this course?', 'Basic Linux knowledge, programming skills, and understanding of software development lifecycle are recommended. We provide foundational content but move quickly through advanced topics.');

-- --------------------------------------------------------

--
-- Table structure for table `favorites`
--

CREATE TABLE `favorites` (
  `id` int(10) UNSIGNED NOT NULL,
  `user_id` int(10) UNSIGNED NOT NULL,
  `webinar_id` int(10) UNSIGNED DEFAULT NULL,
  `bundle_id` int(10) UNSIGNED DEFAULT NULL,
  `upcoming_course_id` int(10) UNSIGNED DEFAULT NULL,
  `created_at` int(11) NOT NULL
) ENGINE=InnoDB DEFAULT CHARSET=utf8mb4 COLLATE=utf8mb4_unicode_ci ROW_FORMAT=DYNAMIC;

--
-- Dumping data for table `favorites`
--

INSERT INTO `favorites` (`id`, `user_id`, `webinar_id`, `bundle_id`, `upcoming_course_id`, `created_at`) VALUES
(19, 995, 2009, NULL, NULL, 1763587055);

-- --------------------------------------------------------

--
-- Table structure for table `feature_webinars`
--

CREATE TABLE `feature_webinars` (
  `id` int(10) UNSIGNED NOT NULL,
  `webinar_id` int(10) UNSIGNED NOT NULL,
  `page` enum('categories','home','home_categories') NOT NULL,
  `status` enum('publish','pending') NOT NULL,
  `updated_at` int(10) UNSIGNED NOT NULL
) ENGINE=InnoDB DEFAULT CHARSET=utf8mb4 COLLATE=utf8mb4_unicode_ci ROW_FORMAT=DYNAMIC;

--
-- Dumping data for table `feature_webinars`
--

INSERT INTO `feature_webinars` (`id`, `webinar_id`, `page`, `status`, `updated_at`) VALUES
(26, 1998, 'home', 'publish', 1635438083),
(28, 2008, 'home', 'publish', 1677569150);

-- --------------------------------------------------------

--
-- Table structure for table `feature_webinar_translations`
--

CREATE TABLE `feature_webinar_translations` (
  `id` bigint(20) UNSIGNED NOT NULL,
  `feature_webinar_id` int(10) UNSIGNED NOT NULL,
  `locale` varchar(255) NOT NULL,
  `description` text DEFAULT NULL
) ENGINE=InnoDB DEFAULT CHARSET=utf8mb4 COLLATE=utf8mb4_unicode_ci;

--
-- Dumping data for table `feature_webinar_translations`
--

INSERT INTO `feature_webinar_translations` (`id`, `feature_webinar_id`, `locale`, `description`) VALUES
(1, 26, 'en', 'Microsoft Excel is a spreadsheet developed by Microsoft for Windows, macOS, Android and iOS. It features calculation, graphing tools, pivot tables, and a macro programming language called Visual Basic for Applications (VBA).'),
(2, 28, 'en', 'Learn step-by-step tips that help you get things done with your virtual team by increasing trust and accountability.If you manage a virtual team today, then you\'ll probably continue to do so for the rest of your career.'),
(3, 28, 'es', 'Aprenda consejos paso a paso que lo ayudarán a hacer las cosas con su equipo virtual al aumentar la confianza y la responsabilidad. Si administra un equipo virtual hoy, probablemente continuará haciéndolo durante el resto de su carrera.'),
(4, 28, 'ar', 'تعلم نصائح خطوة بخطوة تساعدك على إنجاز المهام مع فريقك الافتراضي من خلال زيادة الثقة والمساءلة ، إذا كنت تدير فريقًا افتراضيًا اليوم ، فمن المحتمل أن تستمر في القيام بذلك لبقية حياتك المهنية.'),
(5, 26, 'ar', 'Microsoft Excel هو جدول بيانات تم تطويره بواسطة Microsoft لأنظمة Windows و macOS و Android و iOS. يتميز بأدوات الحساب والرسوم البيانية والجداول المحورية ولغة برمجة ماكرو تسمى Visual Basic for Applications (VBA).'),
(6, 26, 'es', 'Microsoft Excel es una hoja de cálculo desarrollada por Microsoft para Windows, macOS, Android e iOS. Cuenta con cálculo, herramientas gráficas, tablas dinámicas y un lenguaje de programación de macros llamado Visual Basic para Aplicaciones (VBA).');

-- --------------------------------------------------------

--
-- Table structure for table `files`
--

CREATE TABLE `files` (
  `id` int(10) UNSIGNED NOT NULL,
  `creator_id` int(10) UNSIGNED NOT NULL,
  `webinar_id` int(10) UNSIGNED NOT NULL,
  `chapter_id` int(10) UNSIGNED DEFAULT NULL,
  `accessibility` enum('free','paid') NOT NULL,
  `downloadable` tinyint(1) DEFAULT 0,
  `storage` enum('upload','youtube','vimeo','external_link','google_drive','dropbox','iframe','s3','upload_archive','secure_host') NOT NULL,
  `file` text NOT NULL,
  `volume` varchar(64) NOT NULL,
  `file_type` varchar(64) NOT NULL,
  `secure_host_upload_type` enum('direct','manual') DEFAULT NULL,
  `interactive_type` enum('adobe_captivate','i_spring','custom') DEFAULT NULL,
  `interactive_file_name` varchar(255) DEFAULT NULL,
  `interactive_file_path` varchar(255) DEFAULT NULL,
  `check_previous_parts` tinyint(1) NOT NULL DEFAULT 0,
  `access_after_day` int(10) UNSIGNED DEFAULT NULL,
  `online_viewer` tinyint(1) NOT NULL DEFAULT 0,
  `order` int(10) UNSIGNED DEFAULT NULL,
  `status` enum('active','inactive') NOT NULL DEFAULT 'active',
  `created_at` int(11) NOT NULL,
  `updated_at` int(11) DEFAULT NULL,
  `deleted_at` int(11) DEFAULT NULL
) ENGINE=InnoDB DEFAULT CHARSET=utf8mb4 COLLATE=utf8mb4_unicode_ci ROW_FORMAT=DYNAMIC;

--
-- Dumping data for table `files`
--

INSERT INTO `files` (`id`, `creator_id`, `webinar_id`, `chapter_id`, `accessibility`, `downloadable`, `storage`, `file`, `volume`, `file_type`, `secure_host_upload_type`, `interactive_type`, `interactive_file_name`, `interactive_file_path`, `check_previous_parts`, `access_after_day`, `online_viewer`, `order`, `status`, `created_at`, `updated_at`, `deleted_at`) VALUES
(31, 1016, 1995, 4, 'free', 0, 'youtube', 'https://youtu.be/pCmh6XaMVxs', '136.00 MB', 'video', NULL, NULL, NULL, NULL, 0, NULL, 0, 2, 'active', 1624869878, 1635416216, NULL),
(32, 1016, 1995, 4, 'free', 0, 'youtube', 'https://youtu.be/yUOC-Y0f5ZQ', '46.00 MB', 'video', NULL, NULL, NULL, NULL, 0, NULL, 0, 3, 'active', 1624870086, 1635416357, NULL),
(33, 1016, 1995, 11, 'free', 0, 'vimeo', 'https://vimeo.com/354744129', '280.00 MB', 'video', NULL, NULL, NULL, NULL, 0, NULL, 0, 4, 'active', 1624871143, 1635416520, NULL),
(34, 1016, 1995, 4, 'free', 0, 'upload', '/store/1016/Become A Product Manager.mp4', '5.82 MB', 'mp4', NULL, NULL, NULL, NULL, 0, NULL, 0, 1, 'active', 1624942577, 1635410854, NULL),
(35, 934, 1997, 24, 'free', 1, 'upload', '/store/934/Python for Beginners.mp4', '7.09 MB', 'mp4', NULL, NULL, NULL, NULL, 0, NULL, 0, NULL, 'active', 1624956937, 1635417846, NULL),
(36, 1015, 1998, 20, 'free', 0, 'upload', '/store/1015/Microsoft Excel - Excel from Beginner to Advanced.mkv', '4.10 MB', 'mkv', NULL, NULL, NULL, NULL, 0, NULL, 0, NULL, 'active', 1624966718, 1635417493, NULL),
(37, 929, 1999, 9, 'free', 1, 'upload', '/store/929/How To Manage & Influence Your Virtual Team.mkv', '10.58 MB', 'mkv', NULL, NULL, NULL, NULL, 0, NULL, 0, NULL, 'active', 1625038371, 1635412743, NULL),
(38, 929, 1999, 9, 'paid', 1, 'upload', '/store/929/How To Manage & Influence Your Virtual Team.mkv', '10.58 MB', 'mkv', NULL, NULL, NULL, NULL, 0, NULL, 0, NULL, 'active', 1625038447, 1635414077, NULL),
(39, 929, 1999, 10, 'paid', 1, 'upload', '/store/929/How To Manage & Influence Your Virtual Team.mkv', '10.58 MB', 'mkv', NULL, NULL, NULL, NULL, 0, NULL, 0, NULL, 'active', 1625038633, 1635414206, NULL),
(40, 929, 1999, 10, 'paid', 1, 'upload', '/store/929/How To Manage & Influence Your Virtual Team.mkv', '10.58 MB', 'mkv', NULL, NULL, NULL, NULL, 0, NULL, 0, NULL, 'active', 1625039003, 1635415977, NULL),
(41, 929, 1999, 10, 'paid', 1, 'upload', '/store/929/How To Manage & Influence Your Virtual Team.mkv', '10.58 MB', 'mkv', NULL, NULL, NULL, NULL, 0, NULL, 0, NULL, 'active', 1625039096, 1635416001, NULL),
(42, 929, 1999, 10, 'paid', 1, 'upload', '/store/929/How To Manage & Influence Your Virtual Team.mkv', '10.58 MB', 'mkv', NULL, NULL, NULL, NULL, 0, NULL, 0, NULL, 'active', 1625039180, 1635416049, NULL),
(43, 867, 2000, 18, 'free', 1, 'upload', '/store/867/Effective Time Management.mkv', '1.59 MB', 'mkv', NULL, NULL, NULL, NULL, 0, NULL, 0, NULL, 'active', 1625045148, 1635417295, NULL),
(44, 863, 2002, 14, 'free', 0, 'upload', '/store/863/Why Your Fitness Matters.mp4', '4.72 MB', 'mp4', NULL, NULL, NULL, NULL, 0, NULL, 0, NULL, 'active', 1625123527, 1635416995, NULL),
(45, 864, 2003, 12, 'free', 1, 'upload', '/store/864/Active Listening- You Can Be a Great Listener.mkv', '3.78 MB', 'mkv', NULL, NULL, NULL, NULL, 0, NULL, 0, NULL, 'active', 1625300200, 1635416686, NULL),
(46, 929, 2004, 8, 'paid', 1, 'upload', '/store/929/The Future of Energy.mkv', '15.00 MB', 'mkv', NULL, NULL, NULL, NULL, 0, NULL, 0, NULL, 'active', 1625685492, 1635412637, NULL),
(47, 929, 2004, 8, 'paid', 1, 'upload', '/store/929/The Future of Energy.mkv', '15.00 MB', 'mkv', NULL, NULL, NULL, NULL, 0, NULL, 0, NULL, 'active', 1625685578, 1635412643, NULL),
(48, 929, 2004, 8, 'paid', 1, 'upload', '/store/929/The Future of Energy.mkv', '15.00 MB', 'mkv', NULL, NULL, NULL, NULL, 0, NULL, 0, NULL, 'active', 1625685691, 1635412656, NULL),
(49, 4, 2005, 7, 'free', 0, 'youtube', 'https://youtu.be/z-xkbNLIB5w', '52.00 MB', 'video', NULL, NULL, NULL, NULL, 0, NULL, 0, NULL, 'active', 1625690308, 1635412526, NULL),
(50, 4, 2005, 7, 'paid', 0, 'youtube', 'https://youtu.be/jx5jmI0UlXU', '75.00 MB', 'video', NULL, NULL, NULL, NULL, 0, NULL, 0, NULL, 'active', 1625690699, 1635412541, NULL),
(51, 4, 2005, 7, 'paid', 0, 'youtube', 'https://youtu.be/IyYC-hSFEFQ', '168.00 MB', 'video', NULL, NULL, NULL, NULL, 0, NULL, 0, NULL, 'active', 1625690835, 1635412551, NULL),
(52, 867, 2006, 5, 'free', 1, 'upload', '/store/867/How to Travel Around the World on a Budget.mkv', '13.10 MB', 'mkv', NULL, NULL, NULL, NULL, 0, NULL, 0, NULL, 'active', 1625694176, 1635412034, NULL),
(53, 867, 2006, 5, 'paid', 1, 'upload', '/store/867/How to Travel Around the World on a Budget.mkv', '13.10 MB', 'mkv', NULL, NULL, NULL, NULL, 0, NULL, 0, NULL, 'active', 1625694214, 1635412043, NULL),
(54, 867, 2006, 6, 'paid', 1, 'upload', '/store/867/How to Travel Around the World on a Budget.mkv', '13.10 MB', 'mkv', NULL, NULL, NULL, NULL, 0, NULL, 0, NULL, 'active', 1625694330, 1635412081, NULL),
(55, 867, 2006, 6, 'paid', 1, 'upload', '/store/867/How to Travel Around the World on a Budget.mkv', '13.10 MB', 'mkv', NULL, NULL, NULL, NULL, 0, NULL, 0, NULL, 'active', 1625694401, 1635412090, NULL),
(56, 867, 2007, 2, 'free', 0, 'upload', '/store/1/123.mp4', '7.66 MB', 'mp4', NULL, NULL, NULL, NULL, 0, NULL, 0, NULL, 'active', 1626234339, 1635408940, NULL),
(57, 867, 2007, 2, 'free', 1, 'upload', '/store/867/Travel Management Course.mkv', '13.48 MB', 'mkv', NULL, NULL, NULL, NULL, 0, NULL, 0, NULL, 'active', 1626234398, 1635407853, NULL),
(58, 867, 2007, 3, 'free', 1, 'upload', '/store/867/Travel Management Course.mkv', '13.48 MB', 'mkv', NULL, NULL, NULL, NULL, 0, NULL, 0, NULL, 'active', 1626234448, 1635408073, NULL),
(59, 867, 2007, 3, 'free', 1, 'upload', '/store/867/Travel Management Course.mkv', '13.48 MB', 'mkv', NULL, NULL, NULL, NULL, 0, NULL, 0, NULL, 'active', 1626234512, 1635408084, NULL),
(60, 1015, 2008, 28, 'paid', 0, 'upload_archive', '/store/1015/scorm/ispring.zip', '4.76 MB', 'archive', NULL, 'i_spring', NULL, '/store/1015/ispring/story.html', 0, NULL, 0, NULL, 'active', 1646119189, 1646120896, NULL),
(61, 1015, 2008, 28, 'paid', 0, 'upload_archive', '/store/1015/scorm/captivate.zip', '5.11 MB', 'archive', NULL, 'adobe_captivate', NULL, '/store/1015/captivate/index.html', 0, NULL, 0, NULL, 'active', 1646119460, 1646120931, NULL),
(62, 1015, 2008, 28, 'paid', 0, 'upload_archive', '/store/1015/scorm/custom.zip', '4.75 MB', 'archive', NULL, 'custom', 'next.html', '/store/1015/custom/next.html', 0, NULL, 0, NULL, 'active', 1646119651, NULL, NULL),
(63, 1015, 2008, 29, 'paid', 0, 'upload', '/store/1015/Learn Linux In 5 Days.mp4', '3.95 MB', 'mp4', NULL, NULL, NULL, NULL, 0, NULL, 0, 1, 'active', 1646120871, 1646124268, NULL),
(64, 1015, 2008, 29, 'paid', 0, 'youtube', 'https://youtu.be/6Vo2v7WCyTs', '0 bytes', 'video', NULL, NULL, NULL, NULL, 0, NULL, 0, 2, 'active', 1646124099, 1646124279, NULL),
(65, 1015, 2008, 29, 'paid', 0, 'vimeo', 'https://vimeo.com/187511962', '0 bytes', 'video', NULL, NULL, NULL, NULL, 0, NULL, 0, 3, 'active', 1646124765, NULL, NULL),
(66, 1015, 2008, 29, 'paid', 1, 'external_link', 'https://drive.google.com/file/d/18CDM0xG2KdOP6YvvTKEvPvtsb4XfQQF3/view', '19.00 MB', 'archive', NULL, NULL, NULL, NULL, 0, NULL, 0, 6, 'active', 1646124966, NULL, NULL),
(67, 1015, 2008, 29, 'paid', 0, 'google_drive', '<iframe src=\"https://drive.google.com/file/d/1pu1TgfcTFJeRU6Venxa46i_pStM4GCwH/preview\" width=\"640\" height=\"480\" allow=\"autoplay\"></iframe>', '14.00 MB', 'video', NULL, NULL, NULL, NULL, 0, NULL, 0, 8, 'active', 1646125437, 1646128112, NULL),
(68, 1015, 2008, 29, 'paid', 0, 'google_drive', '<iframe src=\"https://drive.google.com/file/d/1BdiQQp3-7SPRdmuqeN8cdkO75U4wbU9i/preview\" width=\"640\" height=\"480\" allow=\"autoplay\"></iframe>', '2.00 MB', 'powerpoint', NULL, NULL, NULL, NULL, 0, NULL, 0, 10, 'active', 1646126002, 1646128083, NULL),
(69, 1015, 2008, 29, 'paid', 0, 'google_drive', '<iframe src=\"https://drive.google.com/file/d/1KuEkNBCvXxFiWU5U2_Be4LlYLTg4VFq7/preview\" width=\"640\" height=\"480\" allow=\"autoplay\"></iframe>', '2.00 MB', 'pdf', NULL, NULL, NULL, NULL, 0, NULL, 0, 11, 'active', 1646126305, 1646128068, NULL),
(70, 1015, 2008, 29, 'paid', 1, 'external_link', 'https://uploads.rocket-soft.org/lms/Rocket_LMS_App.apk', '19.00 MB', 'project', NULL, NULL, NULL, NULL, 0, NULL, 0, 7, 'active', 1646126442, 1646128137, NULL),
(71, 1015, 2008, 29, 'paid', 0, 'iframe', '<div style=\"position:relative;padding-bottom:56.25%;height:0;overflow:hidden;\"> <iframe style=\"width:100%;height:100%;position:absolute;left:0px;top:0px;overflow:hidden\" frameborder=\"0\" type=\"text/html\" src=\"https://www.dailymotion.com/embed/video/x88dvcq?autoplay=1\" width=\"100%\" height=\"100%\" allowfullscreen allow=\"autoplay\"> </iframe> </div>', '0 bytes', 'video', NULL, NULL, NULL, NULL, 0, NULL, 0, 9, 'active', 1646127121, 1646127426, NULL),
(72, 1015, 2008, 29, 'paid', 0, 's3', 'https://s3.us-east-1.amazonaws.com/daghighy/store/1015/UMgeYxq2Z6Pn6C3bnQLBfjZyJNEx8dcvINbSXJtJ.mkv', '4.00 MB', 'video', NULL, NULL, NULL, NULL, 0, NULL, 0, 4, 'active', 1646130252, 1646131442, NULL),
(73, 1015, 2008, 29, 'paid', 1, 's3', 'https://s3.us-east-1.amazonaws.com/daghighy/store/1015/ZXW0cMcembGqD7aJNnpmV6ft5Ovsf8tAGXogzb0N.pdf', '2.00 MB', 'pdf', NULL, NULL, NULL, NULL, 0, NULL, 0, 5, 'active', 1646130397, NULL, NULL),
(74, 929, 2010, 31, 'free', 1, 'upload', '/store/929/The Future of Energy.mkv', '15', 'video', 'manual', NULL, NULL, NULL, 0, NULL, 0, NULL, 'active', 1655799640, 1750160240, NULL),
(75, 929, 2010, 31, 'paid', 1, 'upload', '/store/929/How To Manage & Influence Your Virtual Team.mkv', '10.58 MB', 'video', NULL, NULL, NULL, NULL, 1, NULL, 0, NULL, 'active', 1655799735, NULL, NULL),
(76, 929, 2010, 31, 'paid', 1, 'upload', '/store/929/The Future of Energy.mkv', '15.00 MB', 'video', NULL, NULL, NULL, NULL, 1, 300, 0, NULL, 'active', 1655800074, 1655800089, NULL),
(77, 929, 2010, 32, 'paid', 1, 'upload', '/store/929/How To Manage & Influence Your Virtual Team.mkv', '10.58 MB', 'video', NULL, NULL, NULL, NULL, 0, NULL, 0, NULL, 'active', 1655801399, NULL, NULL),
(78, 929, 2010, 33, 'paid', 1, 'upload', '/store/929/The Future of Energy.mkv', '15.00 MB', 'video', NULL, NULL, NULL, NULL, 0, NULL, 0, NULL, 'active', 1655801529, NULL, NULL),
(94, 870, 2022, 41, 'paid', 0, 'secure_host', 'https://iframe.mediadelivery.net/embed/103639/a81a511e-c34c-4612-9abc-7bd1d689f536?token=$2y$10$xyIUzuZg14eK04IErAjm8eNEJ00mltPt9/15FRVgtVn15H4YhIdS6', '5.82 MB', 'video', NULL, NULL, NULL, NULL, 0, NULL, 0, NULL, 'active', 1678911505, NULL, NULL),
(95, 870, 2022, 41, 'paid', 0, 'secure_host', 'https://iframe.mediadelivery.net/embed/103639/06191a1e-156d-42b9-903c-d96b469462e2?token=$2y$10$DmBSyuPsCror/kVsMf5LMeNoHfB65p0gDmszu2m.4Fycm/0KCwXYW', '3.95 MB', 'video', NULL, NULL, NULL, NULL, 0, NULL, 0, NULL, 'active', 1678911686, NULL, NULL);

-- --------------------------------------------------------

--
-- Table structure for table `file_translations`
--

CREATE TABLE `file_translations` (
  `id` bigint(20) UNSIGNED NOT NULL,
  `file_id` int(10) UNSIGNED NOT NULL,
  `locale` varchar(255) NOT NULL,
  `title` varchar(255) NOT NULL,
  `description` text DEFAULT NULL
) ENGINE=InnoDB DEFAULT CHARSET=utf8mb4 COLLATE=utf8mb4_unicode_ci;

--
-- Dumping data for table `file_translations`
--

INSERT INTO `file_translations` (`id`, `file_id`, `locale`, `title`, `description`) VALUES
(1, 31, 'en', 'Course Overview (Youtube)', 'Understand the varying role of a Product Manager through different types and sizes of companies'),
(2, 32, 'en', 'What is a Product? (Youtube)', 'Let’s get basic – what is a product?\r\n\r\nProducts, like ghosts, are all around you (read that in a spooky voice).\r\n\r\nSure, it sounds simple, but there’s a lot more nuance to this than just looking up the dictionary definition.'),
(3, 33, 'en', 'Ideas and User Needs (Vimeo)', 'Welcome to the land of ideas and user needs! Have you ever.'),
(4, 34, 'en', 'Demo Video', 'The most complete course available on Product Management.'),
(5, 35, 'en', 'Introduction video', 'Python is an interpreted high-level general-purpose programming language. Python\'s design philosophy emphasizes code readability with its notable use of significant indentation.'),
(6, 36, 'en', 'Introduction Class', 'Microsoft Excel is a spreadsheet developed by Microsoft for Windows, macOS, Android and iOS. It features calculation, graphing tools, pivot tables, and a macro programming language called Visual Basic for Applications (VBA).'),
(7, 37, 'en', 'Introduction', 'In this welcome  video, I give you a quick overview of what the course is about.'),
(8, 38, 'en', 'Principles of Behavior Change', 'In this lecture, I discuss an overview of the \"Principles of Behavior Change\" module, the 4 power principles of behavior change, and what you should know about those principles when managing your virtual team.'),
(9, 39, 'en', 'The Power of Writing', 'In this lecture, I discuss the following: The mysterious power of writing things down and The advantages of writing tasks out to your virtual team'),
(10, 40, 'en', 'Before the Meeting', 'In this lecture, I discuss the five things you should do before every meeting, and how to manage everyone’s expectations through a well-crafted meeting agenda.'),
(11, 41, 'en', 'During the Meeting', 'In this lecture, I discuss the five things you should do during every meeting, and how to facilitate your meetings to keep everyone focused on their tasks.'),
(12, 42, 'en', 'After the Meeting', 'In this lecture, I discuss the two things you should do after every meeting, and how to follow up with your team to make sure they are committed to getting their actions completed.'),
(13, 43, 'en', 'Introduction', 'If you have ever taken a time management course, you\'ve probably faced the frustration of trying to manage your time better and not succeeding.'),
(14, 44, 'en', 'Why Your Fitness Matters', 'Unfortunately, the internet is full of false fitness gurus that sell you all kinds of workouts plans and gimmicks that are overpriced and don\'t work.'),
(15, 45, 'en', 'Introduction', 'Improve your reactive habits, define your listening mindset, amplify your curiosity, & add value as a great listener'),
(16, 46, 'en', 'Exponential', 'Here you will gain and understanding of how consumption is more important than finds of non-renewable energy. Also other matters that affect the future development of non-renewable key and primary fuels'),
(17, 47, 'en', 'Importance of Oil', 'Here we test your knowledge of what you learned hopefully listening to our second lecture.'),
(18, 48, 'en', 'Behavioural Solutions', 'Here you will gain and understanding of how consumption is more important than finds of non-renewable energy. Also other matters that affect the future development of non-renewable key and primary fuels'),
(19, 49, 'en', 'Welcome !!', 'Today we are going to learn the basics of creating a good design. This can apply from web design to graphic design in general.\r\nI put together my top 5 tips and tricks to create a good design from scratch.'),
(20, 50, 'en', 'CSS Essentials', 'Chances are you have heard of relative and absolute position in CSS, but did you know there are still three other positions? In this video I will be covering all five CSS positions (static, relative, absolute, fixed, and sticky) .'),
(21, 51, 'en', 'Intermediate CSS', 'Learn more about Intermediate CSS features like CSS Grid, Flexbox, and custom properties (aka. variables). Kyle, from Web Dev Simplified, will walk through a few Intermediate CSS challenges and discuss some of our favorite CSS tips and tricks.'),
(22, 52, 'en', 'Welcome to the Course!', 'A warm welcome to the course! Feel free to contact me if you have any questions'),
(23, 53, 'en', 'Health & Safety', 'The point of this lecture is to share with you numerous safety tips I\'ve learned during my journey.'),
(24, 54, 'en', 'Where To Sleep during your Travels?', 'After this lesson you\'ll know what exactly is Couchsurfing and what to expect.'),
(25, 55, 'en', 'Ready to go? The last things to do!', 'In this video I\'ll share with you some tips to earn money on the road and I will take my example as a digital nomad to show you what works.'),
(26, 56, 'en', 'Overview', 'The course content is uniquely customized in a way to give each student who participates in this course the best skill orientation and the basic knowledge required to enter the travel and tourism industry.'),
(27, 57, 'en', 'Understanding Maps', 'The course content is uniquely customized in a way to give each student who participates in this course the best skill orientation and the basic knowledge required to enter the travel and tourism industry.'),
(28, 58, 'en', 'World Time', 'The course content is uniquely customized in a way to give each student who participates in this course the best skill orientation and the basic knowledge required to enter the travel and tourism industry.'),
(29, 59, 'en', 'Travel Technology', 'The course content is uniquely customized in a way to give each student who participates in this course the best skill orientation and the basic knowledge require'),
(30, 60, 'en', 'iSpring SCORM', 'iSpring Suite is a PowerPoint-based authoring toolkit produced by iSpring Solutions that allows users to create slide-based courses.'),
(31, 61, 'en', 'Adobe Captivate SCORM', 'Adobe Captivate is an authoring tool that is used for creating eLearning content such as software demonstrations, software simulations, branched scenarios, and randomized quizzes in Shockwave Flash and HTML5 formats.'),
(32, 62, 'en', 'Custom SCORM', 'Always remember to tune \"up\" to a pitch and not down to a pitch. This helps in keeping your guitar in tune.'),
(33, 63, 'en', 'Upload Source', 'This course will teach you how to master your fretboard, understand music theory, and most importantly, how to use these tools to craft your unique sound.'),
(34, 64, 'en', 'Youtube Source', 'YouTube is an American online video sharing and social media platform owned by Google. It was launched on February 14, 2005, by Steve Chen, Chad Hurley, and Jawed Karim.'),
(35, 65, 'en', 'Vimeo Source', 'Vimeo, Inc. is an American video hosting, sharing, and services platform provider headquartered in New York City. Vimeo focuses on the delivery of high-definition video across a range of devices. Vimeo\'s business model is through software as a service.'),
(36, 66, 'en', 'External Link Source', 'Rocket LMS mobile app is an Android mobile application for Rocket LMS. Rocket LMS is an online course marketplace that helps you run your online education business easily.'),
(37, 67, 'en', 'Google Drive Source', 'Google Drive is a file storage and synchronization service developed by Google. Launched on April 24, 2012, Google Drive allows users to store files in the cloud, synchronize files across devices, and share files.'),
(38, 68, 'en', 'PowerPoint File', 'Microsoft PowerPoint is a presentation program, created by Robert Gaskins and Dennis Austin at a software company named Forethought, Inc. It was released on April 20, 1987, initially for Macintosh computers only.'),
(39, 69, 'en', 'PDF File', 'Portable Document Format (PDF), standardized as ISO 32000, is a file format developed by Adobe in 1992 to present documents, including text formatting and images, in a manner independent of application software, hardware, and operating systems.'),
(40, 70, 'en', 'Direct Link', 'Rocket LMS mobile app is an Android mobile application for Rocket LMS. Rocket LMS is an online course marketplace that helps you run your online education business easily.'),
(41, 71, 'en', 'iFrame Source', 'March 20 is the first day of spring for most people, while March 1 is the first spring day for meteorologists.'),
(42, 72, 'en', 'Amazon S3 Stream', 'Amazon S3 or Amazon Simple Storage Service is a service offered by Amazon Web Services that provides object storage through a web service interface. Amazon S3 uses the same scalable storage infrastructure that Amazon.com uses to run its global e-commerce network.'),
(43, 73, 'en', 'Amazon S3 File', 'Amazon S3 or Amazon Simple Storage Service is a service offered by Amazon Web Services that provides object storage through a web service interface. Amazon S3 uses the same scalable storage infrastructure that Amazon.com uses to run its global e-commerce network.'),
(44, 74, 'en', 'Introduction video', 'Here we test your knowledge of what you learned, hopefully listening to our second lecture.'),
(45, 75, 'en', 'Behavioural Solutions', 'Here you will gain and understanding of how consumption is more important than finds of non-renewable energy. Also other matters that affect the future development of non-renewable key and primary fuels'),
(46, 76, 'en', 'Exponential', 'Here you will gain an understanding of how consumption is more important than finds of non-renewable energy. Also, other matters that affect the future development of non-renewable key and primary fuels.'),
(47, 77, 'en', 'Why you need this course', 'I had a passion for education at a young age. I became valedictorian of my graduating class.'),
(48, 78, 'en', 'Final Part', 'Simply put, drip content is the practice of releasing your content to your members in parts.'),
(63, 94, 'en', 'What is Secure Host?', 'Overall, installment payment is a flexible and convenient option that can make it easier for customers to make purchases they may not be able to afford upfront.'),
(64, 95, 'en', 'Why is Secure Host important?', 'With installment payment, customers are able to pay for a product or service in smaller, more manageable amounts rather than having to pay the full amount upfront.');

-- --------------------------------------------------------

--
-- Table structure for table `filters`
--

CREATE TABLE `filters` (
  `id` int(10) UNSIGNED NOT NULL,
  `category_id` int(10) UNSIGNED NOT NULL
) ENGINE=InnoDB DEFAULT CHARSET=utf8mb4 COLLATE=utf8mb4_unicode_ci ROW_FORMAT=DYNAMIC;

--
-- Dumping data for table `filters`
--

INSERT INTO `filters` (`id`, `category_id`) VALUES
(1805, 520),
(1819, 520),
(1834, 520),
(1809, 523),
(1823, 523),
(1838, 523),
(1812, 525),
(1826, 525),
(1841, 525),
(1806, 601),
(1820, 601),
(1835, 601),
(1807, 602),
(1821, 602),
(1836, 602),
(1808, 603),
(1822, 603),
(1837, 603),
(1810, 604),
(1824, 604),
(1839, 604),
(1811, 605),
(1825, 605),
(1840, 605),
(1816, 606),
(1831, 606),
(1845, 606),
(1817, 607),
(1832, 607),
(1846, 607),
(1818, 608),
(1833, 608),
(1847, 608),
(1813, 609),
(1827, 609),
(1842, 609),
(1814, 610),
(1829, 610),
(1843, 610),
(1815, 611),
(1830, 611),
(1844, 611);

-- --------------------------------------------------------

--
-- Table structure for table `filter_options`
--

CREATE TABLE `filter_options` (
  `id` int(10) UNSIGNED NOT NULL,
  `filter_id` int(10) UNSIGNED NOT NULL,
  `order` int(10) UNSIGNED DEFAULT NULL
) ENGINE=InnoDB DEFAULT CHARSET=utf8mb4 COLLATE=utf8mb4_unicode_ci ROW_FORMAT=DYNAMIC;

--
-- Dumping data for table `filter_options`
--

INSERT INTO `filter_options` (`id`, `filter_id`, `order`) VALUES
(9114, 1805, 1),
(9115, 1805, 2),
(9116, 1805, 3),
(9117, 1806, 1),
(9118, 1806, 2),
(9119, 1806, 3),
(9120, 1807, 1),
(9121, 1807, 2),
(9122, 1807, 3),
(9123, 1808, 1),
(9124, 1808, 2),
(9125, 1808, 3),
(9126, 1809, 1),
(9127, 1809, 2),
(9128, 1809, 3),
(9129, 1810, 1),
(9130, 1810, 2),
(9131, 1810, 3),
(9132, 1811, 1),
(9133, 1811, 2),
(9134, 1811, 3),
(9135, 1812, 1),
(9136, 1812, 2),
(9137, 1812, 3),
(9138, 1813, 1),
(9139, 1813, 2),
(9140, 1813, 3),
(9141, 1814, 1),
(9142, 1814, 2),
(9143, 1814, 3),
(9144, 1815, 1),
(9145, 1815, 2),
(9146, 1815, 3),
(9147, 1816, 1),
(9148, 1816, 2),
(9149, 1816, 3),
(9150, 1817, 1),
(9151, 1817, 2),
(9152, 1817, 3),
(9153, 1818, 1),
(9154, 1818, 2),
(9155, 1818, 3),
(9156, 1819, 1),
(9157, 1819, 3),
(9158, 1819, 2),
(9159, 1819, 4),
(9160, 1819, 5),
(9161, 1820, 1),
(9162, 1820, 3),
(9163, 1820, 2),
(9164, 1820, 4),
(9165, 1820, 5),
(9166, 1821, 1),
(9167, 1821, 3),
(9168, 1821, 2),
(9169, 1821, 4),
(9170, 1821, 5),
(9171, 1822, 1),
(9172, 1822, 3),
(9173, 1822, 2),
(9174, 1822, 4),
(9175, 1822, 5),
(9176, 1823, 1),
(9177, 1823, 3),
(9178, 1823, 2),
(9179, 1823, 4),
(9180, 1823, 5),
(9181, 1824, 1),
(9182, 1824, 3),
(9183, 1824, 2),
(9184, 1824, 4),
(9185, 1824, 5),
(9186, 1825, 1),
(9187, 1825, 3),
(9188, 1825, 2),
(9189, 1825, 4),
(9190, 1825, 5),
(9191, 1826, 1),
(9192, 1826, 3),
(9193, 1826, 2),
(9194, 1826, 4),
(9195, 1826, 5),
(9196, 1827, 1),
(9197, 1827, 3),
(9198, 1827, 2),
(9199, 1827, 4),
(9200, 1827, 5),
(9206, 1829, 1),
(9207, 1829, 3),
(9208, 1829, 2),
(9209, 1829, 4),
(9210, 1829, 5),
(9211, 1830, 1),
(9212, 1830, 3),
(9213, 1830, 2),
(9214, 1830, 4),
(9215, 1830, 5),
(9216, 1831, 1),
(9217, 1831, 3),
(9218, 1831, 2),
(9219, 1831, 4),
(9220, 1831, 5),
(9221, 1832, 1),
(9222, 1832, 3),
(9223, 1832, 2),
(9224, 1832, 4),
(9225, 1832, 5),
(9226, 1833, 1),
(9227, 1833, 3),
(9228, 1833, 2),
(9229, 1833, 4),
(9230, 1833, 5),
(9231, 1834, 1),
(9232, 1834, 2),
(9233, 1834, 3),
(9234, 1834, 4),
(9235, 1834, 5),
(9236, 1835, 1),
(9237, 1835, 2),
(9238, 1835, 3),
(9239, 1835, 4),
(9240, 1836, 1),
(9241, 1836, 2),
(9242, 1836, 3),
(9243, 1836, 4),
(9244, 1837, 1),
(9245, 1837, 2),
(9246, 1837, 3),
(9247, 1837, 4),
(9248, 1837, 5),
(9249, 1838, 1),
(9250, 1838, 2),
(9251, 1838, 3),
(9252, 1838, 4),
(9253, 1839, 3),
(9254, 1839, 1),
(9255, 1839, 2),
(9256, 1839, 4),
(9257, 1840, 1),
(9258, 1840, 2),
(9259, 1840, 3),
(9260, 1840, 4),
(9261, 1840, 5),
(9262, 1841, 1),
(9263, 1841, 2),
(9264, 1841, 3),
(9265, 1841, 4),
(9266, 1842, 1),
(9267, 1842, 2),
(9268, 1842, 3),
(9269, 1842, 4),
(9270, 1843, 1),
(9271, 1843, 2),
(9272, 1843, 3),
(9273, 1843, 4),
(9274, 1843, 5),
(9275, 1844, 1),
(9276, 1844, 2),
(9277, 1844, 3),
(9278, 1844, 4),
(9279, 1845, 1),
(9280, 1845, 2),
(9281, 1845, 3),
(9282, 1845, 4),
(9283, 1845, 5),
(9284, 1846, 1),
(9285, 1846, 2),
(9286, 1846, 3),
(9287, 1846, 4),
(9288, 1847, 1),
(9289, 1847, 2),
(9290, 1847, 3),
(9291, 1847, 4),
(9292, 1847, 5);

-- --------------------------------------------------------

--
-- Table structure for table `filter_option_translations`
--

CREATE TABLE `filter_option_translations` (
  `id` bigint(20) UNSIGNED NOT NULL,
  `filter_option_id` int(10) UNSIGNED NOT NULL,
  `locale` varchar(255) NOT NULL,
  `title` varchar(255) NOT NULL
) ENGINE=InnoDB DEFAULT CHARSET=utf8mb4 COLLATE=utf8mb4_unicode_ci;

--
-- Dumping data for table `filter_option_translations`
--

INSERT INTO `filter_option_translations` (`id`, `filter_option_id`, `locale`, `title`) VALUES
(1, 9114, 'en', 'Beginner'),
(2, 9115, 'en', 'Intermediate'),
(3, 9116, 'en', 'Expert'),
(4, 9117, 'en', 'Beginner'),
(5, 9118, 'en', 'Intermediate'),
(6, 9119, 'en', 'Expert'),
(7, 9120, 'en', 'Beginner'),
(8, 9121, 'en', 'Intermediate'),
(9, 9122, 'en', 'Expert'),
(10, 9123, 'en', 'Beginner'),
(11, 9124, 'en', 'Intermediate'),
(12, 9125, 'en', 'Expert'),
(13, 9126, 'en', 'Beginner'),
(14, 9127, 'en', 'Intermediate'),
(15, 9128, 'en', 'Expert'),
(16, 9129, 'en', 'Beginner'),
(17, 9130, 'en', 'Intermediate'),
(18, 9131, 'en', 'Intermediate'),
(19, 9132, 'en', 'Beginner'),
(20, 9133, 'en', 'Intermediate'),
(21, 9134, 'en', 'Expert'),
(22, 9135, 'en', 'Beginner'),
(23, 9136, 'en', 'Intermediate'),
(24, 9137, 'en', 'Expert'),
(25, 9138, 'en', 'Beginner'),
(26, 9139, 'en', 'Intermediate'),
(27, 9140, 'en', 'Expert'),
(28, 9141, 'en', 'Beginner'),
(29, 9142, 'en', 'Intermediate'),
(30, 9143, 'en', 'Expert'),
(31, 9144, 'en', 'Beginner'),
(32, 9145, 'en', 'Intermediate'),
(33, 9146, 'en', 'Expert'),
(34, 9147, 'en', 'Beginner'),
(35, 9148, 'en', 'Intermediate'),
(36, 9149, 'en', 'Expert'),
(37, 9150, 'en', 'Beginner'),
(38, 9151, 'en', 'Intermediate'),
(39, 9152, 'en', 'Expert'),
(40, 9153, 'en', 'Beginner'),
(41, 9154, 'en', 'Intermediate'),
(42, 9155, 'en', 'Expert'),
(43, 9156, 'en', 'English'),
(44, 9157, 'en', 'Português'),
(45, 9158, 'en', 'Español'),
(46, 9159, 'en', 'हिन्'),
(47, 9160, 'en', 'العربية'),
(48, 9161, 'en', 'English'),
(49, 9162, 'en', 'Português'),
(50, 9163, 'en', 'Español'),
(51, 9164, 'en', 'हिन्'),
(52, 9165, 'en', 'العربية'),
(53, 9166, 'en', 'English'),
(54, 9167, 'en', 'Português'),
(55, 9168, 'en', 'Español'),
(56, 9169, 'en', 'हिन्'),
(57, 9170, 'en', 'العربية'),
(58, 9171, 'en', 'English'),
(59, 9172, 'en', 'Português'),
(60, 9173, 'en', 'Español'),
(61, 9174, 'en', 'हिन्'),
(62, 9175, 'en', 'العربية'),
(63, 9176, 'en', 'English'),
(64, 9177, 'en', 'Português'),
(65, 9178, 'en', 'Español'),
(66, 9179, 'en', 'हिन्'),
(67, 9180, 'en', 'العربية'),
(68, 9181, 'en', 'English'),
(69, 9182, 'en', 'Português'),
(70, 9183, 'en', 'Español'),
(71, 9184, 'en', 'हिन्'),
(72, 9185, 'en', 'العربية'),
(73, 9186, 'en', 'English'),
(74, 9187, 'en', 'Português'),
(75, 9188, 'en', 'Español'),
(76, 9189, 'en', 'हिन्'),
(77, 9190, 'en', 'العربية'),
(78, 9191, 'en', 'English'),
(79, 9192, 'en', 'Português'),
(80, 9193, 'en', 'Español'),
(81, 9194, 'en', 'हिन्'),
(82, 9195, 'en', 'العربية'),
(83, 9196, 'en', 'English'),
(84, 9197, 'en', 'Português'),
(85, 9198, 'en', 'Español'),
(86, 9199, 'en', 'हिन्'),
(87, 9200, 'en', 'العربية'),
(88, 9206, 'en', 'English'),
(89, 9207, 'en', 'Português'),
(90, 9208, 'en', 'Español'),
(91, 9209, 'en', 'हिन्'),
(92, 9210, 'en', 'العربية'),
(93, 9211, 'en', 'English'),
(94, 9212, 'en', 'Português'),
(95, 9213, 'en', 'Español'),
(96, 9214, 'en', 'हिन्'),
(97, 9215, 'en', 'العربية'),
(98, 9216, 'en', 'English'),
(99, 9217, 'en', 'Português'),
(100, 9218, 'en', 'Español'),
(101, 9219, 'en', 'हिन्'),
(102, 9220, 'en', 'العربية'),
(103, 9221, 'en', 'English'),
(104, 9222, 'en', 'Português'),
(105, 9223, 'en', 'Español'),
(106, 9224, 'en', 'हिन्'),
(107, 9225, 'en', 'العربية'),
(108, 9226, 'en', 'English'),
(109, 9227, 'en', 'Português'),
(110, 9228, 'en', 'Español'),
(111, 9229, 'en', 'हिन्'),
(112, 9230, 'en', 'العربية'),
(113, 9231, 'en', 'Photoshop'),
(114, 9232, 'en', 'Adobe Illustrator'),
(115, 9233, 'en', 'Blender'),
(116, 9234, 'en', '3D Modeling'),
(117, 9235, 'en', 'After Effects'),
(118, 9236, 'en', 'Math'),
(119, 9237, 'en', 'Algebra'),
(120, 9238, 'en', 'Calculus'),
(121, 9239, 'en', 'Statistics'),
(122, 9240, 'en', 'Physics'),
(123, 9241, 'en', 'Chemistry'),
(124, 9242, 'en', 'Biology'),
(125, 9243, 'en', 'Genetics'),
(126, 9244, 'en', 'English Language'),
(127, 9245, 'en', 'English Grammar'),
(128, 9246, 'en', 'Spanish Language'),
(129, 9247, 'en', 'Arabic Language'),
(130, 9248, 'en', 'IELTS'),
(131, 9249, 'en', 'Yoga'),
(132, 9250, 'en', 'Fitness'),
(133, 9251, 'en', 'Health'),
(134, 9252, 'en', 'Dance'),
(135, 9253, 'en', 'Chess'),
(136, 9254, 'en', 'Cooking'),
(137, 9255, 'en', 'Drawing'),
(138, 9256, 'en', 'Reiki'),
(139, 9257, 'en', 'Makeup Artistry'),
(140, 9258, 'en', 'Hair Styling'),
(141, 9259, 'en', 'Skincare'),
(142, 9260, 'en', 'Fashion'),
(143, 9261, 'en', 'Nail Art'),
(144, 9262, 'en', 'Digital Marketing'),
(145, 9263, 'en', 'SEO'),
(146, 9264, 'en', 'Marketing Strategy'),
(147, 9265, 'en', 'Social Media Marketing'),
(148, 9266, 'en', 'Leadership'),
(149, 9267, 'en', 'Management Skills'),
(150, 9268, 'en', 'ISO 9001'),
(151, 9269, 'en', 'Manager Training'),
(152, 9270, 'en', 'Communication Skills'),
(153, 9271, 'en', 'Presentation Skills'),
(154, 9272, 'en', 'Public Speaking'),
(155, 9273, 'en', 'Business Communication'),
(156, 9274, 'en', 'Writing'),
(157, 9275, 'en', 'Business Strategy'),
(158, 9276, 'en', 'Strategic Planning'),
(159, 9277, 'en', 'Marketing Strategy'),
(160, 9278, 'en', 'Innovation'),
(161, 9279, 'en', 'HTML'),
(162, 9280, 'en', 'CSS'),
(163, 9281, 'en', 'PHP'),
(164, 9282, 'en', 'JavaScript'),
(165, 9283, 'en', 'Laravel'),
(166, 9284, 'en', 'Android Development'),
(167, 9285, 'en', 'iOS Development'),
(168, 9286, 'en', 'Google Flutter'),
(169, 9287, 'en', 'React NativeKotlin'),
(170, 9288, 'en', 'Unity'),
(171, 9289, 'en', 'Unreal Engine'),
(172, 9290, 'en', 'Unreal Engine Blueprints'),
(173, 9291, 'en', '3D Game Development'),
(174, 9292, 'en', 'Game Development Fundamentals');

-- --------------------------------------------------------

--
-- Table structure for table `filter_translations`
--

CREATE TABLE `filter_translations` (
  `id` bigint(20) UNSIGNED NOT NULL,
  `filter_id` int(10) UNSIGNED NOT NULL,
  `locale` varchar(255) NOT NULL,
  `title` varchar(255) NOT NULL
) ENGINE=InnoDB DEFAULT CHARSET=utf8mb4 COLLATE=utf8mb4_unicode_ci;

--
-- Dumping data for table `filter_translations`
--

INSERT INTO `filter_translations` (`id`, `filter_id`, `locale`, `title`) VALUES
(1, 1805, 'en', 'Level'),
(2, 1806, 'en', 'Level'),
(3, 1807, 'en', 'Level'),
(4, 1808, 'en', 'Level'),
(5, 1809, 'en', 'Level'),
(6, 1810, 'en', 'Level'),
(7, 1811, 'en', 'Level'),
(8, 1812, 'en', 'Level'),
(9, 1813, 'en', 'Level'),
(10, 1814, 'en', 'Level'),
(11, 1815, 'en', 'Level'),
(12, 1816, 'en', 'Level'),
(13, 1817, 'en', 'Level'),
(14, 1818, 'en', 'Level'),
(15, 1819, 'en', 'Language'),
(16, 1820, 'en', 'Language'),
(17, 1821, 'en', 'Language'),
(18, 1822, 'en', 'Language'),
(19, 1823, 'en', 'Language'),
(20, 1824, 'en', 'Language'),
(21, 1825, 'en', 'Language'),
(22, 1826, 'en', 'Language'),
(23, 1827, 'en', 'Language'),
(24, 1829, 'en', 'Language'),
(25, 1830, 'en', 'Language'),
(26, 1831, 'en', 'Language'),
(27, 1832, 'en', 'Language'),
(28, 1833, 'en', 'Language'),
(29, 1834, 'en', 'Topic'),
(30, 1835, 'en', 'Topic'),
(31, 1836, 'en', 'Topic'),
(32, 1837, 'en', 'Topic'),
(33, 1838, 'en', 'Topic'),
(34, 1839, 'en', 'Topic'),
(35, 1840, 'en', 'Topic'),
(36, 1841, 'en', 'Topic'),
(37, 1842, 'en', 'Topic'),
(38, 1843, 'en', 'Topic'),
(39, 1844, 'en', 'Topic'),
(40, 1845, 'en', 'Topic'),
(41, 1846, 'en', 'Topic'),
(42, 1847, 'en', 'Topic');

-- --------------------------------------------------------

--
-- Table structure for table `floating_bars`
--

CREATE TABLE `floating_bars` (
  `id` int(10) UNSIGNED NOT NULL,
  `start_at` bigint(20) DEFAULT NULL,
  `end_at` bigint(20) DEFAULT NULL,
  `title_color` varchar(255) DEFAULT NULL,
  `description_color` varchar(255) DEFAULT NULL,
  `icon` varchar(255) DEFAULT NULL,
  `background_color` varchar(255) DEFAULT NULL,
  `background_image` varchar(255) DEFAULT NULL,
  `btn_url` varchar(255) DEFAULT NULL,
  `btn_color` varchar(255) DEFAULT NULL,
  `btn_text_color` varchar(255) DEFAULT NULL,
  `bar_height` int(11) DEFAULT NULL,
  `position` enum('top','bottom') NOT NULL,
  `fixed` tinyint(1) NOT NULL DEFAULT 0,
  `enable` tinyint(1) NOT NULL DEFAULT 0
) ENGINE=InnoDB DEFAULT CHARSET=utf8mb4 COLLATE=utf8mb4_unicode_ci;

--
-- Dumping data for table `floating_bars`
--

INSERT INTO `floating_bars` (`id`, `start_at`, `end_at`, `title_color`, `description_color`, `icon`, `background_color`, `background_image`, `btn_url`, `btn_color`, `btn_text_color`, `bar_height`, `position`, `fixed`, `enable`) VALUES
(2, 1678456800, 1755727200, '#ffffff', '#b5c1d4', '/store/1/themes/general/bar_icon.svg', '#1f3b64', '/store/1/themes/general/bar_background.svg', '/classes?discount=on', '#0170ff', '#ffffff', 70, 'top', 1, 0);

-- --------------------------------------------------------

--
-- Table structure for table `floating_bar_translations`
--

CREATE TABLE `floating_bar_translations` (
  `id` int(10) UNSIGNED NOT NULL,
  `floating_bar_id` int(10) UNSIGNED NOT NULL,
  `locale` varchar(255) NOT NULL,
  `title` varchar(255) DEFAULT NULL,
  `description` text DEFAULT NULL,
  `btn_text` varchar(255) DEFAULT NULL
) ENGINE=InnoDB DEFAULT CHARSET=utf8mb4 COLLATE=utf8mb4_unicode_ci;

--
-- Dumping data for table `floating_bar_translations`
--

INSERT INTO `floating_bar_translations` (`id`, `floating_bar_id`, `locale`, `title`, `description`, `btn_text`) VALUES
(3, 2, 'en', 'New Years Day Celebration', 'Get all courses with 50 to 70% off without any limitation', 'View Courses');

-- --------------------------------------------------------

--
-- Table structure for table `follows`
--

CREATE TABLE `follows` (
  `id` int(10) UNSIGNED NOT NULL,
  `follower` int(10) UNSIGNED NOT NULL,
  `user_id` int(10) UNSIGNED NOT NULL,
  `status` enum('requested','accepted','rejected') NOT NULL
) ENGINE=InnoDB DEFAULT CHARSET=utf8mb4 COLLATE=utf8mb4_unicode_ci ROW_FORMAT=DYNAMIC;

--
-- Dumping data for table `follows`
--

INSERT INTO `follows` (`id`, `follower`, `user_id`, `status`) VALUES
(20, 995, 1015, 'accepted');

-- --------------------------------------------------------

--
-- Table structure for table `forms`
--

CREATE TABLE `forms` (
  `id` int(10) UNSIGNED NOT NULL,
  `url` varchar(255) NOT NULL,
  `cover` varchar(255) DEFAULT NULL,
  `image` varchar(255) DEFAULT NULL,
  `header_icon` varchar(255) DEFAULT NULL,
  `header_overlay_image` varchar(255) DEFAULT NULL,
  `enable_login` tinyint(1) NOT NULL DEFAULT 0,
  `enable_resubmission` tinyint(1) NOT NULL DEFAULT 0,
  `enable_welcome_message` tinyint(1) NOT NULL DEFAULT 0,
  `enable_tank_you_message` tinyint(1) NOT NULL DEFAULT 0,
  `welcome_message_image` varchar(255) DEFAULT NULL,
  `tank_you_message_image` varchar(255) DEFAULT NULL,
  `start_date` bigint(20) UNSIGNED DEFAULT NULL,
  `end_date` bigint(20) UNSIGNED DEFAULT NULL,
  `enable` tinyint(1) NOT NULL DEFAULT 0,
  `created_at` bigint(20) UNSIGNED NOT NULL
) ENGINE=InnoDB DEFAULT CHARSET=utf8mb4 COLLATE=utf8mb4_unicode_ci;

--
-- Dumping data for table `forms`
--

INSERT INTO `forms` (`id`, `url`, `cover`, `image`, `header_icon`, `header_overlay_image`, `enable_login`, `enable_resubmission`, `enable_welcome_message`, `enable_tank_you_message`, `welcome_message_image`, `tank_you_message_image`, `start_date`, `end_date`, `enable`, `created_at`) VALUES
(2, 'teacher_form', '/store/1/default_images/16.jpg', '/store/1/default_images/about.png', NULL, NULL, 1, 1, 1, 1, '/store/1/default_images/welcome.jpg', '/store/1/default_images/thank_you.jpg', 1694894400, 1789592400, 1, 1694945521);

-- --------------------------------------------------------

--
-- Table structure for table `form_fields`
--

CREATE TABLE `form_fields` (
  `id` int(10) UNSIGNED NOT NULL,
  `form_id` int(10) UNSIGNED NOT NULL,
  `type` enum('input','number','upload','date_picker','toggle','textarea','dropdown','checkbox','radio') NOT NULL,
  `order` int(11) DEFAULT NULL,
  `required` tinyint(1) NOT NULL DEFAULT 0
) ENGINE=InnoDB DEFAULT CHARSET=utf8mb4 COLLATE=utf8mb4_unicode_ci;

--
-- Dumping data for table `form_fields`
--

INSERT INTO `form_fields` (`id`, `form_id`, `type`, `order`, `required`) VALUES
(1, 2, 'input', 1, 1),
(2, 2, 'input', 2, 1),
(3, 2, 'number', 4, 1),
(4, 2, 'date_picker', 5, 1),
(5, 2, 'input', 6, 1),
(6, 2, 'number', 7, 0),
(7, 2, 'radio', 3, 1),
(8, 2, 'textarea', 8, 0),
(9, 2, 'dropdown', 9, 1),
(10, 2, 'checkbox', 10, 0),
(11, 2, 'toggle', 12, 1),
(12, 2, 'upload', 11, 1);

-- --------------------------------------------------------

--
-- Table structure for table `form_field_options`
--

CREATE TABLE `form_field_options` (
  `id` int(10) UNSIGNED NOT NULL,
  `form_field_id` int(10) UNSIGNED NOT NULL,
  `order` int(11) DEFAULT NULL
) ENGINE=InnoDB DEFAULT CHARSET=utf8mb4 COLLATE=utf8mb4_unicode_ci;

--
-- Dumping data for table `form_field_options`
--

INSERT INTO `form_field_options` (`id`, `form_field_id`, `order`) VALUES
(1, 7, NULL),
(2, 7, NULL),
(3, 9, NULL),
(4, 9, NULL),
(5, 10, NULL),
(6, 10, NULL),
(7, 10, NULL),
(8, 10, NULL),
(9, 10, NULL),
(10, 10, NULL);

-- --------------------------------------------------------

--
-- Table structure for table `form_field_option_translations`
--

CREATE TABLE `form_field_option_translations` (
  `id` int(10) UNSIGNED NOT NULL,
  `form_field_option_id` int(10) UNSIGNED NOT NULL,
  `locale` varchar(255) NOT NULL,
  `title` varchar(255) NOT NULL
) ENGINE=InnoDB DEFAULT CHARSET=utf8mb4 COLLATE=utf8mb4_unicode_ci;

--
-- Dumping data for table `form_field_option_translations`
--

INSERT INTO `form_field_option_translations` (`id`, `form_field_option_id`, `locale`, `title`) VALUES
(1, 1, 'en', 'Male'),
(2, 2, 'en', 'Female'),
(3, 3, 'en', 'YES'),
(4, 4, 'en', 'NO'),
(5, 5, 'en', 'Benefits'),
(6, 6, 'en', 'Company reputation'),
(7, 7, 'en', 'Location'),
(8, 8, 'en', 'Salary'),
(9, 9, 'en', 'To gain experience'),
(10, 10, 'en', 'Other');

-- --------------------------------------------------------

--
-- Table structure for table `form_field_translations`
--

CREATE TABLE `form_field_translations` (
  `id` int(10) UNSIGNED NOT NULL,
  `form_field_id` int(10) UNSIGNED NOT NULL,
  `locale` varchar(255) NOT NULL,
  `title` varchar(255) NOT NULL
) ENGINE=InnoDB DEFAULT CHARSET=utf8mb4 COLLATE=utf8mb4_unicode_ci;

--
-- Dumping data for table `form_field_translations`
--

INSERT INTO `form_field_translations` (`id`, `form_field_id`, `locale`, `title`) VALUES
(1, 1, 'en', 'First Name'),
(2, 2, 'en', 'Last Name'),
(3, 3, 'en', 'Age'),
(4, 4, 'en', 'Date of Birth'),
(5, 5, 'en', 'Address'),
(6, 6, 'en', 'Mobile Number'),
(7, 7, 'en', 'Gender'),
(8, 8, 'en', 'Educational Background'),
(9, 9, 'en', 'Have you had any previous experience with teaching?'),
(10, 10, 'en', 'What determined you to apply for this position?'),
(11, 11, 'en', 'I accept the terms and rules'),
(12, 12, 'en', 'ID Card Image');

-- --------------------------------------------------------

--
-- Table structure for table `form_roles_users_groups`
--

CREATE TABLE `form_roles_users_groups` (
  `id` int(10) UNSIGNED NOT NULL,
  `form_id` int(10) UNSIGNED NOT NULL,
  `role_id` int(10) UNSIGNED DEFAULT NULL,
  `user_id` int(10) UNSIGNED DEFAULT NULL,
  `group_id` int(10) UNSIGNED DEFAULT NULL
) ENGINE=InnoDB DEFAULT CHARSET=utf8mb4 COLLATE=utf8mb4_unicode_ci;

--
-- Dumping data for table `form_roles_users_groups`
--

INSERT INTO `form_roles_users_groups` (`id`, `form_id`, `role_id`, `user_id`, `group_id`) VALUES
(14, 2, 2, NULL, NULL),
(15, 2, 3, NULL, NULL),
(16, 2, 4, NULL, NULL);

-- --------------------------------------------------------

--
-- Table structure for table `form_submissions`
--

CREATE TABLE `form_submissions` (
  `id` int(10) UNSIGNED NOT NULL,
  `user_id` int(10) UNSIGNED DEFAULT NULL,
  `form_id` int(10) UNSIGNED NOT NULL,
  `created_at` bigint(20) UNSIGNED NOT NULL
) ENGINE=InnoDB DEFAULT CHARSET=utf8mb4 COLLATE=utf8mb4_unicode_ci;

--
-- Dumping data for table `form_submissions`
--

INSERT INTO `form_submissions` (`id`, `user_id`, `form_id`, `created_at`) VALUES
(1, 923, 2, 1694963232),
(2, 870, 2, 1694965076),
(3, 3, 2, 1694970500);

-- --------------------------------------------------------

--
-- Table structure for table `form_submission_items`
--

CREATE TABLE `form_submission_items` (
  `id` int(10) UNSIGNED NOT NULL,
  `submission_id` int(10) UNSIGNED NOT NULL,
  `form_field_id` int(10) UNSIGNED NOT NULL,
  `value` text DEFAULT NULL
) ENGINE=InnoDB DEFAULT CHARSET=utf8mb4 COLLATE=utf8mb4_unicode_ci;

--
-- Dumping data for table `form_submission_items`
--

INSERT INTO `form_submission_items` (`id`, `submission_id`, `form_field_id`, `value`) VALUES
(1, 1, 1, 'John'),
(2, 1, 2, 'Powe'),
(3, 1, 7, '1'),
(4, 1, 3, '34'),
(5, 1, 4, '1990-09-15 00:00'),
(6, 1, 5, '645-2366 Aliquam Street'),
(7, 1, 6, '4467867995'),
(8, 1, 8, 'Associate of Business Administration from Imperial College London\r\nBachelor of International Business Economics from the University of Cambridge\r\nMaster of Business Administration from King\'s College London'),
(9, 1, 9, '3'),
(10, 1, 10, '[\"9\"]'),
(11, 1, 11, 'on'),
(12, 2, 1, 'Jessica'),
(13, 2, 2, 'Wray'),
(14, 2, 7, '2'),
(15, 2, 3, '29'),
(16, 2, 4, '1994-07-20 00:00'),
(17, 2, 5, '100 Cove Harbor S'),
(18, 2, 6, '1365758544'),
(19, 2, 8, 'I’m a certified coach and author. Over the years I\'ve worked with and coached 100,000 students from all over the world.\r\nMy expertise includes science-based personal development, health & fitness advice in the following areas:\r\n- Self Improvement\r\n- Life Coaching\r\n- Stress Management\r\n- Muscle Growth & Fat Loss\r\n- Healthy Living & Meal Planning\r\n- Gym Workouts & Bodybuilding'),
(20, 2, 9, '3'),
(21, 2, 10, '[\"9\",\"8\"]'),
(22, 2, 11, 'on'),
(23, 2, 12, '/store/1015/passport.jpg'),
(24, 1, 12, '/store/1015/passport.jpg'),
(25, 3, 1, 'James'),
(26, 3, 2, 'Kong'),
(27, 3, 7, '1'),
(28, 3, 3, '20'),
(29, 3, 4, '2003-08-13'),
(30, 3, 5, '522 Broadway WIGAN WN75 9RV'),
(31, 3, 6, '12085141324'),
(32, 3, 8, 'Associate of Applied Business from Stanford University\r\nBachelor of Science in Business from Harvard University\r\nMaster of Computational Finance from University of Chicago'),
(33, 3, 9, '4'),
(34, 3, 10, '[\"9\"]'),
(35, 3, 12, '/store/3/passport.jpg'),
(36, 3, 11, 'on');

-- --------------------------------------------------------

--
-- Table structure for table `form_translations`
--

CREATE TABLE `form_translations` (
  `id` int(10) UNSIGNED NOT NULL,
  `form_id` int(10) UNSIGNED NOT NULL,
  `locale` varchar(255) NOT NULL,
  `title` varchar(255) NOT NULL,
  `subtitle` text DEFAULT NULL,
  `heading_title` varchar(255) DEFAULT NULL,
  `description` text DEFAULT NULL,
  `welcome_message_title` varchar(255) DEFAULT NULL,
  `welcome_message_description` text DEFAULT NULL,
  `tank_you_message_title` varchar(255) DEFAULT NULL,
  `tank_you_message_description` text DEFAULT NULL
) ENGINE=InnoDB DEFAULT CHARSET=utf8mb4 COLLATE=utf8mb4_unicode_ci;

--
-- Dumping data for table `form_translations`
--

INSERT INTO `form_translations` (`id`, `form_id`, `locale`, `title`, `subtitle`, `heading_title`, `description`, `welcome_message_title`, `welcome_message_description`, `tank_you_message_title`, `tank_you_message_description`) VALUES
(2, 2, 'en', 'Teacher Registration Form', NULL, 'Teacher Registration Form', '<div>We appreciate your interest in becoming a part of our dedicated team of educators. As a teacher, you play a crucial role in shaping the future and empowering the next generation with knowledge and skills.</div><div><br></div><div>This registration form is designed to collect essential information about your qualifications and background. Your input will help us assess your suitability for a teaching position within our institution. Please take your time to complete the form accurately, as it will serve as the foundation of our evaluation process.</div><div><br></div><div>If you encounter any questions or need assistance while filling out this form, our support team is readily available to provide guidance and address your queries.</div><div><br></div><div>Thank you for considering us as the platform for your teaching journey. We believe in the power of education to transform lives, and we look forward to the possibility of having you on board to make a positive impact on our students.</div><div><br></div><div>Let\'s begin the registration process, and we wish you the best of luck in your pursuit of a fulfilling teaching career with us!</div>', 'Welcome To Rocket LMS', 'We are delighted that you have chosen to join our esteemed educational institution. Your commitment to education is greatly appreciated, and we look forward to having you as part of our team.\r\n\r\nThis registration form is the first step in the process of becoming a valued member of our teaching staff. Your expertise and passion for teaching are integral to our mission of providing a high-quality education to our students.\r\n\r\nPlease complete this form with accuracy and detail, as it will help us better understand your qualifications and preferences. If you have any questions or require assistance during the registration process, our dedicated support team is here to help.\r\n\r\nThank you for choosing to embark on this journey with us. Together, we can make a positive impact on the lives of our students and inspire them to achieve their full potential.\r\n\r\nLet\'s get started with your registration, and once again, welcome aboard!', 'Thank you for your submission', 'Your interest in joining our educational institution as a teacher is greatly appreciated. We value your dedication to the field of education and your willingness to be a part of our team.\r\n\r\nYour registration is an important step in our selection process, and we will carefully review the information you\'ve provided. Should we require any further details or have additional questions, our team will reach out to you promptly.\r\n\r\nWe understand that becoming a teacher is a significant commitment, and we are excited about the potential you bring to our institution. Your passion and expertise will undoubtedly contribute to the growth and success of our students.\r\n\r\nOnce again, thank you for taking the time to register with us. We will be in touch soon with updates on your application status. We look forward to the possibility of working together to create a positive and inspiring educational experience for all.');

-- --------------------------------------------------------

--
-- Table structure for table `forums`
--

CREATE TABLE `forums` (
  `id` int(10) UNSIGNED NOT NULL,
  `slug` varchar(255) NOT NULL,
  `role_id` int(10) UNSIGNED DEFAULT NULL,
  `group_id` int(10) UNSIGNED DEFAULT NULL,
  `parent_id` int(10) UNSIGNED DEFAULT NULL,
  `icon` varchar(255) DEFAULT NULL,
  `cover` varchar(255) DEFAULT NULL,
  `status` enum('disabled','active') DEFAULT NULL,
  `close` tinyint(1) NOT NULL DEFAULT 0,
  `order` int(11) DEFAULT NULL
) ENGINE=InnoDB DEFAULT CHARSET=utf8mb4 COLLATE=utf8mb4_unicode_ci;

--
-- Dumping data for table `forums`
--

INSERT INTO `forums` (`id`, `slug`, `role_id`, `group_id`, `parent_id`, `icon`, `cover`, `status`, `close`, `order`) VALUES
(1, 'Lifestyle', NULL, NULL, NULL, '/store/1/default_images/forums/icons/makeup.png', NULL, 'active', 0, NULL),
(2, 'Beauty-Makeup', NULL, NULL, 1, '/store/1/default_images/forums/icons/makeup.png', NULL, 'active', 0, 1),
(3, 'Food-Beverage', NULL, NULL, 1, '/store/1/default_images/forums/icons/donut.png', NULL, 'active', 0, 2),
(4, 'Travel', NULL, NULL, 1, '/store/1/default_images/forums/icons/airplane.png', NULL, 'active', 0, 3),
(5, 'Music', NULL, NULL, NULL, '/store/1/default_images/forums/icons/love-song.png', NULL, 'active', 0, NULL),
(6, 'Marketing', NULL, NULL, NULL, '/store/1/default_images/forums/icons/advertising.png', NULL, 'active', 0, NULL),
(7, 'Digital-Marketing', NULL, NULL, 6, '/store/1/default_images/forums/icons/digital-marketing.png', NULL, 'active', 0, 1),
(8, 'Public-Relations', NULL, NULL, 6, '/store/1/default_images/forums/icons/security.png', NULL, 'active', 0, 2),
(9, 'Advertising', NULL, NULL, 6, '/store/1/default_images/forums/icons/ads.png', NULL, 'active', 0, 3),
(10, 'Social-Media', NULL, NULL, 6, '/store/1/default_images/forums/icons/twitter.png', NULL, 'active', 0, 4);

-- --------------------------------------------------------

--
-- Table structure for table `forum_featured_topics`
--

CREATE TABLE `forum_featured_topics` (
  `id` int(10) UNSIGNED NOT NULL,
  `topic_id` int(10) UNSIGNED NOT NULL,
  `icon` varchar(255) NOT NULL,
  `created_at` bigint(20) UNSIGNED NOT NULL
) ENGINE=InnoDB DEFAULT CHARSET=utf8mb4 COLLATE=utf8mb4_unicode_ci;

--
-- Dumping data for table `forum_featured_topics`
--

INSERT INTO `forum_featured_topics` (`id`, `topic_id`, `icon`, `created_at`) VALUES
(1, 9, '/store/1/default_images/forums/icons/featured_forum4.svg', 1655791906),
(2, 8, '/store/1/default_images/forums/icons/featured_forum3.svg', 1655793090),
(3, 5, '/store/1/default_images/forums/icons/featured_forum2.svg', 1655793433),
(4, 10, '/store/1/default_images/forums/icons/featured_forum1.svg', 1656100506);

-- --------------------------------------------------------

--
-- Table structure for table `forum_recommended_topics`
--

CREATE TABLE `forum_recommended_topics` (
  `id` int(10) UNSIGNED NOT NULL,
  `icon` varchar(255) NOT NULL,
  `created_at` bigint(20) UNSIGNED NOT NULL
) ENGINE=InnoDB DEFAULT CHARSET=utf8mb4 COLLATE=utf8mb4_unicode_ci;

--
-- Dumping data for table `forum_recommended_topics`
--

INSERT INTO `forum_recommended_topics` (`id`, `icon`, `created_at`) VALUES
(1, '/store/1/default_images/forums/icons/recommended_topic_4.png', 1655794486),
(2, '/store/1/default_images/forums/icons/recommended_topic_3.png', 1655796024),
(3, '/store/1/default_images/forums/icons/recommended_topic_2.png', 1655796482),
(4, '/store/1/default_images/forums/icons/recommended_topic_1.png', 1655796824);

-- --------------------------------------------------------

--
-- Table structure for table `forum_recommended_topic_items`
--

CREATE TABLE `forum_recommended_topic_items` (
  `id` int(10) UNSIGNED NOT NULL,
  `recommended_topic_id` int(10) UNSIGNED NOT NULL,
  `topic_id` int(10) UNSIGNED NOT NULL,
  `created_at` bigint(20) UNSIGNED NOT NULL
) ENGINE=InnoDB DEFAULT CHARSET=utf8mb4 COLLATE=utf8mb4_unicode_ci;

--
-- Dumping data for table `forum_recommended_topic_items`
--

INSERT INTO `forum_recommended_topic_items` (`id`, `recommended_topic_id`, `topic_id`, `created_at`) VALUES
(55, 4, 2, 1749370032),
(56, 4, 3, 1749370032),
(57, 4, 7, 1749370032),
(58, 4, 9, 1749370032),
(59, 4, 10, 1749370032),
(60, 3, 7, 1749370199),
(61, 3, 9, 1749370199),
(62, 3, 4, 1749370199),
(63, 3, 2, 1749370199),
(64, 3, 10, 1749370199),
(65, 2, 4, 1749370273),
(66, 2, 7, 1749370273),
(67, 2, 8, 1749370273),
(68, 2, 9, 1749370273),
(69, 2, 10, 1749370273),
(70, 1, 9, 1749370346),
(71, 1, 8, 1749370346),
(72, 1, 7, 1749370346),
(73, 1, 3, 1749370346),
(74, 1, 10, 1749370346);

-- --------------------------------------------------------

--
-- Table structure for table `forum_recommended_topic_translations`
--

CREATE TABLE `forum_recommended_topic_translations` (
  `id` bigint(20) UNSIGNED NOT NULL,
  `forum_recommended_topic_id` int(10) UNSIGNED NOT NULL,
  `locale` varchar(191) NOT NULL,
  `title` varchar(255) NOT NULL,
  `subtitle` text NOT NULL
) ENGINE=InnoDB DEFAULT CHARSET=utf8mb4 COLLATE=utf8mb4_general_ci;

--
-- Dumping data for table `forum_recommended_topic_translations`
--

INSERT INTO `forum_recommended_topic_translations` (`id`, `forum_recommended_topic_id`, `locale`, `title`, `subtitle`) VALUES
(1, 4, 'en', 'Time Management', 'Learn to prioritize tasks, set goals, and boost productivity daily'),
(2, 3, 'en', 'Financial Management', 'Master budgeting, saving, and investing to manage money wisely'),
(3, 2, 'en', 'Marketing Strategy', 'Learn to plan, execute, and optimize campaigns for business growth'),
(4, 1, 'en', 'Task Management', 'Organize, prioritize, and track tasks to boost daily productivity efficiently');

-- --------------------------------------------------------

--
-- Table structure for table `forum_topic_attachments`
--

CREATE TABLE `forum_topic_attachments` (
  `id` int(10) UNSIGNED NOT NULL,
  `creator_id` int(10) UNSIGNED NOT NULL,
  `topic_id` int(10) UNSIGNED NOT NULL,
  `path` varchar(255) NOT NULL
) ENGINE=InnoDB DEFAULT CHARSET=utf8mb4 COLLATE=utf8mb4_unicode_ci;

--
-- Dumping data for table `forum_topic_attachments`
--

INSERT INTO `forum_topic_attachments` (`id`, `creator_id`, `topic_id`, `path`) VALUES
(1, 1017, 3, '/store/1017/background-sea-water.jpg');

-- --------------------------------------------------------

--
-- Table structure for table `forum_topic_bookmarks`
--

CREATE TABLE `forum_topic_bookmarks` (
  `id` int(10) UNSIGNED NOT NULL,
  `user_id` int(10) UNSIGNED NOT NULL,
  `topic_id` int(10) UNSIGNED NOT NULL,
  `created_at` bigint(20) UNSIGNED NOT NULL
) ENGINE=InnoDB DEFAULT CHARSET=utf8mb4 COLLATE=utf8mb4_unicode_ci;

-- --------------------------------------------------------

--
-- Table structure for table `forum_topic_likes`
--

CREATE TABLE `forum_topic_likes` (
  `id` int(10) UNSIGNED NOT NULL,
  `user_id` int(10) UNSIGNED NOT NULL,
  `topic_id` int(10) UNSIGNED DEFAULT NULL,
  `topic_post_id` int(10) UNSIGNED DEFAULT NULL
) ENGINE=InnoDB DEFAULT CHARSET=utf8mb4 COLLATE=utf8mb4_unicode_ci;

-- --------------------------------------------------------

--
-- Table structure for table `forum_topic_reports`
--

CREATE TABLE `forum_topic_reports` (
  `id` int(10) UNSIGNED NOT NULL,
  `user_id` int(10) UNSIGNED NOT NULL,
  `topic_id` int(10) UNSIGNED DEFAULT NULL,
  `topic_post_id` int(10) UNSIGNED DEFAULT NULL,
  `message` text NOT NULL,
  `created_at` bigint(20) UNSIGNED NOT NULL
) ENGINE=InnoDB DEFAULT CHARSET=utf8mb4 COLLATE=utf8mb4_unicode_ci;

--
-- Dumping data for table `forum_topic_reports`
--

INSERT INTO `forum_topic_reports` (`id`, `user_id`, `topic_id`, `topic_post_id`, `message`, `created_at`) VALUES
(1, 996, NULL, 18, 'This is a spam comment.', 1656323052);

-- --------------------------------------------------------

--
-- Table structure for table `forum_topic_visits`
--

CREATE TABLE `forum_topic_visits` (
  `id` int(10) UNSIGNED NOT NULL,
  `forum_id` int(10) UNSIGNED DEFAULT NULL,
  `topic_id` int(10) UNSIGNED DEFAULT NULL,
  `user_id` int(10) UNSIGNED DEFAULT NULL,
  `uid` varchar(255) DEFAULT NULL,
  `created_at` bigint(20) UNSIGNED NOT NULL
) ENGINE=InnoDB DEFAULT CHARSET=utf8mb4 COLLATE=utf8mb4_general_ci;

-- --------------------------------------------------------

--
-- Table structure for table `forum_translations`
--

CREATE TABLE `forum_translations` (
  `id` bigint(20) UNSIGNED NOT NULL,
  `forum_id` int(10) UNSIGNED NOT NULL,
  `locale` varchar(255) NOT NULL,
  `title` varchar(255) NOT NULL,
  `description` text DEFAULT NULL
) ENGINE=InnoDB DEFAULT CHARSET=utf8mb4 COLLATE=utf8mb4_unicode_ci;

--
-- Dumping data for table `forum_translations`
--

INSERT INTO `forum_translations` (`id`, `forum_id`, `locale`, `title`, `description`) VALUES
(1, 1, 'en', 'Lifestyle', 'Lifestyle is the interests, opinions, behaviours, and behavioural orientations of an individual, group, or culture. The term was introduced by Austrian psychologist Alfred Adler in his 1929 book, The Case of Miss R., with the meaning of \"a person\'s basic character as established early in childhood\".'),
(2, 2, 'en', 'Beauty & Makeup', 'How to create your natural skincare perfect'),
(3, 3, 'en', 'Food & Beverage', 'A practical forum to take your cooking skills from dull to delicious'),
(4, 4, 'en', 'Travel', 'How You Can Afford a Life of Travel and Adventure!'),
(5, 5, 'en', 'Music', 'Discuss music with The World\'s Top instructors'),
(6, 6, 'en', 'Marketing', 'Marketing is the process of exploring.'),
(7, 7, 'en', 'Digital Marketing', 'Master Digital Marketing Strategy'),
(8, 8, 'en', 'Public Relations', 'Everything you need to know to be successful at PR'),
(9, 9, 'en', 'Advertising', 'Learn the inner workings of a massive digital industry'),
(10, 10, 'en', 'Social Media', 'MASTER online marketing on Twitter, Pinterest, Instagram');

-- --------------------------------------------------------

--
-- Table structure for table `gifts`
--

CREATE TABLE `gifts` (
  `id` int(10) UNSIGNED NOT NULL,
  `user_id` int(10) UNSIGNED NOT NULL,
  `webinar_id` int(10) UNSIGNED DEFAULT NULL,
  `bundle_id` int(10) UNSIGNED DEFAULT NULL,
  `product_id` int(10) UNSIGNED DEFAULT NULL,
  `name` varchar(255) NOT NULL,
  `email` varchar(255) NOT NULL,
  `date` bigint(20) UNSIGNED DEFAULT NULL,
  `description` text DEFAULT NULL,
  `viewed` tinyint(1) NOT NULL DEFAULT 0 COMMENT 'for show modal in recipient user panel',
  `status` enum('active','pending','cancel') DEFAULT 'pending',
  `created_at` bigint(20) UNSIGNED NOT NULL
) ENGINE=InnoDB DEFAULT CHARSET=utf8mb4 COLLATE=utf8mb4_unicode_ci;

--
-- Dumping data for table `gifts`
--

INSERT INTO `gifts` (`id`, `user_id`, `webinar_id`, `bundle_id`, `product_id`, `name`, `email`, `date`, `description`, `viewed`, `status`, `created_at`) VALUES
(6, 979, 2004, NULL, NULL, 'Cameron Schofield', 'student@demo.com', 1678890600, 'Hi, Dear Cameron.\r\nI hope to this course be helpful for you.\r\nFrom Morgan.', 1, 'active', 1678919415);

-- --------------------------------------------------------

--
-- Table structure for table `groups`
--

CREATE TABLE `groups` (
  `id` int(10) UNSIGNED NOT NULL,
  `creator_id` int(10) UNSIGNED NOT NULL,
  `name` varchar(64) DEFAULT NULL,
  `discount` int(11) DEFAULT NULL,
  `status` enum('active','inactive') NOT NULL DEFAULT 'inactive',
  `created_at` int(10) UNSIGNED NOT NULL
) ENGINE=InnoDB DEFAULT CHARSET=utf8mb4 COLLATE=utf8mb4_unicode_ci ROW_FORMAT=DYNAMIC;

--
-- Dumping data for table `groups`
--

INSERT INTO `groups` (`id`, `creator_id`, `name`, `discount`, `status`, `created_at`) VALUES
(2, 1, 'Vip Instructors', 20, 'active', 1613379096),
(3, 1, 'Special Students', 10, 'active', 1614530208);

-- --------------------------------------------------------

--
-- Table structure for table `groups_registration_packages`
--

CREATE TABLE `groups_registration_packages` (
  `id` bigint(20) UNSIGNED NOT NULL,
  `group_id` int(10) UNSIGNED NOT NULL,
  `instructors_count` int(11) DEFAULT NULL,
  `students_count` int(11) DEFAULT NULL,
  `courses_capacity` int(11) DEFAULT NULL,
  `courses_count` int(11) DEFAULT NULL,
  `meeting_count` int(11) DEFAULT NULL,
  `status` enum('disabled','active') NOT NULL,
  `created_at` int(10) UNSIGNED NOT NULL
) ENGINE=InnoDB DEFAULT CHARSET=utf8mb4 COLLATE=utf8mb4_unicode_ci;

-- --------------------------------------------------------

--
-- Table structure for table `group_users`
--

CREATE TABLE `group_users` (
  `id` int(10) UNSIGNED NOT NULL,
  `group_id` int(10) UNSIGNED NOT NULL,
  `user_id` int(10) UNSIGNED NOT NULL,
  `created_at` int(10) UNSIGNED NOT NULL
) ENGINE=InnoDB DEFAULT CHARSET=utf8mb4 COLLATE=utf8mb4_unicode_ci ROW_FORMAT=DYNAMIC;

--
-- Dumping data for table `group_users`
--

INSERT INTO `group_users` (`id`, `group_id`, `user_id`, `created_at`) VALUES
(64, 3, 996, 1625974235),
(65, 2, 3, 1625974258),
(66, 2, 1016, 1625974260);

-- --------------------------------------------------------

--
-- Table structure for table `home_page_statistics`
--

CREATE TABLE `home_page_statistics` (
  `id` int(10) UNSIGNED NOT NULL,
  `icon` varchar(255) NOT NULL,
  `color` varchar(255) NOT NULL,
  `count` int(10) UNSIGNED NOT NULL,
  `order` int(10) UNSIGNED DEFAULT NULL,
  `created_at` bigint(20) UNSIGNED NOT NULL
) ENGINE=InnoDB DEFAULT CHARSET=utf8mb4 COLLATE=utf8mb4_unicode_ci;

--
-- Dumping data for table `home_page_statistics`
--

INSERT INTO `home_page_statistics` (`id`, `icon`, `color`, `count`, `order`, `created_at`) VALUES
(2, '/store/1/default_images/trend_categories_icons/chess.png', '#c95d63', 20, 1, 1675870234),
(3, '/store/1/default_images/trend_categories_icons/palette.png', '#496ddb', 12, 4, 1675870276),
(4, '/store/1/default_images/trend_categories_icons/connection.png', '#717ec3', 16, 3, 1675870320),
(5, '/store/1/default_images/trend_categories_icons/family.png', '#ae8799', 78, 2, 1675870418);

-- --------------------------------------------------------

--
-- Table structure for table `home_page_statistic_translations`
--

CREATE TABLE `home_page_statistic_translations` (
  `id` int(10) UNSIGNED NOT NULL,
  `home_page_statistic_id` int(10) UNSIGNED NOT NULL,
  `locale` varchar(255) NOT NULL,
  `title` varchar(255) NOT NULL,
  `description` text NOT NULL
) ENGINE=InnoDB DEFAULT CHARSET=utf8mb4 COLLATE=utf8mb4_unicode_ci;

--
-- Dumping data for table `home_page_statistic_translations`
--

INSERT INTO `home_page_statistic_translations` (`id`, `home_page_statistic_id`, `locale`, `title`, `description`) VALUES
(2, 2, 'en', 'Skillful Instructors', 'Start learning from experienced instructors.'),
(3, 3, 'en', 'Video Courses', 'Learn without any geographical & time limitations.'),
(4, 4, 'en', 'Live Classes', 'Improve your skills using live knowledge flow.'),
(5, 5, 'en', 'Happy Students', 'are available to help you by their knowledge');

-- --------------------------------------------------------

--
-- Table structure for table `home_sections`
--

CREATE TABLE `home_sections` (
  `id` int(10) UNSIGNED NOT NULL,
  `name` enum('featured_classes','latest_bundles','latest_classes','best_rates','trend_categories','full_advertising_banner','best_sellers','discount_classes','free_classes','store_products','testimonials','subscribes','find_instructors','reward_program','become_instructor','forum_section','video_or_image_section','instructors','half_advertising_banner','organizations','blog','upcoming_courses') NOT NULL,
  `order` int(10) UNSIGNED NOT NULL
) ENGINE=InnoDB DEFAULT CHARSET=utf8mb4 COLLATE=utf8mb4_unicode_ci;

--
-- Dumping data for table `home_sections`
--

INSERT INTO `home_sections` (`id`, `name`, `order`) VALUES
(1, 'latest_classes', 2),
(2, 'featured_classes', 1),
(3, 'latest_bundles', 3),
(4, 'best_rates', 5),
(5, 'best_sellers', 7),
(6, 'free_classes', 8),
(7, 'trend_categories', 6),
(8, 'full_advertising_banner', 9),
(9, 'discount_classes', 10),
(10, 'store_products', 11),
(11, 'subscribes', 12),
(12, 'become_instructor', 13),
(13, 'forum_section', 14),
(14, 'find_instructors', 15),
(15, 'reward_program', 17),
(16, 'instructors', 18),
(17, 'video_or_image_section', 16),
(18, 'testimonials', 20),
(19, 'half_advertising_banner', 19),
(20, 'organizations', 21),
(21, 'blog', 22),
(31, 'upcoming_courses', 4);

-- --------------------------------------------------------

--
-- Table structure for table `installments`
--

CREATE TABLE `installments` (
  `id` int(10) UNSIGNED NOT NULL,
  `target_type` enum('all','courses','store_products','bundles','meetings','registration_packages','subscription_packages') NOT NULL,
  `target` varchar(255) DEFAULT NULL,
  `capacity` int(10) UNSIGNED DEFAULT NULL,
  `start_date` bigint(20) UNSIGNED DEFAULT NULL,
  `end_date` bigint(20) UNSIGNED DEFAULT NULL,
  `verification` tinyint(1) NOT NULL DEFAULT 0,
  `request_uploads` tinyint(1) NOT NULL DEFAULT 0,
  `bypass_verification_for_verified_users` tinyint(1) NOT NULL DEFAULT 0,
  `upfront` double(15,2) DEFAULT NULL,
  `upfront_type` enum('fixed_amount','percent') DEFAULT NULL,
  `enable` tinyint(1) NOT NULL DEFAULT 0,
  `created_at` bigint(20) UNSIGNED NOT NULL
) ENGINE=InnoDB DEFAULT CHARSET=utf8mb4 COLLATE=utf8mb4_unicode_ci;

--
-- Dumping data for table `installments`
--

INSERT INTO `installments` (`id`, `target_type`, `target`, `capacity`, `start_date`, `end_date`, `verification`, `request_uploads`, `bypass_verification_for_verified_users`, `upfront`, `upfront_type`, `enable`, `created_at`) VALUES
(1, 'courses', 'specific_courses', 10, 1672549200, NULL, 1, 1, 0, 30.00, 'percent', 1, 1678904056);

-- --------------------------------------------------------

--
-- Table structure for table `installment_orders`
--

CREATE TABLE `installment_orders` (
  `id` int(10) UNSIGNED NOT NULL,
  `installment_id` int(10) UNSIGNED NOT NULL,
  `user_id` int(10) UNSIGNED NOT NULL,
  `webinar_id` int(10) UNSIGNED DEFAULT NULL,
  `product_id` int(10) UNSIGNED DEFAULT NULL,
  `bundle_id` int(10) UNSIGNED DEFAULT NULL,
  `subscribe_id` int(10) UNSIGNED DEFAULT NULL,
  `registration_package_id` int(10) UNSIGNED DEFAULT NULL,
  `product_order_id` int(10) UNSIGNED DEFAULT NULL,
  `item_price` double(15,2) NOT NULL DEFAULT 0.00,
  `status` enum('paying','open','rejected','pending_verification','canceled','refunded') NOT NULL DEFAULT 'paying',
  `created_at` bigint(20) UNSIGNED NOT NULL,
  `refund_at` bigint(20) UNSIGNED DEFAULT NULL
) ENGINE=InnoDB DEFAULT CHARSET=utf8mb4 COLLATE=utf8mb4_unicode_ci;

--
-- Dumping data for table `installment_orders`
--

INSERT INTO `installment_orders` (`id`, `installment_id`, `user_id`, `webinar_id`, `product_id`, `bundle_id`, `subscribe_id`, `registration_package_id`, `product_order_id`, `item_price`, `status`, `created_at`, `refund_at`) VALUES
(1, 1, 995, 2022, NULL, NULL, NULL, NULL, NULL, 100.00, 'open', 1685783030, NULL),
(2, 1, 930, 2022, NULL, NULL, NULL, NULL, NULL, 100.00, 'pending_verification', 1685783144, NULL);

-- --------------------------------------------------------

--
-- Table structure for table `installment_order_attachments`
--

CREATE TABLE `installment_order_attachments` (
  `id` int(10) UNSIGNED NOT NULL,
  `installment_order_id` int(10) UNSIGNED NOT NULL,
  `title` varchar(255) NOT NULL,
  `file` varchar(255) NOT NULL
) ENGINE=InnoDB DEFAULT CHARSET=utf8mb4 COLLATE=utf8mb4_unicode_ci;

--
-- Dumping data for table `installment_order_attachments`
--

INSERT INTO `installment_order_attachments` (`id`, `installment_order_id`, `title`, `file`) VALUES
(1, 1, 'ID Card', '/store/995/passport.jpg'),
(2, 2, 'Passport', '/store/930/passport.jpg');

-- --------------------------------------------------------

--
-- Table structure for table `installment_order_payments`
--

CREATE TABLE `installment_order_payments` (
  `id` int(10) UNSIGNED NOT NULL,
  `installment_order_id` int(10) UNSIGNED NOT NULL,
  `sale_id` int(10) UNSIGNED DEFAULT NULL,
  `type` enum('upfront','step') NOT NULL,
  `selected_installment_step_id` int(10) UNSIGNED DEFAULT NULL,
  `amount` double(15,2) NOT NULL,
  `status` enum('paying','paid','canceled','refunded') NOT NULL DEFAULT 'paying',
  `created_at` bigint(20) UNSIGNED NOT NULL
) ENGINE=InnoDB DEFAULT CHARSET=utf8mb4 COLLATE=utf8mb4_unicode_ci;

--
-- Dumping data for table `installment_order_payments`
--

INSERT INTO `installment_order_payments` (`id`, `installment_order_id`, `sale_id`, `type`, `selected_installment_step_id`, `amount`, `status`, `created_at`) VALUES
(1, 1, 281, 'upfront', NULL, 30.00, 'paid', 1685783030),
(2, 2, 282, 'upfront', NULL, 30.00, 'paid', 1685783144);

-- --------------------------------------------------------

--
-- Table structure for table `installment_reminders`
--

CREATE TABLE `installment_reminders` (
  `id` int(10) UNSIGNED NOT NULL,
  `user_id` int(10) UNSIGNED NOT NULL,
  `installment_order_id` int(10) UNSIGNED NOT NULL,
  `installment_step_id` int(10) UNSIGNED NOT NULL,
  `type` enum('before_due','due','after_due') NOT NULL,
  `created_at` bigint(20) UNSIGNED NOT NULL
) ENGINE=InnoDB DEFAULT CHARSET=utf8mb4 COLLATE=utf8mb4_unicode_ci;

-- --------------------------------------------------------

--
-- Table structure for table `installment_specification_items`
--

CREATE TABLE `installment_specification_items` (
  `id` int(10) UNSIGNED NOT NULL,
  `installment_id` int(10) UNSIGNED NOT NULL,
  `category_id` int(10) UNSIGNED DEFAULT NULL,
  `instructor_id` int(10) UNSIGNED DEFAULT NULL,
  `seller_id` int(10) UNSIGNED DEFAULT NULL,
  `webinar_id` int(10) UNSIGNED DEFAULT NULL,
  `product_id` int(10) UNSIGNED DEFAULT NULL,
  `bundle_id` int(10) UNSIGNED DEFAULT NULL,
  `subscribe_id` int(10) UNSIGNED DEFAULT NULL,
  `registration_package_id` int(10) UNSIGNED DEFAULT NULL
) ENGINE=InnoDB DEFAULT CHARSET=utf8mb4 COLLATE=utf8mb4_unicode_ci;

--
-- Dumping data for table `installment_specification_items`
--

INSERT INTO `installment_specification_items` (`id`, `installment_id`, `category_id`, `instructor_id`, `seller_id`, `webinar_id`, `product_id`, `bundle_id`, `subscribe_id`, `registration_package_id`) VALUES
(15, 1, NULL, NULL, NULL, 2022, NULL, NULL, NULL, NULL);

-- --------------------------------------------------------

--
-- Table structure for table `installment_steps`
--

CREATE TABLE `installment_steps` (
  `id` int(10) UNSIGNED NOT NULL,
  `installment_id` int(10) UNSIGNED NOT NULL,
  `deadline` int(10) UNSIGNED DEFAULT NULL,
  `amount` double(15,2) DEFAULT NULL,
  `amount_type` enum('fixed_amount','percent') DEFAULT NULL,
  `order` int(10) UNSIGNED DEFAULT NULL
) ENGINE=InnoDB DEFAULT CHARSET=utf8mb4 COLLATE=utf8mb4_unicode_ci;

--
-- Dumping data for table `installment_steps`
--

INSERT INTO `installment_steps` (`id`, `installment_id`, `deadline`, `amount`, `amount_type`, `order`) VALUES
(1, 1, 90, 20.00, 'percent', 0),
(2, 1, 180, 30.00, 'percent', 1),
(3, 1, 270, 30.00, 'percent', 2);

-- --------------------------------------------------------

--
-- Table structure for table `installment_step_translations`
--

CREATE TABLE `installment_step_translations` (
  `id` int(10) UNSIGNED NOT NULL,
  `installment_step_id` int(10) UNSIGNED NOT NULL,
  `locale` varchar(255) NOT NULL,
  `title` varchar(255) NOT NULL
) ENGINE=InnoDB DEFAULT CHARSET=utf8mb4 COLLATE=utf8mb4_unicode_ci;

--
-- Dumping data for table `installment_step_translations`
--

INSERT INTO `installment_step_translations` (`id`, `installment_step_id`, `locale`, `title`) VALUES
(1, 1, 'en', 'First Installment'),
(2, 2, 'en', 'Second Installment'),
(3, 3, 'en', 'Third Installment');

-- --------------------------------------------------------

--
-- Table structure for table `installment_translations`
--

CREATE TABLE `installment_translations` (
  `id` int(10) UNSIGNED NOT NULL,
  `installment_id` int(10) UNSIGNED NOT NULL,
  `locale` varchar(255) NOT NULL,
  `title` varchar(255) NOT NULL,
  `main_title` varchar(255) NOT NULL,
  `description` text NOT NULL,
  `banner` varchar(255) DEFAULT NULL,
  `options` text DEFAULT NULL,
  `verification_description` text DEFAULT NULL,
  `verification_banner` varchar(255) DEFAULT NULL,
  `verification_video` varchar(255) DEFAULT NULL
) ENGINE=InnoDB DEFAULT CHARSET=utf8mb4 COLLATE=utf8mb4_unicode_ci;

--
-- Dumping data for table `installment_translations`
--

INSERT INTO `installment_translations` (`id`, `installment_id`, `locale`, `title`, `main_title`, `description`, `banner`, `options`, `verification_description`, `verification_banner`, `verification_video`) VALUES
(1, 1, 'en', 'Christmas installment plan', 'Installment payment On Christmas', 'Buy your courses in installments.', '/store/1/default_images/Installments/installment_banner.png', 'Instant access to course files88889 months payment duration8888No price difference with cash payments8888Get points after finalizing installments', '<p>To use this installment plan, you should attach a picture of your ID card and your 3-month bank account statement.</p><p>We will try to review your request as soon as possible.</p>', '/store/1/default_images/Installments/verification_image.png', NULL);

-- --------------------------------------------------------

--
-- Table structure for table `installment_user_groups`
--

CREATE TABLE `installment_user_groups` (
  `id` int(10) UNSIGNED NOT NULL,
  `installment_id` int(10) UNSIGNED NOT NULL,
  `group_id` int(10) UNSIGNED DEFAULT NULL
) ENGINE=InnoDB DEFAULT CHARSET=utf8mb4 COLLATE=utf8mb4_unicode_ci;

-- --------------------------------------------------------

--
-- Table structure for table `ip_restrictions`
--

CREATE TABLE `ip_restrictions` (
  `id` int(10) UNSIGNED NOT NULL,
  `type` enum('full_ip','ip_range','country') NOT NULL,
  `value` varchar(255) NOT NULL COMMENT 'full ip or ip range or country name',
  `reason` text NOT NULL,
  `created_at` bigint(20) UNSIGNED NOT NULL
) ENGINE=InnoDB DEFAULT CHARSET=utf8mb4 COLLATE=utf8mb4_general_ci;

--
-- Dumping data for table `ip_restrictions`
--

INSERT INTO `ip_restrictions` (`id`, `type`, `value`, `reason`, `created_at`) VALUES
(1, 'full_ip', '139.10.13.206', 'Spammer', 1709534805),
(3, 'country', 'CK', 'Testing Country Restriction', 1709534952);

-- --------------------------------------------------------

--
-- Table structure for table `jazzcash_transactions`
--

CREATE TABLE `jazzcash_transactions` (
  `id` bigint(20) UNSIGNED NOT NULL,
  `txn_ref_no` varchar(255) NOT NULL,
  `order` longtext CHARACTER SET utf8mb4 COLLATE utf8mb4_bin NOT NULL COMMENT 'Order data fields and values',
  `request` longtext CHARACTER SET utf8mb4 COLLATE utf8mb4_bin NOT NULL COMMENT 'Jazzcash request data fields and values',
  `response` longtext CHARACTER SET utf8mb4 COLLATE utf8mb4_bin DEFAULT NULL COMMENT 'Jazzcash response data fields and values',
  `status` enum('pending','error','completed') NOT NULL DEFAULT 'pending',
  `created_at` timestamp NULL DEFAULT NULL,
  `updated_at` timestamp NULL DEFAULT NULL
) ENGINE=InnoDB DEFAULT CHARSET=utf8mb4 COLLATE=utf8mb4_unicode_ci;

-- --------------------------------------------------------

--
-- Table structure for table `landings`
--

CREATE TABLE `landings` (
  `id` int(10) UNSIGNED NOT NULL,
  `url` varchar(255) NOT NULL,
  `preview_img` varchar(255) DEFAULT NULL,
  `color_id` int(10) UNSIGNED DEFAULT NULL,
  `enable` tinyint(1) NOT NULL DEFAULT 0,
  `created_at` bigint(20) UNSIGNED NOT NULL
) ENGINE=InnoDB DEFAULT CHARSET=utf8mb4 COLLATE=utf8mb4_general_ci;

--
-- Dumping data for table `landings`
--

INSERT INTO `landings` (`id`, `url`, `preview_img`, `color_id`, `enable`, `created_at`) VALUES
(1, 'default', '/store/landing_builder/landing_1//preview_img.jpg', 1, 1, 1748938121),
(2, 'marketplace', '/store/landing_builder/landing_2//preview_img.jpg', 3, 1, 1750002219),
(4, 'single', '/store/landing_builder/landing_4//preview_img.jpg', 5, 1, 1750090889),
(5, 'organization', '/store/landing_builder/landing_5//preview_img.jpg', 4, 1, 1750230270),
(6, 'meeting', '/store/landing_builder/landing_6//preview_img.jpg', 6, 1, 1750513253),
(7, 'instructor', '/store/landing_builder/landing_7//preview_img.jpg', 7, 1, 1750571508),
(8, 'recruitment', '/store/landing_builder/landing_8//preview_img.jpg', 8, 1, 1750604459),
(9, 'category', '/store/landing_builder/landing_9//preview_img.jpg', 3, 1, 1750673976),
(10, 'course', '/store/landing_builder/landing_10//preview_img.jpg', 9, 1, 1750754252),
(11, 'blackfriday', '/store/landing_builder/landing_11//preview_img.jpg', 10, 1, 1750785784),
(12, 'learningpath', '/store/landing_builder/landing_12//preview_img.jpg', 1, 1, 1750945794),
(13, 'universal', '/store/landing_builder/landing_13//preview_img.jpg', 1, 1, 1751087733),
(14, 'events', '/store/landing_builder/landing_14//preview_img.jpg', 11, 1, 1763967494),
(15, 'school', '/store/landing_builder/landing_15//preview_img.jpg', 12, 1, 1764140692);

-- --------------------------------------------------------

--
-- Table structure for table `landing_builder_components`
--

CREATE TABLE `landing_builder_components` (
  `id` int(10) UNSIGNED NOT NULL,
  `name` varchar(255) NOT NULL,
  `category` enum('hero','banners','courses','categories','upcoming_courses','logos','bundles','faq','store_products','video','blog_posts','features','subscription','cards','testimonials','information','call_to_action','statistics','meeting_booking','miscellaneous','instructors','text','organizations') NOT NULL
) ENGINE=InnoDB DEFAULT CHARSET=utf8mb4 COLLATE=utf8mb4_general_ci;

--
-- Dumping data for table `landing_builder_components`
--

INSERT INTO `landing_builder_components` (`id`, `name`, `category`) VALUES
(1, 'two_columns_hero', 'hero'),
(2, 'full_width_hero', 'hero'),
(3, 'single_instructor_hero', 'hero'),
(4, 'statistics', 'statistics'),
(5, 'featured_courses', 'courses'),
(6, 'links_and_titles_slider_2_rows', 'miscellaneous'),
(7, 'information_cards', 'cards'),
(8, 'trending_categories', 'categories'),
(9, 'newest_courses', 'courses'),
(10, 'best_selling_courses', 'courses'),
(11, 'best_rated_courses', 'courses'),
(12, 'discounted_courses', 'courses'),
(13, 'free_courses', 'courses'),
(14, 'upcoming_courses', 'upcoming_courses'),
(15, 'course_bundles', 'bundles'),
(16, 'store_products', 'store_products'),
(17, 'hybrid_information_section_2_images_check_items_text', 'information'),
(18, 'hybrid_information_section_2_images_text', 'information'),
(19, 'hybrid_information_section_2_images_text_2', 'information'),
(20, 'hybrid_information_section_3_images_text', 'information'),
(21, 'hybrid_information_section_4_images_text', 'information'),
(22, 'company_logos', 'logos'),
(23, 'full_width_bar_cta', 'call_to_action'),
(24, 'faq_6_col', 'faq'),
(25, 'features_4x', 'features'),
(26, 'banners_grid_3_in_different_sizes', 'banners'),
(27, 'meeting_booking_list', 'meeting_booking'),
(28, 'subscription_plans', 'subscription'),
(29, 'single_video_section', 'video'),
(30, 'sliding_testimonials_2_rows', 'testimonials'),
(31, 'cta_card_8_columns', 'call_to_action'),
(32, 'organizations', 'organizations'),
(33, 'instructors', 'instructors'),
(34, 'blog', 'blog_posts'),
(35, 'cta_section_full_width', 'call_to_action'),
(36, 'banner_full_width', 'banners'),
(37, 'banner_3_items_per_row', 'banners'),
(38, 'banner_2_items_per_row', 'banners'),
(39, 'banner_4_items_per_row', 'banners'),
(40, 'boxed_cta_full_width', 'call_to_action'),
(41, 'cta_and_information_hybrid', 'information'),
(42, 'hybrid_information_section_full_width', 'information'),
(43, 'links_and_images_6_items_per_row', 'miscellaneous'),
(44, 'video_and_image_slider_full_width', 'video'),
(45, 'information_card_full_width', 'cards'),
(46, 'information_card_full_width_2', 'cards'),
(47, 'full_width_image_and_video_cta', 'information'),
(48, 'image_information_cards_3x', 'banners'),
(49, 'two_sided_information_images_and_cards', 'information'),
(50, 'linked_images_3x', 'banners'),
(51, 'big_call_to_action_cards_2x', 'call_to_action'),
(52, 'custom_courses_grid', 'courses'),
(53, 'links_and_titles_slider_1_row', 'miscellaneous'),
(54, 'center_text', 'text'),
(55, 'vertical_spacer', 'miscellaneous'),
(56, 'sliding_courses_hero', 'hero'),
(57, 'centered_hero_with_four_images_two_icons', 'hero'),
(58, 'sliding_events', 'cards'),
(59, 'multi_tab_image_video_placeholder', 'video'),
(60, 'multi_tab_courses', 'courses'),
(61, 'countdown_call_to_action', 'call_to_action'),
(62, 'meeting_packages_grid', 'cards');

-- --------------------------------------------------------

--
-- Table structure for table `landing_components`
--

CREATE TABLE `landing_components` (
  `id` int(10) UNSIGNED NOT NULL,
  `landing_id` int(10) UNSIGNED NOT NULL,
  `component_id` int(10) UNSIGNED NOT NULL,
  `preview` varchar(255) DEFAULT NULL,
  `enable` tinyint(1) NOT NULL DEFAULT 0,
  `order` int(10) UNSIGNED DEFAULT NULL
) ENGINE=InnoDB DEFAULT CHARSET=utf8mb4 COLLATE=utf8mb4_general_ci;

--
-- Dumping data for table `landing_components`
--

INSERT INTO `landing_components` (`id`, `landing_id`, `component_id`, `preview`, `enable`, `order`) VALUES
(1, 1, 1, NULL, 1, 0),
(2, 1, 4, NULL, 1, 1),
(3, 1, 5, NULL, 1, 3),
(4, 1, 8, NULL, 1, 5),
(5, 1, 10, NULL, 1, 7),
(6, 1, 55, NULL, 1, 2),
(7, 1, 55, NULL, 1, 4),
(8, 1, 55, NULL, 1, 6),
(9, 1, 11, NULL, 1, 9),
(10, 1, 55, NULL, 1, 8),
(11, 1, 55, NULL, 1, 10),
(12, 1, 33, NULL, 1, 11),
(13, 1, 34, NULL, 1, 13),
(17, 2, 5, NULL, 1, 4),
(19, 2, 10, NULL, 1, 12),
(20, 2, 55, NULL, 1, 1),
(21, 2, 55, NULL, 1, 5),
(22, 2, 55, NULL, 1, 11),
(23, 2, 11, NULL, 1, 14),
(24, 2, 55, NULL, 1, 13),
(25, 2, 55, NULL, 1, 15),
(26, 2, 33, NULL, 1, 24),
(27, 2, 34, NULL, 1, 29),
(28, 2, 2, NULL, 1, 0),
(29, 2, 6, NULL, 1, 2),
(30, 2, 55, NULL, 1, 3),
(31, 2, 43, NULL, 1, 6),
(32, 2, 54, NULL, 1, 8),
(33, 2, 7, NULL, 1, 10),
(34, 2, 55, NULL, 1, 7),
(35, 2, 55, NULL, 1, 9),
(36, 2, 15, NULL, 1, 16),
(37, 2, 55, NULL, 1, 17),
(38, 2, 52, NULL, 1, 18),
(39, 2, 55, NULL, 1, 19),
(40, 2, 16, NULL, 1, 20),
(41, 2, 41, NULL, 1, 22),
(42, 2, 55, NULL, 1, 21),
(43, 2, 55, NULL, 1, 23),
(44, 2, 17, NULL, 1, 25),
(45, 2, 18, NULL, 1, 27),
(46, 2, 55, NULL, 1, 26),
(47, 2, 55, NULL, 1, 28),
(50, 4, 55, NULL, 1, 1),
(51, 4, 55, NULL, 1, 13),
(57, 4, 34, NULL, 1, 24),
(60, 4, 55, NULL, 1, 7),
(64, 4, 55, NULL, 1, 15),
(65, 4, 55, NULL, 1, 21),
(67, 4, 55, NULL, 1, 23),
(77, 4, 55, NULL, 1, 17),
(78, 4, 3, NULL, 1, 0),
(79, 4, 7, NULL, 1, 4),
(80, 4, 54, NULL, 1, 2),
(81, 4, 55, NULL, 1, 3),
(82, 4, 46, NULL, 1, 8),
(83, 4, 55, NULL, 1, 5),
(84, 4, 54, NULL, 1, 6),
(85, 4, 46, NULL, 1, 10),
(86, 4, 55, NULL, 1, 9),
(87, 4, 44, NULL, 1, 12),
(88, 4, 55, NULL, 1, 11),
(89, 4, 52, NULL, 1, 14),
(91, 4, 21, NULL, 1, 16),
(92, 4, 30, NULL, 1, 18),
(93, 4, 48, NULL, 1, 20),
(94, 4, 23, NULL, 1, 22),
(95, 4, 55, NULL, 1, 19),
(96, 5, 1, NULL, 1, 0),
(97, 5, 4, NULL, 1, 1),
(101, 5, 55, NULL, 1, 2),
(102, 5, 55, NULL, 1, 4),
(103, 5, 55, NULL, 1, 18),
(105, 5, 55, NULL, 1, 10),
(106, 5, 55, NULL, 1, 12),
(109, 5, 54, NULL, 1, 3),
(110, 5, 55, NULL, 1, 8),
(111, 5, 7, NULL, 1, 5),
(112, 5, 55, NULL, 1, 6),
(113, 5, 26, NULL, 1, 7),
(114, 5, 54, NULL, 1, 9),
(115, 5, 45, NULL, 1, 11),
(116, 5, 45, NULL, 1, 13),
(117, 5, 55, NULL, 1, 14),
(118, 5, 45, NULL, 1, 15),
(119, 5, 53, NULL, 1, 17),
(120, 5, 28, NULL, 1, 19),
(121, 5, 55, NULL, 1, 20),
(122, 5, 32, NULL, 1, 21),
(123, 5, 55, NULL, 1, 22),
(124, 5, 22, NULL, 1, 23),
(125, 5, 24, NULL, 1, 24),
(126, 5, 55, NULL, 1, 25),
(127, 5, 40, NULL, 1, 26),
(129, 5, 55, NULL, 1, 27),
(130, 5, 21, NULL, 1, 28),
(131, 6, 1, NULL, 1, 0),
(132, 6, 4, NULL, 1, 1),
(133, 6, 55, NULL, 1, 2),
(134, 6, 55, NULL, 1, 4),
(136, 6, 55, NULL, 1, 17),
(137, 6, 55, NULL, 1, 19),
(138, 6, 54, NULL, 1, 6),
(139, 6, 55, NULL, 1, 7),
(141, 6, 55, NULL, 1, 9),
(159, 6, 25, NULL, 1, 3),
(160, 6, 50, NULL, 1, 5),
(161, 6, 17, NULL, 1, 8),
(162, 6, 18, NULL, 1, 10),
(163, 6, 55, NULL, 1, 11),
(164, 6, 17, NULL, 1, 12),
(165, 6, 55, NULL, 1, 15),
(166, 6, 55, NULL, 1, 13),
(167, 6, 18, NULL, 1, 14),
(168, 6, 27, NULL, 1, 16),
(169, 6, 30, NULL, 1, 18),
(170, 6, 35, NULL, 1, 20),
(172, 7, 1, NULL, 1, 0),
(174, 7, 55, NULL, 1, 2),
(175, 7, 55, NULL, 1, 4),
(177, 7, 55, NULL, 1, 10),
(178, 7, 55, NULL, 1, 16),
(180, 7, 55, NULL, 1, 6),
(182, 7, 55, NULL, 1, 14),
(185, 7, 45, NULL, 1, 5),
(194, 7, 22, NULL, 1, 15),
(200, 7, 6, NULL, 1, 1),
(201, 7, 21, NULL, 1, 3),
(202, 7, 52, NULL, 1, 7),
(203, 7, 55, NULL, 1, 8),
(204, 7, 49, NULL, 1, 9),
(205, 7, 30, NULL, 1, 11),
(206, 7, 55, NULL, 1, 12),
(207, 7, 29, NULL, 1, 13),
(208, 7, 51, NULL, 1, 17),
(209, 8, 55, NULL, 1, 4),
(212, 8, 55, NULL, 1, 8),
(218, 8, 7, NULL, 1, 11),
(219, 8, 54, NULL, 1, 9),
(220, 8, 55, NULL, 1, 10),
(222, 8, 55, NULL, 1, 6),
(226, 8, 44, NULL, 1, 5),
(227, 8, 55, NULL, 1, 12),
(232, 8, 23, NULL, 1, 1),
(234, 8, 1, NULL, 1, 0),
(236, 8, 25, NULL, 1, 3),
(237, 8, 55, NULL, 1, 2),
(238, 8, 41, NULL, 1, 7),
(239, 8, 31, NULL, 1, 13),
(240, 8, 24, NULL, 1, 14),
(241, 8, 23, NULL, 1, 16),
(242, 8, 55, NULL, 1, 15),
(243, 9, 55, NULL, 1, 1),
(244, 9, 55, NULL, 1, 13),
(246, 9, 55, NULL, 1, 7),
(254, 9, 55, NULL, 1, 3),
(256, 9, 55, NULL, 1, 5),
(259, 9, 55, NULL, 1, 9),
(260, 9, 44, NULL, 1, 4),
(261, 9, 55, NULL, 1, 11),
(262, 9, 52, NULL, 1, 6),
(264, 9, 30, NULL, 1, 10),
(265, 9, 48, NULL, 1, 14),
(267, 9, 55, NULL, 1, 17),
(268, 9, 1, NULL, 1, 0),
(269, 9, 50, NULL, 1, 2),
(270, 9, 41, NULL, 1, 8),
(271, 9, 47, NULL, 1, 12),
(272, 10, 1, NULL, 1, 0),
(275, 10, 55, NULL, 1, 2),
(276, 10, 55, NULL, 1, 16),
(277, 10, 55, NULL, 1, 14),
(278, 10, 54, NULL, 1, 7),
(279, 10, 55, NULL, 1, 8),
(280, 10, 55, NULL, 1, 4),
(283, 10, 17, NULL, 1, 3),
(285, 10, 55, NULL, 1, 6),
(287, 10, 55, NULL, 1, 12),
(288, 10, 55, NULL, 1, 10),
(291, 10, 30, NULL, 1, 19),
(293, 10, 21, NULL, 1, 1),
(294, 10, 20, NULL, 1, 5),
(295, 10, 45, NULL, 1, 9),
(296, 10, 45, NULL, 1, 11),
(297, 10, 45, NULL, 1, 15),
(298, 10, 45, NULL, 1, 13),
(299, 10, 49, NULL, 1, 17),
(300, 10, 55, NULL, 1, 18),
(301, 10, 55, NULL, 1, 20),
(302, 10, 42, NULL, 1, 21),
(304, 10, 24, NULL, 1, 23),
(305, 10, 55, NULL, 1, 24),
(306, 11, 55, NULL, 1, 1),
(307, 11, 55, NULL, 1, 11),
(310, 11, 55, NULL, 1, 15),
(311, 11, 55, NULL, 1, 19),
(312, 11, 55, NULL, 1, 7),
(313, 11, 55, NULL, 1, 9),
(316, 11, 54, NULL, 1, 2),
(317, 11, 55, NULL, 1, 3),
(318, 11, 46, NULL, 1, 4),
(321, 11, 46, NULL, 1, 6),
(322, 11, 55, NULL, 1, 5),
(325, 11, 52, NULL, 1, 14),
(331, 11, 1, NULL, 1, 0),
(332, 11, 5, NULL, 1, 8),
(333, 11, 54, NULL, 1, 10),
(334, 11, 26, NULL, 1, 12),
(335, 11, 55, NULL, 1, 13),
(337, 11, 40, NULL, 1, 16),
(338, 11, 24, NULL, 1, 18),
(340, 12, 55, NULL, 1, 3),
(341, 12, 55, NULL, 1, 15),
(342, 12, 55, NULL, 1, 13),
(343, 12, 54, NULL, 1, 10),
(344, 12, 55, NULL, 1, 7),
(345, 12, 55, NULL, 1, 5),
(347, 12, 55, NULL, 1, 1),
(348, 12, 55, NULL, 1, 11),
(349, 12, 55, NULL, 1, 9),
(351, 12, 21, NULL, 1, 4),
(362, 12, 55, NULL, 1, 27),
(363, 12, 2, NULL, 1, 0),
(364, 12, 21, NULL, 1, 2),
(365, 12, 43, NULL, 1, 6),
(367, 12, 42, NULL, 1, 8),
(368, 12, 7, NULL, 1, 12),
(369, 12, 52, NULL, 1, 14),
(370, 12, 35, NULL, 1, 16),
(371, 13, 1, NULL, 1, 0),
(372, 13, 4, NULL, 1, 1),
(373, 13, 5, NULL, 1, 5),
(374, 13, 8, NULL, 1, 7),
(375, 13, 10, NULL, 1, 9),
(376, 13, 55, NULL, 1, 2),
(377, 13, 55, NULL, 1, 6),
(378, 13, 55, NULL, 1, 8),
(379, 13, 11, NULL, 1, 11),
(380, 13, 55, NULL, 1, 10),
(381, 13, 55, NULL, 1, 12),
(382, 13, 33, NULL, 1, 36),
(383, 13, 34, NULL, 1, 44),
(384, 13, 25, NULL, 1, 3),
(385, 13, 55, NULL, 1, 4),
(386, 13, 15, NULL, 1, 13),
(387, 13, 55, NULL, 1, 17),
(388, 13, 53, NULL, 1, 16),
(389, 13, 14, NULL, 1, 18),
(390, 13, 55, NULL, 1, 19),
(391, 13, 12, NULL, 1, 20),
(392, 13, 13, NULL, 1, 22),
(393, 13, 55, NULL, 1, 21),
(394, 13, 16, NULL, 1, 24),
(395, 13, 55, NULL, 1, 23),
(396, 13, 28, NULL, 1, 25),
(397, 13, 17, NULL, 1, 27),
(398, 13, 55, NULL, 1, 26),
(399, 13, 55, NULL, 1, 28),
(400, 13, 18, NULL, 1, 29),
(401, 13, 31, NULL, 1, 31),
(402, 13, 55, NULL, 1, 30),
(403, 13, 55, NULL, 1, 32),
(404, 13, 21, NULL, 1, 35),
(405, 13, 29, NULL, 1, 33),
(406, 13, 55, NULL, 1, 34),
(407, 13, 32, NULL, 1, 37),
(408, 13, 27, NULL, 1, 39),
(409, 13, 55, NULL, 1, 38),
(410, 13, 55, NULL, 1, 40),
(411, 13, 30, NULL, 1, 41),
(412, 13, 55, NULL, 1, 42),
(414, 8, 55, NULL, 1, 18),
(415, 7, 55, NULL, 1, 19),
(416, 6, 55, NULL, 1, 22),
(417, 5, 55, NULL, 1, 29),
(418, 4, 55, NULL, 1, 26),
(419, 1, 55, NULL, 1, 14),
(420, 2, 55, NULL, 1, 31),
(421, 11, 55, NULL, 1, 20),
(422, 5, 55, NULL, 1, 16),
(423, 14, 55, NULL, 1, 5),
(425, 14, 34, NULL, 1, 25),
(429, 14, 55, NULL, 1, 21),
(432, 14, 7, NULL, 1, 8),
(433, 14, 54, NULL, 1, 6),
(434, 14, 55, NULL, 1, 7),
(436, 14, 55, NULL, 1, 15),
(443, 14, 21, NULL, 1, 20),
(444, 14, 30, NULL, 1, 16),
(448, 14, 55, NULL, 1, 13),
(449, 14, 57, NULL, 1, 0),
(450, 14, 6, NULL, 1, 2),
(451, 14, 55, NULL, 1, 1),
(452, 14, 25, NULL, 1, 4),
(453, 14, 55, NULL, 1, 3),
(454, 14, 55, NULL, 1, 9),
(455, 14, 58, NULL, 1, 10),
(456, 14, 55, NULL, 1, 11),
(457, 14, 26, NULL, 1, 14),
(458, 14, 54, NULL, 1, 12),
(459, 14, 49, NULL, 1, 18),
(460, 14, 55, NULL, 1, 17),
(461, 14, 55, NULL, 1, 19),
(462, 14, 61, NULL, 1, 22),
(465, 15, 55, NULL, 1, 1),
(466, 15, 55, NULL, 1, 3),
(467, 15, 55, NULL, 1, 9),
(469, 15, 55, NULL, 1, 11),
(470, 15, 55, NULL, 1, 13),
(474, 15, 6, NULL, 1, 2),
(476, 15, 43, NULL, 1, 4),
(479, 15, 55, NULL, 1, 5),
(480, 15, 55, NULL, 1, 7),
(482, 15, 55, NULL, 1, 15),
(484, 15, 55, NULL, 1, 19),
(486, 15, 41, NULL, 1, 12),
(487, 15, 55, NULL, 1, 21),
(488, 15, 55, NULL, 1, 23),
(489, 15, 17, NULL, 1, 16),
(490, 15, 18, NULL, 1, 18),
(491, 15, 55, NULL, 1, 17),
(493, 15, 55, NULL, 1, 35),
(494, 15, 56, NULL, 1, 0),
(495, 15, 45, NULL, 1, 6),
(497, 15, 59, NULL, 1, 10),
(499, 15, 60, NULL, 1, 8),
(500, 15, 12, NULL, 1, 14),
(501, 15, 61, NULL, 1, 20),
(503, 15, 50, NULL, 1, 22),
(504, 15, 35, NULL, 1, 24),
(505, 14, 55, NULL, 1, 23),
(506, 13, 60, NULL, 1, 14),
(507, 13, 55, NULL, 1, 15),
(508, 13, 58, NULL, 1, 43),
(509, 13, 55, NULL, 1, 45);

-- --------------------------------------------------------

--
-- Table structure for table `landing_component_translations`
--

CREATE TABLE `landing_component_translations` (
  `id` int(10) UNSIGNED NOT NULL,
  `landing_component_id` int(10) UNSIGNED NOT NULL,
  `locale` varchar(191) NOT NULL,
  `content` longtext NOT NULL
) ENGINE=InnoDB DEFAULT CHARSET=utf8mb4 COLLATE=utf8mb4_general_ci;

--
-- Dumping data for table `landing_component_translations`
--

INSERT INTO `landing_component_translations` (`id`, `landing_component_id`, `locale`, `content`) VALUES
(1, 1, 'en', '{\"upper_cta\":{\"badge_text\":\"New\",\"main_text\":\"Our Design Course Released!\",\"icon\":\"bol-video-circle\",\"url\":\"\\/classes\"},\"main_content\":{\"title_line_1\":\"Learn\",\"title_line_2\":\"and Build Your Expertise\",\"description\":\"Gain practical, real-world knowledge in different subjects, guided by expert instructors. Whether you\'re a beginner or upskilling, our courses help you grow with confidence and unlock your creative potential.\",\"primary_button\":{\"label\":\"Explore Courses\",\"icon\":\"bul-video-horizontal\",\"url\":\"\\/classes\"},\"secondary_button\":{\"label\":\"Book a Meeting\",\"icon\":\"bul-video\",\"url\":\"\\/instructor-finder\"},\"highlight_words\":{\"pPFcH\":\"Design\",\"fLaeR\":\"Marketing\",\"JETPX\":\"Development\",\"DlVgr\":\"UI\\/UX\"}},\"students_widget\":{\"title\":\"Loved by 2,500+ Happy Learners\",\"url\":\"\\/login\"},\"image_content\":{\"type\":\"image\",\"image\":\"\\/store\\/landing_builder\\/landing_1\\/1\\/hero_image_Tz0.jpg\",\"overlay_image\":\"\\/store\\/landing_builder\\/landing_1\\/1\\/hero_overlay_FMv.png\",\"spinning_image\":\"\\/store\\/landing_builder\\/landing_1\\/1\\/revolverimage_Fdv.svg\"},\"background\":\"\\/store\\/landing_builder\\/landing_1\\/1\\/hero_background_xfq.svg\",\"students_widget_avatars\":{\"GKpNG\":\"\\/store\\/landing_builder\\/landing_1\\/1\\/ZNzOr_Group_2038.png\",\"SXayp\":\"\\/store\\/landing_builder\\/landing_1\\/1\\/MB7pW_Group_2039.png\",\"AlqmP\":\"\\/store\\/landing_builder\\/landing_1\\/1\\/boqCl_Group_2044.png\",\"fQZwb\":\"\\/store\\/landing_builder\\/landing_1\\/1\\/U70f5_Group_2045.png\",\"iliIZ\":\"\\/store\\/landing_builder\\/landing_1\\/1\\/5bLDZ_Group_2046.png\"}}'),
(2, 2, 'en', '{\"statistics\":{\"QbGNb\":{\"title\":\"Skillful Instructors\",\"icon\":\"bul-briefcase\",\"data_type\":\"semi_real\",\"data_source\":\"number_of_instructors\",\"start_from\":\"250\",\"manual_data\":null},\"YOFAm\":{\"title\":\"Happy Students\",\"icon\":\"bul-teacher\",\"data_type\":\"semi_real\",\"data_source\":\"number_of_students\",\"start_from\":\"500\",\"manual_data\":null},\"repCq\":{\"title\":\"Professional Courses\",\"icon\":\"bul-video-play\",\"data_type\":\"real\",\"data_source\":\"number_of_courses\",\"start_from\":null,\"manual_data\":null},\"JLmBF\":{\"title\":\"Official Organizations\",\"icon\":\"bul-building\",\"data_type\":\"real\",\"data_source\":\"number_of_organizations\",\"start_from\":null,\"manual_data\":null},\"record\":{\"title\":null,\"icon\":null,\"data_type\":\"real\",\"data_source\":\"number_of_instructors\",\"start_from\":null,\"manual_data\":null}},\"background\":\"\\/store\\/landing_builder\\/landing_1\\/2\\/stats_bg_5uH.png\",\"background_color\":\"secondary\"}'),
(3, 3, 'en', '{\"enable_slider\":\"on\",\"main_content\":{\"pre_title\":\"Featured\",\"title\":\"Featured Courses\",\"description\":\"Explore our top-rated courses, handpicked to boost your skills and accelerate your learning journey\"},\"featured_courses\":{\"Kblmv\":{\"course\":\"2002\",\"cover_image\":\"\\/store\\/landing_builder\\/landing_1\\/3\\/workout_G7j.jpg\",\"checked_items\":{\"nPSgK\":\"Personalized workout plans\",\"TANBG\":\"Nutrition and meal guidance\",\"KhFGP\":\"Daily fitness challenges\",\"WQFEG\":\"Expert wellness coaching\",\"dujOQ\":\"Progress tracking tools\"}},\"tmlrR\":{\"course\":\"1995\",\"cover_image\":\"\\/store\\/landing_builder\\/landing_1\\/3\\/product_aF5.jpg\",\"checked_items\":{\"syJFo\":\"Product lifecycle management essentials\",\"lKkYJ\":\"Building effective product roadmaps\",\"UjxDt\":\"Conducting user and market research\",\"pKvxh\":\"Leading cross-functional product teams\",\"CaNKi\":\"Defining and prioritizing product features\"}}}}'),
(4, 4, 'en', '{\"main_content\":{\"pre_title\":\"Trending\",\"title\":\"Trending Categories\"},\"trending_categories\":{\"rBvHd\":{\"category\":\"1\"},\"kGpzO\":{\"category\":\"2\"},\"KEfio\":{\"category\":\"3\"},\"jQlOz\":{\"category\":\"4\"},\"Plypb\":{\"category\":\"5\"},\"vZcWP\":{\"category\":\"6\"},\"qVbwr\":{\"category\":\"10\"},\"xBoLW\":{\"category\":\"11\"},\"record\":{\"category\":null}},\"floating_background\":\"\\/store\\/landing_builder\\/landing_1\\/4\\/trending_floating_M8H.svg\"}'),
(5, 5, 'en', '{\"main_content\":{\"title\":\"Bestsellers Chosen by Our Students\",\"subtitle\":\"Explore our top-selling courses, chosen by thousands of learners who\\u2019ve enrolled and benefited. These bestsellers reflect what\\u2019s most in-demand and valuable across our platform.\",\"icon\":\"\\/store\\/landing_builder\\/landing_1\\/5\\/topselling_overlay_Z8L.png\"},\"background\":\"\\/store\\/landing_builder\\/landing_1\\/5\\/topselling_background_pVh.png\"}'),
(6, 6, 'en', '{\"space_number\":\"80\"}'),
(7, 7, 'en', '{\"space_number\":\"80\"}'),
(8, 8, 'en', '{\"space_number\":\"100\"}'),
(9, 10, 'en', '{\"space_number\":\"100\"}'),
(10, 9, 'en', '{\"main_content\":{\"title\":\"Top Rated by Our Students\",\"subtitle\":\"Discover the most highly rated courses, trusted by learners for quality content, expert instruction, and outstanding learning experiences across a wide range of topics.\",\"icon\":\"\\/store\\/landing_builder\\/landing_1\\/9\\/bestrated_overlay_4Ss.png\"},\"background\":\"\\/store\\/landing_builder\\/landing_1\\/9\\/topselling_background_xZD.png\"}'),
(11, 11, 'en', '{\"space_number\":\"60\"}'),
(12, 12, 'en', '{\"main_content\":{\"pre_title\":\"Instructors\",\"title\":\"Expert Instructors\",\"description\":\"Learn from experienced instructors dedicated to delivering practical knowledge, guidance, and real-world expertise\",\"button\":{\"label\":\"All Instructors\",\"icon\":\"bul-teacher\",\"url\":\"\\/instructors\"}},\"cta_section\":{\"title_bold_text\":\"400+ skilled instructors\",\"title_regular_text\":\"available to assist you every step of the way\",\"description\":\"Quickly find your ideal instructor with our intuitive Instructor Finder feature\",\"icon\":\"bul-verify\"},\"specific_instructors\":{\"zVjfh\":{\"instructor_id\":\"3\"},\"lNgbZ\":{\"instructor_id\":\"870\"},\"rBoFe\":{\"instructor_id\":\"923\"},\"URpzu\":{\"instructor_id\":\"929\"},\"bDOON\":{\"instructor_id\":\"934\"},\"SXDzy\":{\"instructor_id\":\"1015\"},\"record\":{\"instructor_id\":null}},\"background\":\"\\/store\\/landing_builder\\/landing_1\\/12\\/instructors_background_Wuk.png\"}'),
(14, 13, 'en', '{\"main_content\":{\"pre_title\":\"Read More\",\"title\":\"Blog and Articles\",\"description\":\"Stay informed with expert-written articles, tips, and insights to support your learning journey daily\",\"button\":{\"label\":\"Blog Posts\",\"icon\":\"bul-note-2\",\"url\":\"\\/blog\"}},\"background\":\"\\/store\\/landing_builder\\/landing_1\\/13\\/blog_background_e5l.png\"}'),
(17, 17, 'en', '{\"enable_slider\":\"on\",\"main_content\":{\"pre_title\":\"Featured\",\"title\":\"Featured Courses\",\"description\":\"Explore our top-rated courses, handpicked to boost your skills and accelerate your learning journey\"},\"featured_courses\":{\"Kblmv\":{\"course\":\"2002\",\"cover_image\":\"\\/store\\/landing_builder\\/landing_1\\/3\\/workout_G7j.jpg\",\"checked_items\":{\"nPSgK\":\"Personalized workout plans\",\"TANBG\":\"Nutrition and meal guidance\",\"KhFGP\":\"Daily fitness challenges\",\"WQFEG\":\"Expert wellness coaching\",\"dujOQ\":\"Progress tracking tools\"}},\"tmlrR\":{\"course\":\"1995\",\"cover_image\":\"\\/store\\/landing_builder\\/landing_1\\/3\\/product_aF5.jpg\",\"checked_items\":{\"syJFo\":\"Product lifecycle management essentials\",\"lKkYJ\":\"Building effective product roadmaps\",\"UjxDt\":\"Conducting user and market research\",\"pKvxh\":\"Leading cross-functional product teams\",\"CaNKi\":\"Defining and prioritizing product features\"}}}}'),
(19, 19, 'en', '{\"main_content\":{\"title\":\"Bestsellers Chosen by Our Students\",\"subtitle\":\"Explore our top-selling courses, chosen by thousands of learners who\\u2019ve enrolled and benefited. These bestsellers reflect what\\u2019s most in-demand and valuable across our platform.\",\"icon\":\"\\/store\\/landing_builder\\/landing_2\\/19\\/bestselling_fRg.png\"},\"background\":\"\\/store\\/landing_builder\\/landing_2\\/19\\/bestselling-bg_ISf.svg\"}'),
(20, 20, 'en', '{\"space_number\":\"80\"}'),
(21, 21, 'en', '{\"space_number\":\"80\"}'),
(22, 22, 'en', '{\"space_number\":\"100\"}'),
(23, 23, 'en', '{\"main_content\":{\"title\":\"Top Rated by Our Students\",\"subtitle\":\"Discover the most highly rated courses, trusted by learners for quality content, expert instruction, and outstanding learning experiences across a wide range of topics.\",\"icon\":\"\\/store\\/landing_builder\\/landing_2\\/23\\/bestrated_9Zc.png\"},\"background\":\"\\/store\\/landing_builder\\/landing_2\\/23\\/bestselling-bg_Ioy.svg\"}'),
(24, 24, 'en', '{\"space_number\":\"100\"}'),
(25, 25, 'en', '{\"space_number\":\"60\"}'),
(26, 26, 'en', '{\"main_content\":{\"pre_title\":\"Instructors\",\"title\":\"Expert Instructors\",\"description\":\"Learn from experienced instructors dedicated to delivering practical knowledge, guidance, and real-world expertise\",\"button\":{\"label\":\"All Instructors\",\"icon\":\"bul-teacher\",\"url\":\"\\/instructors\"}},\"cta_section\":{\"title_bold_text\":\"400+ skilled instructors\",\"title_regular_text\":\"available to assist you every step of the way\",\"description\":\"Quickly find your ideal instructor with our intuitive Instructor Finder feature\",\"icon\":\"bul-verify\"},\"specific_instructors\":{\"zVjfh\":{\"instructor_id\":\"3\"},\"lNgbZ\":{\"instructor_id\":\"870\"},\"rBoFe\":{\"instructor_id\":\"923\"},\"URpzu\":{\"instructor_id\":\"929\"},\"bDOON\":{\"instructor_id\":\"934\"},\"SXDzy\":{\"instructor_id\":\"1015\"},\"record\":{\"instructor_id\":null}},\"background\":\"\\/store\\/landing_builder\\/landing_1\\/12\\/instructors_background_Wuk.png\"}'),
(27, 27, 'en', '{\"main_content\":{\"pre_title\":\"Read More\",\"title\":\"Blog and Articles\",\"description\":\"Stay informed with expert-written articles, tips, and insights to support your learning journey daily\",\"button\":{\"label\":\"Blog Posts\",\"icon\":\"bul-note-2\",\"url\":\"\\/blog\"}},\"background\":\"\\/store\\/landing_builder\\/landing_2\\/27\\/blog_bg_8SC.svg\"}'),
(28, 28, 'en', '{\"upper_cta\":{\"badge_text\":\"Free\",\"main_text\":\"Start Free Learning Now\",\"icon\":\"bul-play-circle\",\"url\":\"\\/classes?free=on\"},\"main_content\":{\"title_line_1\":\"Start Learning\",\"title_line_2\":\"With Leading Experts Today\",\"description\":\"Join thousands of learners gaining in-demand skills through expert-led courses. Learn at your own pace, earn certificates, and take the next step in your personal or professional growth.\",\"badge_text\":\"Start Now!\",\"primary_button\":{\"label\":\"Start Learning\",\"icon\":\"bul-teacher\",\"url\":\"\\/classes?sort=newest\"},\"secondary_button\":{\"label\":\"Book a Meeting\",\"icon\":\"bul-video\",\"url\":\"\\/instructor-finder\"}},\"image_content\":{\"type\":\"image\",\"image\":\"\\/store\\/landing_builder\\/landing_2\\/28\\/hero_main_image_5NU.png\",\"overlay_image_1\":\"\\/store\\/landing_builder\\/landing_2\\/28\\/hero_overlay_1_mz0.png\",\"overlay_image_2\":\"\\/store\\/landing_builder\\/landing_2\\/28\\/hero_overlay_2_XTB.png\"},\"background\":\"\\/store\\/landing_builder\\/landing_2\\/28\\/hero_background_IdZ.jpg\",\"checked_items\":{\"CdITn\":\"Affordable Pricing\",\"sRNdQ\":\"Self-Paced Courses\",\"dmKDY\":\"Career-Focused Content\"},\"dark_mode_background\":\"\\/store\\/landing_builder\\/landing_2\\/28\\/hero_background_dark_d0U.jpg\"}'),
(29, 29, 'en', '{\"separator_icon\":\"bul-triangle\",\"card_style\":\"normal\",\"title_items\":{\"qrRZk\":{\"title\":\"Web Development\",\"url\":\"\\/categories\\/Development\\/Web-Development\"},\"rQgay\":{\"title\":\"App Development\",\"url\":\"\\/categories\\/Development\\/Mobile-Development\"},\"MXWfZ\":{\"title\":\"Management\",\"url\":\"\\/categories\\/Business\\/Management\"},\"byeCz\":{\"title\":\"Lifestlye\",\"url\":\"\\/categories\\/Lifestyles\\/Lifestyle\"},\"EFJpH\":{\"title\":\"Marketing\",\"url\":\"\\/categories\\/Marketing\"},\"eiLav\":{\"title\":\"Business\",\"url\":\"\\/categories\\/Business\\/Business-Strategy\"},\"ZVGnN\":{\"title\":\"Fitness\",\"url\":\"\\/categories\\/Health-and-Fitness\"},\"YPlnB\":{\"title\":\"Design\",\"url\":\"\\/categories\\/Design\"},\"record\":{\"title\":null,\"url\":null}}}'),
(30, 30, 'en', '{\"space_number\":\"60\"}'),
(31, 31, 'en', '{\"main_content\":{\"pre_title\":\"Popular\",\"title\":\"Explore Popular Subjects\",\"description\":\"Browse top-rated subjects and discover trending courses designed to boost your skills and career growth\"},\"specific_links\":{\"tFcBM\":{\"title\":\"Robotic\",\"image\":\"\\/store\\/landing_builder\\/landing_2\\/31\\/electronics_psj.svg\",\"url\":\"\\/categories\\/Development\\/Game-Development\",\"enable\":\"on\"},\"Xefqy\":{\"title\":\"UI\\/UX Design\",\"url\":\"\\/categories\\/Development\\/Game-Development\",\"enable\":\"on\",\"image\":\"\\/store\\/landing_builder\\/landing_2\\/31\\/uxdesign_YHJ.svg\"},\"YvljI\":{\"title\":\"Web Development\",\"url\":\"\\/categories\\/Development\\/Web-Development\",\"enable\":\"on\",\"image\":\"\\/store\\/landing_builder\\/landing_2\\/31\\/web_development_kaw.svg\"},\"mGPRR\":{\"title\":\"Mobile Development\",\"url\":\"\\/categories\\/Development\\/Mobile-Development\",\"enable\":\"on\",\"image\":\"\\/store\\/landing_builder\\/landing_2\\/31\\/mobile_development_rVx.svg\"},\"MZwGz\":{\"title\":\"Management\",\"url\":\"\\/categories\\/Business\\/Management\",\"enable\":\"on\",\"image\":\"\\/store\\/landing_builder\\/landing_2\\/31\\/management_BQR.svg\"},\"iexAz\":{\"title\":\"Strategy\",\"url\":\"\\/categories\\/Business\\/Business-Strategy\",\"enable\":\"on\",\"image\":\"\\/store\\/landing_builder\\/landing_2\\/31\\/strategy_RVN.svg\"},\"TlFiO\":{\"title\":\"Marketing\",\"url\":\"\\/categories\\/Marketing\",\"enable\":\"on\",\"image\":\"\\/store\\/landing_builder\\/landing_2\\/31\\/marketing_qF9.svg\"},\"DMwZx\":{\"title\":\"Social Media\",\"url\":\"\\/categories\\/Marketing\",\"enable\":\"on\",\"image\":\"\\/store\\/landing_builder\\/landing_2\\/31\\/social_media_f19.svg\"},\"iOiTJ\":{\"title\":\"Communications\",\"url\":\"\\/categories\\/Business\\/Communications\",\"enable\":\"on\",\"image\":\"\\/store\\/landing_builder\\/landing_2\\/31\\/communications_r86.svg\"},\"uVcJL\":{\"title\":\"Lifestyle\",\"url\":\"\\/categories\\/Lifestyles\\/Lifestyle\",\"enable\":\"on\",\"image\":\"\\/store\\/landing_builder\\/landing_2\\/31\\/lifestyle_HOE.svg\"},\"AGlOk\":{\"title\":\"Health\",\"url\":\"\\/categories\\/Health-and-Fitness\",\"enable\":\"on\",\"image\":\"\\/store\\/landing_builder\\/landing_2\\/31\\/health_uGh.svg\"},\"buAwR\":{\"title\":\"Profession\",\"url\":\"\\/categories\\/Academics\\/Language\",\"enable\":\"on\",\"image\":\"\\/store\\/landing_builder\\/landing_2\\/31\\/profession_kFu.svg\"},\"record\":{\"title\":null,\"url\":null,\"enable\":\"0\"}}}'),
(32, 32, 'en', '{\"main_content\":{\"pre_title\":\"Features\",\"title\":\"Platform Key Features\",\"description\":\"Discover powerful features designed to enhance your learning experience and support your educational journey\"}}'),
(33, 33, 'en', '{\"information_cards\":{\"AbPjX\":{\"title\":\"Professional Quizzes\",\"subtitle\":\"Challenge your knowledge with expertly crafted quizzes designed to reinforce key concepts\",\"image\":\"\\/store\\/landing_builder\\/landing_2\\/33\\/feature1_NMx.png\",\"url\":null,\"enable_image_padding\":\"on\"},\"GaruA\":{\"title\":\"Top Level Instructors\",\"subtitle\":\"Learn from industry-leading experts with real-world experience and a passion for teaching\",\"url\":null,\"enable_image_padding\":\"on\",\"image\":\"\\/store\\/landing_builder\\/landing_2\\/33\\/feature2_RWr.png\"},\"EtgdD\":{\"title\":\"Professional Courses\",\"subtitle\":\"Access high-quality, career-focused courses built to help you achieve your goals\",\"url\":null,\"enable_image_padding\":\"on\",\"image\":\"\\/store\\/landing_builder\\/landing_2\\/33\\/feature3_Fqv.png\"},\"record\":{\"title\":null,\"subtitle\":null,\"url\":null,\"enable_image_padding\":\"0\"}}}'),
(34, 34, 'en', '{\"space_number\":\"20\"}'),
(35, 35, 'en', '{\"space_number\":\"20\"}'),
(36, 36, 'en', '{\"main_content\":{\"pre_title\":\"Bundles\",\"title\":\"Top Course Bundles\",\"subtitle\":\"Get more for less with expertly curated course bundles. Learn multiple skills in one package, save money, and accelerate your growth with structured, high-value learning paths\",\"button\":{\"label\":\"Explore Bundles\",\"icon\":\"bul-box-1\",\"url\":\"\\/bundles\"}},\"statistics\":{\"title\":\"4K+\",\"subtitle\":\"Bundle Students\"},\"background\":\"\\/store\\/landing_builder\\/landing_2\\/36\\/bundles_bg_TSd.svg\",\"floating_icon_2\":\"\\/store\\/landing_builder\\/landing_2\\/36\\/bundles_YEq.png\"}'),
(37, 37, 'en', '{\"space_number\":\"40\"}'),
(38, 38, 'en', '{\"main_content\":{\"pre_title\":\"Hot\",\"title\":\"Highly Recommended Courses\",\"description\":\"Explore expert-approved courses trusted by learners worldwide to gain practical skills and achieve real success\",\"button\":{\"label\":\"Explore More\",\"icon\":\"bul-video-square\",\"url\":\"\\/classes\"}},\"floating_images\":{\"image_1\":\"\\/store\\/landing_builder\\/landing_2\\/38\\/courses_overlay_2_gQH.png\",\"image_2\":\"\\/store\\/landing_builder\\/landing_2\\/38\\/courses_overlay_1_En3.png\"},\"background\":\"\\/store\\/landing_builder\\/landing_2\\/38\\/custom_bg_INe.svg\",\"featured_courses\":{\"EKxRp\":{\"course\":\"2022\"},\"BPDfF\":{\"course\":\"2010\"},\"ikErz\":{\"course\":\"2009\"},\"NlCmM\":{\"course\":\"2008\"},\"GWdCS\":{\"course\":\"2006\"},\"dbGmb\":{\"course\":\"2005\"},\"VfVZQ\":{\"course\":\"2002\"},\"KlwYV\":{\"course\":\"1999\"}}}'),
(39, 39, 'en', '{\"space_number\":\"40\"}'),
(40, 40, 'en', '{\"main_content\":{\"pre_title\":\"Store\",\"title\":\"Explore Store Products\",\"subtitle\":\"Explore our range of physical and virtual products designed to enhance your learning journey and support your skills development\",\"button\":{\"label\":\"All Products\",\"icon\":\"bul-bag\",\"url\":\"\\/products\"}},\"background\":\"\\/store\\/landing_builder\\/landing_2\\/40\\/store_bg_HLM.png\"}'),
(41, 41, 'en', '{\"main_content\":{\"pre_title\":\"Join Us\",\"title\":\"Earn by Teaching Online Today\",\"description\":\"Share your expertise, reach global learners, and earn income by creating and teaching online courses today\",\"button\":{\"label\":\"Become Instructor\",\"icon\":\"bul-teacher\",\"url\":\"\\/become-instructor\"},\"icon\":\"\\/store\\/landing_builder\\/landing_2\\/41\\/instructor_image_DHl.png\"},\"specific_information\":{\"UZjpA\":{\"title\":\"Global Student Reach\",\"description\":\"Teach thousands of learners worldwide and build your personal brand on a trusted platform\"},\"tzmAA\":{\"title\":\"Flexible Schedule\",\"description\":\"Create and manage your courses anytime, anywhere, with complete control over your teaching hours\"},\"UZPij\":{\"title\":\"Earn Extra Income\",\"description\":\"Monetize your knowledge by earning revenue from every course enrollment and student interaction\"},\"LXnfj\":{\"title\":\"Powerful Course Tools\",\"description\":\"Access user-friendly tools to design engaging lessons, quizzes, certificates, and track student progress easily\"},\"record\":{\"title\":null,\"description\":null}},\"background\":\"\\/store\\/landing_builder\\/landing_2\\/41\\/become_instructor_bg_e0A.svg\",\"background_color\":\"secondary\"}'),
(42, 42, 'en', '{\"space_number\":\"40\"}'),
(43, 43, 'en', '{\"space_number\":\"40\"}'),
(44, 44, 'en', '{\"reverse_direction\":null,\"main_content\":{\"pre_title\":\"Forums\",\"title\":\"Communicate With Other Users in Forums\",\"description\":\"Join active discussions, ask questions, share knowledge, and connect with learners and instructors in course forums\",\"button\":{\"label\":\"Explore Forums\",\"icon\":\"bul-messages-1\",\"url\":\"\\/forums\"}},\"image_content\":{\"main_image\":\"\\/store\\/landing_builder\\/landing_2\\/44\\/forums_image_KYk.png\"},\"checked_items\":{\"eUiFU\":\"Share Learning Experiences\",\"LwtSZ\":\"Collaborate With Peers\",\"KpqoM\":\"Engage in Conversations\",\"uoAjg\":\"Explore Student Insights\",\"YEaKM\":\"Discuss Course Topics\"}}'),
(45, 45, 'en', '{\"reverse_direction\":null,\"main_content\":{\"pre_title\":\"Tutor Finder\",\"title\":\"Discover the Right Tutor Using Personalized Filters\",\"description\":\"Effortlessly find top tutors by filtering subject, availability, location, and more to match your learning goals and book sessions instantly on the platform\",\"button\":{\"label\":\"Explore Tutors\",\"icon\":\"bul-profile-2user\",\"url\":\"https:\\/\\/lms.rocket-soft.org\\/instructor-finder\"}},\"statistic_1\":{\"title\":\"5K\",\"subtitle\":\"Instructors\",\"description\":\"Available to help you\"},\"statistic_2\":{\"title\":\"7.5K+\",\"subtitle\":\"Meetings Conducted\",\"description\":\"Directly on the platform\"},\"image_content\":{\"main_image\":\"\\/store\\/landing_builder\\/landing_2\\/45\\/instructor_finder_AYk.png\",\"overlay_image\":\"\\/store\\/landing_builder\\/landing_2\\/45\\/meeting_overlay_B36.png\"}}'),
(46, 46, 'en', '{\"space_number\":\"40\"}'),
(47, 47, 'en', '{\"space_number\":\"40\"}'),
(50, 50, 'en', '{\"space_number\":\"80\"}'),
(51, 51, 'en', '{\"space_number\":\"80\"}'),
(57, 57, 'en', '{\"main_content\":{\"pre_title\":\"Read More\",\"title\":\"Blog and Articles\",\"description\":\"Stay informed with expert-written articles, tips, and insights to support your learning journey daily\",\"button\":{\"label\":\"Blog Posts\",\"icon\":\"bul-note-2\",\"url\":\"\\/blog\"}},\"background\":\"\\/store\\/landing_builder\\/landing_1\\/13\\/blog_background_e5l.png\"}'),
(60, 60, 'en', '{\"space_number\":\"24\"}'),
(64, 64, 'en', '{\"space_number\":\"80\"}'),
(65, 65, 'en', '{\"space_number\":\"40\"}'),
(67, 67, 'en', '{\"space_number\":\"40\"}'),
(77, 77, 'en', '{\"space_number\":\"80\"}'),
(78, 78, 'en', '{\"upper_cta\":{\"badge_text\":\"Hot\",\"icon\":\"bul-camera\",\"main_text\":\"Join March Photography Bootcamp\",\"url\":\"\\/classes\"},\"main_content\":{\"welcome_text\":\"Hi, I\\u2019m Robert Ransdell\",\"title_line_1\":\"Interested in\",\"title_line_2\":\"Photography\",\"description\":\"Master the art of photography with expert-led lessons, hands-on techniques, and creative insights to capture stunning photos in any setting or skill level\",\"primary_button\":{\"label\":\"Start Learning\",\"icon\":\"bul-play-circle\",\"url\":\"\\/classes?sort=newest\"},\"secondary_button\":{\"label\":\"Book a Meeting\",\"icon\":\"bul-video\",\"url\":\"\\/users\\/robert-ransdell\\/meetings\"},\"highlight_words\":{\"JNddJ\":\"Basics?\",\"NJffb\":\"Techniques?\",\"MPFFC\":\"Skills?\",\"CFnTi\":\"Lighting?\"},\"welcome_icon\":\"\\/store\\/landing_builder\\/landing_4\\/78\\/handshake_0ZM.svg\"},\"students_widget\":{\"title\":\"2500+\",\"subtitle\":\"Successful Students\"},\"companies_widget\":{\"title\":\"50+\",\"subtitle\":\"Companies Have Collaborated With Me\",\"icon\":\"bul-shield-tick\"},\"students_widget_avatars\":{\"IBdSL\":\"\\/store\\/landing_builder\\/landing_4\\/78\\/Group_2038_z0q.png\",\"WbjdS\":\"\\/store\\/landing_builder\\/landing_4\\/78\\/Group_2041_AQs.png\",\"BcNwd\":\"\\/store\\/landing_builder\\/landing_4\\/78\\/Group_2043_GhG.png\",\"kBJAo\":\"\\/store\\/landing_builder\\/landing_4\\/78\\/Group_2046_62T.png\",\"JwJgy\":\"\\/store\\/landing_builder\\/landing_4\\/78\\/Group_2053_IQx.png\"},\"companies_widget_logos\":{\"hLVak\":\"\\/store\\/landing_builder\\/landing_4\\/78\\/company1_QhA.svg\",\"eBcca\":\"\\/store\\/landing_builder\\/landing_4\\/78\\/company2_3Oc.svg\",\"jZSze\":\"\\/store\\/landing_builder\\/landing_4\\/78\\/company3_Ney.svg\",\"xsVJV\":\"\\/store\\/landing_builder\\/landing_4\\/78\\/company4_Kpq.svg\",\"SlahH\":\"\\/store\\/landing_builder\\/landing_4\\/78\\/company5_txn.svg\",\"zrcmS\":\"\\/store\\/landing_builder\\/landing_4\\/78\\/company6_xXa.svg\"},\"background\":\"\\/store\\/landing_builder\\/landing_4\\/78\\/hero-bg_red.svg\",\"image_content\":{\"main_image\":\"\\/store\\/landing_builder\\/landing_4\\/78\\/instructor_ame.png\",\"spinning_image\":\"\\/store\\/landing_builder\\/landing_4\\/78\\/revolver-icon_BQg.svg\"}}'),
(79, 80, 'en', '{\"main_content\":{\"pre_title\":\"Start with Me\",\"title\":\"Begin Your Learning Journey\",\"description\":\"Unlock your potential with expert guidance, hands-on learning, and personalized support every step of the way\"}}'),
(80, 79, 'en', '{\"information_cards\":{\"nLfwT\":{\"title\":\"Portrait Photography\",\"subtitle\":\"Capture expressive, authentic moments with techniques that highlight personality beautifully\",\"image\":\"\\/store\\/landing_builder\\/landing_4\\/79\\/option1_Cw8.png\",\"url\":null,\"enable_image_padding\":\"on\"},\"kDwZL\":{\"title\":\"Adventure Photography\",\"subtitle\":\"Document thrilling outdoor experiences with dynamic compositions and bold visual\",\"image\":\"\\/store\\/landing_builder\\/landing_4\\/79\\/option2_b3h.png\",\"url\":null,\"enable_image_padding\":\"on\"},\"dEIIC\":{\"title\":\"Industrial Photography\",\"subtitle\":\"Showcase machinery and workspaces with precision and clarity composition\",\"image\":\"\\/store\\/landing_builder\\/landing_4\\/79\\/option3_DaB.png\",\"url\":null,\"enable_image_padding\":\"on\"},\"record\":{\"title\":null,\"subtitle\":null,\"url\":null,\"enable_image_padding\":\"0\"}}}'),
(81, 81, 'en', '{\"space_number\":\"24\"}'),
(82, 83, 'en', '{\"space_number\":\"80\"}'),
(83, 84, 'en', '{\"main_content\":{\"pre_title\":\"Top\",\"title\":\"Hot Course Picks\",\"description\":\"Discover our most popular courses, trusted by thousands, to boost your skills and career growth\"}}'),
(84, 82, 'en', '{\"reverse_direction\":null,\"main_content\":{\"pre_title_icon\":\"bul-sun-1\",\"title\":\"Mastering Natural Light Portrait Photography\",\"description\":\"Learn how to use natural light creatively to capture stunning portraits in any setting. This course covers light direction, shadows, positioning, and enhancing mood without artificial gear. Ideal for aspiring portrait photographers seeking professional results with minimal equipment.\",\"button\":{\"label\":\"View Course\",\"icon\":null,\"url\":\"\\/course\\/Installment-feature\"}},\"checked_items\":{\"AbqnM\":\"Portrait\",\"VDZfx\":\"Light\",\"HNOVZ\":\"Outdoor\",\"FBCph\":\"Shadows\",\"ZVopN\":\"Expression\",\"VSWCN\":\"Posing\",\"knrqe\":\"Natural\",\"alCwb\":\"Mood\",\"aHjin\":\"Focus\",\"SGHwM\":\"Depth\"},\"images\":{\"main_image\":\"\\/store\\/landing_builder\\/landing_4\\/82\\/course1_Kc1.jpg\"}}'),
(85, 85, 'en', '{\"reverse_direction\":\"on\",\"main_content\":{\"pre_title_icon\":\"bul-image\",\"title\":\"Adventure Photography: Capturing Action and Landscape Moments\",\"description\":\"Explore techniques to shoot breathtaking action shots and scenic landscapes on your travels. Learn how to work in dynamic environments, manage gear, compose fast-paced scenes, and tell compelling visual stories through your adventure photography skills.\",\"button\":{\"label\":\"View Course\",\"icon\":null,\"url\":\"\\/course\\/New-Update-Features\"}},\"checked_items\":{\"AbqnM\":\"Adventure\",\"VDZfx\":\"Travel\",\"HNOVZ\":\"Action\",\"FBCph\":\"Landscape\",\"ZVopN\":\"Gear\",\"VSWCN\":\"Movement\",\"knrqe\":\"Composition\",\"alCwb\":\"Exposure\",\"aHjin\":\"Nature\",\"SGHwM\":\"Speed\"},\"images\":{\"main_image\":\"\\/store\\/landing_builder\\/landing_4\\/85\\/course2_yGq.jpg\"}}'),
(86, 86, 'en', '{\"space_number\":\"16\"}'),
(87, 87, 'en', '{\"enable_slider\":\"on\",\"main_content\":{\"pre_title\":\"Free\",\"title\":\"Free Mini Courses\",\"description\":\"Boost your knowledge with quick, free mini courses designed to teach practical skills anytime, anywhere\"},\"specific_sliders\":{\"HsKkS\":{\"pre_title\":\"Composition\",\"title\":\"Creative Composition: Framing Better Photos Every Time\",\"description\":\"Discover composition techniques to turn ordinary scenes into striking, story-driven photographs\",\"image\":\"\\/store\\/landing_builder\\/landing_4\\/87\\/mini-course-1_XxM.jpg\",\"content_type\":\"image\",\"url\":\"\\/course\\/New-in-App-Live-System\",\"video_source\":\"youtube\",\"video_path\":null,\"enable\":\"on\"},\"fdhSH\":{\"pre_title\":\"LowLight\",\"title\":\"Low Light Photography: Mastering Night and Indoor Scenes\",\"description\":\"Learn how to shoot clear, compelling images in dim environments using exposure settings\",\"image\":\"\\/store\\/landing_builder\\/landing_4\\/87\\/mini-course-2_Hy8.jpg\",\"content_type\":\"image\",\"url\":\"\\/course\\/New-Learning-Page\",\"video_source\":\"youtube\",\"video_path\":null,\"enable\":\"on\"},\"PXomd\":{\"pre_title\":\"Industrial\",\"title\":\"Industrial Photography: Showcasing Machines, Tools, and Workspaces\",\"description\":\"Learn to Highlight industrial scenes with strong composition and lighting\",\"image\":\"\\/store\\/landing_builder\\/landing_4\\/87\\/mini-course-3_Jdd.jpg\",\"content_type\":\"image\",\"url\":\"\\/course\\/How-to-Travel-Around-the-World\",\"video_source\":\"youtube\",\"video_path\":null,\"enable\":\"on\"},\"record\":{\"pre_title\":null,\"title\":null,\"description\":null,\"content_type\":\"image\",\"url\":null,\"video_source\":\"youtube\",\"video_path\":null,\"enable\":\"0\"}}}'),
(88, 88, 'en', '{\"space_number\":\"80\"}'),
(89, 89, 'en', '{\"main_content\":{\"pre_title\":\"Courses\",\"title\":\"Photography Skills You Need\",\"description\":\"Unlock essential photography skills to capture stunning images with confidence, creativity, and professional-level techniques\",\"button\":{\"label\":\"Explore Courses\",\"icon\":\"bul-teacher\",\"url\":\"\\/classes?sort=newest\"}},\"featured_courses\":{\"tvmnt\":{\"course\":\"2008\"},\"xnHuk\":{\"course\":\"2022\"},\"JeIWg\":{\"course\":\"2010\"},\"tRaYZ\":{\"course\":\"2009\"},\"WLyGm\":{\"course\":\"2006\"},\"DNziL\":{\"course\":\"2005\"},\"RfWIh\":{\"course\":\"2004\"},\"JycMZ\":{\"course\":\"2003\"}},\"floating_images\":{\"image_2\":\"\\/store\\/landing_builder\\/landing_4\\/89\\/cameraicon_SMm.png\"},\"background\":\"\\/store\\/landing_builder\\/landing_4\\/89\\/coursesgrid-bg_thv.svg\"}'),
(90, 91, 'en', '{\"reverse_direction\":null,\"main_content\":{\"pre_title\":\"VIP Courses\",\"title\":\"Why Learners Prefer My Photography Courses\",\"description\":\"Gain hands-on skills, real-world tips, and personal guidance that help you capture, edit, and showcase professional-quality photos confidently.\",\"button\":{\"label\":\"Start Now\",\"icon\":\"bul-video-circle\",\"url\":\"\\/classes?sort=newest\"}},\"statistic_1\":{\"title\":\"2.5K\",\"subtitle\":\"Successful Students\",\"description\":\"Started their career with my courses\"},\"statistic_2\":{\"title\":\"4.93\",\"subtitle\":\"Average Course Rating\",\"description\":\"Over 1000 students rated us\"},\"image_content\":{\"main_image\":\"\\/store\\/landing_builder\\/landing_4\\/91\\/mycourses_fRV.png\",\"overlay_image_1\":\"\\/store\\/landing_builder\\/landing_4\\/91\\/section_overlay_KSd.png\",\"overlay_image_2\":\"\\/store\\/landing_builder\\/landing_4\\/91\\/section_overlay2_NPG.png\"}}'),
(91, 92, 'en', '{\"main_content\":{\"pre_title\":\"Testimonials\",\"title\":\"What Students Say\",\"description\":\"Hear real stories from students who improved their photography skills and built creative confidence\"},\"cta_section\":{\"title_bold_text\":\"Over 2,500 happy students\",\"title_regular_text\":\"have shared their experiences with my courses\",\"floating_image\":\"\\/store\\/landing_builder\\/landing_4\\/92\\/testimonials_R7z.png\"},\"testimonials\":{\"ibxdn\":{\"testimonial_id\":\"2\"},\"bkvhs\":{\"testimonial_id\":\"3\"},\"gNRTb\":{\"testimonial_id\":\"4\"},\"FkhZz\":{\"testimonial_id\":\"5\"},\"AapjR\":{\"testimonial_id\":\"6\"},\"rQIbl\":{\"testimonial_id\":\"7\"},\"PAgmZ\":{\"testimonial_id\":\"8\"},\"KhfJe\":{\"testimonial_id\":\"9\"},\"Fleqg\":{\"testimonial_id\":\"10\"},\"FIGvH\":{\"testimonial_id\":\"11\"},\"record\":{\"testimonial_id\":null}}}'),
(92, 93, 'en', '{\"main_content\":{\"pre_title\":\"Students\",\"title\":\"Students Wall of Fame\",\"description\":\"Celebrate standout learners who excelled in their photography journey and proudly earned a spot on our wall\"},\"specific_information\":{\"mOdbL\":{\"title\":\"Liam Carter\",\"subtitle\":\"Freelance Photographer capturing urban life and portraits professionally\",\"image\":\"\\/store\\/landing_builder\\/landing_4\\/93\\/wall1_wXy.jpg\",\"url\":\"\\/users\\/robert-ransdell\\/profile\",\"enable\":\"on\"},\"wBEEw\":{\"title\":\"Olivia Turner\",\"subtitle\":\"Fashion Photographer creating bold, editorial-style visual stories daily\",\"image\":\"\\/store\\/landing_builder\\/landing_4\\/93\\/wall2_3Jl.jpg\",\"url\":\"\\/users\\/robert-ransdell\\/profile\",\"enable\":\"on\"},\"IOoOB\":{\"title\":\"Noah Bennett\",\"subtitle\":\"Wildlife Photographer with a passion for nature storytelling\",\"image\":\"\\/store\\/landing_builder\\/landing_4\\/93\\/wall3_mQO.jpg\",\"url\":\"\\/users\\/robert-ransdell\\/profile\",\"enable\":\"on\"},\"MYGES\":{\"title\":\"Emma Hayes\",\"subtitle\":\"Wedding Photographer blending emotions with timeless, elegant frames\",\"image\":\"\\/store\\/landing_builder\\/landing_4\\/93\\/wall4_dsm.jpg\",\"url\":\"\\/users\\/robert-ransdell\\/profile\",\"enable\":\"on\"},\"JiCIx\":{\"title\":\"Ethan Brooks\",\"subtitle\":\"Industrial Photography Specialist focused on technical and commercial shoots\",\"image\":\"\\/store\\/landing_builder\\/landing_4\\/93\\/wall5_USd.jpg\",\"url\":\"\\/users\\/robert-ransdell\\/profile\",\"enable\":\"on\"},\"OFOtT\":{\"title\":\"Ava Mitchell\",\"subtitle\":\"Travel Photographer documenting cultures with vibrant, authentic imagery\",\"url\":\"\\/users\\/robert-ransdell\\/profile\",\"enable\":\"on\",\"image\":\"\\/store\\/landing_builder\\/landing_4\\/93\\/wall6_J99.jpg\"},\"record\":{\"title\":null,\"subtitle\":null,\"url\":null,\"enable\":\"0\"}}}'),
(93, 94, 'en', '{\"main_content\":{\"title\":\"Reserve Your Free Meeting\",\"subtitle\":\"Get expert guidance and personalized advice to boost your skills\",\"icon\":\"bul-calendar-2\",\"button\":{\"label\":\"Book a Meeting\",\"icon\":\"bul-video\",\"url\":\"\\/users\\/robert-ransdell\\/meetings\"}},\"background\":\"\\/store\\/landing_builder\\/landing_4\\/94\\/reserve-bg_1u8.png\"}'),
(94, 95, 'en', '{\"space_number\":\"40\"}'),
(95, 96, 'en', '{\"upper_cta\":{\"badge_text\":\"New\",\"main_text\":\"Our Management E-book Released!\",\"icon\":\"bul-book\",\"url\":\"\\/classes\"},\"main_content\":{\"title_line_1\":\"Corporate\",\"title_line_2\":\"That Drives Results\",\"description\":\"Equip your workforce with targeted, impactful training programs designed to improve performance, boost engagement, and align learning outcomes with business goals\\u2014delivered seamlessly through a scalable digital platform\",\"primary_button\":{\"label\":\"Explore Courses\",\"icon\":\"bul-video-circle\",\"url\":\"\\/classes\"},\"secondary_button\":{\"label\":\"Book a Meeting\",\"icon\":\"bul-video\",\"url\":\"\\/instructor-finder\"},\"highlight_words\":{\"pPFcH\":\"Learning\"}},\"students_widget\":{\"title\":\"Loved by 2,500+ Organizations\",\"url\":null},\"image_content\":{\"type\":\"image\",\"image\":\"\\/store\\/landing_builder\\/landing_5\\/96\\/heroimage_vKw.png\",\"overlay_image\":null,\"spinning_image\":null},\"background\":\"\\/store\\/landing_builder\\/landing_5\\/96\\/hero_bg_b2E.svg\",\"students_widget_avatars\":{\"pUPyA\":\"\\/store\\/landing_builder\\/landing_5\\/96\\/organization1_CCl.jpg\",\"XDqDr\":\"\\/store\\/landing_builder\\/landing_5\\/96\\/organization2_WrK.jpg\",\"syuMD\":\"\\/store\\/landing_builder\\/landing_5\\/96\\/organization3_bBN.jpg\",\"pFZpm\":\"\\/store\\/landing_builder\\/landing_5\\/96\\/organization5_wQJ.jpg\",\"OuTPn\":\"\\/store\\/landing_builder\\/landing_5\\/96\\/organization6_eiP.jpg\"}}'),
(96, 97, 'en', '{\"statistics\":{\"QbGNb\":{\"title\":\"Skillful Instructors\",\"icon\":\"bul-briefcase\",\"data_type\":\"semi_real\",\"data_source\":\"number_of_instructors\",\"start_from\":\"250\",\"manual_data\":null},\"YOFAm\":{\"title\":\"Happy Students\",\"icon\":\"bul-teacher\",\"data_type\":\"semi_real\",\"data_source\":\"number_of_students\",\"start_from\":\"500\",\"manual_data\":null},\"repCq\":{\"title\":\"Professional Courses\",\"icon\":\"bul-video-play\",\"data_type\":\"real\",\"data_source\":\"number_of_courses\",\"start_from\":null,\"manual_data\":null},\"JLmBF\":{\"title\":\"Official Organizations\",\"icon\":\"bul-building\",\"data_type\":\"real\",\"data_source\":\"number_of_organizations\",\"start_from\":null,\"manual_data\":null},\"record\":{\"title\":null,\"icon\":null,\"data_type\":\"real\",\"data_source\":\"number_of_instructors\",\"start_from\":null,\"manual_data\":null}},\"background\":\"\\/store\\/landing_builder\\/landing_5\\/97\\/stats_bg_o4y.svg\",\"background_color\":\"secondary\"}'),
(100, 101, 'en', '{\"space_number\":\"80\"}'),
(101, 102, 'en', '{\"space_number\":\"24\"}'),
(102, 103, 'en', '{\"space_number\":\"80\"}'),
(104, 105, 'en', '{\"space_number\":\"24\"}'),
(105, 106, 'en', '{\"space_number\":\"24\"}'),
(108, 109, 'en', '{\"main_content\":{\"pre_title\":\"Services\",\"title\":\"Why Organizations Trust Our Training\",\"description\":\"Proven methods, measurable outcomes, and tailored programs that align learning with your organization\'s unique goals\"}}'),
(109, 110, 'en', '{\"space_number\":\"80\"}'),
(110, 111, 'en', '{\"information_cards\":{\"MnXzE\":{\"title\":\"Engagement Growth\",\"subtitle\":\"Increase participation and motivation with interactive, relevant, and user-friendly programs\",\"image\":\"\\/store\\/landing_builder\\/landing_5\\/111\\/benefit1_nkv.png\",\"url\":null,\"enable_image_padding\":\"0\"},\"ErlFq\":{\"title\":\"Scalable Solutions\",\"subtitle\":\"Easily adapt training to fit any team size, department, or organizational structure\",\"image\":\"\\/store\\/landing_builder\\/landing_5\\/111\\/benefit2_6cn.png\",\"url\":null,\"enable_image_padding\":\"0\"},\"CMgxL\":{\"title\":\"Performance Boost\",\"subtitle\":\"Improve employee efficiency and productivity through outcome-focused learning experiences\",\"url\":null,\"enable_image_padding\":\"0\",\"image\":\"\\/store\\/landing_builder\\/landing_5\\/111\\/benefit3_MKx.png\"},\"record\":{\"title\":null,\"subtitle\":null,\"url\":null,\"enable_image_padding\":\"0\"}}}'),
(111, 112, 'en', '{\"space_number\":\"80\"}'),
(112, 113, 'en', '{\"banner_1\":{\"title\":\"Leadership & Management\",\"subtitle\":\"Develop confident, effective organizational leaders\",\"url\":\"\\/course\\/How-to-Manage-Your-Virtual-Team\",\"image\":\"\\/store\\/landing_builder\\/landing_5\\/113\\/service1_1mo.jpg\"},\"banner_2\":{\"title\":\"Communication & Collaboration\",\"subtitle\":\"Strengthen teamwork through better communication\",\"url\":\"\\/course\\/Active-Listening-You-Can-Be-a-Great-Listener\",\"image\":\"\\/store\\/landing_builder\\/landing_5\\/113\\/service2_XDe.jpg\"},\"banner_3\":{\"title\":\"Workplace Ethics\",\"subtitle\":\"Promote integrity, safety, and compliance\",\"url\":\"\\/course\\/Effective-Time-Management\",\"image\":\"\\/store\\/landing_builder\\/landing_5\\/113\\/service3_Tkm.jpg\"},\"cta_section\":{\"title\":\"500+ Expert-Led Courses In Key Topics\",\"subtitle\":\"Access a wide range of professionally developed courses designed to enhance skills across business-critical disciplines\",\"url\":\"\\/classes?sort=newest\",\"background\":\"\\/store\\/landing_builder\\/landing_5\\/113\\/services_bg_PCc.svg\"}}'),
(113, 114, 'en', '{\"main_content\":{\"pre_title\":\"Courses\",\"title\":\"Organizational Growth Courses\",\"description\":\"Empower teams with curated courses designed to strengthen capabilities, drive growth, and support organizational goals\"}}'),
(114, 115, 'en', '{\"component_image_style\":\"top_margin\",\"reverse_direction\":null,\"main_content\":{\"pre_title_icon\":\"bul-briefcase\",\"title\":\"Mastering Team Management: Build Stronger Teams\",\"description\":\"Learn essential team management skills to lead with confidence, enhance collaboration, resolve conflicts, and boost overall team performance in dynamic, fast-paced organizational environments.\",\"badge_title\":\"MasterClass\",\"button\":{\"label\":\"View Course\",\"icon\":\"bul-teacher\",\"url\":\"\\/course\\/Effective-Time-Management\"}},\"checked_items\":{\"mBVZa\":\"Leadership Fundamentals\",\"EvwgP\":\"Team Dynamics\",\"bHmJT\":\"Conflict Resolution\",\"HhItd\":\"Delegation Techniques\",\"wvtxY\":\"Motivating Teams\",\"MCmKK\":\"Effective Communication\",\"lUfnY\":\"Performance Monitoring\",\"MfpMg\":\"Goal Setting\"},\"images\":{\"main_image\":\"\\/store\\/landing_builder\\/landing_5\\/115\\/course1_Lvw.png\",\"overlay_image\":\"\\/store\\/landing_builder\\/landing_5\\/115\\/course_overlay_1_T6J.png\"}}'),
(115, 116, 'en', '{\"component_image_style\":\"top_margin\",\"reverse_direction\":null,\"main_content\":{\"pre_title_icon\":\"bul-award\",\"title\":\"Strategic Business Planning: Achieve Competitive Advantage\",\"description\":\"Gain practical skills to develop, implement, and adapt business strategies that align with goals, respond to market shifts, and ensure sustainable competitive advantage in any industry.\",\"badge_title\":\"Bootcamp\",\"button\":{\"label\":\"View Course\",\"icon\":\"bul-teacher\",\"url\":\"\\/course\\/How-to-Manage-Your-Virtual-Team\"}},\"checked_items\":{\"mBVZa\":\"Strategic Planning\",\"EvwgP\":\"Market Analysis\",\"bHmJT\":\"Competitive Positioning\",\"HhItd\":\"SWOT Analysis\",\"wvtxY\":\"Business Model Design\",\"MCmKK\":\"Growth Strategies\",\"lUfnY\":\"Risk Management\",\"MfpMg\":\"Value Proposition\"},\"images\":{\"main_image\":\"\\/store\\/landing_builder\\/landing_5\\/116\\/course2_DSb.png\",\"overlay_image\":\"\\/store\\/landing_builder\\/landing_5\\/116\\/course_overlay_2_Zft.png\"}}'),
(116, 117, 'en', '{\"space_number\":\"24\"}'),
(117, 118, 'en', '{\"component_image_style\":\"top_margin\",\"reverse_direction\":null,\"main_content\":{\"pre_title_icon\":\"bul-money-4\",\"title\":\"Financial Management: Powerful Financial Performance\",\"description\":\"Learn core financial management skills to plan budgets, analyze costs, manage cash flow, and make informed decisions that support organizational stability, growth, and long-term profitability.\",\"badge_title\":\"Course\",\"button\":{\"label\":\"View Course\",\"icon\":\"bul-teacher\",\"url\":\"\\/course\\/Excel-from-Beginner-to-Advanced\"}},\"checked_items\":{\"mBVZa\":\"Budget Planning\",\"EvwgP\":\"Cost Analysis\",\"bHmJT\":\"Cash Flow Management\",\"HhItd\":\"Financial Forecasting\",\"wvtxY\":\"Profitability Assessment\",\"MCmKK\":\"Expense Tracking\",\"lUfnY\":\"Break-Even Analysis\",\"MfpMg\":\"Financial Reporting\"},\"images\":{\"main_image\":\"\\/store\\/landing_builder\\/landing_5\\/118\\/course3_L7N.png\",\"overlay_image\":\"\\/store\\/landing_builder\\/landing_5\\/118\\/course_overlay_3_G4m.png\"}}'),
(118, 119, 'en', '{\"separator_icon\":\"bul-triangle\",\"card_style\":\"normal\",\"card_color\":\"primary\",\"title_items\":{\"kjkgj\":{\"title\":\"Coaching\",\"url\":\"\\/categories\\/Development\\/Web-Development\"},\"qGLVV\":{\"title\":\"Communication\",\"url\":\"\\/categories\\/Development\\/Mobile-Development\"},\"TGHuL\":{\"title\":\"Leadership\",\"url\":\"\\/categories\\/Business\\/Management\"},\"DfNGo\":{\"title\":\"Negotiation\",\"url\":\"\\/categories\\/Business\\/Communications\"},\"rVDct\":{\"title\":\"Sales\",\"url\":\"\\/categories\\/Business\\/Business-Strategy\"},\"PPVlQ\":{\"title\":\"Marketing\",\"url\":\"\\/categories\\/Business\"},\"eMjQx\":{\"title\":\"Strategy\",\"url\":\"\\/categories\\/Marketing\"},\"uvFaj\":{\"title\":\"Cybersecurity\",\"url\":\"\\/categories\\/Design\"},\"yBlrk\":{\"title\":\"Remote Coordination\",\"url\":\"\\/categories\\/Health-and-Fitness\"},\"hZTRm\":{\"title\":\"Prioritization\",\"url\":\"\\/categories\\/Lifestyles\\/Lifestyle\"},\"fdMCm\":{\"title\":\"Customer Experience\",\"url\":\"\\/categories\\/Lifestyles\\/Beauty-and-Makeup\"},\"cdVTr\":{\"title\":\"Workplace Efficiency\",\"url\":\"\\/categories\\/Academics\\/Science\"},\"record\":{\"title\":null,\"url\":null}}}'),
(119, 120, 'en', '{\"main_content\":{\"title\":\"Flexible Plans for Teams\",\"description\":\"Explore flexible subscription plans tailored to team size, training goals, and your organization\\u2019s evolving needs.\",\"button\":{\"label\":\"Subscription Plans\",\"icon\":\"bul-cup\",\"url\":\"\\/panel\\/financial\\/subscribes\"},\"floating_image\":\"\\/store\\/landing_builder\\/landing_5\\/120\\/subscription_overlay_XZu.png\"},\"subscriptions_plans\":{\"DRiMR\":{\"plan_id\":\"3\"},\"ZfFOm\":{\"plan_id\":\"4\"},\"uyLhI\":{\"plan_id\":\"5\"},\"record\":{\"plan_id\":null}},\"checked_items\":{\"nHjNX\":\"Unlimited Course Access\",\"RICIj\":\"Custom Learning Paths\",\"pYuIm\":\"Scalable User Seats\",\"CeEef\":\"Flexible Plan Upgrades\"}}'),
(120, 121, 'en', '{\"space_number\":\"80\"}'),
(121, 123, 'en', '{\"space_number\":\"80\"}'),
(122, 122, 'en', '{\"main_content\":{\"pre_title\":\"Customers\",\"title\":\"Organizations We\'ve Trained\",\"description\":\"Discover some of the forward-thinking organizations that trust our platform to develop and upskill their teams.\",\"button\":{\"label\":\"Organizations\",\"icon\":\"bul-briefcase\",\"url\":\"\\/organizations\"}},\"specific_organizations\":{\"ZCxso\":{\"organization_id\":\"4\"},\"NAPuw\":{\"organization_id\":\"859\"},\"wUjnc\":{\"organization_id\":\"863\"},\"sCvOk\":{\"organization_id\":\"864\"},\"bRimm\":{\"organization_id\":\"867\"},\"GefGT\":{\"organization_id\":\"868\"},\"record\":{\"organization_id\":null}},\"background\":\"\\/store\\/landing_builder\\/landing_5\\/122\\/organizations_bg_oga.svg\"}'),
(123, 124, 'en', '{\"main_content\":{\"pre_title\":\"Trusted Services\",\"title\":\"Trusted by Leading Brands Around the World\",\"description\":\"Our platform is proudly trusted by renowned global brands, showcasing reliability, quality, and consistent results across diverse industries worldwide.\",\"button\":{\"label\":\"Try our Services\",\"icon\":\"bul-box-1\",\"url\":\"\\/classes\"}},\"companies_widget_logos\":{\"zdBeQ\":\"\\/store\\/landing_builder\\/landing_5\\/124\\/logo1_vme.png\",\"MjaRj\":\"\\/store\\/landing_builder\\/landing_5\\/124\\/logo2_9Mn.png\",\"Qeklc\":\"\\/store\\/landing_builder\\/landing_5\\/124\\/logo3_pNg.png\",\"zMjpQ\":\"\\/store\\/landing_builder\\/landing_5\\/124\\/logo4_CJi.png\",\"umsVi\":\"\\/store\\/landing_builder\\/landing_5\\/124\\/logo5_9gq.png\",\"xgCyt\":\"\\/store\\/landing_builder\\/landing_5\\/124\\/logo6_UDn.png\",\"SIfbh\":\"\\/store\\/landing_builder\\/landing_5\\/124\\/logo7_Qx3.png\",\"jNmUa\":\"\\/store\\/landing_builder\\/landing_5\\/124\\/logo8_Iom.png\",\"pmZZd\":\"\\/store\\/landing_builder\\/landing_5\\/124\\/logo9_HwP.png\"}}');
INSERT INTO `landing_component_translations` (`id`, `landing_component_id`, `locale`, `content`) VALUES
(124, 125, 'en', '{\"additional_information\":{\"pre_title\":\"FAQ\",\"title\":\"Explore Common Questions and Smart Solutions\",\"description\":\"Find clear answers to the most frequently asked questions about our platform, services, and features to help you get started with confidence and ease.\",\"button\":{\"label\":\"Contact Us\",\"icon\":\"bul-message\",\"url\":\"\\/contact\"}},\"faq_items\":{\"YHDtK\":{\"title\":\"What is organizational training exactly about?\",\"description\":\"Organizational training focuses on improving employee skills, knowledge, and performance to meet company goals. It includes tailored courses, workshops, and hands-on activities that align with industry needs. This type of training boosts productivity, fosters teamwork, and ensures staff stays updated with the latest trends, technologies, and compliance standards in their specific fields.\",\"icon\":\"bul-message-question\",\"enable\":\"on\"},\"mLenn\":{\"title\":\"How can this benefit my organization?\",\"description\":\"Organizational training enhances employee efficiency, reduces errors, and improves morale. It helps teams work more effectively, adapt to change, and align with strategic goals. Companies that invest in training often see higher retention rates and stronger employee engagement, which translates into improved performance and long-term success across departments.\",\"icon\":\"bul-teacher\",\"enable\":\"on\"},\"RCvaf\":{\"title\":\"Can we customize the training content?\",\"description\":\"Yes, all training programs can be customized to suit your organization\\u2019s industry, goals, and workforce needs. Whether you require leadership development, compliance training, technical skills, or soft skills, content can be tailored to address specific challenges and objectives. This ensures your employees gain relevant, practical knowledge they can apply immediately.\",\"icon\":\"bul-video\",\"enable\":\"on\"},\"vZmJR\":{\"title\":\"Is the training available online or onsite?\",\"description\":\"We offer flexible delivery options: online, onsite, or blended. Online training allows employees to learn anytime, anywhere, while onsite sessions provide hands-on guidance and immediate interaction. You can choose the format that best fits your team&amp;amp;#039;s schedule, learning style, and operational requirements to maximize participation and effectiveness.\",\"icon\":\"bul-monitor\",\"enable\":\"on\"},\"fbktG\":{\"title\":\"How do we measure training success?\",\"description\":\"Training success is measured through assessments, feedback, performance tracking, and KPI alignment. Post-training evaluations, quizzes, and surveys help identify knowledge retention and skill improvements. You can also monitor real-world application of skills on the job and track improvements in productivity, quality, and team collaboration over time.\",\"icon\":\"bul-chart-square\",\"enable\":\"on\"},\"record\":{\"title\":null,\"description\":null,\"icon\":null,\"enable\":\"0\"}},\"background\":\"\\/store\\/landing_builder\\/landing_5\\/125\\/faq_bg_z4q.svg\",\"floating_image\":\"\\/store\\/landing_builder\\/landing_5\\/125\\/faq_overlay_ZvS.png\"}'),
(125, 126, 'en', '{\"space_number\":\"80\"}'),
(126, 127, 'en', '{\"main_content\":{\"pre_title_icon\":null,\"pre_title\":\"Looking for Effective Education?\",\"main_title_line_1\":\"Transform Performance\",\"main_title_line_2\":\"With Targeted Pro Education\",\"badge_title\":\"PRO!\",\"description\":\"Enhance your organization\\u2019s capabilities with our tailored tutoring services. Partner with industry experts to provide impactful training that improves team long-term professional growth.\",\"primary_button\":{\"label\":\"Join Us Now\",\"icon\":\"bul-teacher\",\"url\":\"\\/classes\"},\"secondary_button\":{\"label\":\"Book a Meeting\",\"icon\":\"bul-video\",\"url\":\"\\/users\\/robert-ransdell\\/meetings\"}},\"specific_links\":{\"sogIg\":{\"title\":\"Communications\",\"url\":\"\\/categories\\/Business\\/Communications\"},\"npvIM\":{\"title\":\"Management\",\"url\":\"\\/categories\\/Business\\/Management\"},\"FRYxh\":{\"title\":\"Marketing\",\"url\":\"\\/categories\\/Marketing\"},\"record\":{\"title\":null,\"url\":null}},\"background\":\"\\/store\\/landing_builder\\/landing_5\\/127\\/cta_bg_JWS.jpg\",\"dark_mode_background\":\"\\/store\\/landing_builder\\/landing_5\\/127\\/cta_bg_dark_gl8.jpg\"}'),
(127, 129, 'en', '{\"space_number\":\"80\"}'),
(128, 130, 'en', '{\"reverse_direction\":null,\"main_content\":{\"pre_title\":\"Join Us\",\"title\":\"Unlock Growth, Join Our Learning Platform\",\"description\":\"Unlock your organization\\u2019s full potential through expert-led training, skill development, and continuous growth with our platform.\",\"button\":{\"label\":\"Register Now!\",\"icon\":\"bul-add-circle\",\"url\":\"\\/login\"}},\"statistic_1\":{\"title\":\"2.5K\",\"subtitle\":\"Successful Organizations\",\"description\":\"Used our training services\"},\"statistic_2\":{\"title\":\"15K\",\"subtitle\":\"Professional Employees\",\"description\":\"Trained using our services\"},\"image_content\":{\"main_image\":\"\\/store\\/landing_builder\\/landing_5\\/130\\/cta_section_P36.png\",\"overlay_image_1\":null,\"overlay_image_2\":\"\\/store\\/landing_builder\\/landing_5\\/130\\/money_KIF.png\"}}'),
(129, 131, 'en', '{\"upper_cta\":{\"badge_text\":\"Book Now\",\"main_text\":\"Enjoy a Complimentary First Meeting\",\"icon\":\"bul-discount-shape\",\"url\":\"\\/classes\"},\"main_content\":{\"title_line_1\":\"Reserve\",\"title_line_2\":\"Meeting Session\",\"description\":\"Get personalized education experience by booking a one-on-one study session with expert tutors. Ask questions, review topics, and boost your confidence\\u2014right when you need it.\",\"primary_button\":{\"label\":\"Find a Tutor\",\"icon\":\"bul-teacher\",\"url\":\"\\/instructor-finder\\/wizard\"},\"secondary_button\":{\"label\":\"Explore Tutors\",\"icon\":\"bul-profile-2user\",\"url\":\"\\/instructor-finder\"},\"highlight_words\":{\"pPFcH\":\"Online\",\"cjGUm\":\"Local\",\"btZtB\":\"Group\",\"DVEWc\":\"1-to-1\"}},\"students_widget\":{\"title\":\"5K+ Learning Sessions Booked\",\"url\":null},\"image_content\":{\"type\":\"lottie_json\",\"image\":null,\"overlay_image\":null,\"spinning_image\":null,\"lottie_json\":\"\\/store\\/landing_builder\\/landing_6\\/131\\/hero_illustration_jXr.json\"},\"background\":\"\\/store\\/landing_builder\\/landing_5\\/96\\/hero_bg_b2E.svg\",\"students_widget_avatars\":{\"pUPyA\":\"\\/store\\/landing_builder\\/landing_6\\/131\\/student3_k3m.jpg\",\"XDqDr\":\"\\/store\\/landing_builder\\/landing_6\\/131\\/student4_8Yc.jpg\",\"syuMD\":\"\\/store\\/landing_builder\\/landing_6\\/131\\/student5_j9a.jpg\",\"pFZpm\":\"\\/store\\/landing_builder\\/landing_6\\/131\\/student8_gix.jpg\",\"OuTPn\":\"\\/store\\/landing_builder\\/landing_6\\/131\\/student2_SnM.jpg\"}}'),
(130, 132, 'en', '{\"statistics\":{\"QbGNb\":{\"title\":\"Skillful Instructors\",\"icon\":\"bul-briefcase\",\"data_type\":\"semi_real\",\"data_source\":\"number_of_instructors\",\"start_from\":\"250\",\"manual_data\":null},\"YOFAm\":{\"title\":\"Happy Students\",\"icon\":\"bul-teacher\",\"data_type\":\"semi_real\",\"data_source\":\"number_of_students\",\"start_from\":\"500\",\"manual_data\":null},\"repCq\":{\"title\":\"Official Organizations\",\"icon\":\"bul-building\",\"data_type\":\"semi_real\",\"data_source\":\"number_of_organizations\",\"start_from\":\"50\",\"manual_data\":null},\"JLmBF\":{\"title\":\"Meetings Conducted\",\"icon\":\"bul-video\",\"data_type\":\"semi_real\",\"data_source\":\"number_of_sales\",\"start_from\":\"300\",\"manual_data\":null},\"record\":{\"title\":null,\"icon\":null,\"data_type\":\"real\",\"data_source\":\"number_of_instructors\",\"start_from\":null,\"manual_data\":null}},\"background\":\"\\/store\\/landing_builder\\/landing_6\\/132\\/stats_bg_jIX.svg\",\"background_color\":\"secondary\"}'),
(131, 133, 'en', '{\"space_number\":\"80\"}'),
(132, 134, 'en', '{\"space_number\":\"80\"}'),
(134, 136, 'en', '{\"space_number\":\"80\"}'),
(135, 137, 'en', '{\"space_number\":\"80\"}'),
(136, 138, 'en', '{\"main_content\":{\"pre_title\":\"Process\",\"title\":\"How to Book Meetings\",\"description\":\"Easily find your ideal tutor, choose a time, and book personalized sessions in just minutes\"}}'),
(137, 139, 'en', '{\"space_number\":\"24\"}'),
(139, 141, 'en', '{\"space_number\":\"60\"}'),
(157, 159, 'en', '{\"main_content\":{\"pre_title\":\"Features\",\"title\":\"Essential Tools For Seamless Meeting Booking\",\"description\":\"Discover essential tools designed to simplify scheduling, managing, and joining tutoring sessions effortlessly, ensuring seamless communication and enhanced learning experiences.\",\"button\":{\"label\":\"Explore More\",\"icon\":\"bul-box-tick\",\"url\":\"\\/blog\\/How-To-Teach-Your-Kid-Anything-Easily-3\"}},\"features_cards\":{\"qKLlu\":{\"title\":\"Interactive Video Meetings\",\"description\":\"Engage in high-quality video calls with screen sharing, chat, and collaborative whiteboard tools.\",\"icon\":\"bul-monitor-recorder\",\"url\":null},\"jkmWO\":{\"title\":\"Student-Instructor Matching\",\"description\":\"et matched with ideal instructors using intelligent filters based on subject, level, and availability.\",\"icon\":\"bul-teacher\",\"url\":null},\"jsPAn\":{\"title\":\"Seamless Calendar Integration\",\"description\":\"Sync sessions with your favorite calendar apps and receive automatic updates for schedule changes.\",\"icon\":\"bul-calendar-2\",\"url\":null},\"VdkzH\":{\"title\":\"Flexible Payment Options\",\"description\":\"Pay securely using multiple methods with support for discounts, subscriptions, and wallet-based payments.\",\"icon\":\"bul-money-2\",\"url\":null},\"record\":{\"title\":null,\"description\":null,\"icon\":null,\"url\":null}},\"checked_items\":{\"MnOjo\":\"Flexible Time Slots\",\"tlpDs\":\"Instant Meeting Links\",\"FauIw\":\"Progress Tracking\",\"FnFFu\":\"Reminders & Alerts\"}}'),
(158, 160, 'en', '{\"enable_overlay\":\"on\",\"main_content\":{\"pre_title\":\"Featured\",\"title\":\"Top Featured Instructors\",\"description\":\"Meet our most trusted educators, handpicked for their expertise, teaching quality, and student satisfaction\"},\"specific_banners\":{\"fscWd\":{\"title\":\"Robert Ransdell\",\"image\":\"\\/store\\/landing_builder\\/landing_6\\/160\\/instructor1_naM.jpg\",\"url\":\"\\/users\\/robert-ransdell\\/meetings\",\"enable\":\"on\"},\"VdMuz\":{\"title\":\"Ricardo Dave\",\"url\":\"\\/users\\/ricardo-dave\\/meetings\",\"enable\":\"on\",\"image\":\"\\/store\\/landing_builder\\/landing_6\\/160\\/instructor2_dbf.jpg\"},\"opTsl\":{\"title\":\"John Powe\",\"url\":\"\\/users\\/john-powe\\/meetings\",\"enable\":\"on\",\"image\":\"\\/store\\/landing_builder\\/landing_6\\/160\\/instructor3_8Ye.jpg\"},\"WHerv\":{\"title\":\"James Kong\",\"url\":\"\\/users\\/james-kong\\/meetings\",\"enable\":\"on\",\"image\":\"\\/store\\/landing_builder\\/landing_6\\/160\\/instructor4_H7w.jpg\"},\"cvByD\":{\"title\":\"Jessica Wray\",\"url\":\"\\/users\\/jessica-wray\\/meetings\",\"enable\":\"on\",\"image\":\"\\/store\\/landing_builder\\/landing_6\\/160\\/instructor6_coZ.jpg\"},\"IjHfi\":{\"title\":\"Adrian Anderson\",\"url\":\"users\\/linda-anderson\\/meetings\",\"enable\":\"on\",\"image\":\"\\/store\\/landing_builder\\/landing_6\\/160\\/instructor5_cUV.jpg\"},\"record\":{\"title\":null,\"url\":null,\"enable\":\"0\"}}}'),
(159, 161, 'en', '{\"reverse_direction\":null,\"main_content\":{\"pre_title\":\"Step 1\",\"title\":\"Search and Choose Your Ideal Instructor\",\"description\":\"Browse instructor profiles, compare expertise, and choose the perfect match for your learning goals according to different parameters\",\"button\":{\"label\":\"Tutor Finder\",\"icon\":\"bul-search-status-1\",\"url\":\"\\/instructor-finder\\/wizard\"}},\"checked_items\":{\"nZHzk\":\"Tutoring Category\",\"BfqgY\":\"Skill Level\",\"GKDpL\":\"Meeting Type\",\"OzMyc\":\"Meeting Timeframe\"},\"image_content\":{\"main_image\":\"\\/store\\/landing_builder\\/landing_6\\/161\\/meeting1_X1J.png\"}}'),
(160, 162, 'en', '{\"reverse_direction\":null,\"main_content\":{\"pre_title\":\"Step 2\",\"title\":\"Choose Your Preferred Date and Time\",\"description\":\"Select the best date and time that suits your schedule for a personalized tutoring session. Select the best date and time according to your availability.\",\"button\":{\"label\":\"Book a Meeting\",\"icon\":\"bul-calendar-2\",\"url\":\"\\/instructor-finder\"}},\"statistic_1\":{\"title\":\"724\",\"subtitle\":\"Weekly Time Slots\",\"description\":\"Are available on the platform\"},\"statistic_2\":{\"title\":\"50K\",\"subtitle\":\"Meeting Hours\",\"description\":\"Conducted successfully\"},\"image_content\":{\"main_image\":\"\\/store\\/landing_builder\\/landing_6\\/162\\/meeting2_aaw.png\"}}'),
(161, 163, 'en', '{\"space_number\":\"60\"}'),
(162, 164, 'en', '{\"reverse_direction\":null,\"main_content\":{\"pre_title\":\"Step 3\",\"title\":\"Join Meeting, Experience Seamless Learning\",\"description\":\"Join your scheduled session with ease and enjoy smooth, interactive learning from expert instructors in real time.\",\"button\":{\"label\":\"Supported Platforms\",\"icon\":\"bul-video\",\"url\":\"\\/blog\\/How-To-Teach-Your-Kid-Anything-Easily-2\"}},\"checked_items\":{\"nZHzk\":\"Zoom\",\"BfqgY\":\"Agora (In-app)\",\"GKDpL\":\"Bigbluebutton\",\"OzMyc\":\"Jitsi Meet\",\"QmomF\":\"+ All Other Platforms\"},\"image_content\":{\"main_image\":\"\\/store\\/landing_builder\\/landing_6\\/164\\/meeting3_ZY3.png\"}}'),
(163, 165, 'en', '{\"space_number\":\"80\"}'),
(164, 166, 'en', '{\"space_number\":\"60\"}'),
(165, 167, 'en', '{\"reverse_direction\":null,\"main_content\":{\"pre_title\":\"Step 4\",\"title\":\"Achieve Learning Goals Through Expert-Led Live Education\",\"description\":\"Experience engaging, results-driven education through interactive sessions, expert guidance, and personalized support designed to help you achieve your learning goals faster.\",\"button\":{\"label\":\"Check Results\",\"icon\":\"bul-cup\",\"url\":\"\\/blog\\/3-Laws-to-Become-a-Straight-A-Student\"}},\"statistic_1\":{\"title\":\"50K+\",\"subtitle\":\"Online Meetings\",\"description\":\"Conducted on the platform\"},\"statistic_2\":{\"title\":\"15K+\",\"subtitle\":\"In-Person Meetings\",\"description\":\"Held by our users localy\"},\"image_content\":{\"main_image\":\"\\/store\\/landing_builder\\/landing_6\\/167\\/meeting4_c8a.png\"}}'),
(166, 168, 'en', '{\"main_content\":{\"pre_title\":\"Book Now\",\"title\":\"Schedule Your Meeting Right Now\",\"description\":\"Book personalized sessions with top instructors, choose your time, and start learning with expert guidance instantly\"},\"cta_section\":{\"title\":\"Looking for the perfect tutor?\",\"description\":\"Easily discover the perfect instructor by using smart filters like expertise, availability, etc., tailored to your goals.\",\"link_title\":\"Instructor Finder\",\"url\":\"\\/instructor-finder\\/wizard\",\"image\":\"\\/store\\/landing_builder\\/landing_6\\/168\\/finder_cta_Ny5.png\"},\"meeting_instructors\":{\"hSeQo\":{\"instructor\":\"923\"},\"SdEVi\":{\"instructor\":\"1015\"},\"bwJgC\":{\"instructor\":\"934\"},\"unWuZ\":{\"instructor\":\"929\"},\"ljxyU\":{\"instructor\":\"870\"},\"atklE\":{\"instructor\":\"1016\"},\"record\":{\"instructor\":null}},\"background\":\"\\/store\\/landing_builder\\/landing_6\\/168\\/booking_bg_kVY.svg\",\"background_color\":\"secondary\"}'),
(167, 169, 'en', '{\"main_content\":{\"pre_title\":\"Testimonials\",\"title\":\"Discover What Learners Really Think\",\"description\":\"Read honest feedback from real students who experienced our courses and achieved their learning goals successfully.\"},\"cta_section\":{\"title_bold_text\":\"Over 2,500 happy students\",\"title_regular_text\":\"have shared their experiences with my courses\",\"floating_image\":\"\\/store\\/landing_builder\\/landing_6\\/169\\/testimonials_jx4.png\"},\"testimonials\":{\"bfTOY\":{\"testimonial_id\":\"2\"},\"JzjuH\":{\"testimonial_id\":\"3\"},\"SmNmW\":{\"testimonial_id\":\"4\"},\"BleDu\":{\"testimonial_id\":\"5\"},\"WneMB\":{\"testimonial_id\":\"6\"},\"GiiSv\":{\"testimonial_id\":\"7\"},\"mHmJS\":{\"testimonial_id\":\"8\"},\"nJiEZ\":{\"testimonial_id\":\"9\"},\"KCQlo\":{\"testimonial_id\":\"10\"},\"Hpbyr\":{\"testimonial_id\":\"11\"},\"record\":{\"testimonial_id\":null}}}'),
(168, 170, 'en', '{\"first_line\":{\"text_1\":\"Discover the right\",\"text_2\":\"instructor\",\"image_1\":\"\\/store\\/landing_builder\\/landing_6\\/170\\/cta_image_ZQ2.png\"},\"second_line\":{\"text_1\":\"and book\",\"text_2\":\"your meeting!\",\"image_1\":\"\\/store\\/landing_builder\\/landing_6\\/170\\/avatar1_Hqn.png\",\"image_2\":\"\\/store\\/landing_builder\\/landing_6\\/170\\/avatar2_ILx.png\"},\"additional_information\":{\"text_1\":\"Easily find the perfect instructor tailored to your needs and conveniently book a meeting to start learning without any hassle\"},\"primary_button\":{\"label\":\"Tutor Finder\",\"icon\":\"bul-teacher\",\"url\":\"\\/instructor-finder\\/wizard\"},\"secondary_button\":{\"label\":\"Tutors List\",\"icon\":\"bul-profile-2user\",\"url\":\"\\/instructor-finder\"},\"background\":\"\\/store\\/landing_builder\\/landing_6\\/170\\/cta_bg_cjl.svg\",\"floating_images\":{\"image_1\":\"\\/store\\/landing_builder\\/landing_6\\/170\\/floating1_pMQ.svg\",\"image_2\":\"\\/store\\/landing_builder\\/landing_6\\/170\\/floating2_30w.svg\"},\"side_images\":{\"image_1\":\"\\/store\\/landing_builder\\/landing_6\\/170\\/side1_xue.svg\",\"image_2\":\"\\/store\\/landing_builder\\/landing_6\\/170\\/side2_tvM.svg\"}}'),
(170, 172, 'en', '{\"upper_cta\":{\"badge_text\":\"Level Up\",\"main_text\":\"UX Design Bootcamp Now Open\",\"icon\":\"bul-play-circle\",\"url\":\"\\/classes\"},\"main_content\":{\"title_line_1\":\"I\'m\",\"title_line_2\":\"UI\\/UX Designer\",\"description\":\"I\\u2019m John Powe, a passionate UI\\/UX Designer helping brands create intuitive, user-centered digital experiences that look great and perform even better across platforms.\",\"primary_button\":{\"label\":\"Explore Courses\",\"icon\":\"bul-video-circle\",\"url\":\"\\/classes\"},\"secondary_button\":{\"label\":\"Book a Meeting\",\"icon\":\"bul-video\",\"url\":\"\\/users\\/john-powe\\/meetings\"},\"highlight_words\":{\"pPFcH\":\"John Powe\"}},\"students_widget\":{\"title\":\"Over 5K Students Trained\",\"url\":null},\"image_content\":{\"type\":\"image\",\"image\":\"\\/store\\/landing_builder\\/landing_7\\/172\\/hero_image_aRf.png\",\"overlay_image\":null,\"spinning_image\":\"\\/store\\/landing_builder\\/landing_7\\/172\\/revolver_QPK.svg\"},\"background\":\"\\/store\\/landing_builder\\/landing_5\\/96\\/hero_bg_b2E.svg\",\"students_widget_avatars\":{\"pUPyA\":\"\\/store\\/landing_builder\\/landing_7\\/172\\/Group_2038_p7C.png\",\"XDqDr\":\"\\/store\\/landing_builder\\/landing_7\\/172\\/Group_2043_Kbm.png\",\"syuMD\":\"\\/store\\/landing_builder\\/landing_7\\/172\\/Group_2045_9R5.png\",\"pFZpm\":\"\\/store\\/landing_builder\\/landing_7\\/172\\/Group_2047_b2v.png\",\"OuTPn\":\"\\/store\\/landing_builder\\/landing_7\\/172\\/Group_2053_qEQ.png\"}}'),
(172, 174, 'en', '{\"space_number\":\"80\"}'),
(173, 175, 'en', '{\"space_number\":\"80\"}'),
(175, 177, 'en', '{\"space_number\":\"80\"}'),
(176, 178, 'en', '{\"space_number\":\"80\"}'),
(178, 180, 'en', '{\"space_number\":\"80\"}'),
(180, 182, 'en', '{\"space_number\":\"80\"}'),
(183, 185, 'en', '{\"component_image_style\":\"all_sides_margin\",\"reverse_direction\":null,\"main_content\":{\"pre_title_icon\":\"bul-designtools\",\"title\":\"Specialization: Mastering Tools and UI\\/UX Techniques\",\"description\":\"I specialize in modern UI\\/UX design using tools like Figma, Framer, Webflow, and Miro to craft engaging, user-centered digital experiences with precision and creativity.\",\"badge_title\":\"Expertise\",\"button\":{\"label\":\"My Courses\",\"icon\":\"bul-teacher\",\"url\":\"\\/classes?sort=newest\"}},\"checked_items\":{\"mBVZa\":\"Figma Prototyping\",\"EvwgP\":\"Framer Animation\",\"bHmJT\":\"Webflow Development\",\"HhItd\":\"Miro Mapping\",\"wvtxY\":\"Wireframe Design\",\"MCmKK\":\"User Research\",\"lUfnY\":\"Design Systems\",\"MfpMg\":\"Responsive Layouts\"},\"images\":{\"main_image\":\"\\/store\\/landing_builder\\/landing_7\\/185\\/about_7ok.jpg\",\"overlay_image\":\"\\/store\\/landing_builder\\/landing_7\\/185\\/expertise_overlay_YVo.png\"}}'),
(192, 194, 'en', '{\"main_content\":{\"pre_title\":\"Companies\",\"title\":\"Proud Collaborations with Leading Global Design Companies\",\"description\":\"I have partnered with top global design companies, delivering innovative solutions that enhance user experience and drive business success across diverse industries worldwide.\",\"button\":{\"label\":\"Explore Courses\",\"icon\":\"bul-video-play\",\"url\":\"\\/classes\"}},\"companies_widget_logos\":{\"zdBeQ\":\"\\/store\\/landing_builder\\/landing_5\\/124\\/logo1_vme.png\",\"MjaRj\":\"\\/store\\/landing_builder\\/landing_5\\/124\\/logo2_9Mn.png\",\"Qeklc\":\"\\/store\\/landing_builder\\/landing_5\\/124\\/logo3_pNg.png\",\"zMjpQ\":\"\\/store\\/landing_builder\\/landing_5\\/124\\/logo4_CJi.png\",\"umsVi\":\"\\/store\\/landing_builder\\/landing_5\\/124\\/logo5_9gq.png\",\"xgCyt\":\"\\/store\\/landing_builder\\/landing_5\\/124\\/logo6_UDn.png\",\"SIfbh\":\"\\/store\\/landing_builder\\/landing_5\\/124\\/logo7_Qx3.png\",\"jNmUa\":\"\\/store\\/landing_builder\\/landing_5\\/124\\/logo8_Iom.png\",\"pmZZd\":\"\\/store\\/landing_builder\\/landing_5\\/124\\/logo9_HwP.png\"}}'),
(198, 200, 'en', '{\"separator_icon\":\"bul-shapes\",\"card_style\":\"normal\",\"title_items\":{\"WSGFq\":{\"title\":\"Wireframe\",\"url\":\"\\/categories\\/Development\\/Web-Development\"},\"VWGwj\":{\"title\":\"Prototype\",\"url\":\"\\/categories\\/Development\\/Web-Development\"},\"DsGYY\":{\"title\":\"User Flow\",\"url\":\"\\/categories\\/Development\\/Web-Development\"},\"HWueP\":{\"title\":\"Persona\",\"url\":\"\\/categories\\/Development\\/Web-Development\"},\"ysnnV\":{\"title\":\"Accessibility\",\"url\":\"\\/categories\\/Development\\/Web-Development\"},\"xMMvz\":{\"title\":\"Usability\",\"url\":\"\\/categories\\/Development\\/Web-Development\"},\"KYyQL\":{\"title\":\"Information Architecture\",\"url\":\"\\/categories\\/Development\\/Web-Development\"},\"GWKdQ\":{\"title\":\"Interaction Design\",\"url\":\"\\/categories\\/Development\\/Web-Development\"},\"ouKgT\":{\"title\":\"Responsive Design\",\"url\":\"\\/categories\\/Development\\/Web-Development\"},\"sMaGF\":{\"title\":\"Design System\",\"url\":\"\\/categories\\/Development\\/Web-Development\"},\"AHMKE\":{\"title\":\"User Journey\",\"url\":\"\\/categories\\/Development\\/Web-Development\"},\"mjNSx\":{\"title\":\"Microinteractions\",\"url\":\"\\/categories\\/Development\\/Web-Development\"},\"VljiZ\":{\"title\":\"Visual Hierarchy\",\"url\":\"\\/categories\\/Development\\/Web-Development\"},\"xhImI\":{\"title\":\"Heuristic Evaluation\",\"url\":\"\\/categories\\/Development\\/Web-Development\"},\"rabMB\":{\"title\":\"A\\/B Testing\",\"url\":\"\\/categories\\/Development\\/Web-Development\"},\"record\":{\"title\":null,\"url\":null}}}'),
(199, 201, 'en', '{\"reverse_direction\":\"on\",\"main_content\":{\"pre_title\":\"About\",\"title\":\"Explore My Background, Skills, and Story\",\"description\":\"I\\u2019m a passionate UI\\/UX designer with years of experience crafting intuitive, user-centered interfaces that solve real problems. Discover my journey, skills, and design approach that drives results.\",\"button\":{\"label\":\"Check Profile\",\"icon\":\"bul-user\",\"url\":\"\\/users\\/john-powe\\/profile\"}},\"statistic_1\":{\"title\":\"240\",\"subtitle\":\"Case Studies\",\"description\":\"In-depth project breakdowns\"},\"statistic_2\":{\"title\":\"10+\",\"subtitle\":\"Years Experience\",\"description\":\"Designing since 2015\"},\"image_content\":{\"main_image\":\"\\/store\\/landing_builder\\/landing_7\\/201\\/instructor_5QG.png\",\"overlay_image_1\":\"\\/store\\/landing_builder\\/landing_7\\/201\\/overlay1_bFN.png\",\"overlay_image_2\":\"\\/store\\/landing_builder\\/landing_7\\/201\\/overlay2_fjp.png\"}}'),
(200, 202, 'en', '{\"main_content\":{\"pre_title\":\"My Courses\",\"title\":\"Explore My Most Popular Courses\",\"description\":\"Explore my most popular courses designed to boost your UI\\/UX skills and practical design expertise\",\"button\":{\"label\":\"Explore More\",\"icon\":\"bul-video-play\",\"url\":\"\\/classes\"}},\"featured_courses\":{\"bwwtM\":{\"course\":\"2050\"},\"QYwyT\":{\"course\":\"2051\"},\"lRpbl\":{\"course\":\"2052\"},\"bSCtV\":{\"course\":\"2053\"},\"PdTUU\":{\"course\":\"2054\"},\"tkxjs\":{\"course\":\"2055\"},\"cyphq\":{\"course\":\"2056\"},\"TSEgd\":{\"course\":\"2057\"}},\"background\":\"\\/store\\/landing_builder\\/landing_7\\/202\\/custom_courses_bg_Dko.svg\",\"floating_images\":{\"image_1\":\"\\/store\\/landing_builder\\/landing_7\\/202\\/section_overlay_1_yBd.png\",\"image_2\":\"\\/store\\/landing_builder\\/landing_7\\/202\\/section_overlay_2_fcL.png\"}}'),
(201, 203, 'en', '{\"space_number\":\"120\"}'),
(202, 204, 'en', '{\"main_content\":{\"pre_title\":\"Awards\",\"title\":\"Achievements Earned Through Creative Expertise\",\"image\":\"\\/store\\/landing_builder\\/landing_7\\/204\\/awards_lwL.png\"},\"specific_information\":{\"gUXhe\":{\"title\":\"Dribbble Best Designer\",\"subtitle\":\"Nov 2024\",\"description\":\"Recognized for user-centered design that significantly enhanced digital experiences and increased engagement across multiple platforms and devices.\",\"icon\":\"\\/store\\/landing_builder\\/landing_7\\/204\\/dribbble_fVL.svg\",\"link_title\":\"More Information\",\"url\":\"\\/users\\/john-powe\\/profile\",\"enable\":\"on\"},\"RGASb\":{\"title\":\"Behance Design Award\",\"subtitle\":\"Dec 2023\",\"description\":\"Awarded for pioneering innovative UX strategies that redefined interface usability, enhanced user satisfaction, and set new industry standards.\",\"icon\":\"\\/store\\/landing_builder\\/landing_7\\/204\\/behance_znJ.svg\",\"link_title\":\"More Information\",\"url\":\"\\/users\\/john-powe\\/profile\",\"enable\":\"on\"},\"azlFI\":{\"title\":\"Top Interface Innovator\",\"subtitle\":\"Jan 2025\",\"description\":\"Honored for creating clean, functional interface designs that seamlessly blend creativity, clarity, and exceptional user interaction experiences.\",\"icon\":\"\\/store\\/landing_builder\\/landing_7\\/204\\/evernote_Baj.svg\",\"link_title\":\"More Information\",\"url\":\"\\/users\\/john-powe\\/profile\",\"enable\":\"on\"},\"YfMqo\":{\"title\":\"Creative UI Champion\",\"subtitle\":\"Feb 2025\",\"description\":\"Recognized for delivering bold and creative UI concepts that enhanced visual appeal and elevated overall user interaction and experience quality.\",\"link_title\":\"More Information\",\"url\":\"\\/users\\/john-powe\\/profile\",\"enable\":\"on\",\"icon\":\"\\/store\\/landing_builder\\/landing_7\\/204\\/blogger_OPn.svg\"},\"record\":{\"title\":null,\"subtitle\":null,\"description\":null,\"link_title\":null,\"url\":null,\"enable\":\"0\"}},\"background\":\"\\/store\\/landing_builder\\/landing_7\\/204\\/awards_bg_ixK.svg\"}'),
(203, 205, 'en', '{\"main_content\":{\"pre_title\":\"Testimonials\",\"title\":\"Real Feedback from My Students\",\"description\":\"Honest reviews and experiences shared by students who\\u2019ve grown through my UI\\/UX design courses\"},\"cta_section\":{\"title_bold_text\":\"2.5K Happy customers\",\"title_regular_text\":\"shared their experience with others\",\"floating_image\":\"\\/store\\/landing_builder\\/landing_7\\/205\\/testimonials_RSm.png\"},\"testimonials\":{\"deEPo\":{\"testimonial_id\":\"2\"},\"JxsqL\":{\"testimonial_id\":\"3\"},\"yIyzU\":{\"testimonial_id\":\"4\"},\"gmijN\":{\"testimonial_id\":\"5\"},\"orCIA\":{\"testimonial_id\":\"6\"},\"xfiQx\":{\"testimonial_id\":\"7\"},\"ZtCAB\":{\"testimonial_id\":\"8\"},\"xzcvi\":{\"testimonial_id\":\"9\"},\"VxQNg\":{\"testimonial_id\":\"10\"},\"nuRsx\":{\"testimonial_id\":\"11\"},\"record\":{\"testimonial_id\":null}}}'),
(204, 206, 'en', '{\"space_number\":\"80\"}'),
(205, 207, 'en', '{\"main_content\":{\"pre_title\":\"Team\",\"title\":\"Our Team, Your Design Partners\",\"description\":\"Dedicated creatives collaborating to craft exceptional user experiences through design, innovation, and deep industry insight\",\"badge_title\":\"Meet My Team!\",\"back_image\":\"\\/store\\/landing_builder\\/landing_7\\/207\\/team_bg_qNm.svg\"},\"video_content\":{\"display_play_button\":\"on\",\"video_file\":\"\\/store\\/landing_builder\\/landing_7\\/207\\/team_Dc8.mp4\",\"revolver_icon\":\"\\/store\\/landing_builder\\/landing_7\\/207\\/video_revolver_CgV.svg\"}}'),
(206, 208, 'en', '{\"main_content\":{\"pre_title\":\"Start Now!\",\"title\":\"Begin Learning, Start Connecting Now\",\"description\":\"Unlock new skills with expert-led courses or connect directly for personalized one-on-one learning experiences today\"},\"cta_1\":{\"title\":\"Enroll on Courses\",\"description\":\"Browse expertly crafted lessons and build strong skills at your own pace anytime, anywhere, with high-quality content\",\"icon\":\"bul-teacher\",\"link_title\":\"Explore Courses\",\"url\":\"\\/classes\"},\"cta_1_confirmation_section\":{\"title\":null,\"subtitle\":null},\"cta_2\":{\"title\":\"Book a Meeting\",\"description\":\"Connect with me for more personalized guidance tailored to your learning goals and interests for free\",\"icon\":\"bul-calendar-2\",\"link_title\":\"Pick a Time\",\"url\":\"\\/users\\/john-powe\\/meetings\"},\"cta_2_confirmation_section\":{\"title\":null,\"subtitle\":null}}'),
(207, 209, 'en', '{\"space_number\":\"80\"}'),
(210, 212, 'en', '{\"space_number\":\"80\"}'),
(216, 218, 'en', '{\"information_cards\":{\"nLfwT\":{\"title\":\"Interactive Quizzes\",\"subtitle\":\"Test student understanding and reinforce learning through engaging assessments\",\"image\":\"\\/store\\/landing_builder\\/landing_8\\/218\\/quiz_oea.png\",\"url\":\"\\/blog\",\"enable_image_padding\":\"on\"},\"kDwZL\":{\"title\":\"Official Certificates\",\"subtitle\":\"Reward course completion with professional certificates that boost learner credibility\",\"image\":\"\\/store\\/landing_builder\\/landing_8\\/218\\/certificate_Pft.png\",\"url\":\"\\/blog\",\"enable_image_padding\":\"on\"},\"dEIIC\":{\"title\":\"Live Sessions\",\"subtitle\":\"Connect in real time, answer questions, and deliver impactful lessons through live streaming\",\"image\":\"\\/store\\/landing_builder\\/landing_8\\/218\\/live_aqL.png\",\"url\":\"\\/blog\",\"enable_image_padding\":\"on\"},\"xUzRw\":{\"title\":\"Practical Assignments\",\"subtitle\":\"Encourage hands-on learning and skill application with structured assignments\",\"url\":\"\\/blog\",\"enable_image_padding\":\"on\",\"image\":\"\\/store\\/landing_builder\\/landing_8\\/218\\/assignments_4A9.png\"},\"JTlQc\":{\"title\":\"Course Support\",\"subtitle\":\"Offer continuous help and guidance to ensure learners stay motivated and on track\",\"url\":\"\\/blog\",\"enable_image_padding\":\"on\",\"image\":\"\\/store\\/landing_builder\\/landing_8\\/218\\/support_Qni.png\"},\"jJXqX\":{\"title\":\"Text Lessons\",\"subtitle\":\"Deliver content clearly with organized, easy-to-follow text lessons for every topic\",\"url\":\"\\/blog\",\"enable_image_padding\":\"on\",\"image\":\"\\/store\\/landing_builder\\/landing_8\\/218\\/textcourses_CJa.png\"},\"record\":{\"title\":null,\"subtitle\":null,\"url\":null,\"enable_image_padding\":\"0\"}}}'),
(217, 219, 'en', '{\"main_content\":{\"pre_title\":\"Features\",\"title\":\"Efficient Tools for Seamless Teaching\",\"description\":\"Access powerful tools that streamline course creation, student engagement, and performance tracking with ease\"}}'),
(218, 220, 'en', '{\"space_number\":\"24\"}'),
(220, 222, 'en', '{\"space_number\":\"80\"}'),
(224, 226, 'en', '{\"enable_slider\":\"on\",\"main_content\":{\"pre_title\":\"Stories\",\"title\":\"Real Journeys of Teaching Success\",\"description\":\"Discover inspiring stories from real instructors who turned their knowledge into rewarding and successful teaching careers\"},\"specific_sliders\":{\"HsKkS\":{\"pre_title\":\"Linda Anderson\",\"title\":\"From Passionate Learner to Renowned User Experience Design Instructor\",\"description\":\"Emily transformed her design passion into a thriving online teaching career.\",\"image\":\"\\/store\\/landing_builder\\/landing_8\\/226\\/story1_DCF.jpg\",\"content_type\":\"image\",\"url\":\"\\/users\\/linda-anderson\\/profile\",\"video_source\":\"youtube\",\"video_path\":null,\"enable\":\"on\"},\"fdhSH\":{\"pre_title\":\"John Powe\",\"title\":\"Tech Expert Building a Successful Tutoring Business Online\",\"description\":\"Michael leveraged his tech skills to create engaging, profitable courses\",\"image\":\"\\/store\\/landing_builder\\/landing_8\\/226\\/story2_9Yu.jpg\",\"content_type\":\"image\",\"url\":\"\\/users\\/john-powe\\/profile\",\"video_source\":\"youtube\",\"video_path\":null,\"enable\":\"on\"},\"PXomd\":{\"pre_title\":\"Ricardo Dave\",\"title\":\"Empowering Students Worldwide Through Creative Photography Lessons\",\"description\":\"Sophia\\u2019s photography expertise inspires and educates learners around the globe.\",\"image\":\"\\/store\\/landing_builder\\/landing_8\\/226\\/story3_T8V.jpg\",\"content_type\":\"image\",\"url\":\"\\/users\\/ricardo-dave\\/profile\",\"video_source\":\"youtube\",\"video_path\":null,\"enable\":\"on\"},\"record\":{\"pre_title\":null,\"title\":null,\"description\":null,\"content_type\":\"image\",\"url\":null,\"video_source\":\"youtube\",\"video_path\":null,\"enable\":\"0\"}}}'),
(225, 227, 'en', '{\"space_number\":\"80\"}'),
(230, 232, 'en', '{\"main_content\":{\"title\":\"June Bonus for New Instructors\",\"subtitle\":\"Start teaching this June and enjoy an exclusive 10% commission boost\",\"icon\":\"bul-percentage-circle\",\"button\":{\"label\":\"Register Now!\",\"icon\":\"bul-arrow-right\",\"url\":\"\\/register\"}},\"background\":\"\\/store\\/landing_builder\\/landing_4\\/94\\/reserve-bg_1u8.png\"}'),
(232, 234, 'en', '{\"upper_cta\":{\"badge_text\":\"Join Now\",\"main_text\":\"Receive a $50 Welcome Reward\",\"icon\":\"bul-gift\",\"url\":\"\\/register\"},\"main_content\":{\"title_line_1\":\"Share\",\"highlight_words\":{\"GeHzP\":\"Knowledge\"},\"title_line_2\":\"Earn Income\",\"description\":\"Turn your expertise into a rewarding career by teaching online. Reach eager learners worldwide, build your brand, and earn income\\u2014all while doing what you love from anywhere.\",\"primary_button\":{\"label\":\"Join Us Now\",\"icon\":\"bul-teacher\",\"url\":\"\\/register\"},\"secondary_button\":{\"label\":\"How to Join?\",\"icon\":\"bul-arrow-right\",\"url\":\"\\/blog\\/How-To-Teach-Your-Kid-Anything-Easily-3\"}},\"students_widget\":{\"title\":\"5K Expert Instructors Joined\",\"url\":\"\\/instructors\"},\"image_content\":{\"type\":\"image\",\"image\":\"\\/store\\/landing_builder\\/landing_8\\/234\\/hero_image_jjh.png\",\"overlay_image\":\"\\/store\\/landing_builder\\/landing_8\\/234\\/hero_overlay_aX8.png\"},\"background\":\"\\/store\\/landing_builder\\/landing_8\\/234\\/hero_bg_Sst.svg\",\"students_widget_avatars\":{\"AfOuq\":\"\\/store\\/landing_builder\\/landing_8\\/234\\/instructor1_y8V.jpg\",\"kKAGN\":\"\\/store\\/landing_builder\\/landing_8\\/234\\/instructor2_855.jpg\",\"tiRBk\":\"\\/store\\/landing_builder\\/landing_8\\/234\\/instructor4_HOo.jpg\",\"OIVog\":\"\\/store\\/landing_builder\\/landing_8\\/234\\/instructor6_Ip7.jpg\",\"JRCzo\":\"\\/store\\/landing_builder\\/landing_8\\/234\\/instructor7_GCq.jpg\"}}'),
(233, 236, 'en', '{\"main_content\":{\"pre_title\":\"Benefits\",\"title\":\"Why You Should Teach Here\",\"description\":\"Join a supportive learning platform where your expertise is valued, your income grows, and your impact reaches thousands of eager learners seeking knowledge, mentorship, and real-world skills.\",\"button\":{\"label\":\"Become Instructor\",\"icon\":\"bul-briefcase\",\"url\":\"\\/become-instructor\"}},\"checked_items\":{\"Serlf\":\"Flexible Teaching Hours\",\"OtYcU\":\"Easy Course Upload\",\"FLEWO\":\"Instant Payout Access\",\"seqEo\":\"Global Student Reach\"},\"features_cards\":{\"jDsdE\":{\"title\":\"Hassle-Free Course Setup\",\"description\":\"Start teaching quickly with intuitive and professional tools, and minimal technical setup required.\",\"icon\":\"bul-setting-2\",\"url\":null},\"YZwcZ\":{\"title\":\"Higher Commission Rates\",\"description\":\"Earn more per enrollment with our competitive instructor-friendly commission structure.\",\"icon\":\"bul-wallet-1\",\"url\":null},\"NKxEX\":{\"title\":\"Real-Time Performance Insights\",\"description\":\"Track your earnings, course engagement, and student feedback with real-time analytics and statistics.\",\"icon\":\"bul-favorite-chart\",\"url\":null},\"ygolc\":{\"title\":\"Seamless Payout System\",\"description\":\"Get paid securely and on time through reliable, various and instructor-friendly payment methods.\",\"icon\":\"bul-money-2\",\"url\":null},\"record\":{\"title\":null,\"description\":null,\"icon\":null,\"url\":null}}}'),
(234, 237, 'en', '{\"space_number\":\"80\"}'),
(235, 238, 'en', '{\"main_content\":{\"pre_title\":\"Start Now\",\"title\":\"Simple Steps to Start Teaching\",\"description\":\"Follow our easy, step-by-step process to become an instructor, share your expertise, inspire learners, and start earning on your own flexible schedule.\",\"button\":{\"label\":\"Become Instructor\",\"icon\":\"bul-arrow-right\",\"url\":\"\\/become-instructor\"},\"icon\":\"\\/store\\/landing_builder\\/landing_8\\/238\\/instructor_steps_eVe.png\"},\"specific_information\":{\"UrlAd\":{\"title\":\"Sign Up Easily\",\"description\":\"Create your instructor account in minutes with basic details and get started right away.\"},\"bFnMS\":{\"title\":\"Complete Your Profile\",\"description\":\"Add your expertise, experience, and a profile picture to build trust with potential learners.\"},\"ZWUKS\":{\"title\":\"Upload Your Content\",\"description\":\"Design and publish your courses or meeting offerings with our simple and intuitive tools.\"},\"SbnMM\":{\"title\":\"Start Teaching Today\",\"description\":\"Engage with students, manage bookings, and start earning by sharing your valuable knowledge.\"},\"record\":{\"title\":null,\"description\":null}},\"background\":\"\\/store\\/landing_builder\\/landing_8\\/238\\/cta_bg_Xb5.png\"}'),
(236, 239, 'en', '{\"main_content\":{\"pre_title\":\"Forums\",\"title\":\"Ask Questions, Share Teaching Tips\",\"description\":\"Join our vibrant instructor forums to ask questions, exchange ideas, and discover practical teaching strategies. Whether you\'re just starting out or have years of experience, our community is here to support your journey with real insights, helpful tips, and meaningful connections.\",\"image\":\"\\/store\\/landing_builder\\/landing_8\\/239\\/forums_image_ViO.png\"},\"buttons\":{\"primary_button\":{\"label\":\"Explore Forums\",\"icon\":\"bul-message\",\"url\":\"\\/forums\"},\"secondary_button\":{\"label\":\"Create a Topic\",\"icon\":\"bul-add-circle\",\"url\":\"\\/forums\\/create-topic?forum_id=5\"}},\"background\":\"\\/store\\/landing_builder\\/landing_8\\/239\\/forums_cta_bg_Sb7.png\"}'),
(237, 240, 'en', '{\"additional_information\":{\"pre_title\":\"FAQ\",\"title\":\"Frequently Asked Questions for Instructors\",\"description\":\"Find quick, clear answers to the most common questions about joining, teaching, earning, and succeeding as an instructor on our platform. We&amp;#039;ve got you covered!\",\"button\":{\"label\":\"Contact Us\",\"icon\":\"bul-messages-1\",\"url\":\"\\/contact\"}},\"faq_items\":{\"VAdAw\":{\"title\":\"How do I become an instructor?\",\"description\":\"To become an instructor, simply sign up, complete your profile, and submit an instructor application. After a quick review process, you\\u2019ll receive approval. Once approved, you can start creating and publishing courses or offering live sessions to connect with students and begin earning immediately.\",\"icon\":\"bul-teacher\",\"enable\":\"on\"},\"GIGam\":{\"title\":\"Is teaching experience required to join?\",\"description\":\"No formal teaching experience is required. If you have valuable knowledge or skills to share and a passion for teaching, you\\u2019re welcome. Our platform provides tools and support to help you deliver engaging and effective content, whether you\\u2019re a beginner or a seasoned educator.\",\"icon\":\"bul-briefcase\",\"enable\":\"on\"},\"RgiUG\":{\"title\":\"How much can instructors earn monthly?\",\"description\":\"Instructor earnings vary based on course popularity, student engagement, and marketing. Some instructors earn a few hundred dollars monthly, while top educators can generate thousands. We also offer promotions, bonus programs, and competitive revenue shares to maximize your earning potential over time.\",\"icon\":\"bul-money-4\",\"enable\":\"on\"},\"frFhO\":{\"title\":\"What type of content can I teach?\",\"description\":\"You can teach any subject you\\u2019re skilled in\\u2014design, business, coding, personal development, languages, and more. We welcome a wide range of course topics, including live sessions, recorded videos, and hybrid learning models. Just ensure your content is original, educational, and aligned with platform guidelines.\",\"icon\":\"bul-note-21\",\"enable\":\"on\"},\"DRNrT\":{\"title\":\"Can I offer live sessions too?\",\"description\":\"Yes, our platform fully supports live streaming. You can schedule one-on-one or group live sessions, allowing real-time interaction with students. Live features include screen sharing, chat, whiteboard, and more. You\\u2019ll also be able to manage bookings, set your availability, and send reminders with ease.\",\"icon\":\"bul-video\",\"enable\":\"on\"},\"record\":{\"title\":null,\"description\":null,\"icon\":null,\"enable\":\"0\"}},\"background\":\"\\/store\\/landing_builder\\/landing_8\\/240\\/faq_bg_bqN.svg\",\"floating_image\":\"\\/store\\/landing_builder\\/landing_8\\/240\\/faq_image_CTW.png\"}'),
(238, 241, 'en', '{\"main_content\":{\"title\":\"Start Your Teaching Journey Today\",\"subtitle\":\"Reach students globally, share your expertise, and earn doing what you love\",\"icon\":\"bul-user-add\",\"button\":{\"label\":\"Register Now!\",\"icon\":\"bul-arrow-right\",\"url\":\"\\/register\"}},\"background\":\"\\/store\\/landing_builder\\/landing_4\\/94\\/reserve-bg_1u8.png\"}'),
(239, 242, 'en', '{\"space_number\":\"40\"}'),
(240, 243, 'en', '{\"space_number\":\"10\"}'),
(241, 244, 'en', '{\"space_number\":\"80\"}'),
(243, 246, 'en', '{\"space_number\":\"120\"}'),
(251, 254, 'en', '{\"space_number\":\"20\"}'),
(253, 256, 'en', '{\"space_number\":\"80\"}'),
(256, 259, 'en', '{\"space_number\":\"80\"}'),
(257, 260, 'en', '{\"enable_slider\":\"on\",\"main_content\":{\"pre_title\":\"Featured\",\"title\":\"Explore Our Top Content Courses\",\"description\":\"Discover the most impactful courses designed to elevate your content creation skills across various specialties\"},\"specific_sliders\":{\"HsKkS\":{\"pre_title\":\"Video Editing\",\"title\":\"Mastering Video Editing for Social Media Content Creators\",\"description\":\"Learn editing skills to produce engaging social media videos professionally\",\"image\":\"\\/store\\/landing_builder\\/landing_9\\/260\\/course1_5jj.jpg\",\"content_type\":\"image\",\"url\":\"\\/course\\/New-in-App-Live-System\",\"video_source\":\"youtube\",\"video_path\":null,\"enable\":\"on\"},\"fdhSH\":{\"pre_title\":\"Copywriting\",\"title\":\"Copywriting Secrets to Captivate, Convert, and Connect Better\",\"description\":\"Craft compelling messages that engage audiences and drive conversions effortlessly\",\"image\":\"\\/store\\/landing_builder\\/landing_9\\/260\\/course2_vkx.jpg\",\"content_type\":\"image\",\"url\":\"\\/course\\/New-Learning-Page\",\"video_source\":\"youtube\",\"video_path\":null,\"enable\":\"on\"},\"PXomd\":{\"pre_title\":\"YouTube\",\"title\":\"Complete Guide to Successful YouTube Channel Growth Strategy\",\"description\":\"Grow your YouTube audience with data-driven strategies and practical insights\",\"image\":\"\\/store\\/landing_builder\\/landing_9\\/260\\/course3_6M0.jpg\",\"content_type\":\"image\",\"url\":\"\\/course\\/How-to-Travel-Around-the-World\",\"video_source\":\"youtube\",\"video_path\":null,\"enable\":\"on\"},\"record\":{\"pre_title\":null,\"title\":null,\"description\":null,\"content_type\":\"image\",\"url\":null,\"video_source\":\"youtube\",\"video_path\":null,\"enable\":\"0\"}}}'),
(258, 261, 'en', '{\"space_number\":\"80\"}'),
(259, 262, 'en', '{\"main_content\":{\"pre_title\":\"Learn More\",\"title\":\"More Courses to Master Content\",\"description\":\"Master advanced strategies and creative skills through additional courses designed to elevate your content creation expertise\",\"button\":{\"label\":\"Explore Courses\",\"icon\":\"bul-teacher\",\"url\":\"\\/classes?sort=newest\"}},\"featured_courses\":{\"AisPJ\":{\"course\":\"2057\"},\"XXALD\":{\"course\":\"2056\"},\"albTj\":{\"course\":\"2055\"},\"dgNxb\":{\"course\":\"2054\"},\"VnHJC\":{\"course\":\"2053\"},\"ZXoQf\":{\"course\":\"2052\"},\"WTevX\":{\"course\":\"2051\"},\"qAjZI\":{\"course\":\"2050\"}},\"floating_images\":{\"image_2\":\"\\/store\\/landing_builder\\/landing_9\\/262\\/more_courses-overlay2_HwQ.png\",\"image_1\":\"\\/store\\/landing_builder\\/landing_9\\/262\\/more_courses-overlay1_k6T.png\"},\"background\":\"\\/store\\/landing_builder\\/landing_9\\/262\\/custom_courses_bg_zgu.svg\"}'),
(261, 264, 'en', '{\"main_content\":{\"pre_title\":\"Testimonials\",\"title\":\"Student Feedback and Experiences\",\"description\":\"Genuine experiences shared by learners who transformed their careers through our expert-led content creation courses\"},\"cta_section\":{\"title_bold_text\":\"Over 2,500 happy students\",\"title_regular_text\":\"have shared their experiences with my courses\",\"floating_image\":\"\\/store\\/landing_builder\\/landing_9\\/264\\/testimonials_Uqv.png\"},\"testimonials\":{\"ibxdn\":{\"testimonial_id\":\"2\"},\"bkvhs\":{\"testimonial_id\":\"3\"},\"gNRTb\":{\"testimonial_id\":\"4\"},\"FkhZz\":{\"testimonial_id\":\"5\"},\"AapjR\":{\"testimonial_id\":\"6\"},\"rQIbl\":{\"testimonial_id\":\"7\"},\"PAgmZ\":{\"testimonial_id\":\"8\"},\"KhfJe\":{\"testimonial_id\":\"9\"},\"Fleqg\":{\"testimonial_id\":\"10\"},\"FIGvH\":{\"testimonial_id\":\"11\"},\"record\":{\"testimonial_id\":null}}}'),
(262, 265, 'en', '{\"main_content\":{\"pre_title\":\"Instructors\",\"title\":\"Meet Your Content Creation Mentors\",\"description\":\"Gain insights and skills directly from seasoned content creation professionals with real-world experience and passion\"},\"specific_information\":{\"mOdbL\":{\"title\":\"Daniel Reeves\",\"subtitle\":\"Visual storyteller passionate about impactful video editing techniques\",\"image\":\"\\/store\\/landing_builder\\/landing_9\\/265\\/instructor1_LEw.jpg\",\"url\":\"\\/users\\/robert-ransdell\\/profile\",\"enable\":\"on\"},\"wBEEw\":{\"title\":\"Sofia Bennett\",\"subtitle\":\"Creative writing mentor inspiring unique storytelling across platforms\",\"image\":\"\\/store\\/landing_builder\\/landing_9\\/265\\/instructor2_EMo.jpg\",\"url\":\"\\/users\\/robert-ransdell\\/profile\",\"enable\":\"on\"},\"IOoOB\":{\"title\":\"Marcus Ellis\",\"subtitle\":\"SEO-focused content strategist helping brands grow organically\",\"image\":\"\\/store\\/landing_builder\\/landing_9\\/265\\/instructor3_ywC.jpg\",\"url\":\"\\/users\\/robert-ransdell\\/profile\",\"enable\":\"on\"},\"MYGES\":{\"title\":\"Layla Martinez\",\"subtitle\":\"Podcasting professional guiding audio content from concept to launch\",\"image\":\"\\/store\\/landing_builder\\/landing_9\\/265\\/instructor4_O7m.jpg\",\"url\":\"\\/users\\/robert-ransdell\\/profile\",\"enable\":\"on\"},\"JiCIx\":{\"title\":\"Adrian Chen\",\"subtitle\":\"Social media expert building brands with engaging content\",\"image\":\"\\/store\\/landing_builder\\/landing_9\\/265\\/instructor5_0Lg.jpg\",\"url\":\"\\/users\\/robert-ransdell\\/profile\",\"enable\":\"on\"},\"OFOtT\":{\"title\":\"Naomi Clarke\",\"subtitle\":\"Brand designer crafting compelling content across digital mediums\",\"image\":\"\\/store\\/landing_builder\\/landing_9\\/265\\/instructor6_3YU.jpg\",\"url\":\"\\/users\\/robert-ransdell\\/profile\",\"enable\":\"on\"},\"record\":{\"title\":null,\"subtitle\":null,\"url\":null,\"enable\":\"0\"}}}'),
(264, 267, 'en', '{\"space_number\":\"120\"}');
INSERT INTO `landing_component_translations` (`id`, `landing_component_id`, `locale`, `content`) VALUES
(265, 268, 'en', '{\"upper_cta\":{\"badge_text\":\"New\",\"main_text\":\"Our Instagram Marketing Course Released!\",\"icon\":\"bul-instagram\",\"url\":\"\\/course\\/Backend-Development-with-Node-js\"},\"main_content\":{\"title_line_1\":\"Master\",\"highlight_words\":{\"lGkkv\":\"Writing\",\"RhDCW\":\"Filmmaking\",\"bUmhI\":\"Podcasting\",\"FjJOR\":\"Blogging\",\"GCpMg\":\"Editing\"},\"title_line_2\":\"Like Pro\",\"description\":\"Unlock your creative potential and build real-world skills across writing, video, audio, and more. Learn from industry experts and start creating content that connects, inspires, and grows your audience.\",\"primary_button\":{\"label\":\"Explore Courses\",\"icon\":\"bul-video-play\",\"url\":\"\\/classes?sort=newest\"},\"secondary_button\":{\"label\":\"Start for Free\",\"icon\":\"bul-arrow-right\",\"url\":\"\\/classes?free=on\"}},\"students_widget\":{\"title\":\"5K+ Students Empowered\",\"url\":\"\\/login\"},\"image_content\":{\"type\":\"image\",\"image\":\"\\/store\\/landing_builder\\/landing_9\\/268\\/hero_image_sy3.png\",\"overlay_image\":\"\\/store\\/landing_builder\\/landing_9\\/268\\/hero_overlay_NgD.png\"},\"background\":\"\\/store\\/landing_builder\\/landing_9\\/268\\/hero_bg_7ZZ.svg\",\"students_widget_avatars\":{\"lxXgK\":\"\\/store\\/landing_builder\\/landing_9\\/268\\/Group_2038_4kZ.png\",\"MrTSJ\":\"\\/store\\/landing_builder\\/landing_9\\/268\\/Group_2039_G8p.png\",\"vEbCS\":\"\\/store\\/landing_builder\\/landing_9\\/268\\/Group_2042_EGg.png\",\"yioNo\":\"\\/store\\/landing_builder\\/landing_9\\/268\\/Group_2043_0Ag.png\",\"WabRC\":\"\\/store\\/landing_builder\\/landing_9\\/268\\/Group_2047_pOK.png\"}}'),
(266, 269, 'en', '{\"enable_overlay\":\"on\",\"main_content\":{\"pre_title\":\"Fields\",\"title\":\"Dive Into Specialized Fields\",\"description\":\"Discover focused courses designed to build practical skills across key areas of modern content creation\"},\"specific_banners\":{\"zCKhJ\":{\"title\":\"Video Editing\",\"url\":\"\\/categories\\/Business\\/Management\",\"enable\":\"on\",\"image\":\"\\/store\\/landing_builder\\/landing_9\\/269\\/sub1_D2q.jpg\"},\"POxgo\":{\"title\":\"Blog Writing\",\"url\":\"\\/categories\\/Business\\/Communications\",\"enable\":\"on\",\"image\":\"\\/store\\/landing_builder\\/landing_9\\/269\\/sub2_Gbq.jpg\"},\"Nxgwp\":{\"title\":\"Podcast Production\",\"url\":\"\\/categories\\/Business\\/Business-Strategy\",\"enable\":\"on\",\"image\":\"\\/store\\/landing_builder\\/landing_9\\/269\\/sub3_z8V.jpg\"},\"AMquH\":{\"title\":\"Social Media Content\",\"url\":\"\\/categories\\/Marketing\",\"enable\":\"on\",\"image\":\"\\/store\\/landing_builder\\/landing_9\\/269\\/sub4_A2I.jpg\"},\"oKMsx\":{\"title\":\"Scriptwriting\",\"url\":\"\\/categories\\/Design\",\"enable\":\"on\",\"image\":\"\\/store\\/landing_builder\\/landing_9\\/269\\/sub5_ss7.jpg\"},\"lRwBt\":{\"title\":\"Content Marketing\",\"url\":\"\\/categories\\/Business\",\"enable\":\"on\",\"image\":\"\\/store\\/landing_builder\\/landing_9\\/269\\/sub6_PLQ.jpg\"},\"record\":{\"title\":null,\"url\":null,\"enable\":\"0\"}}}'),
(267, 270, 'en', '{\"main_content\":{\"pre_title\":\"Start Earning\",\"title\":\"Build Your Professional Creative Future\",\"description\":\"Master content creation skills and turn creativity into income. These courses prepare you for real-world careers, freelance opportunities, remote jobs, and steady professional growth. Start learning today.\",\"button\":{\"label\":\"Explore Courses\",\"icon\":null,\"url\":\"\\/categories\\/Marketing\"},\"icon\":\"\\/store\\/landing_builder\\/landing_9\\/270\\/career_overlay_zA2.png\"},\"specific_information\":{\"SSCZO\":{\"title\":\"Freelance Creator\",\"description\":\"Earn $30\\u2013$70\\/hour creating digital content for brands, platforms, and online businesses.\"},\"PEhqa\":{\"title\":\"Social Media Manager\",\"description\":\"Make $45K\\u2013$75K\\/year managing online presence, strategy, and content for firms.\"},\"oPUJL\":{\"title\":\"YouTube Channel Owner\",\"description\":\"Potentially earn $1K\\u2013$10K\\/month through ads, sponsors, and affiliate marketing.\"},\"TEXYZ\":{\"title\":\"Video Editor Expert\",\"description\":\"Make $40K\\u2013$80K\\/year editing videos for clients, influencers, and online courses.\"},\"record\":{\"title\":null,\"description\":null}},\"background\":\"\\/store\\/landing_builder\\/landing_9\\/270\\/career_bg_CX7.svg\",\"background_color\":\"secondary\"}'),
(268, 271, 'en', '{\"enable_overlay\":\"on\",\"main_content\":{\"pre_title_icon\":\"bul-arrow-right\",\"pre_title\":\"Start Free!\",\"title\":\"Begin Your Content Creation Journey For Free\",\"description\":\"Start learning essential content creation skills today with free courses designed for beginners and aspiring creators.\",\"button\":{\"label\":\"Free Courses\",\"icon\":\"bul-discount-shape\",\"url\":\"\\/classes?free=on\"}},\"statistic_1\":{\"title\":\"150 Hours\",\"subtitle\":\"Free Courses Duration\"},\"statistic_2\":{\"title\":\"4.5K+ Students\",\"subtitle\":\"Started Free Learning\"},\"media_contents\":{\"content_type\":\"image\",\"image\":\"\\/store\\/landing_builder\\/landing_9\\/271\\/team_podcast_aDG.jpg\"}}'),
(269, 272, 'en', '{\"upper_cta\":{\"badge_text\":\"Update\",\"main_text\":\"Update rolled out on June 20\",\"icon\":\"bul-document-download\",\"url\":\"\\/course\\/Full-Stack-JavaScript-Development\"},\"main_content\":{\"title_line_1\":\"Build\",\"title_line_2\":\"Apps with React\",\"description\":\"Master modern web development with React. Learn to build dynamic, high-performance user interfaces and launch your career as a front-end developer confidently.\",\"primary_button\":{\"label\":\"Enroll on Course\",\"icon\":\"bul-teacher\",\"url\":\"\\/course\\/Full-Stack-JavaScript-Development\"},\"secondary_button\":{\"label\":\"Get Consultation\",\"icon\":\"bul-message-question\",\"url\":\"\\/contact\"},\"highlight_words\":{\"pPFcH\":\"Powerful\",\"cjGUm\":\"Dynamic\",\"btZtB\":\"Scalable\",\"DVEWc\":\"Modern\"}},\"students_widget\":{\"title\":\"5K+ Students Enrolled\",\"url\":null},\"image_content\":{\"type\":\"image\",\"image\":\"\\/store\\/landing_builder\\/landing_10\\/272\\/hero_image_mCr.png\",\"overlay_image\":\"\\/store\\/landing_builder\\/landing_10\\/272\\/hero_overlay_SYk.png\",\"spinning_image\":\"\\/store\\/landing_builder\\/landing_10\\/272\\/revolverimage_hero_Aie.svg\",\"lottie_json\":null},\"background\":\"\\/store\\/landing_builder\\/landing_10\\/272\\/hero_bg_Yg8.svg\",\"students_widget_avatars\":{\"pUPyA\":\"\\/store\\/landing_builder\\/landing_6\\/131\\/student3_k3m.jpg\",\"XDqDr\":\"\\/store\\/landing_builder\\/landing_6\\/131\\/student4_8Yc.jpg\",\"syuMD\":\"\\/store\\/landing_builder\\/landing_6\\/131\\/student5_j9a.jpg\",\"pFZpm\":\"\\/store\\/landing_builder\\/landing_6\\/131\\/student8_gix.jpg\",\"OuTPn\":\"\\/store\\/landing_builder\\/landing_6\\/131\\/student2_SnM.jpg\"}}'),
(272, 275, 'en', '{\"space_number\":\"80\"}'),
(273, 276, 'en', '{\"space_number\":\"80\"}'),
(274, 277, 'en', '{\"space_number\":\"24\"}'),
(275, 278, 'en', '{\"main_content\":{\"pre_title\":\"Curriculum\",\"title\":\"Master React with Guided Curriculum\",\"description\":\"Master every core concept in React with a step-by-step curriculum designed for clarity, depth, and growth\"}}'),
(276, 279, 'en', '{\"space_number\":\"24\"}'),
(277, 280, 'en', '{\"space_number\":\"80\"}'),
(280, 283, 'en', '{\"reverse_direction\":\"on\",\"main_content\":{\"pre_title\":\"Content\",\"title\":\"Master These React Development Skills\",\"description\":\"Gain hands-on experience and master essential React concepts, tools, and techniques to build powerful, dynamic front-end applications with confidence.\",\"button\":{\"label\":\"More Details\",\"icon\":\"bul-note-2\",\"url\":\"\\/course\\/Full-Stack-JavaScript-Development\"}},\"checked_items\":{\"nZHzk\":\"React Component Structure\",\"BfqgY\":\"State Management Techniques\",\"GKDpL\":\"Reusable UI Elements\",\"OzMyc\":\"Hooks and Effects\",\"sUNtl\":\"Routing with React\"},\"image_content\":{\"main_image\":\"\\/store\\/landing_builder\\/landing_10\\/283\\/what_learn_gdo.png\",\"overlay_image\":\"\\/store\\/landing_builder\\/landing_10\\/283\\/what_learn_overlay_Q0Q.png\"}}'),
(282, 285, 'en', '{\"space_number\":\"80\"}'),
(284, 287, 'en', '{\"space_number\":\"24\"}'),
(285, 288, 'en', '{\"space_number\":\"24\"}'),
(288, 291, 'en', '{\"main_content\":{\"pre_title\":\"Testimonials\",\"title\":\"Student Experiences That Inspire Confidence\",\"description\":\"Discover how our React JS course has empowered students to grow, build careers, and achieve more.\"},\"cta_section\":{\"title_bold_text\":\"Over 2,500 happy students\",\"title_regular_text\":\"have shared their experiences with my courses\",\"floating_image\":\"\\/store\\/landing_builder\\/landing_10\\/291\\/testimonials_1A0.png\"},\"testimonials\":{\"bfTOY\":{\"testimonial_id\":\"2\"},\"JzjuH\":{\"testimonial_id\":\"3\"},\"SmNmW\":{\"testimonial_id\":\"4\"},\"BleDu\":{\"testimonial_id\":\"5\"},\"WneMB\":{\"testimonial_id\":\"6\"},\"GiiSv\":{\"testimonial_id\":\"7\"},\"mHmJS\":{\"testimonial_id\":\"8\"},\"nJiEZ\":{\"testimonial_id\":\"9\"},\"KCQlo\":{\"testimonial_id\":\"10\"},\"Hpbyr\":{\"testimonial_id\":\"11\"},\"record\":{\"testimonial_id\":null}}}'),
(290, 293, 'en', '{\"reverse_direction\":\"on\",\"main_content\":{\"pre_title\":\"Introduction\",\"title\":\"Comprehensive Introduction to Modern React JS Development\",\"description\":\"This React JS course provides a solid foundation in modern front-end development. You\'ll learn component-based architecture, hooks, state management, and routing through hands-on projects. Ideal for beginners and intermediate developers aiming to build fast, scalable web applications using one of today\\u2019s most in-demand JavaScript libraries.\",\"button\":{\"label\":\"Check Curriculum\",\"icon\":\"bul-category\",\"url\":\"\\/course\\/Full-Stack-JavaScript-Development\"}},\"statistic_1\":{\"title\":\"60+\",\"subtitle\":\"Training Hours\",\"description\":\"Including Professional Content\"},\"statistic_2\":{\"title\":\"240\",\"subtitle\":\"Subjects Covered\",\"description\":\"Makes Your Skills Full-stack\"},\"image_content\":{\"main_image\":\"\\/store\\/landing_builder\\/landing_10\\/293\\/overview_image_Bgd.png\",\"overlay_image_2\":\"\\/store\\/landing_builder\\/landing_10\\/293\\/overlay2_FG7.png\"}}'),
(291, 294, 'en', '{\"reverse_direction\":\"on\",\"main_content\":{\"pre_title\":\"Audience\",\"title\":\"Designed for Beginners, Developers, and Career Changers\",\"description\":\"Whether you\'re just starting out, already coding, or switching careers, this React JS course is tailored for you. Gain hands-on experience, build real projects, and master essential front-end skills that open doors to exciting opportunities in modern web development. No prior experience? No problem\\u2014start your journey today!\",\"badge_title\":\"Become a Developer!\",\"button\":{\"label\":\"Enroll Now\",\"icon\":\"bul-arrow-right\",\"url\":\"\\/course\\/Full-Stack-JavaScript-Development\"}},\"statistic_1\":{\"title\":\"2K\",\"subtitle\":\"Junior Developers\",\"description\":\"Used This Course to Start\"},\"statistic_2\":{\"title\":\"3K\",\"subtitle\":\"Senior Developers\",\"description\":\"Upgraded Their Skills\"},\"image_content\":{\"image_1\":\"\\/store\\/landing_builder\\/landing_10\\/294\\/section-image1_Vz3.png\",\"image_2\":\"\\/store\\/landing_builder\\/landing_10\\/294\\/section-image2_MU0.png\",\"revolver_image\":null}}'),
(292, 295, 'en', '{\"component_image_style\":\"top_and_bottom_margin\",\"reverse_direction\":null,\"main_content\":{\"pre_title_icon\":\"bul-3square\",\"title\":\"Mastering React Fundamentals and Component Architecture\",\"description\":\"Build a strong foundation by understanding React components, JSX, props, and state to create modular, scalable, and maintainable user interface elements from scratch.\",\"badge_title\":\"Basics\",\"button\":{\"label\":\"View Details\",\"icon\":\"bul-arrow-right\",\"url\":\"\\/course\\/Full-Stack-JavaScript-Development\"}},\"checked_items\":{\"miMVl\":\"JSX Syntax\",\"qohTU\":\"Functional Components\",\"rbiRn\":\"Class Components\",\"XhQeA\":\"Props and State\",\"yepnU\":\"Component Trees\",\"vlOXy\":\"Rendering Lists\",\"ZEvMI\":\"Event Handling\",\"QNSEK\":\"Code Structuring\",\"SqQSI\":\"Component Nesting\",\"WHgWj\":\"Reusable Logic\"},\"images\":{\"main_image\":\"\\/store\\/landing_builder\\/landing_10\\/295\\/curriculum1_WKU.svg\",\"overlay_image\":\"\\/store\\/landing_builder\\/landing_10\\/295\\/curriculum1_overlay_HIE.png\"}}'),
(293, 296, 'en', '{\"component_image_style\":\"top_and_bottom_margin\",\"reverse_direction\":null,\"main_content\":{\"pre_title_icon\":\"bul-command\",\"title\":\"Efficient State Management and Data Flow Techniques\",\"description\":\"Discover how React handles data and state. Use hooks, manage input forms, advanced data validation and optimize reactive user interfaces with predictable state patterns.\",\"badge_title\":\"State\",\"button\":{\"label\":\"View Details\",\"icon\":\"bul-arrow-right\",\"url\":\"\\/course\\/Full-Stack-JavaScript-Development\"}},\"checked_items\":{\"miMVl\":\"useState Hook\",\"qohTU\":\"useEffect Hook\",\"rbiRn\":\"Lifting State\",\"XhQeA\":\"Data Flow\",\"yepnU\":\"Controlled Inputs\",\"vlOXy\":\"Local Storage\",\"ZEvMI\":\"Conditional Rendering\",\"QNSEK\":\"Performance Tips\",\"SqQSI\":\"Input Validation\",\"WHgWj\":\"State Debugging\"},\"images\":{\"main_image\":\"\\/store\\/landing_builder\\/landing_10\\/296\\/curriculum2_0Ig.svg\",\"overlay_image\":\"\\/store\\/landing_builder\\/landing_10\\/296\\/curriculum2_overlay_pED.png\"}}'),
(294, 297, 'en', '{\"component_image_style\":\"top_and_bottom_margin\",\"reverse_direction\":null,\"main_content\":{\"pre_title_icon\":\"bul-bubble\",\"title\":\"Fetching and Displaying External API Data Using React JS\",\"description\":\"Connect your React applications to external data sources using fetch or Axios. Handle loading, display content, and manage potential errors properly through the interface.\",\"badge_title\":\"APIs\",\"button\":{\"label\":\"View Details\",\"icon\":\"bul-arrow-right\",\"url\":\"\\/course\\/Full-Stack-JavaScript-Development\"}},\"checked_items\":{\"miMVl\":\"Fetch API\",\"qohTU\":\"Axios Usage\",\"rbiRn\":\"API Calls\",\"XhQeA\":\"Async\\/Await\",\"yepnU\":\"Error Handling\",\"vlOXy\":\"Data Rendering\",\"ZEvMI\":\"Loading States\",\"QNSEK\":\"Pagination Logic\",\"SqQSI\":\"Query Parameters\",\"WHgWj\":\"Retry Requests\"},\"images\":{\"main_image\":\"\\/store\\/landing_builder\\/landing_10\\/297\\/curriculum4_R3X.svg\",\"overlay_image\":\"\\/store\\/landing_builder\\/landing_10\\/297\\/curriculum4_overlay_njG.png\"}}'),
(295, 298, 'en', '{\"component_image_style\":\"top_and_bottom_margin\",\"reverse_direction\":null,\"main_content\":{\"pre_title_icon\":\"bul-hierarchy\",\"title\":\"Creating Dynamic and Interactive Pages Using React Router\",\"description\":\"Add routing functionality to your React apps. Build seamless navigation with nested routes, parameters, and error pages for complete multi-page experiences.\",\"badge_title\":\"Routing\",\"button\":{\"label\":\"View Details\",\"icon\":\"bul-arrow-right\",\"url\":\"\\/course\\/Full-Stack-JavaScript-Development\"}},\"checked_items\":{\"miMVl\":\"React Router\",\"qohTU\":\"Route Params\",\"rbiRn\":\"Nested Routes\",\"XhQeA\":\"Dynamic Routing\",\"yepnU\":\"Navigation Links\",\"vlOXy\":\"Layout Components\",\"ZEvMI\":\"Redirects\",\"QNSEK\":\"404 Pages\",\"SqQSI\":\"Browser History\",\"WHgWj\":\"Route Protection\"},\"images\":{\"main_image\":\"\\/store\\/landing_builder\\/landing_10\\/298\\/curriculum3_AvG.svg\",\"overlay_image\":\"\\/store\\/landing_builder\\/landing_10\\/298\\/curriculum3_overlay_VgG.png\"}}'),
(296, 299, 'en', '{\"main_content\":{\"pre_title\":\"Instructor\",\"title\":\"Instructor With Real-World Experience\",\"image\":\"\\/store\\/landing_builder\\/landing_10\\/299\\/two_sided_instructor_doL.png\"},\"specific_information\":{\"LGMQy\":{\"title\":\"Built Scalable Apps\",\"subtitle\":\"For 8 Years\",\"description\":\"Developed and launched dynamic, high-performance apps using modern React tools and workflows.\",\"icon\":\"\\/store\\/landing_builder\\/landing_10\\/299\\/instructor_icon1_rK1.svg\",\"link_title\":\"View Portfolio\",\"url\":\"\\/users\\/ricardo-dave\\/profile\",\"enable\":\"on\"},\"PmMHZ\":{\"title\":\"Led Development Teams\",\"subtitle\":\"Since 2015\",\"description\":\"Managed cross-functional teams delivering robust frontend solutions in fast-paced agile environments.\",\"icon\":\"\\/store\\/landing_builder\\/landing_10\\/299\\/instructor_icon2_OUs.svg\",\"link_title\":\"My LinkedIn\",\"url\":\"https:\\/\\/www.linkedin.com\\/\",\"enable\":\"on\"},\"sCZYf\":{\"title\":\"Taught 5000+ Students\",\"subtitle\":\"Online and Offline\",\"description\":\"Guided diverse learners through practical React projects, from fundamentals to advanced patterns.\",\"icon\":\"\\/store\\/landing_builder\\/landing_10\\/299\\/instructor_icon3_Cid.svg\",\"link_title\":\"My Students\",\"url\":\"\\/users\\/ricardo-dave\\/profile\",\"enable\":\"on\"},\"ZMlJI\":{\"title\":\"Contributed to Projects\",\"subtitle\":\"Open Source Community\",\"description\":\"Actively participated in React-based repositories, improving codebases and mentoring new contributors.\",\"link_title\":\"My Github\",\"url\":\"https:\\/\\/github.com\\/\",\"enable\":\"on\",\"icon\":\"\\/store\\/landing_builder\\/landing_10\\/299\\/instructor_icon4_lMS.svg\"},\"record\":{\"title\":null,\"subtitle\":null,\"description\":null,\"link_title\":null,\"url\":null,\"enable\":\"0\"}},\"background\":\"\\/store\\/landing_builder\\/landing_10\\/299\\/two_sided_bg_4O7.svg\"}'),
(297, 300, 'en', '{\"space_number\":\"80\"}'),
(298, 301, 'en', '{\"space_number\":\"80\"}'),
(299, 302, 'en', '{\"reverse_direction\":null,\"main_content\":{\"pre_title\":\"Certificate\",\"title\":\"Official Certificate to Prove Your Development Expertise\",\"description\":\"Earn an official certificate upon completion to validate your React JS expertise, boost your resume, and stand out to employers in the competitive tech industry.\",\"button\":{\"label\":\"More Details\",\"icon\":\"bul-award\",\"url\":\"\\/course\\/Full-Stack-JavaScript-Development\"}},\"statistic_1\":{\"title\":\"4,500+\",\"subtitle\":\"Learners Certified\",\"description\":\"After Course Completion\"},\"statistic_2\":{\"title\":\"2,500+\",\"subtitle\":\"Successful Students\",\"description\":\"Certified After Passing Exams\"},\"image_content\":{\"main_image\":\"\\/store\\/landing_builder\\/landing_10\\/302\\/certificate_a2D.svg\",\"overlay_image\":\"\\/store\\/landing_builder\\/landing_10\\/302\\/certificate_overlay_6JO.png\"}}'),
(301, 305, 'en', '{\"space_number\":\"60\"}'),
(302, 304, 'en', '{\"additional_information\":{\"pre_title\":\"FAQ\",\"title\":\"Frequently Asked Questions Before Start\",\"description\":\"Get clear, concise answers to common questions before starting the React JS course, helping you feel confident and prepared for your learning journey ahead.\",\"button\":{\"label\":\"Read More\",\"icon\":\"bul-note-2\",\"url\":\"\\/blog\"}},\"faq_items\":{\"jAbmh\":{\"title\":\"Do I need coding experience to start this course?\",\"description\":\"No prior coding experience is required, though having basic HTML, CSS, or JavaScript knowledge can be helpful. This course is designed with beginners in mind, offering step-by-step lessons and hands-on exercises to build a strong foundation. Whether you&amp;#039;re switching careers or learning for the first time, you&amp;#039;ll be guided through everything you need to know.\",\"icon\":\"bul-flag\",\"enable\":\"on\"},\"TCHol\":{\"title\":\"What tools or software do I need installed?\",\"description\":\"You\\u2019ll need a code editor like Visual Studio Code, Node.js installed on your computer, and a modern web browser such as Chrome. The course provides detailed instructions on setting up your development environment. These tools are free and easy to install, and you\\u2019ll use them to write, test, and debug your React applications throughout the course.\",\"icon\":\"bul-setting\",\"enable\":\"on\"},\"rQJsd\":{\"title\":\"How long will it take to complete everything?\",\"description\":\"On average, learners complete the course in 6 to 8 weeks by studying part-time. However, it\\u2019s fully self-paced, so you can move faster or slower depending on your availability and learning style. Each module is structured to help you build knowledge gradually, with practical projects and quizzes to reinforce your progress.\",\"icon\":\"bul-calendar-2\",\"enable\":\"on\"},\"xZTXs\":{\"title\":\"Will I get a certificate after completing the course?\",\"description\":\"Yes! Upon successfully completing all modules and final assessments, you\\u2019ll receive an official certificate of completion. This certificate can be added to your r\\u00e9sum\\u00e9, LinkedIn profile, or portfolio to showcase your expertise in React JS development to potential employers, clients, or collaborators. It\\u2019s a strong validation of your skills and dedication.\",\"icon\":\"bul-medal-star\",\"enable\":\"on\"},\"BoTAo\":{\"title\":\"What support is available if I get stuck?\",\"description\":\"You\\u2019ll have access to Q&amp;amp;A forums, instructor guidance, and peer support throughout the course. If you encounter technical issues or need help understanding a topic, you can ask questions directly in the learning platform. The community and support system are designed to help you succeed, even when challenges arise.\",\"icon\":\"bul-messages-2\",\"enable\":\"on\"},\"record\":{\"title\":null,\"description\":null,\"icon\":null,\"enable\":\"0\"}},\"background\":\"\\/store\\/landing_builder\\/landing_10\\/304\\/faq_background_5uo.svg\",\"floating_image\":\"\\/store\\/landing_builder\\/landing_10\\/304\\/faq_overlay_duz.png\"}'),
(303, 306, 'en', '{\"space_number\":\"8\"}'),
(304, 307, 'en', '{\"space_number\":\"24\"}'),
(307, 310, 'en', '{\"space_number\":\"120\"}'),
(308, 311, 'en', '{\"space_number\":\"40\"}'),
(309, 312, 'en', '{\"space_number\":\"80\"}'),
(310, 313, 'en', '{\"space_number\":\"80\"}'),
(313, 316, 'en', '{\"main_content\":{\"pre_title\":\"Bundle Discount\",\"title\":\"Bundles for Bigger Savings\",\"description\":\"Combine top courses in bundles and enjoy major discounts while accelerating your learning journey efficiently\"}}'),
(314, 317, 'en', '{\"space_number\":\"24\"}'),
(315, 318, 'en', '{\"reverse_direction\":\"on\",\"main_content\":{\"pre_title_icon\":\"bul-document-code-2\",\"title\":\"Full-Stack Web Development Master Bundle\",\"description\":\"Master full-stack development with hands-on courses in HTML, CSS, JavaScript, React, Node.js, and databases. Build real-world applications, understand version control, and learn how to deploy projects. Perfect for beginners aiming to become job-ready developers and freelancers.\",\"button\":{\"label\":\"View Bundle\",\"icon\":\"bul-arrow-right\",\"url\":\"\\/bundles\\/A-Z-Web-Programming\"}},\"checked_items\":{\"AbqnM\":\"HTML\",\"VDZfx\":\"CSS\",\"HNOVZ\":\"JavaScript\",\"FBCph\":\"React\",\"ZVopN\":\"Node.js\",\"VSWCN\":\"MySQL\",\"knrqe\":\"GitHub\",\"alCwb\":\"APIs\",\"aHjin\":\"Full-stack\",\"SGHwM\":\"Deployment\"},\"images\":{\"main_image\":\"\\/store\\/landing_builder\\/landing_11\\/318\\/special1_ZRH.svg\"}}'),
(318, 321, 'en', '{\"reverse_direction\":null,\"main_content\":{\"pre_title_icon\":\"bul-designtools\",\"title\":\"Special Offer: Complete UI\\/UX Design Career Bundle\",\"description\":\"Start your UI\\/UX journey with expert-led courses in design principles, wireframing, prototyping, and usability testing. Learn Figma, Adobe XD, and user research to design intuitive, user-centered interfaces. Ideal for aspiring designers looking to enter the creative tech industry.\",\"button\":{\"label\":\"View Bundle\",\"icon\":\"bul-arrow-right\",\"url\":\"\\/bundles\\/Become-a-Probability-&-Statistics-Master\"}},\"checked_items\":{\"AbqnM\":\"Figma\",\"VDZfx\":\"Sketch\",\"HNOVZ\":\"Prototyping\",\"FBCph\":\"Wireframes\",\"ZVopN\":\"UX\",\"VSWCN\":\"UI\",\"knrqe\":\"Adobe XD\",\"alCwb\":\"Research\",\"aHjin\":\"Usability\",\"SGHwM\":\"Interfaces\"},\"images\":{\"main_image\":\"\\/store\\/landing_builder\\/landing_11\\/321\\/special2_w31.svg\"}}'),
(319, 322, 'en', '{\"space_number\":\"16\"}'),
(322, 325, 'en', '{\"main_content\":{\"pre_title\":\"Hand-Picked Deals\",\"title\":\"Top Courses Now on Sale\",\"description\":\"Discover our most popular courses at unbeatable prices\\u2014learn in-demand skills and save big this Black Friday!\",\"button\":{\"label\":\"Explore All Deals\",\"icon\":\"bul-teacher\",\"url\":\"\\/classes?sort=newest\"}},\"featured_courses\":{\"tvmnt\":{\"course\":\"2008\"},\"xnHuk\":{\"course\":\"2022\"},\"JeIWg\":{\"course\":\"2010\"},\"tRaYZ\":{\"course\":\"2009\"},\"WLyGm\":{\"course\":\"2006\"},\"DNziL\":{\"course\":\"2005\"},\"RfWIh\":{\"course\":\"2004\"},\"JycMZ\":{\"course\":\"2003\"}},\"floating_images\":{\"image_2\":null,\"image_1\":\"\\/store\\/landing_builder\\/landing_11\\/325\\/custom_courses_overlay_3nX.png\"},\"background\":\"\\/store\\/landing_builder\\/landing_4\\/89\\/coursesgrid-bg_thv.svg\"}'),
(328, 331, 'en', '{\"upper_cta\":{\"badge_text\":\"Save\",\"main_text\":\"Learning Never Been Cheaper\",\"icon\":\"bol-arrow-right\",\"url\":\"\\/classes\"},\"main_content\":{\"title_line_1\":\"Big\",\"highlight_words\":{\"BAiel\":\"Discounts\"},\"title_line_2\":\"Bigger Learning Gains\",\"description\":\"Unlock incredible savings on top-rated courses this Black Friday. Invest in your skills, grow your career, and enjoy unmatched value on every learning experience.\",\"primary_button\":{\"label\":\"Explore Discounts\",\"icon\":\"bol-discount-shape\",\"url\":\"\\/classes?discount=on\"},\"secondary_button\":{\"label\":\"Special Deals\",\"icon\":\"bol-play-circle\",\"url\":\"\\/classes?sort=newest\"}},\"students_widget\":{\"title\":\"Upgrade Skills with 70% Off\",\"url\":\"\\/login\"},\"image_content\":{\"type\":\"image\",\"image\":\"\\/store\\/landing_builder\\/landing_11\\/331\\/hero_image_ANo.png\",\"overlay_image\":\"\\/store\\/landing_builder\\/landing_11\\/331\\/hero_overlay_Vi4.png\"},\"students_widget_avatars\":{\"wgMdj\":\"\\/store\\/landing_builder\\/landing_11\\/331\\/Group_2038_j4K.png\",\"wviPx\":\"\\/store\\/landing_builder\\/landing_11\\/331\\/Group_2042_OWy.png\",\"KUUfT\":\"\\/store\\/landing_builder\\/landing_11\\/331\\/Group_2046_bqg.png\",\"kfiUf\":\"\\/store\\/landing_builder\\/landing_11\\/331\\/Group_2047_QTk.png\",\"vjaUF\":\"\\/store\\/landing_builder\\/landing_11\\/331\\/Group_2053_T3l.png\"},\"background\":\"\\/store\\/landing_builder\\/landing_11\\/331\\/hero_background_Ztk.svg\"}'),
(329, 333, 'en', '{\"main_content\":{\"pre_title\":\"Don\'t Miss\",\"title\":\"Top Learning Categories on Sale\",\"description\":\"Discover unbeatable deals on popular learning categories and start mastering new skills this Black Friday\"}}'),
(330, 332, 'en', '{\"enable_slider\":\"on\",\"main_content\":{\"pre_title\":\"Featured\",\"title\":\"Featured Picks for Skill Growth\",\"description\":\"Discover carefully selected courses designed to boost your skills and accelerate your professional growth.\"},\"featured_courses\":{\"YJcMt\":{\"course\":\"2054\",\"cover_image\":\"\\/store\\/landing_builder\\/landing_11\\/332\\/featured2_QTE.jpg\",\"checked_items\":{\"fGgOa\":\"Build Design Systems\",\"kurus\":\"Define UI Components\",\"GtyHz\":\"Maintain Visual Consistency\",\"VJZui\":\"Create Style Guides\",\"WPiPk\":\"Organize Design Tokens\",\"ApsQF\":\"Document Design Standards\"}},\"aiEfd\":{\"course\":\"2060\",\"checked_items\":{\"xWHGn\":\"Build Mobile Apps\",\"oerBD\":\"Use React Native\",\"GZhfu\":\"Create Reusable Components\",\"owjTd\":\"Style with Flexbox\",\"QUaey\":\"Navigate Between Screens\",\"bLTnp\":\"Connect to APIs\"},\"cover_image\":\"\\/store\\/landing_builder\\/landing_11\\/332\\/featured1_qcQ.jpg\"}},\"floating_background\":\"\\/store\\/landing_builder\\/landing_11\\/332\\/featured_floating_CqG.svg\"}'),
(331, 334, 'en', '{\"banner_1\":{\"title\":\"Web Development\",\"subtitle\":\"Save Up to 50% on All\",\"url\":\"\\/categories\\/Development\\/Web-Development\",\"image\":\"\\/store\\/landing_builder\\/landing_11\\/334\\/web_dev_vjo.jpg\"},\"banner_2\":{\"title\":\"AI World\",\"subtitle\":\"Get 60% Off Instantly\",\"url\":\"\\/categories\\/Business\\/Management\",\"image\":\"\\/store\\/landing_builder\\/landing_11\\/334\\/ai_v4L.jpg\"},\"banner_3\":{\"title\":\"Content Creation\",\"subtitle\":\"Enjoy Up to 70% Savings\",\"url\":\"\\/categories\\/Marketing\",\"image\":\"\\/store\\/landing_builder\\/landing_11\\/334\\/content_creation_IjM.jpg\"},\"cta_section\":{\"title\":\"Don\\u2019t Miss 5K+ Unrepeatable Course Deals\",\"subtitle\":\"Don\\u2019t wait\\u2014thousands of top-rated courses are now heavily discounted. Upgrade your skills while the offer lasts!\",\"url\":\"\\/classes?discount=on\",\"background\":\"\\/store\\/landing_builder\\/landing_11\\/334\\/banners_cta_bg_B96.svg\"}}'),
(332, 335, 'en', '{\"space_number\":\"80\"}'),
(333, 337, 'en', '{\"main_content\":{\"pre_title_icon\":\"bul-discount-shape\",\"pre_title\":\"Want the lowest price possible?\",\"main_title_line_1\":\"Now or Never!\",\"main_title_line_2\":\"Discounted Prices Vanishing\",\"badge_title\":\"Ending Soon!\",\"description\":\"Don\\u2019t miss out on limited-time deals across top-rated courses. Enroll now and take advantage of the lowest prices before the discounts disappear for good!\",\"primary_button\":{\"label\":\"Enroll Now\",\"icon\":\"bul-arrow-right\",\"url\":\"\\/classes\"},\"secondary_button\":{\"label\":\"Contact Sales\",\"icon\":\"bul-message-text-1\",\"url\":\"\\/contact\"}},\"specific_links\":{\"ejXHz\":{\"title\":\"Web Development\",\"url\":\"\\/categories\\/Development\\/Web-Development\"},\"GJzni\":{\"title\":\"Sales and Marketing\",\"url\":\"\\/categories\\/Marketing\"},\"MhLUg\":{\"title\":\"Business\",\"url\":\"\\/categories\\/Business\"},\"tdHWi\":{\"title\":\"Design and Art\",\"url\":\"\\/categories\\/Design\"},\"record\":{\"title\":null,\"url\":null}},\"background\":\"\\/store\\/landing_builder\\/landing_11\\/337\\/full_width_cta_bg_l_aRk.jpg\",\"dark_mode_background\":\"\\/store\\/landing_builder\\/landing_11\\/337\\/full_width_cta_bg_EIP.jpg\"}'),
(334, 338, 'en', '{\"additional_information\":{\"pre_title\":\"FAQ\",\"title\":\"Frequently Asked Questions About Deals\",\"description\":\"Find clear answers to common questions about our Black Friday discounts, course access, bundles, and anything you need.\",\"button\":{\"label\":\"Contact Us\",\"icon\":\"bul-message-2\",\"url\":\"\\/contact\"}},\"faq_items\":{\"xKgJn\":{\"title\":\"How long do the Black Friday discounts last?\",\"description\":\"Our Black Friday discounts are available for a limited time only. The promotional period typically runs through the end of the week, but specific dates may vary. We recommend purchasing early to secure the best deals, as some offers may expire sooner or have limited quantities. Always check the countdown timer on the site for the exact deadline.\",\"icon\":\"bul-timer\",\"enable\":\"on\"},\"Toerd\":{\"title\":\"What payment options are currently accepted for purchases?\",\"description\":\"We support a variety of secure payment methods to make your purchase smooth and flexible. Accepted options include major credit and debit cards, PayPal, Stripe, and some region-specific gateways. All transactions are encrypted to ensure your financial data is safe. At checkout, you&amp;amp;#039;ll see all available options based on your region and currency for convenience and security.\",\"icon\":\"bul-money-2\",\"enable\":\"on\"},\"hnzNB\":{\"title\":\"Can I get a refund after purchasing discounted courses?\",\"description\":\"Yes, we offer a refund policy even during the promotional period. If you&amp;amp;#039;re not satisfied with a course, you may request a refund within the allowed window, usually 14 days. Please ensure the course hasn\\u2019t been completed beyond a certain percentage. Review our full refund policy for specific eligibility requirements and steps to initiate the process.\",\"icon\":\"bul-refresh-circle\",\"enable\":\"on\"},\"gHplV\":{\"title\":\"How do I purchase and access discounted courses?\",\"description\":\"Purchasing a discounted course is simple. Browse the course listings, add your chosen courses to the cart, and proceed to checkout. After completing payment, your courses will be added to your account instantly. You can then access them anytime by logging in and navigating to your dashboard. No hidden steps\\u2014just quick access to start learning right away.\",\"icon\":\"bul-video-square\",\"enable\":\"on\"},\"RhhwU\":{\"title\":\"Are bundle deals better than single course discounts?\",\"description\":\"Absolutely! Bundle deals offer greater value by combining multiple related courses into one discounted package. This is perfect for learners who want a more comprehensive experience or skill track. You\\u2019ll save significantly more compared to purchasing each course separately. If you&amp;amp;#039;re serious about progressing fast and covering multiple topics, bundles are a smart and cost-effective choice.\",\"icon\":\"bul-box-1\",\"enable\":\"on\"},\"record\":{\"title\":null,\"description\":null,\"icon\":null,\"enable\":\"0\"}},\"background\":\"\\/store\\/landing_builder\\/landing_11\\/338\\/faq_bg_dFL.svg\",\"floating_image\":\"\\/store\\/landing_builder\\/landing_11\\/338\\/faq_overlay_yC7.png\"}'),
(336, 340, 'en', '{\"space_number\":\"80\"}'),
(337, 341, 'en', '{\"space_number\":\"120\"}'),
(338, 342, 'en', '{\"space_number\":\"80\"}'),
(339, 343, 'en', '{\"main_content\":{\"pre_title\":\"Outcomes\",\"title\":\"Your Future Earnings and Roles\",\"description\":\"Explore career opportunities and salary insights to see where UI\\/UX design can take you\"}}'),
(340, 344, 'en', '{\"space_number\":\"80\"}'),
(341, 345, 'en', '{\"space_number\":\"80\"}'),
(343, 347, 'en', '{\"space_number\":\"120\"}'),
(344, 348, 'en', '{\"space_number\":\"24\"}'),
(345, 349, 'en', '{\"space_number\":\"80\"}'),
(347, 351, 'en', '{\"reverse_direction\":null,\"main_content\":{\"pre_title\":\"Time\",\"title\":\"How Long to Complete This Learning Path\",\"description\":\"Our UI\\/UX Design learning path is structured to be completed in approximately 3 to 4 months with consistent study. This clear timeline helps you plan effectively, stay motivated, and track your progress toward mastering essential skills in design tools and user experience.\",\"button\":{\"label\":\"View Courses\",\"icon\":\"bul-category\",\"url\":\"\\/classes\"}},\"statistic_1\":{\"title\":\"3\",\"subtitle\":\"Months\",\"description\":\"To Complete Your Journey\"},\"statistic_2\":{\"title\":\"18K\",\"subtitle\":\"Students\",\"description\":\"Finished This Path\"},\"image_content\":{\"main_image\":\"\\/store\\/landing_builder\\/landing_12\\/351\\/completion_time_ida.png\",\"overlay_image_2\":\"\\/store\\/landing_builder\\/landing_12\\/351\\/completion_overlay_K6X.png\"}}'),
(358, 362, 'en', '{\"space_number\":\"40\"}'),
(359, 363, 'en', '{\"upper_cta\":{\"badge_text\":\"Join\",\"main_text\":\"Figma Bootcamp Enrollment Now Open\",\"icon\":\"bul-video-octagon\",\"url\":\"\\/course\\/Full-Stack-JavaScript-Development\"},\"main_content\":{\"title_line_1\":\"Design Smarter\",\"title_line_2\":\"Learn UI\\/UX From Experts\",\"description\":\"Gain hands-on experience, master essential tools like Figma and Framer, and build a portfolio that sets you apart in the competitive world of UI\\/UX design.\",\"badge_text\":\"Start Your Career!\",\"primary_button\":{\"label\":\"Explore Courses\",\"icon\":\"bul-designtools\",\"url\":\"\\/classes?sort=newest\"},\"secondary_button\":{\"label\":\"Explore Tutors\",\"icon\":\"bul-teacher\",\"url\":\"\\/instructors\"}},\"checked_items\":{\"bIkBW\":\"Design Foundations\",\"BmfjF\":\"Interaction Design\",\"dAahD\":\"Design Systems\"},\"image_content\":{\"type\":\"image\",\"image\":\"\\/store\\/landing_builder\\/landing_12\\/363\\/learningpath_hero_main_image_LsB.png\",\"overlay_image_1\":\"\\/store\\/landing_builder\\/landing_12\\/363\\/learningpath_hero_overlay1_F7J.jpg\",\"overlay_image_2\":\"\\/store\\/landing_builder\\/landing_12\\/363\\/learningpath_hero_overlay2_71s.jpg\"},\"background\":\"\\/store\\/landing_builder\\/landing_12\\/363\\/hero_background_10w.jpg\",\"dark_mode_background\":\"\\/store\\/landing_builder\\/landing_12\\/363\\/hero_background_dark_cq7.jpg\"}'),
(360, 364, 'en', '{\"reverse_direction\":\"on\",\"main_content\":{\"pre_title\":\"Overview\",\"title\":\"Discover the Full UI\\/UX Learning Path Roadmap\",\"description\":\"Gain a clear understanding of each stage in this comprehensive UI\\/UX learning path. Explore design principles, master essential tools, develop practical skills, and build real-world projects step by step. This roadmap ensures you stay focused, confident, and ready for a successful design career.\",\"button\":{\"label\":\"Newest Courses\",\"icon\":\"bul-video-play\",\"url\":\"\\/classes?sort=newest\"}},\"statistic_1\":{\"title\":\"1500+\",\"subtitle\":\"Education Hours\",\"description\":\"Covering All Subjects\"},\"statistic_2\":{\"title\":\"180+\",\"subtitle\":\"Expert Mentors\",\"description\":\"Sharing Their Knowledge\"},\"image_content\":{\"main_image\":\"\\/store\\/landing_builder\\/landing_12\\/364\\/overview_Ijc.png\",\"overlay_image_2\":\"\\/store\\/landing_builder\\/landing_12\\/364\\/overview_overlay_Hla.png\"}}'),
(361, 365, 'en', '{\"main_content\":{\"pre_title\":\"Outcomes\",\"title\":\"Gain Real-World Design Skills\",\"description\":\"Develop in-demand UI\\/UX skills to design user-friendly, impactful interfaces and stand out in design careers\"},\"specific_links\":{\"jFxZw\":{\"title\":\"Wireframing Basics\",\"url\":\"\\/categories\\/Development\",\"enable\":\"on\",\"image\":\"\\/store\\/landing_builder\\/landing_12\\/365\\/wireframe_QR7.svg\"},\"Nycdu\":{\"title\":\"Visual Hierarchy\",\"url\":\"\\/categories\\/Development\\/Web-Development\",\"enable\":\"on\",\"image\":\"\\/store\\/landing_builder\\/landing_12\\/365\\/visualhierarchy_2L9.svg\"},\"zbShG\":{\"title\":\"User Research\",\"url\":\"\\/categories\\/Development\\/Mobile-Development\",\"enable\":\"on\",\"image\":\"\\/store\\/landing_builder\\/landing_12\\/365\\/userresearch_tYc.svg\"},\"RRCtl\":{\"title\":\"Prototyping Techniques\",\"url\":\"\\/categories\\/Development\\/Game-Development\",\"enable\":\"on\",\"image\":\"\\/store\\/landing_builder\\/landing_12\\/365\\/prototyping_4Vb.svg\"},\"heXEx\":{\"title\":\"Interaction Design\",\"url\":\"\\/categories\\/Business\",\"enable\":\"on\",\"image\":\"\\/store\\/landing_builder\\/landing_12\\/365\\/interaction_zVg.svg\"},\"TihBh\":{\"title\":\"Accessibility Principles\",\"url\":\"\\/categories\\/Business\\/Management\",\"enable\":\"on\",\"image\":\"\\/store\\/landing_builder\\/landing_12\\/365\\/accessibility_wV2.svg\"},\"BRNUi\":{\"title\":\"Design Systems\",\"url\":\"\\/categories\\/Business\\/Communications\",\"enable\":\"on\",\"image\":\"\\/store\\/landing_builder\\/landing_12\\/365\\/designsystem_RLv.svg\"},\"QGgmW\":{\"title\":\"Typography Essentials\",\"url\":\"\\/categories\\/Business\\/Business-Strategy\",\"enable\":\"on\",\"image\":\"\\/store\\/landing_builder\\/landing_12\\/365\\/typography_nG3.svg\"},\"wgSvB\":{\"title\":\"Color Theory\",\"url\":\"\\/categories\\/Marketing\",\"enable\":\"on\",\"image\":\"\\/store\\/landing_builder\\/landing_12\\/365\\/coolor_8wG.svg\"},\"Ynnof\":{\"title\":\"Responsive Layouts\",\"url\":\"\\/categories\\/Lifestyles\",\"enable\":\"on\",\"image\":\"\\/store\\/landing_builder\\/landing_12\\/365\\/responsive_r1i.svg\"},\"sXqJf\":{\"title\":\"Usability Testing\",\"url\":\"\\/categories\\/Lifestyles\\/Lifestyle\",\"enable\":\"on\",\"image\":\"\\/store\\/landing_builder\\/landing_12\\/365\\/usability_zrH.svg\"},\"RauXL\":{\"title\":\"Microinteractions Design\",\"url\":\"\\/categories\\/Lifestyles\\/Beauty-and-Makeup\",\"enable\":\"on\",\"image\":\"\\/store\\/landing_builder\\/landing_12\\/365\\/microinteractions_czF.svg\"},\"record\":{\"title\":null,\"url\":null,\"enable\":\"0\"}}}'),
(362, 367, 'en', '{\"reverse_direction\":null,\"main_content\":{\"pre_title\":\"Projects\",\"title\":\"Build Real Projects, Gain Practical Experience\",\"description\":\"Apply your new UI\\/UX skills to real-world design projects, build an impressive portfolio, and gain hands-on experience that prepares you for actual client work and career opportunities.\",\"button\":{\"label\":\"Start Now\",\"icon\":\"bul-arrow-right\",\"url\":\"\\/classes\"}},\"statistic_1\":{\"title\":\"12K\",\"subtitle\":\"Practical Projects\",\"description\":\"To Boost Your Skills\"},\"statistic_2\":{\"title\":\"480\",\"subtitle\":\"Mentors Available\",\"description\":\"To Review Your Projects\"},\"image_content\":{\"main_image\":\"\\/store\\/landing_builder\\/landing_12\\/367\\/cta_course_voo.jpg\",\"overlay_image\":\"\\/store\\/landing_builder\\/landing_12\\/367\\/course_overlay_t5g.png\"}}'),
(363, 368, 'en', '{\"information_cards\":{\"DvRAR\":{\"title\":\"UX Researcher\",\"subtitle\":\"Analyze user behavior to improve experiences. Average salary: $80K\\/year.\",\"url\":\"#\",\"enable_image_padding\":\"on\",\"image\":\"\\/store\\/landing_builder\\/landing_12\\/368\\/job1_iXw.png\"},\"jNjWp\":{\"title\":\"UX Strategist\",\"subtitle\":\"Plan UX improvements aligning with business goals. Average salary: $95K\\/year.\",\"url\":\"#\",\"enable_image_padding\":\"on\",\"image\":\"\\/store\\/landing_builder\\/landing_12\\/368\\/job2_bWX.png\"},\"eqiyH\":{\"title\":\"UI Designer\",\"subtitle\":\"Craft intuitive interfaces with user-centered design skills. Average salary: $75K\\/year.\",\"url\":\"#\",\"enable_image_padding\":\"on\",\"image\":\"\\/store\\/landing_builder\\/landing_12\\/368\\/job3_bmQ.png\"},\"cNaZx\":{\"title\":\"Interaction Designer\",\"subtitle\":\"Create engaging interactive digital experiences. Average salary: $78K\\/year.\",\"url\":\"#\",\"enable_image_padding\":\"on\",\"image\":\"\\/store\\/landing_builder\\/landing_12\\/368\\/job4_lMP.png\"},\"FbNBM\":{\"title\":\"Visual Designer\",\"subtitle\":\"Develop visually compelling digital assets. Average salary: $70K\\/year.\",\"url\":\"#\",\"enable_image_padding\":\"on\",\"image\":\"\\/store\\/landing_builder\\/landing_12\\/368\\/job5_JzL.png\"},\"rXulP\":{\"title\":\"Design Lead\",\"subtitle\":\"Lead design teams on complex projects. Average salary: $100K\\/year.\",\"url\":\"#\",\"enable_image_padding\":\"on\",\"image\":\"\\/store\\/landing_builder\\/landing_12\\/368\\/job6_OpU.png\"},\"record\":{\"title\":null,\"subtitle\":null,\"url\":null,\"enable_image_padding\":\"0\"}}}'),
(364, 369, 'en', '{\"main_content\":{\"pre_title\":\"Courses\",\"title\":\"Explore Courses Inside Learning Path\",\"description\":\"Discover carefully curated courses designed to build essential UI\\/UX skills and elevate your design career\",\"button\":{\"label\":\"Explore Courses\",\"icon\":\"bul-arrow-right\",\"url\":\"\\/classes\"}},\"featured_courses\":{\"CFpqZ\":{\"course\":\"2058\"},\"gwTCe\":{\"course\":\"2060\"},\"SuCYU\":{\"course\":\"2061\"},\"ImoyO\":{\"course\":\"2059\"}},\"floating_images\":{\"image_1\":\"\\/store\\/landing_builder\\/landing_12\\/369\\/overlay1_XKm.png\",\"image_2\":\"\\/store\\/landing_builder\\/landing_12\\/369\\/overlay22_WYj.png\"}}'),
(365, 370, 'en', '{\"first_line\":{\"text_1\":\"Start Learning\",\"text_2\":\"And Master\",\"image_1\":\"\\/store\\/landing_builder\\/landing_12\\/370\\/cta_main_xNs.jpg\"},\"second_line\":{\"text_1\":\"UI UX\",\"text_2\":\"Design Skills\",\"image_1\":\"\\/store\\/landing_builder\\/landing_12\\/370\\/avatar1_GX4.png\",\"image_2\":\"\\/store\\/landing_builder\\/landing_12\\/370\\/avatar2_Iji.png\"},\"additional_information\":{\"text_1\":\"Gain practical design expertise, master top tools, and build real projects to accelerate your career in modern UI\\/UX design\"},\"primary_button\":{\"label\":\"Explore Courses\",\"icon\":null,\"url\":\"\\/classes\"},\"secondary_button\":{\"label\":\"Find a Mentor\",\"icon\":null,\"url\":\"\\/instructor-finder\"},\"background\":\"\\/store\\/landing_builder\\/landing_12\\/370\\/cta_bg_7re.svg\",\"floating_images\":{\"image_1\":\"\\/store\\/landing_builder\\/landing_12\\/370\\/interactive1_iDY.svg\",\"image_2\":\"\\/store\\/landing_builder\\/landing_12\\/370\\/interactive2_eYN.svg\"},\"side_images\":{\"image_1\":\"\\/store\\/landing_builder\\/landing_12\\/370\\/cta_overlay1_3Ex.svg\",\"image_2\":\"\\/store\\/landing_builder\\/landing_12\\/370\\/cta_overlay2_FO3.svg\"}}'),
(366, 371, 'en', '{\"upper_cta\":{\"badge_text\":\"New\",\"main_text\":\"AI Learning Features Updated!\",\"icon\":\"bol-flash-1\",\"url\":\"\\/How-To-Teach-Your-Kid-Anything-Easily-3\"},\"main_content\":{\"title_line_1\":\"Start\",\"title_line_2\":\"With Top Tutors Worldwide\",\"description\":\"Join thousands of learners advancing their skills through expert-led courses. Connect with top instructors, learn anytime, and unlock new career opportunities on one platform.\",\"primary_button\":{\"label\":\"Enroll on Courses\",\"icon\":\"bul-video-play\",\"url\":\"\\/classes\"},\"secondary_button\":{\"label\":\"Book a Meeting\",\"icon\":\"bul-video\",\"url\":\"\\/instructor-finder\"},\"highlight_words\":{\"pPFcH\":\"Learning\",\"fLaeR\":\"Growing\",\"JETPX\":\"Mastering\",\"DlVgr\":\"Building\",\"WDFjW\":\"Upskilling\"}},\"students_widget\":{\"title\":\"Trusted by 2,500+ Successful Students\",\"url\":\"\\/login\"},\"image_content\":{\"type\":\"image\",\"image\":\"\\/store\\/landing_builder\\/landing_13\\/371\\/hero_image_j5t.png\",\"overlay_image\":\"\\/store\\/landing_builder\\/landing_13\\/371\\/hero_overlay_UGc.png\",\"spinning_image\":\"\\/store\\/landing_builder\\/landing_13\\/371\\/revolverimage_RIy.svg\"},\"background\":\"\\/store\\/landing_builder\\/landing_1\\/1\\/hero_background_xfq.svg\",\"students_widget_avatars\":{\"GKpNG\":\"\\/store\\/landing_builder\\/landing_1\\/1\\/ZNzOr_Group_2038.png\",\"SXayp\":\"\\/store\\/landing_builder\\/landing_1\\/1\\/MB7pW_Group_2039.png\",\"AlqmP\":\"\\/store\\/landing_builder\\/landing_1\\/1\\/boqCl_Group_2044.png\",\"fQZwb\":\"\\/store\\/landing_builder\\/landing_1\\/1\\/U70f5_Group_2045.png\",\"iliIZ\":\"\\/store\\/landing_builder\\/landing_1\\/1\\/5bLDZ_Group_2046.png\"}}'),
(367, 372, 'en', '{\"statistics\":{\"QbGNb\":{\"title\":\"Skillful Instructors\",\"icon\":\"bul-briefcase\",\"data_type\":\"semi_real\",\"data_source\":\"number_of_instructors\",\"start_from\":\"250\",\"manual_data\":null},\"YOFAm\":{\"title\":\"Happy Students\",\"icon\":\"bul-teacher\",\"data_type\":\"semi_real\",\"data_source\":\"number_of_students\",\"start_from\":\"500\",\"manual_data\":null},\"repCq\":{\"title\":\"Professional Courses\",\"icon\":\"bul-video-play\",\"data_type\":\"real\",\"data_source\":\"number_of_courses\",\"start_from\":null,\"manual_data\":null},\"JLmBF\":{\"title\":\"Official Organizations\",\"icon\":\"bul-building\",\"data_type\":\"real\",\"data_source\":\"number_of_organizations\",\"start_from\":null,\"manual_data\":null},\"record\":{\"title\":null,\"icon\":null,\"data_type\":\"real\",\"data_source\":\"number_of_instructors\",\"start_from\":null,\"manual_data\":null}},\"background\":\"\\/store\\/landing_builder\\/landing_13\\/372\\/statistics_bg_T0k.png\",\"background_color\":\"secondary\"}'),
(368, 373, 'en', '{\"enable_slider\":\"on\",\"main_content\":{\"pre_title\":\"Featured\",\"title\":\"Featured Courses\",\"description\":\"Explore our top-rated courses, handpicked to boost your skills and accelerate your learning journey\"},\"featured_courses\":{\"Kblmv\":{\"course\":\"2002\",\"cover_image\":\"\\/store\\/landing_builder\\/landing_1\\/3\\/workout_G7j.jpg\",\"checked_items\":{\"nPSgK\":\"Personalized workout plans\",\"TANBG\":\"Nutrition and meal guidance\",\"KhFGP\":\"Daily fitness challenges\",\"WQFEG\":\"Expert wellness coaching\",\"dujOQ\":\"Progress tracking tools\"}},\"tmlrR\":{\"course\":\"1995\",\"cover_image\":\"\\/store\\/landing_builder\\/landing_1\\/3\\/product_aF5.jpg\",\"checked_items\":{\"syJFo\":\"Product lifecycle management essentials\",\"lKkYJ\":\"Building effective product roadmaps\",\"UjxDt\":\"Conducting user and market research\",\"pKvxh\":\"Leading cross-functional product teams\",\"CaNKi\":\"Defining and prioritizing product features\"}}}}'),
(369, 374, 'en', '{\"main_content\":{\"pre_title\":\"Trending\",\"title\":\"Trending Categories\"},\"trending_categories\":{\"rBvHd\":{\"category\":\"1\"},\"kGpzO\":{\"category\":\"2\"},\"KEfio\":{\"category\":\"3\"},\"jQlOz\":{\"category\":\"4\"},\"Plypb\":{\"category\":\"5\"},\"vZcWP\":{\"category\":\"6\"},\"qVbwr\":{\"category\":\"10\"},\"xBoLW\":{\"category\":\"11\"},\"record\":{\"category\":null}},\"floating_background\":\"\\/store\\/landing_builder\\/landing_1\\/4\\/trending_floating_M8H.svg\"}'),
(370, 375, 'en', '{\"main_content\":{\"title\":\"Bestsellers Chosen by Our Students\",\"subtitle\":\"Explore our top-selling courses, chosen by thousands of learners who\\u2019ve enrolled and benefited. These bestsellers reflect what\\u2019s most in-demand and valuable across our platform.\",\"icon\":\"\\/store\\/landing_builder\\/landing_13\\/375\\/best_selling_overlay_fIs.png\"},\"background\":\"\\/store\\/landing_builder\\/landing_1\\/5\\/topselling_background_pVh.png\"}'),
(371, 376, 'en', '{\"space_number\":\"80\"}'),
(372, 377, 'en', '{\"space_number\":\"80\"}'),
(373, 378, 'en', '{\"space_number\":\"100\"}');
INSERT INTO `landing_component_translations` (`id`, `landing_component_id`, `locale`, `content`) VALUES
(374, 379, 'en', '{\"main_content\":{\"title\":\"Top Rated by Our Students\",\"subtitle\":\"Discover the most highly rated courses, trusted by learners for quality content, expert instruction, and outstanding learning experiences across a wide range of topics.\",\"icon\":\"\\/store\\/landing_builder\\/landing_13\\/379\\/best_rated_overlay_5IF.png\"},\"background\":\"\\/store\\/landing_builder\\/landing_1\\/9\\/topselling_background_xZD.png\"}'),
(375, 380, 'en', '{\"space_number\":\"100\"}'),
(376, 381, 'en', '{\"space_number\":\"20\"}'),
(377, 382, 'en', '{\"main_content\":{\"pre_title\":\"Instructors\",\"title\":\"Expert Instructors\",\"description\":\"Learn from experienced instructors dedicated to delivering practical knowledge, guidance, and real-world expertise\",\"button\":{\"label\":\"All Instructors\",\"icon\":\"bul-teacher\",\"url\":\"\\/instructors\"}},\"cta_section\":{\"title_bold_text\":\"400+ skilled instructors\",\"title_regular_text\":\"available to assist you every step of the way\",\"description\":\"Quickly find your ideal instructor with our intuitive Instructor Finder feature\",\"icon\":\"bul-verify\"},\"specific_instructors\":{\"zVjfh\":{\"instructor_id\":\"3\"},\"lNgbZ\":{\"instructor_id\":\"870\"},\"rBoFe\":{\"instructor_id\":\"923\"},\"URpzu\":{\"instructor_id\":\"929\"},\"bDOON\":{\"instructor_id\":\"934\"},\"SXDzy\":{\"instructor_id\":\"1015\"},\"record\":{\"instructor_id\":null}},\"background\":\"\\/store\\/landing_builder\\/landing_1\\/12\\/instructors_background_Wuk.png\"}'),
(378, 383, 'en', '{\"main_content\":{\"pre_title\":\"Read More\",\"title\":\"Blog and Articles\",\"description\":\"Stay informed with expert-written articles, tips, and insights to support your learning journey daily\",\"button\":{\"label\":\"Blog Posts\",\"icon\":\"bul-note-2\",\"url\":\"\\/blog\"}},\"background\":\"\\/store\\/landing_builder\\/landing_1\\/13\\/blog_background_e5l.png\"}'),
(379, 385, 'en', '{\"space_number\":\"80\"}'),
(380, 384, 'en', '{\"main_content\":{\"pre_title\":\"Features\",\"title\":\"Master New Skills Using Advanced Learning Features\",\"description\":\"Access modern tools, interactive content, and expert resources to master new skills and stay competitive.\",\"button\":{\"label\":\"Learn More\",\"icon\":\"bul-note-2\",\"url\":\"\\/blog\\/How-To-Teach-Your-Kid-Anything-Easily-2\"}},\"checked_items\":{\"AEcmG\":\"Flexible Learning Schedule\",\"QMwhW\":\"Affordable Course Prices\",\"LkCAJ\":\"Expert Instructor Access\",\"bYaAI\":\"Self-Paced Progression\"},\"features_cards\":{\"BzgCG\":{\"title\":\"Smart Quizzes Tool\",\"description\":\"Test knowledge instantly with interactive quizzes designed to boost understanding and track progress effectively.\",\"icon\":\"bul-clipboard-tick\",\"url\":\"\\/login\"},\"fZKIP\":{\"title\":\"Verified Course Certificates\",\"description\":\"Earn official certificates upon completion to showcase skills and add credibility to your portfolio.\",\"icon\":\"bul-award\",\"url\":\"\\/certificate_validation\"},\"GLbMQ\":{\"title\":\"Practical Course Assignments\",\"description\":\"Apply what you learn with real assignments that reinforce skills and deepen your practical knowledge.\",\"icon\":\"bul-document-text\",\"url\":\"\\/blog\\/Better-Relationship-Between-You-and-Your-Student-s-Parent\"},\"gwgXV\":{\"title\":\"Dedicated Student Support\",\"description\":\"Get help anytime with responsive support, ensuring a smooth and guided learning experience for everyone.\",\"icon\":\"bul-message-question\",\"url\":\"\\/contact\"},\"record\":{\"title\":null,\"description\":null,\"icon\":null,\"url\":null}}}'),
(381, 387, 'en', '{\"space_number\":\"80\"}'),
(382, 386, 'en', '{\"main_content\":{\"pre_title\":\"Bundles\",\"title\":\"Course Bundles For Maximum Savings\",\"subtitle\":\"Unlock more value with curated course bundles, combining top-rated courses at unbeatable prices. Expand your skills affordably and get maximum learning without stretching your budget.\",\"button\":{\"label\":\"Explore Bundles\",\"icon\":\"bul-box-1\",\"url\":\"\\/bundles\"}},\"statistics\":{\"title\":\"2K+\",\"subtitle\":\"Students Chose Our Bundles\"},\"background\":\"\\/store\\/landing_builder\\/landing_13\\/386\\/bundles_bg_tSe.svg\",\"floating_icon_2\":\"\\/store\\/landing_builder\\/landing_13\\/386\\/bundles_overlay_Tg5.png\"}'),
(383, 388, 'en', '{\"separator_icon\":\"bul-diamonds\",\"card_style\":\"normal\",\"card_color\":\"secondary\",\"title_items\":{\"KoZiR\":{\"title\":\"Development\",\"url\":\"\\/categories\\/Development\"},\"rYtfh\":{\"title\":\"Web Development\",\"url\":\"\\/categories\\/Development\\/Web-Development\"},\"GbEip\":{\"title\":\"Mobile Development\",\"url\":\"\\/categories\\/Development\\/Mobile-Development\"},\"mwZBR\":{\"title\":\"Game Development\",\"url\":\"\\/categories\\/Development\\/Game-Development\"},\"KTpNY\":{\"title\":\"Business\",\"url\":\"\\/categories\\/Business\"},\"fEKEO\":{\"title\":\"Management\",\"url\":\"\\/categories\\/Business\\/Management\"},\"rFbIo\":{\"title\":\"Communications\",\"url\":\"\\/categories\\/Business\\/Communications\"},\"cYOtG\":{\"title\":\"Strategy\",\"url\":\"\\/categories\\/Business\\/Business-Strategy\"},\"JfoFe\":{\"title\":\"Marketing\",\"url\":\"\\/categories\\/Marketing\"},\"LKgHx\":{\"title\":\"Lifestyle\",\"url\":\"\\/categories\\/Lifestyles\"},\"KRfGT\":{\"title\":\"Health\",\"url\":\"\\/categories\\/Health-and-Fitness\"},\"uArYs\":{\"title\":\"Academics\",\"url\":\"\\/categories\\/Academics\"},\"IJxrJ\":{\"title\":\"Design\",\"url\":\"\\/categories\\/Design\"},\"record\":{\"title\":null,\"url\":null}}}'),
(384, 389, 'en', '{\"main_content\":{\"pre_title\":\"Upcoming\",\"title\":\"Explore Upcoming Courses\",\"subtitle\":\"Stay ahead with fresh courses launching soon, designed to expand your skills and knowledge further\",\"button\":{\"label\":\"View More\",\"icon\":\"bul-calendar-2\",\"url\":\"\\/upcoming_courses?sort=newest\"}},\"background\":\"\\/store\\/landing_builder\\/landing_13\\/389\\/upcoming_bg_lMn.svg\"}'),
(385, 390, 'en', '{\"space_number\":\"40\"}'),
(386, 391, 'en', '{\"main_content\":{\"title\":\"Discounted Courses\",\"subtitle\":\"Save more now with top courses at discounts\",\"icon\":\"\\/store\\/landing_builder\\/landing_13\\/391\\/discounted_overlay_aol.png\"},\"cta_section\":{\"title_bold_text\":\"Over $240K Saved\",\"title_regular_text\":\"With Exclusive Course Discounts\",\"icon\":\"bul-verify\",\"button\":{\"label\":\"View More\",\"icon\":\"bul-discount-circle\",\"url\":\"\\/classes?discount=on\"}},\"background\":\"\\/store\\/landing_builder\\/landing_13\\/391\\/discounted_bg_s3Z.svg\"}'),
(387, 392, 'en', '{\"main_content\":{\"title\":\"Free Courses\",\"subtitle\":\"Access top-quality free courses anytime, expand your skills, and learn without spending a single dollar\"},\"cta_section\":{\"title\":\"Need skills but budget constraints?\",\"description\":\"Explore top free courses now and keep advancing your career path with practical, valuable new skills\",\"link_title\":\"Explore Free Courses\",\"url\":\"\\/classes?free=on\",\"icon\":\"\\/store\\/landing_builder\\/landing_13\\/392\\/free_courses_overlay_79X.png\"},\"background\":\"\\/store\\/landing_builder\\/landing_13\\/392\\/free_courses_bg_4Mq.svg\"}'),
(388, 393, 'en', '{\"space_number\":\"80\"}'),
(389, 395, 'en', '{\"space_number\":\"80\"}'),
(390, 394, 'en', '{\"main_content\":{\"pre_title\":\"Store\",\"title\":\"Store Products\",\"subtitle\":\"Discover a variety of physical and virtual educational products designed to enhance your learning experience\",\"button\":{\"label\":\"Explore Store\",\"icon\":\"bul-bag\",\"url\":\"\\/products\"}},\"background\":\"\\/store\\/landing_builder\\/landing_13\\/394\\/store_bg_Jpr.svg\"}'),
(391, 396, 'en', '{\"main_content\":{\"title\":\"Subscription Plans For You\",\"description\":\"Discover flexible subscription plans that unlock unlimited access to courses, resources, and exclusive educational content. Choose yours today!\",\"button\":{\"label\":\"Become VIP Member\",\"icon\":\"bul-cup\",\"url\":\"\\/panel\\/financial\\/subscribes\"},\"floating_image\":\"\\/store\\/landing_builder\\/landing_13\\/396\\/subscribe_ZlE.png\"},\"checked_items\":{\"HOafU\":\"Unlimited course access\",\"TAmBj\":\"Flexible payment options\",\"AYKGF\":\"Regular content updates\"},\"subscriptions_plans\":{\"dtXCo\":{\"plan_id\":\"3\"},\"QjMji\":{\"plan_id\":\"4\"},\"CLXDl\":{\"plan_id\":\"5\"},\"record\":{\"plan_id\":null}}}'),
(392, 398, 'en', '{\"space_number\":\"80\"}'),
(393, 397, 'en', '{\"reverse_direction\":null,\"main_content\":{\"pre_title\":\"Become Instructor\",\"title\":\"Start Sharing Skills, Build Courses, Earn Revenue\",\"description\":\"Join our platform, share your expertise, reach thousands of learners, and earn income effortlessly online today.\",\"button\":{\"label\":\"Become Instructor\",\"icon\":\"bul-teacher\",\"url\":\"\\/become-instructor\"}},\"checked_items\":{\"hufID\":\"Flexible Teaching Schedule\",\"mmoai\":\"Global Student Reach\",\"VOisS\":\"Earn Extra Income\",\"zdBAK\":\"Build Personal Brand\"},\"image_content\":{\"main_image\":\"\\/store\\/landing_builder\\/landing_13\\/397\\/become_instructor_XlB.png\",\"overlay_image\":\"\\/store\\/landing_builder\\/landing_13\\/397\\/become_instructor_overlay_Xa4.png\"}}'),
(394, 399, 'en', '{\"space_number\":\"80\"}'),
(395, 400, 'en', '{\"reverse_direction\":null,\"main_content\":{\"pre_title\":\"Tutor Finder\",\"title\":\"Search, Filter, Book Your Ideal Instructor Easily\",\"description\":\"Quickly find and book the perfect instructor using advanced filters and flexible booking options to match your learning goals.\",\"button\":{\"label\":\"Tutor Finder\",\"icon\":\"bul-search-normal-1\",\"url\":\"\\/instructor-finder\\/wizard\"}},\"statistic_1\":{\"title\":\"25K\",\"subtitle\":\"Instructors\",\"description\":\"Are available in 250 fields\"},\"statistic_2\":{\"title\":\"5K+\",\"subtitle\":\"Meetings Conducted\",\"description\":\"Directly on the platform\"},\"image_content\":{\"main_image\":\"\\/store\\/landing_builder\\/landing_13\\/400\\/tutor_finder_nbl.png\",\"overlay_image\":\"\\/store\\/landing_builder\\/landing_13\\/400\\/tutor_finder_overlay_Faj.png\"}}'),
(396, 402, 'en', '{\"space_number\":\"80\"}'),
(397, 401, 'en', '{\"main_content\":{\"pre_title\":\"Forums\",\"title\":\"Share Ideas, Gain Knowledge, Build Community\",\"description\":\"Join our interactive community forum to connect with fellow learners, ask questions, share experiences, and exchange ideas on various topics. Engage in meaningful discussions, get valuable insights from peers and experts, and expand your knowledge beyond courses. Build connections and grow your learning network in a supportive environment.\",\"image\":\"\\/store\\/landing_builder\\/landing_13\\/401\\/forum_VPt.png\"},\"buttons\":{\"primary_button\":{\"label\":\"Explore Forums\",\"icon\":\"bul-messages-1\",\"url\":\"\\/forums\"},\"secondary_button\":{\"label\":\"Create a Topic\",\"icon\":\"bul-add-circle\",\"url\":\"\\/forums\\/create-topic\"}},\"background\":\"\\/store\\/landing_builder\\/landing_13\\/401\\/forums_section_CyQ.png\"}'),
(398, 403, 'en', '{\"space_number\":\"80\"}'),
(399, 404, 'en', '{\"reverse_direction\":null,\"main_content\":{\"pre_title\":\"Reward Points\",\"title\":\"Earn Reward Points For Every Learning Activity\",\"description\":\"Stay motivated and get rewarded as you learn. Earn points for quizzes, assignments, course completions, and engagement, then redeem them for exciting benefits.\",\"button\":{\"label\":\"Explore Rewards\",\"icon\":\"bul-gift\",\"url\":\"\\/reward-courses\"}},\"statistic_1\":{\"title\":\"300K+\",\"subtitle\":\"Points Collected\",\"description\":\"By platform users\"},\"statistic_2\":{\"title\":\"180+\",\"subtitle\":\"Rewards Available\",\"description\":\"To get them for free\"},\"image_content\":{\"main_image\":\"\\/store\\/landing_builder\\/landing_13\\/404\\/reward_points_VqB.png\",\"overlay_image_1\":\"\\/store\\/landing_builder\\/landing_13\\/404\\/points_overlay_1_Eyv.png\",\"overlay_image_2\":\"\\/store\\/landing_builder\\/landing_13\\/404\\/points_overlay_2_sCJ.png\"}}'),
(400, 406, 'en', '{\"space_number\":\"80\"}'),
(401, 405, 'en', '{\"main_content\":{\"pre_title\":\"Live Classes\",\"title\":\"Experience Interactive High Quality Live Classes\",\"description\":\"Join our interactive high quality live classes to experience real-time learning, collaboration, and immediate instructor feedback today.\",\"badge_title\":\"Enjoy Live Classes!\",\"back_image\":\"\\/store\\/landing_builder\\/landing_13\\/405\\/video_bg_4iE.svg\"},\"video_content\":{\"display_play_button\":\"on\",\"video_file\":\"\\/store\\/landing_builder\\/landing_13\\/405\\/student_learning_vcF.mp4\",\"revolver_icon\":\"\\/store\\/landing_builder\\/landing_13\\/405\\/video_revolver_6GK.svg\"}}'),
(402, 407, 'en', '{\"main_content\":{\"pre_title\":\"Organizations\",\"title\":\"Official Organizations\",\"description\":\"Partner with trusted educational organizations delivering structured, high-quality courses and programs for formal, career-focused learning pathways.\",\"button\":{\"label\":\"Explore Organizations\",\"icon\":\"bul-briefcase\",\"url\":\"\\/organizations\"}},\"specific_organizations\":{\"bMcOO\":{\"organization_id\":\"4\"},\"BOliQ\":{\"organization_id\":\"859\"},\"LeKiT\":{\"organization_id\":\"863\"},\"LdsyV\":{\"organization_id\":\"864\"},\"peAZs\":{\"organization_id\":\"867\"},\"VMTVI\":{\"organization_id\":\"868\"},\"record\":{\"organization_id\":null}},\"background\":\"\\/store\\/landing_builder\\/landing_13\\/407\\/organizations_bg_IVZ.svg\"}'),
(403, 408, 'en', '{\"main_content\":{\"pre_title\":\"Meeting Booking\",\"title\":\"Book Sessions With Trusted Mentors\",\"description\":\"Unlock tailored learning by booking sessions with verified mentors for personal guidance, support, and faster growth\"},\"cta_section\":{\"title\":\"Need help to find your ideal instructor?\",\"description\":\"Use Tutor Finder to easily search and book the ideal instructor by expertise, availability, and teaching style\",\"link_title\":\"Instructor Finder\",\"url\":\"\\/instructor-finder\",\"image\":\"\\/store\\/landing_builder\\/landing_13\\/408\\/meeting_booking_cta_yrt.png\"},\"meeting_instructors\":{\"lXZnw\":{\"instructor\":\"923\"},\"IfMUF\":{\"instructor\":\"1015\"},\"rjxCf\":{\"instructor\":\"934\"},\"uxagP\":{\"instructor\":\"929\"},\"GqzHc\":{\"instructor\":\"870\"},\"FQbJK\":{\"instructor\":\"1016\"},\"record\":{\"instructor\":null}},\"background\":\"\\/store\\/landing_builder\\/landing_13\\/408\\/meeting_booking_qfK.svg\",\"background_color\":\"primary\"}'),
(404, 409, 'en', '{\"space_number\":\"40\"}'),
(405, 410, 'en', '{\"space_number\":\"80\"}'),
(406, 411, 'en', '{\"main_content\":{\"pre_title\":\"Testimonials\",\"title\":\"Student Reviews and Shared Experiences\",\"description\":\"Discover honest student reviews and inspiring stories about learning experiences and success with our platform\"},\"cta_section\":{\"title_bold_text\":\"Over 2,500 happy students\",\"title_regular_text\":\"have shared their experiences with our courses\",\"floating_image\":\"\\/store\\/landing_builder\\/landing_13\\/411\\/testimonials_ksP.png\"},\"testimonials\":{\"mCBep\":{\"testimonial_id\":\"2\"},\"rvNDe\":{\"testimonial_id\":\"3\"},\"GTZjs\":{\"testimonial_id\":\"4\"},\"ZQkHw\":{\"testimonial_id\":\"5\"},\"FGhgd\":{\"testimonial_id\":\"6\"},\"iPlHE\":{\"testimonial_id\":\"7\"},\"rEgcC\":{\"testimonial_id\":\"8\"},\"VoEqm\":{\"testimonial_id\":\"9\"},\"NUOSh\":{\"testimonial_id\":\"10\"},\"aexvw\":{\"testimonial_id\":\"11\"},\"record\":{\"testimonial_id\":null}}}'),
(407, 412, 'en', '{\"space_number\":\"40\"}'),
(408, 414, 'en', '{\"space_number\":\"120\"}'),
(409, 415, 'en', '{\"space_number\":\"120\"}'),
(410, 416, 'en', '{\"space_number\":\"80\"}'),
(411, 417, 'en', '{\"space_number\":\"120\"}'),
(412, 418, 'en', '{\"space_number\":\"40\"}'),
(413, 419, 'en', '{\"space_number\":\"60\"}'),
(414, 420, 'en', '{\"space_number\":\"60\"}'),
(415, 421, 'en', '{\"space_number\":\"60\"}'),
(416, 422, 'en', '{\"space_number\":\"80\"}'),
(417, 423, 'en', '{\"space_number\":\"80\"}'),
(419, 425, 'en', '{\"main_content\":{\"pre_title\":\"Read More\",\"title\":\"Blog and Articles\",\"description\":\"Stay informed with expert-written articles, tips, and insights to support your learning journey daily\",\"button\":{\"label\":\"Blog Posts\",\"icon\":\"bul-note-2\",\"url\":\"\\/blog\"}},\"background\":\"\\/store\\/landing_builder\\/landing_1\\/13\\/blog_background_e5l.png\"}'),
(423, 429, 'en', '{\"space_number\":\"80\"}'),
(426, 432, 'en', '{\"information_cards\":{\"nLfwT\":{\"title\":\"Discover Events\",\"subtitle\":\"Discover and explore exciting events that match your interests quickly.\",\"image\":\"\\/store\\/landing_builder\\/landing_14\\/432\\/step1_nMX.png\",\"url\":null,\"enable_image_padding\":\"on\"},\"kDwZL\":{\"title\":\"Reserve Tickets\",\"subtitle\":\"Select your event and purchase tickets securely in just minutes.\",\"image\":\"\\/store\\/landing_builder\\/landing_14\\/432\\/step2_1fV.png\",\"url\":null,\"enable_image_padding\":\"on\"},\"dEIIC\":{\"title\":\"Attend & Enjoy\",\"subtitle\":\"Attend the event and engage fully while enjoying every moment.\",\"image\":\"\\/store\\/landing_builder\\/landing_14\\/432\\/step3_6c9.png\",\"url\":null,\"enable_image_padding\":\"on\"},\"record\":{\"title\":null,\"subtitle\":null,\"url\":null,\"enable_image_padding\":\"0\"}}}'),
(427, 433, 'en', '{\"main_content\":{\"pre_title\":\"Start Now!\",\"title\":\"Participate and Learn Quickly\",\"description\":\"Participate and learn quickly by following simple steps, joining events seamlessly, and gaining valuable knowledge efficiently.\"}}'),
(428, 434, 'en', '{\"space_number\":\"24\"}'),
(430, 436, 'en', '{\"space_number\":\"80\"}'),
(437, 443, 'en', '{\"reverse_direction\":null,\"main_content\":{\"pre_title\":\"Event Services\",\"title\":\"Planning Events? Hire A Professional Event Manager Today!\",\"description\":\"Plan and execute flawless events effortlessly with our professional event managers, ensuring seamless organization, engaging experiences, and unforgettable memories for all.\",\"button\":{\"label\":\"Start Now\",\"icon\":\"bul-arrow-right\",\"url\":\"\\/events\"}},\"statistic_1\":{\"title\":\"2.5K\",\"subtitle\":\"Successful Events\",\"description\":\"Conducted by our team\"},\"statistic_2\":{\"title\":\"4.93\",\"subtitle\":\"Average Event Rating\",\"description\":\"Over 1000 clients rated us\"},\"image_content\":{\"main_image\":\"\\/store\\/landing_builder\\/landing_14\\/443\\/event_manager_PhG.png\",\"overlay_image_1\":\"\\/store\\/landing_builder\\/landing_14\\/443\\/floating3_qyp.png\",\"overlay_image_2\":\"\\/store\\/landing_builder\\/landing_14\\/443\\/floating4_ZVR.png\"}}'),
(438, 444, 'en', '{\"main_content\":{\"pre_title\":\"Testimonials\",\"title\":\"Real Stories From Real Participants\",\"description\":\"Hear directly from our event participants about their experiences, skills gained, connections made, and knowledge applied.\"},\"cta_section\":{\"title_bold_text\":\"Over 8,500 satisfied learners\",\"title_regular_text\":\"advancing their skills through our events\",\"floating_image\":\"\\/store\\/landing_builder\\/landing_14\\/444\\/testimonials_KPW.png\"},\"testimonials\":{\"ibxdn\":{\"testimonial_id\":\"2\"},\"bkvhs\":{\"testimonial_id\":\"3\"},\"gNRTb\":{\"testimonial_id\":\"4\"},\"FkhZz\":{\"testimonial_id\":\"5\"},\"AapjR\":{\"testimonial_id\":\"6\"},\"rQIbl\":{\"testimonial_id\":\"7\"},\"PAgmZ\":{\"testimonial_id\":\"8\"},\"KhfJe\":{\"testimonial_id\":\"9\"},\"Fleqg\":{\"testimonial_id\":\"10\"},\"FIGvH\":{\"testimonial_id\":\"11\"},\"record\":{\"testimonial_id\":null}}}'),
(442, 448, 'en', '{\"space_number\":\"24\"}'),
(443, 449, 'en', '{\"upper_cta\":{\"main_text\":\"Hot Offer: Grab Your Ticket at a Discount\",\"icon\":\"bul-discount-shape\",\"url\":\"\\/events\"},\"main_content\":{\"title_line_1\":\"Level Up With\",\"highlighted_word\":\"Professional Events\",\"title_line_2\":\"Led by Experts\",\"description\":\"Level up your skills with powerful, professional events designed to inspire, educate, and accelerate your growth.\",\"primary_button\":{\"label\":\"Explore Events\",\"icon\":\"bul-ticket\",\"url\":\"\\/events\"},\"secondary_button\":{\"label\":\"Contact Sales\",\"icon\":\"bul-call\",\"url\":\"\\/contact\"},\"floating_icon_1\":\"\\/store\\/landing_builder\\/landing_14\\/449\\/floating1_6Rs.svg\",\"floating_icon_2\":\"\\/store\\/landing_builder\\/landing_14\\/449\\/floating2_Nsk.svg\"},\"background\":\"\\/store\\/landing_builder\\/landing_14\\/449\\/hero_background_qVh.svg\",\"image_1\":\"\\/store\\/landing_builder\\/landing_14\\/449\\/image1_bXZ.png\",\"image_2\":\"\\/store\\/landing_builder\\/landing_14\\/449\\/image2_3Ox.png\",\"image_3\":\"\\/store\\/landing_builder\\/landing_14\\/449\\/image3_Frp.png\",\"image_4\":\"\\/store\\/landing_builder\\/landing_14\\/449\\/image4_Igc.png\"}'),
(444, 450, 'en', '{\"separator_icon\":\"bul-triangle\",\"card_style\":\"rotate\",\"title_items\":{\"qrRZk\":{\"title\":\"Web Development\",\"url\":\"\\/categories\\/Development\\/Web-Development\"},\"rQgay\":{\"title\":\"App Development\",\"url\":\"\\/categories\\/Development\\/Mobile-Development\"},\"MXWfZ\":{\"title\":\"Management\",\"url\":\"\\/categories\\/Business\\/Management\"},\"byeCz\":{\"title\":\"Lifestlye\",\"url\":\"\\/categories\\/Lifestyles\\/Lifestyle\"},\"EFJpH\":{\"title\":\"Marketing\",\"url\":\"\\/categories\\/Marketing\"},\"eiLav\":{\"title\":\"Business\",\"url\":\"\\/categories\\/Business\\/Business-Strategy\"},\"ZVGnN\":{\"title\":\"Fitness\",\"url\":\"\\/categories\\/Health-and-Fitness\"},\"YPlnB\":{\"title\":\"Design\",\"url\":\"\\/categories\\/Design\"},\"record\":{\"title\":null,\"url\":null}}}'),
(445, 451, 'en', '{\"space_number\":\"40\"}'),
(446, 452, 'en', '{\"main_content\":{\"pre_title\":\"Real Benefits\",\"title\":\"Experience Events That Transform Your Learning\",\"description\":\"Experience events that transform your learning by connecting with experts, gaining practical skills, networking with peers, and unlocking new opportunities\",\"button\":{\"label\":\"Participate Now!\",\"icon\":\"bul-arrow-right\",\"url\":\"\\/events\"}},\"features_cards\":{\"pDfzb\":{\"title\":\"Increase Confidence Levels\",\"description\":\"Participate actively, practice new skills, and gain the confidence to implement them in real situations.\",\"icon\":\"bul-happyemoji\",\"url\":\"\\/events\"},\"IqotT\":{\"title\":\"Inspire Creative Thinking\",\"description\":\"Engage in exercises and workshops that spark imagination, innovation, and unconventional approaches to challenges.\",\"icon\":\"bul-ranking\",\"url\":\"\\/events\"},\"GsORo\":{\"title\":\"Build Professional Reputation\",\"description\":\"Showcase participation, achievements, and certifications that elevate your credibility among peers and employers.\",\"icon\":\"bul-note-2\",\"url\":\"\\/events\"},\"nCOJj\":{\"title\":\"Access Career Opportunities\",\"description\":\"Connect with mentors, recruiters, and industry leaders who can open doors to new professional paths.\",\"icon\":\"bul-briefcase\",\"url\":\"\\/events\"},\"record\":{\"title\":null,\"description\":null,\"icon\":null,\"url\":null}},\"checked_items\":{\"SzVJT\":\"Boost Your Career\",\"zveme\":\"Connect With Experts\",\"LbiYV\":\"Hands-On Experience\",\"OpENe\":\"Access Exclusive Content\"}}'),
(447, 453, 'en', '{\"space_number\":\"80\"}'),
(448, 454, 'en', '{\"space_number\":\"80\"}'),
(449, 455, 'en', '{\"background_color\":\"secondary\",\"main_content\":{\"pre_title\":\"New Events\",\"title\":\"Explore Upcoming Events and Secure Your Spot Today With Ease\",\"description\":\"Explore our upcoming events, join in-person or online sessions, and gain valuable skills and meaningful connections.\"},\"number_of_events\":\"8\",\"events_source\":\"newest_events\",\"buttons\":{\"primary_button\":{\"label\":\"Explore Events\",\"icon\":\"bul-ticket\",\"url\":\"\\/events\"},\"secondary_button\":{\"label\":\"Event Providers\",\"icon\":\"bul-teacher\",\"url\":\"\\/instructor-finder\"}},\"specific_links\":{\"TMnXE\":{\"title\":\"Product Design\",\"url\":\"\\/categories\\/Design\"},\"SYtbF\":{\"title\":\"Developement\",\"url\":\"\\/categories\\/Development\\/Web-Development\"},\"iWXNx\":{\"title\":\"Marketing\",\"url\":\"\\/categories\\/Marketing\"},\"Csxbs\":{\"title\":\"Business\",\"url\":\"\\/categories\\/Business\"},\"record\":{\"title\":null,\"url\":null}},\"background\":\"\\/store\\/landing_builder\\/landing_14\\/455\\/events_bg_dMj.png\"}'),
(450, 456, 'en', '{\"space_number\":\"80\"}'),
(451, 458, 'en', '{\"main_content\":{\"pre_title\":\"Explore More!\",\"title\":\"Explore Event Categories\",\"description\":\"Explore a wide range of event categories, from workshops and webinars to conferences and interactive experiences\"}}'),
(452, 457, 'en', '{\"banner_1\":{\"title\":\"Software Development\",\"subtitle\":\"480+ Events\",\"url\":\"\\/categories\\/Development\\/Web-Development\",\"image\":\"\\/store\\/landing_builder\\/landing_14\\/457\\/category1_mSZ.png\"},\"banner_2\":{\"title\":\"Business and Management\",\"subtitle\":\"250+ Events\",\"url\":\"\\/categories\\/Business\",\"image\":\"\\/store\\/landing_builder\\/landing_14\\/457\\/category2_iho.jpg\"},\"banner_3\":{\"title\":\"User Experience Design\",\"subtitle\":\"180+ Events\",\"url\":\"\\/categories\\/Design\",\"image\":\"\\/store\\/landing_builder\\/landing_14\\/457\\/category3_yel.jpg\"},\"cta_section\":{\"title\":\"800+ Engaging Events in High-Demand Skill Areas\",\"subtitle\":\"Access a wide range of professionally developed events designed to enhance skills across business-critical disciplines\",\"url\":\"\\/events\",\"background\":\"\\/store\\/landing_builder\\/landing_14\\/457\\/services_bg_uTg.svg\"}}'),
(453, 459, 'en', '{\"background_color\":\"secondary\",\"main_content\":{\"pre_title\":\"Paris Events\",\"title\":\"Be Part Of Unforgettable Events In Lovely Paris\",\"image\":\"\\/store\\/landing_builder\\/landing_14\\/459\\/france_DfC.png\"},\"specific_information\":{\"MRUEA\":{\"title\":\"Dribbble Design Meetup\",\"subtitle\":\"6 Dec \\u2013 12 Dec\",\"description\":\"Join fellow designers to explore Dribbble trends, share creative portfolios, discuss techniques, and network effectively.\",\"icon\":\"\\/store\\/landing_builder\\/landing_14\\/459\\/dribbble_rNA.svg\",\"link_title\":\"Join Now\",\"url\":\"\\/events\\/devops-ci-cd-automation\",\"enable\":\"on\"},\"uCmSQ\":{\"title\":\"Behance Portfolio Event\",\"subtitle\":\"10 Jan \\u2013 15 Jan\",\"description\":\"Showcase your Behance projects, get feedback from experts, collaborate with peers, and discover new creative opportunities.\",\"icon\":\"\\/store\\/landing_builder\\/landing_14\\/459\\/behance_WPH.svg\",\"link_title\":\"Join Now\",\"url\":\"\\/events\\/blockchain-crypto-development\",\"enable\":\"on\"},\"jRqaL\":{\"title\":\"Evernote Productivity Event\",\"subtitle\":\"18 Feb \\u2013 22 Feb\",\"description\":\"Learn how to master Evernote, organize tasks efficiently, improve productivity, and share tips with fellow attendees.\",\"icon\":\"\\/store\\/landing_builder\\/landing_14\\/459\\/evernote_ppK.svg\",\"link_title\":\"Join Now\",\"url\":\"\\/events\\/cloud-computing-aws-azure\",\"enable\":\"on\"},\"azWDI\":{\"title\":\"Blogger Networking Event\",\"subtitle\":\"3 Mar \\u2013 8 Mar\",\"description\":\"Connect with bloggers, exchange content strategies, grow your audience, and participate in discussions to enhance writing skills.\",\"icon\":\"\\/store\\/landing_builder\\/landing_14\\/459\\/blogger_8nt.svg\",\"link_title\":\"Join Now\",\"url\":\"\\/events\\/digital-marketing-mastery\",\"enable\":\"on\"},\"record\":{\"title\":null,\"subtitle\":null,\"description\":null,\"link_title\":null,\"url\":null,\"enable\":\"0\"}},\"background\":\"\\/store\\/landing_builder\\/landing_14\\/459\\/france_bg_ifV.svg\"}'),
(454, 460, 'en', '{\"space_number\":\"80\"}'),
(455, 461, 'en', '{\"space_number\":\"80\"}'),
(456, 462, 'en', '{\"section_style\":\"container_width\",\"background_color\":\"secondary\",\"main_content\":{\"pre_title\":\"Ending Soon\",\"title\":\"Laravel Developer Meetup Happening Soon\",\"description\":\"Join our Laravel Event to learn advanced techniques, connect with expert developers, and enhance your skills. Reserve your spot today!\"},\"countdown_end_time\":\"2026-09-23 00:00\",\"buttons\":{\"primary_button\":{\"label\":\"Join Event Now\",\"icon\":\"bul-ticket\",\"url\":\"\\/events\\/mobile-app-development-ios-android\"},\"secondary_button\":{\"label\":\"Add to Reminder\",\"icon\":\"bul-notification-bing\",\"url\":\"\\/events\\/mobile-app-development-ios-android\"}},\"statistic_1\":{\"title\":\"12K\",\"subtitle\":\"Successful Students\"},\"statistic_2\":{\"title\":\"240\",\"subtitle\":\"Event Hours\"},\"statistic_3\":{\"title\":\"5K\",\"subtitle\":\"Students Hired\"},\"background\":\"\\/store\\/landing_builder\\/landing_14\\/462\\/countdown_bg_YbU.svg\"}'),
(459, 465, 'en', '{\"space_number\":\"80\"}'),
(460, 466, 'en', '{\"space_number\":\"80\"}'),
(461, 467, 'en', '{\"space_number\":\"80\"}'),
(463, 469, 'en', '{\"space_number\":\"80\"}'),
(464, 470, 'en', '{\"space_number\":\"60\"}'),
(468, 474, 'en', '{\"separator_icon\":\"bul-triangle\",\"card_style\":\"normal\",\"title_items\":{\"qrRZk\":{\"title\":\"Mathematics\",\"url\":\"\\/categories\\/Development\\/Web-Development\"},\"rQgay\":{\"title\":\"Physics\",\"url\":\"\\/categories\\/Development\\/Mobile-Development\"},\"MXWfZ\":{\"title\":\"Chemistry\",\"url\":\"\\/categories\\/Business\\/Management\"},\"byeCz\":{\"title\":\"Biology\",\"url\":\"\\/categories\\/Lifestyles\\/Lifestyle\"},\"EFJpH\":{\"title\":\"Language\",\"url\":\"\\/categories\\/Marketing\"},\"eiLav\":{\"title\":\"Computer Science\",\"url\":\"\\/categories\\/Business\\/Business-Strategy\"},\"ZVGnN\":{\"title\":\"Music\",\"url\":\"\\/categories\\/Health-and-Fitness\"},\"YPlnB\":{\"title\":\"Physical Education\",\"url\":\"\\/categories\\/Design\"},\"record\":{\"title\":null,\"url\":null}}}'),
(470, 476, 'en', '{\"main_content\":{\"pre_title\":\"Subjects\",\"title\":\"Engaging Educational Content\",\"description\":\"Explore a wide range of subjects, providing engaging, structured learning experiences for every K\\u201312 student\"},\"specific_links\":{\"tFcBM\":{\"title\":\"Robotic\",\"image\":\"\\/store\\/landing_builder\\/landing_2\\/31\\/electronics_psj.svg\",\"url\":\"\\/categories\\/Development\\/Game-Development\",\"enable\":\"on\"},\"Xefqy\":{\"title\":\"Art\",\"image\":\"\\/store\\/landing_builder\\/landing_2\\/31\\/uxdesign_YHJ.svg\",\"url\":\"\\/categories\\/Development\\/Game-Development\",\"enable\":\"on\"},\"YvljI\":{\"title\":\"Computer Science\",\"image\":\"\\/store\\/landing_builder\\/landing_2\\/31\\/web_development_kaw.svg\",\"url\":\"\\/categories\\/Development\\/Web-Development\",\"enable\":\"on\"},\"mGPRR\":{\"title\":\"Social Networks\",\"image\":\"\\/store\\/landing_builder\\/landing_2\\/31\\/mobile_development_rVx.svg\",\"url\":\"\\/categories\\/Development\\/Mobile-Development\",\"enable\":\"on\"},\"MZwGz\":{\"title\":\"Science\",\"image\":\"\\/store\\/landing_builder\\/landing_2\\/31\\/management_BQR.svg\",\"url\":\"\\/categories\\/Business\\/Management\",\"enable\":\"on\"},\"iexAz\":{\"title\":\"Language\",\"image\":\"\\/store\\/landing_builder\\/landing_2\\/31\\/strategy_RVN.svg\",\"url\":\"\\/categories\\/Business\\/Business-Strategy\",\"enable\":\"on\"},\"TlFiO\":{\"title\":\"Marketing\",\"image\":\"\\/store\\/landing_builder\\/landing_2\\/31\\/marketing_qF9.svg\",\"url\":\"\\/categories\\/Marketing\",\"enable\":\"on\"},\"DMwZx\":{\"title\":\"Team Work\",\"image\":\"\\/store\\/landing_builder\\/landing_2\\/31\\/social_media_f19.svg\",\"url\":\"\\/categories\\/Marketing\",\"enable\":\"on\"},\"iOiTJ\":{\"title\":\"Communications\",\"image\":\"\\/store\\/landing_builder\\/landing_2\\/31\\/communications_r86.svg\",\"url\":\"\\/categories\\/Business\\/Communications\",\"enable\":\"on\"},\"uVcJL\":{\"title\":\"Lifestyle\",\"image\":\"\\/store\\/landing_builder\\/landing_2\\/31\\/lifestyle_HOE.svg\",\"url\":\"\\/categories\\/Lifestyles\\/Lifestyle\",\"enable\":\"on\"},\"AGlOk\":{\"title\":\"Health\",\"image\":\"\\/store\\/landing_builder\\/landing_2\\/31\\/health_uGh.svg\",\"url\":\"\\/categories\\/Health-and-Fitness\",\"enable\":\"on\"},\"buAwR\":{\"title\":\"Profession\",\"image\":\"\\/store\\/landing_builder\\/landing_2\\/31\\/profession_kFu.svg\",\"url\":\"\\/categories\\/Academics\\/Language\",\"enable\":\"on\"},\"record\":{\"title\":null,\"url\":null,\"enable\":\"0\"}}}'),
(473, 479, 'en', '{\"space_number\":\"20\"}'),
(474, 480, 'en', '{\"space_number\":\"80\"}'),
(476, 482, 'en', '{\"space_number\":\"80\"}'),
(478, 484, 'en', '{\"space_number\":\"60\"}'),
(480, 486, 'en', '{\"main_content\":{\"pre_title\":\"Join Us\",\"title\":\"How Our Online School Works\",\"description\":\"Learn how our online school operates, guiding students through structured lessons, interactive classes, and seamless learning experiences\",\"button\":{\"label\":\"Join Our School\",\"icon\":\"bul-teacher\",\"url\":\"\\/register\"},\"icon\":\"\\/store\\/landing_builder\\/landing_15\\/486\\/join_school_4bx.png\"},\"specific_information\":{\"UZjpA\":{\"title\":\"Explore Courses\",\"description\":\"Browse our extensive curriculum to find subjects, classes, and learning paths that suit every student.\"},\"tzmAA\":{\"title\":\"Enroll Easily\",\"description\":\"Register your child in selected courses quickly, with secure enrollment and straightforward online process.\"},\"UZPij\":{\"title\":\"Attend Classes\",\"description\":\"Join live or recorded interactive lessons, participate in activities, and engage with teachers and peers.\"},\"LXnfj\":{\"title\":\"Track Progress\",\"description\":\"Monitor learning outcomes, assignments, and grades through a simple, intuitive platform supporting students\\u2019 growth.\"},\"record\":{\"title\":null,\"description\":null}},\"background\":\"\\/store\\/landing_builder\\/landing_2\\/41\\/become_instructor_bg_e0A.svg\",\"background_color\":\"primary\"}'),
(481, 487, 'en', '{\"space_number\":\"80\"}'),
(482, 488, 'en', '{\"space_number\":\"40\"}'),
(483, 489, 'en', '{\"reverse_direction\":null,\"main_content\":{\"pre_title\":\"Trust\",\"title\":\"Why Parents Trust And Love Our School?\",\"description\":\"Parents trust and love our school for its supportive environment, quality education, and engaging online learning experiences.\",\"button\":{\"label\":\"Contact Us\",\"icon\":\"bul-messages-1\",\"url\":\"\\/contact\"}},\"image_content\":{\"main_image\":\"\\/store\\/landing_builder\\/landing_15\\/489\\/parent_rVr.png\"},\"checked_items\":{\"eUiFU\":\"Safe Learning Environment\",\"LwtSZ\":\"Qualified Experienced Teachers\",\"KpqoM\":\"Engaging Student Activities\",\"uoAjg\":\"Comprehensive Curriculum Coverage\",\"YEaKM\":\"Flexible Learning Options\"}}'),
(484, 490, 'en', '{\"reverse_direction\":null,\"main_content\":{\"pre_title\":\"Students\",\"title\":\"Discover Stories Of Students Achieving Great Success\",\"description\":\"Discover inspiring stories of students achieving great success, showcasing their growth, accomplishments, and learning journeys with our school.\",\"button\":{\"label\":\"Explore Success Stories\",\"icon\":\"bul-profile-2user\",\"url\":\"\\/blog\"}},\"statistic_1\":{\"title\":\"5K\",\"subtitle\":\"Students\",\"description\":\"Enjoyed educational services\"},\"statistic_2\":{\"title\":\"3K+\",\"subtitle\":\"Success Stories\",\"description\":\"Available for inspiration\"},\"image_content\":{\"main_image\":\"\\/store\\/landing_builder\\/landing_15\\/490\\/student_cQV.png\",\"overlay_image\":null}}'),
(485, 491, 'en', '{\"space_number\":\"60\"}'),
(487, 493, 'en', '{\"space_number\":\"60\"}'),
(488, 494, 'en', '{\"upper_cta\":{\"main_text\":\"Hot: Our chemistry lab just got a major upgrade\",\"url\":null,\"icon\":\"\\/store\\/landing_builder\\/landing_15\\/494\\/cta_icon_kcg.svg\"},\"main_content\":{\"title_line_1\":\"Modern\",\"highlighted_word\":\"K12 Classes\",\"title_line_2\":\"Online, Anytime, Anywhere\",\"description\":\"Give students structured lessons, live classes, and resources to support daily progress.\",\"primary_button\":{\"label\":\"Explore Classes\",\"icon\":\"bul-teacher\",\"url\":\"\\/classes\"},\"secondary_button\":{\"label\":\"Register Now\",\"icon\":\"bul-profile-2user\",\"url\":\"\\/register\"}},\"featured_courses\":{\"oRxOC\":{\"course\":\"2022\"},\"frucT\":{\"course\":\"2010\"},\"lMrNs\":{\"course\":\"2009\"},\"GmkpX\":{\"course\":\"2008\"},\"wGFmN\":{\"course\":\"2006\"},\"TKETm\":{\"course\":\"2005\"},\"YYrtJ\":{\"course\":\"2004\"},\"sQEzF\":{\"course\":\"2003\"},\"aClvE\":{\"course\":\"2002\"},\"Bqsvo\":{\"course\":\"2001\"},\"obPEF\":{\"course\":\"2000\"}},\"background\":\"\\/store\\/landing_builder\\/landing_15\\/494\\/hero_bg_kth.svg\"}'),
(489, 495, 'en', '{\"component_image_style\":\"all_sides_margin\",\"reverse_direction\":null,\"main_content\":{\"pre_title_icon\":\"bul-heart\",\"title\":\"Discover Why Students Truly Enjoy Our School?\",\"description\":\"Explore what makes our school unique and inspiring, and discover why students from all backgrounds choose to learn, grow, and enjoy their educational journey with us every day.\",\"badge_title\":\"Join Us\",\"button\":{\"label\":\"Join Our School\",\"icon\":\"bul-add-square\",\"url\":\"\\/register\"}},\"images\":{\"main_image\":\"\\/store\\/landing_builder\\/landing_15\\/495\\/why_join_main_xrc.jpg\",\"overlay_image\":\"\\/store\\/landing_builder\\/landing_15\\/495\\/why_join_ITa.png\"},\"checked_items\":{\"EwEun\":\"Engaging Lessons\",\"Xojto\":\"Friendly Teachers\",\"HVDtC\":\"Interactive Classes\",\"CwaQg\":\"Personalized Learning\",\"GRToo\":\"Fun Activities\",\"omQCa\":\"Creative Projects\",\"QEUMw\":\"Safe Environment\",\"zEczM\":\"Collaborative Community\"}}'),
(491, 497, 'en', '{\"main_content\":{\"pre_title\":\"Virtual Tour\",\"title\":\"Safe and Secure Learning Environment\",\"description\":\"Take a virtual tour of our academy, exploring classrooms, facilities, and vibrant learning spaces from anywhere\"},\"checked_items\":{\"SvdJx\":{\"title\":\"Modern Learning Spaces\",\"subtitle\":\"Inspiring classrooms for every student\"},\"GsQis\":{\"title\":\"Student-Friendly Facilities\",\"subtitle\":\"Comfortable areas designed for learning\"},\"Vbjta\":{\"title\":\"Creative Learning Zones\",\"subtitle\":\"Inspiring areas for innovative thinking\"},\"record\":{\"title\":null,\"subtitle\":null}},\"image_video_content\":{\"LQWnK\":{\"title\":\"Beautiful Space\",\"icon\":\"bul-building-4\",\"content_type\":\"video\",\"video_file\":\"\\/store\\/landing_builder\\/landing_15\\/497\\/School1_ptd.mp4\",\"video_cover\":\"\\/store\\/landing_builder\\/landing_15\\/497\\/image1_rwI.jpg\",\"url\":null},\"bIqTP\":{\"title\":\"Modern Classrooms\",\"icon\":\"bul-buildings-2\",\"content_type\":\"image\",\"image\":\"\\/store\\/landing_builder\\/landing_15\\/497\\/image2_4rY.jpg\",\"url\":null},\"JgBsK\":{\"title\":\"Creative Corners\",\"icon\":\"bul-ranking\",\"content_type\":\"image\",\"image\":\"\\/store\\/landing_builder\\/landing_15\\/497\\/image3_uPi.jpg\",\"url\":null},\"TZllm\":{\"title\":\"Media Center\",\"icon\":\"bul-video-play\",\"content_type\":\"image\",\"image\":\"\\/store\\/landing_builder\\/landing_15\\/497\\/image4_gNl.jpg\",\"url\":null},\"record\":{\"title\":null,\"icon\":null,\"content_type\":\"image\",\"url\":null}},\"background\":\"\\/store\\/landing_builder\\/landing_15\\/497\\/player_bg_WBs.svg\"}'),
(493, 499, 'en', '{\"maximum_course_cards\":\"4\",\"main_content\":{\"title\":\"Trending Courses\",\"description\":\"Explore our most popular courses and discover what students are loving today.\"},\"course_tabs_content\":{\"kDZYR\":{\"title\":\"Mathematics\",\"source\":\"instructor\",\"category\":null,\"instructor\":\"1015\",\"sort\":\"best_rated\"},\"JMKaC\":{\"title\":\"Science\",\"source\":\"category\",\"category\":\"606\",\"sort\":\"best_rated\"},\"RnedY\":{\"title\":\"Art &  Design\",\"source\":\"category\",\"category\":\"609\",\"sort\":\"best_rated\"},\"record\":{\"title\":null,\"source\":\"category\",\"category\":null,\"sort\":\"best_rated\"}}}'),
(494, 500, 'en', '{\"main_content\":{\"title\":\"Discounted Courses\",\"subtitle\":\"Save big on popular courses and unlock learning opportunities today\",\"icon\":\"\\/store\\/landing_builder\\/landing_15\\/500\\/discounted_bT2.png\"},\"cta_section\":{\"title_bold_text\":\"500+ Hours\",\"title_regular_text\":\"of Comprehensive Learning Materials Ready for Students\",\"icon\":\"bul-verify\",\"button\":{\"label\":\"Explore Courses\",\"icon\":\"bul-teacher\",\"url\":\"\\/classes?discount=on\"}},\"background\":\"\\/store\\/landing_builder\\/landing_15\\/500\\/discounted_bg_7JW.svg\"}'),
(495, 501, 'en', '{\"section_style\":\"full_width\",\"background_color\":\"primary\",\"main_content\":{\"pre_title\":\"Free Class\",\"title\":\"Free Mathematics Bootcamp For Students\",\"description\":\"Join our free Mathematics Bootcamp to strengthen core skills, solve challenging problems, and build confidence in math for all students.\"},\"countdown_end_time\":\"2027-11-30 00:00\",\"buttons\":{\"primary_button\":{\"label\":\"Enroll Now\",\"icon\":\"bul-arrow-right\",\"url\":\"\\/course\\/New-Learning-Page\"},\"secondary_button\":{\"label\":\"Explore Instructors\",\"icon\":\"bul-profile-2user\",\"url\":\"\\/instructor-finder\"}},\"statistic_1\":{\"title\":\"100\",\"subtitle\":\"Training Hours\"},\"statistic_2\":{\"title\":\"240\",\"subtitle\":\"Subjects Covered\"},\"statistic_3\":{\"title\":\"5K\",\"subtitle\":\"Students Enrolled\"},\"background\":\"\\/store\\/landing_builder\\/landing_15\\/501\\/countdown_bg_wc2.png\",\"main_image\":\"\\/store\\/landing_builder\\/landing_15\\/501\\/mathematics_9HM.jpg\",\"image_2\":\"\\/store\\/landing_builder\\/landing_15\\/501\\/abacus_lfZ.png\"}'),
(497, 503, 'en', '{\"enable_overlay\":\"on\",\"main_content\":{\"pre_title\":\"Educational Tools\",\"title\":\"Powerful Tools For Learning\",\"description\":\"Discover a variety of educational tools designed to enhance learning, engagement, and interactive experiences for students\"},\"specific_banners\":{\"shfxP\":{\"title\":\"Homework Assignments\",\"url\":\"\\/\",\"enable\":\"on\",\"image\":\"\\/store\\/landing_builder\\/landing_15\\/503\\/tool1_KfM.jpg\"},\"lmbAl\":{\"title\":\"Interactive Quizzes\",\"url\":\"\\/\",\"enable\":\"on\",\"image\":\"\\/store\\/landing_builder\\/landing_15\\/503\\/tool2_AND.jpg\"},\"crmhT\":{\"title\":\"Laboratory Activities\",\"url\":\"\\/\",\"enable\":\"on\",\"image\":\"\\/store\\/landing_builder\\/landing_15\\/503\\/tool3_4Ls.jpg\"},\"mDszR\":{\"title\":\"Computer Room\",\"url\":\"\\/\",\"enable\":\"on\",\"image\":\"\\/store\\/landing_builder\\/landing_15\\/503\\/tool4_zm1.jpg\"},\"bsfFU\":{\"title\":\"Educational Games\",\"url\":\"\\/\",\"enable\":\"on\",\"image\":\"\\/store\\/landing_builder\\/landing_15\\/503\\/tool5_yyb.jpg\"},\"KAanP\":{\"title\":\"Practical Education\",\"url\":\"\\/\",\"enable\":\"on\",\"image\":\"\\/store\\/landing_builder\\/landing_15\\/503\\/tool6_Csl.jpg\"},\"record\":{\"title\":null,\"url\":null,\"enable\":\"0\"}}}'),
(498, 504, 'en', '{\"first_line\":{\"text_1\":\"Join Our\",\"text_2\":\"Online School\",\"image_1\":\"\\/store\\/landing_builder\\/landing_15\\/504\\/cta_img_vHQ.png\"},\"second_line\":{\"text_1\":\"or Book a\",\"text_2\":\"Consultation\",\"image_1\":\"\\/store\\/landing_builder\\/landing_15\\/504\\/student1_Syw.png\",\"image_2\":\"\\/store\\/landing_builder\\/landing_15\\/504\\/student2_G3a.png\"},\"additional_information\":{\"text_1\":\"Start your journey with us, enjoy engaging classes, supportive teachers, and flexible learning designed to help you succeed\"},\"primary_button\":{\"label\":\"Join Our School\",\"icon\":\"bul-teacher\",\"url\":\"\\/register\"},\"secondary_button\":{\"label\":\"Book a Consultation\",\"icon\":\"bul-call\",\"url\":\"\\/contact\"},\"background\":\"\\/store\\/landing_builder\\/landing_15\\/504\\/cta_bg_MSH.svg\",\"side_images\":{\"image_1\":\"\\/store\\/landing_builder\\/landing_15\\/504\\/cta_leftimg_Wic.png\",\"image_2\":\"\\/store\\/landing_builder\\/landing_15\\/504\\/cta_rightimage_dmr.png\"}}'),
(499, 505, 'en', '{\"space_number\":\"40\"}'),
(500, 506, 'en', '{\"maximum_course_cards\":\"4\",\"main_content\":{\"title\":\"Trending Courses\",\"description\":\"Explore our most popular courses and discover what students are loving today\"},\"course_tabs_content\":{\"YzCIh\":{\"title\":\"Web Development\",\"source\":\"category\",\"category\":\"606\",\"sort\":\"publish_date\"},\"Xymdx\":{\"title\":\"Design\",\"source\":\"category\",\"category\":\"520\",\"sort\":\"publish_date\"},\"nPUJw\":{\"title\":\"Communications\",\"source\":\"category\",\"category\":\"610\",\"sort\":\"best_rated\"},\"record\":{\"title\":null,\"source\":\"category\",\"category\":null,\"sort\":\"best_rated\"}}}'),
(501, 507, 'en', '{\"space_number\":\"80\"}'),
(502, 508, 'en', '{\"background_color\":\"secondary\",\"main_content\":{\"pre_title\":\"New Events\",\"title\":\"Explore Upcoming Events and Secure Your Spot Today With Ease\",\"description\":\"Explore our upcoming events, join in-person or online sessions, and gain valuable skills and meaningful connections.\"},\"number_of_events\":\"8\",\"events_source\":\"newest_events\",\"buttons\":{\"primary_button\":{\"label\":\"Explore Events\",\"icon\":\"bul-ticket\",\"url\":\"\\/events\"},\"secondary_button\":{\"label\":\"Event Providers\",\"icon\":\"bul-teacher\",\"url\":\"\\/instructor-finder\"}},\"specific_links\":{\"hKMeD\":{\"title\":\"Product Design\",\"url\":\"\\/categories\\/Design\"},\"vYHbW\":{\"title\":\"Development\",\"url\":\"\\/categories\\/Development\\/Web-Development\"},\"jFoXT\":{\"title\":\"Marketing\",\"url\":\"\\/categories\\/Marketing\"},\"HtBmx\":{\"title\":\"Business\",\"url\":\"\\/categories\\/Business\"},\"record\":{\"title\":null,\"url\":null}},\"background\":\"\\/store\\/landing_builder\\/landing_13\\/508\\/events_bg_qWN.png\"}'),
(503, 509, 'en', '{\"space_number\":\"40\"}');

-- --------------------------------------------------------

--
