-- https://www.phpmyadmin.net/
--

START TRANSACTION;



--
-- Database: `rocketsoft_flowcheck`
--

-- --------------------------------------------------------

--
-- Table structure for table `abandoned_cart_rules`
--

CREATE TABLE `abandoned_cart_rules` (
  `id` int(10) UNSIGNED NOT NULL,
  `target_type` enum('all','courses','store_products','bundles','meetings') NOT NULL DEFAULT 'all',
  `target` varchar(255) DEFAULT NULL,
  `action` enum('send_reminder','send_coupon') NOT NULL,
  `discount_id` int(10) UNSIGNED DEFAULT NULL,
  `action_cycle` int(10) UNSIGNED NOT NULL,
  `repeat_action` tinyint(1) NOT NULL DEFAULT 0,
  `repeat_action_count` int(10) UNSIGNED DEFAULT NULL,
  `minimum_cart_amount` double(15,2) UNSIGNED DEFAULT NULL,
  `maximum_cart_amount` double(15,2) UNSIGNED DEFAULT NULL,
  `start_at` bigint(20) UNSIGNED DEFAULT NULL,
  `end_at` bigint(20) UNSIGNED DEFAULT NULL,
  `enable` tinyint(1) NOT NULL DEFAULT 0,
  `created_at` bigint(20) UNSIGNED NOT NULL
) ENGINE=InnoDB DEFAULT CHARSET=utf8mb4 COLLATE=utf8mb4_general_ci;

--
-- Dumping data for table `abandoned_cart_rules`
--

INSERT INTO `abandoned_cart_rules` (`id`, `target_type`, `target`, `action`, `discount_id`, `action_cycle`, `repeat_action`, `repeat_action_count`, `minimum_cart_amount`, `maximum_cart_amount`, `start_at`, `end_at`, `enable`, `created_at`) VALUES
(1, 'all', NULL, 'send_reminder', NULL, 12, 1, 5, 200.00, 1000.00, 1709269200, 1837137600, 0, 1709794892),
(2, 'courses', 'all_courses', 'send_coupon', 25, 18, 1, 3, 50.00, NULL, 1709330400, 1838246400, 0, 1709888086);

-- --------------------------------------------------------

--
-- Table structure for table `abandoned_cart_rule_histories`
--

CREATE TABLE `abandoned_cart_rule_histories` (
  `id` int(10) UNSIGNED NOT NULL,
  `user_id` int(10) UNSIGNED NOT NULL,
  `cart_rule_id` int(10) UNSIGNED DEFAULT NULL,
  `rule_action` enum('send_reminder','send_coupon') NOT NULL,
  `type` enum('auto','manual') CHARACTER SET utf8mb4 COLLATE utf8mb4_unicode_ci DEFAULT 'auto',
  `created_at` bigint(20) UNSIGNED NOT NULL
) ENGINE=InnoDB DEFAULT CHARSET=utf8mb4 COLLATE=utf8mb4_general_ci;

-- --------------------------------------------------------

--
-- Table structure for table `abandoned_cart_rule_specification_items`
--

CREATE TABLE `abandoned_cart_rule_specification_items` (
  `id` int(10) UNSIGNED NOT NULL,
  `abandoned_cart_rule_id` int(10) UNSIGNED NOT NULL,
  `category_id` int(10) UNSIGNED DEFAULT NULL,
  `instructor_id` int(10) UNSIGNED DEFAULT NULL,
  `seller_id` int(10) UNSIGNED DEFAULT NULL,
  `webinar_id` int(10) UNSIGNED DEFAULT NULL,
  `product_id` int(10) UNSIGNED DEFAULT NULL,
  `bundle_id` int(10) UNSIGNED DEFAULT NULL
) ENGINE=InnoDB DEFAULT CHARSET=utf8mb4 COLLATE=utf8mb4_general_ci;

-- --------------------------------------------------------

--
-- Table structure for table `abandoned_cart_rule_translations`
--

CREATE TABLE `abandoned_cart_rule_translations` (
  `id` int(10) UNSIGNED NOT NULL,
  `abandoned_cart_rule_id` int(10) UNSIGNED NOT NULL,
  `locale` varchar(191) NOT NULL,
  `title` varchar(255) NOT NULL
) ENGINE=InnoDB DEFAULT CHARSET=utf8mb4 COLLATE=utf8mb4_general_ci;

--
-- Dumping data for table `abandoned_cart_rule_translations`
--

INSERT INTO `abandoned_cart_rule_translations` (`id`, `abandoned_cart_rule_id`, `locale`, `title`) VALUES
(1, 1, 'en', 'Cart Reminder Rule'),
(2, 2, 'en', 'Discount Offer Rule');

-- --------------------------------------------------------

--
-- Table structure for table `abandoned_cart_rule_users_groups`
--

CREATE TABLE `abandoned_cart_rule_users_groups` (
  `id` int(10) UNSIGNED NOT NULL,
  `abandoned_cart_rule_id` int(10) UNSIGNED NOT NULL,
  `group_id` int(10) UNSIGNED DEFAULT NULL,
  `user_id` int(10) UNSIGNED DEFAULT NULL
) ENGINE=InnoDB DEFAULT CHARSET=utf8mb4 COLLATE=utf8mb4_general_ci;

-- --------------------------------------------------------

--
-- Table structure for table `accounting`
--

CREATE TABLE `accounting` (
  `id` int(10) UNSIGNED NOT NULL,
  `user_id` int(10) UNSIGNED DEFAULT NULL,
  `creator_id` int(11) DEFAULT NULL,
  `order_item_id` int(10) UNSIGNED DEFAULT NULL,
  `webinar_id` int(10) UNSIGNED DEFAULT NULL,
  `bundle_id` int(10) UNSIGNED DEFAULT NULL,
  `meeting_time_id` int(10) UNSIGNED DEFAULT NULL,
  `subscribe_id` int(10) UNSIGNED DEFAULT NULL,
  `promotion_id` int(10) UNSIGNED DEFAULT NULL,
  `registration_package_id` int(10) UNSIGNED DEFAULT NULL,
  `product_id` int(10) UNSIGNED DEFAULT NULL,
  `installment_payment_id` int(10) UNSIGNED DEFAULT NULL,
  `installment_order_id` int(10) UNSIGNED DEFAULT NULL COMMENT 'This field is filled in the seller''s financial document to find the installment order',
  `gift_id` int(10) UNSIGNED DEFAULT NULL,
  `system` tinyint(1) NOT NULL DEFAULT 0,
  `tax` tinyint(1) NOT NULL DEFAULT 0,
  `amount` decimal(13,2) DEFAULT NULL,
  `type` enum('addiction','deduction') NOT NULL,
  `type_account` enum('income','asset','subscribe','promotion','registration_package','installment_payment') DEFAULT NULL,
  `store_type` enum('automatic','manual') NOT NULL DEFAULT 'automatic',
  `referred_user_id` int(10) UNSIGNED DEFAULT NULL,
  `is_affiliate_amount` tinyint(1) NOT NULL DEFAULT 0,
  `is_affiliate_commission` tinyint(1) NOT NULL DEFAULT 0,
  `is_registration_bonus` tinyint(1) NOT NULL DEFAULT 0,
  `is_cashback` tinyint(1) NOT NULL DEFAULT 0,
  `description` text DEFAULT NULL,
  `created_at` int(11) NOT NULL
) ENGINE=InnoDB DEFAULT CHARSET=utf8mb4 COLLATE=utf8mb4_unicode_ci ROW_FORMAT=DYNAMIC;

--
-- Dumping data for table `accounting`
--

INSERT INTO `accounting` (`id`, `user_id`, `creator_id`, `order_item_id`, `webinar_id`, `bundle_id`, `meeting_time_id`, `subscribe_id`, `promotion_id`, `registration_package_id`, `product_id`, `installment_payment_id`, `installment_order_id`, `gift_id`, `system`, `tax`, `amount`, `type`, `type_account`, `store_type`, `referred_user_id`, `is_affiliate_amount`, `is_affiliate_commission`, `is_registration_bonus`, `is_cashback`, `description`, `created_at`) VALUES
(251, 996, 1, NULL, NULL, NULL, NULL, NULL, NULL, NULL, NULL, NULL, NULL, NULL, 0, 0, 500.00, 'addiction', 'asset', 'automatic', NULL, 0, 0, 0, 0, 'offline payment approved', 1625944212),
(252, 996, NULL, NULL, NULL, NULL, 98, NULL, NULL, NULL, NULL, NULL, NULL, NULL, 0, 0, 165.00, 'deduction', 'asset', 'automatic', NULL, 0, 0, 0, 0, 'Paid for 1:30 hours of consultation', 1625944347),
(253, 996, NULL, NULL, NULL, NULL, 98, NULL, NULL, NULL, NULL, NULL, NULL, NULL, 0, 1, 15.00, 'addiction', 'asset', 'automatic', NULL, 0, 0, 0, 0, 'Tax form Buyer', 1625944347),
(254, 1015, NULL, NULL, NULL, NULL, 98, NULL, NULL, NULL, NULL, NULL, NULL, NULL, 0, 0, 120.00, 'addiction', 'income', 'automatic', NULL, 0, 0, 0, 0, 'Income Sale', 1625944347),
(255, 1015, NULL, NULL, NULL, NULL, 98, NULL, NULL, NULL, NULL, NULL, NULL, NULL, 1, 0, 30.00, 'addiction', 'income', 'automatic', NULL, 0, 0, 0, 0, 'Commission from Seller', 1625944347),
(256, 930, 1, NULL, NULL, NULL, NULL, NULL, NULL, NULL, NULL, NULL, NULL, NULL, 0, 0, 600.00, 'addiction', 'asset', 'manual', NULL, 0, 0, 0, 0, 'Gifts from the platform', 1625950715),
(257, 995, 1, NULL, NULL, NULL, NULL, NULL, NULL, NULL, NULL, NULL, NULL, NULL, 0, 0, 1000.00, 'addiction', 'asset', 'automatic', NULL, 0, 0, 0, 0, 'offline payment approved', 1625950749),
(258, 995, NULL, NULL, NULL, NULL, 160, NULL, NULL, NULL, NULL, NULL, NULL, NULL, 0, 0, 110.00, 'deduction', 'asset', 'automatic', NULL, 0, 0, 0, 0, 'Paid for 1:00 hours of consultation', 1625952630),
(259, 995, NULL, NULL, NULL, NULL, 160, NULL, NULL, NULL, NULL, NULL, NULL, NULL, 0, 1, 10.00, 'addiction', 'asset', 'automatic', NULL, 0, 0, 0, 0, 'Tax form Buyer', 1625952630),
(260, 934, NULL, NULL, NULL, NULL, 160, NULL, NULL, NULL, NULL, NULL, NULL, NULL, 0, 0, 80.00, 'addiction', 'income', 'automatic', NULL, 0, 0, 0, 0, 'Income Sale', 1625952630),
(261, 934, NULL, NULL, NULL, NULL, 160, NULL, NULL, NULL, NULL, NULL, NULL, NULL, 1, 0, 20.00, 'addiction', 'income', 'automatic', NULL, 0, 0, 0, 0, 'Commission from Seller', 1625952630),
(262, 995, NULL, NULL, 2005, NULL, NULL, NULL, NULL, NULL, NULL, NULL, NULL, NULL, 0, 0, 11.00, 'deduction', 'asset', 'automatic', NULL, 0, 0, 0, 0, 'Paid form Credit', 1625953197),
(263, 995, NULL, NULL, 2005, NULL, NULL, NULL, NULL, NULL, NULL, NULL, NULL, NULL, 0, 1, 1.00, 'addiction', 'asset', 'automatic', NULL, 0, 0, 0, 0, 'Tax form Buyer', 1625953198),
(264, 4, NULL, NULL, 2005, NULL, NULL, NULL, NULL, NULL, NULL, NULL, NULL, NULL, 0, 0, 8.00, 'addiction', 'income', 'automatic', NULL, 0, 0, 0, 0, 'Income Sale', 1625953198),
(265, 4, NULL, NULL, 2005, NULL, NULL, NULL, NULL, NULL, NULL, NULL, NULL, NULL, 1, 0, 2.00, 'addiction', 'income', 'automatic', NULL, 0, 0, 0, 0, 'Commission from Seller', 1625953198),
(266, 979, 1, NULL, NULL, NULL, NULL, NULL, NULL, NULL, NULL, NULL, NULL, NULL, 0, 0, 400.00, 'addiction', 'asset', 'automatic', NULL, 0, 0, 0, 0, 'offline payment approved', 1625992548),
(267, 995, NULL, NULL, NULL, NULL, 103, NULL, NULL, NULL, NULL, NULL, NULL, NULL, 0, 0, 137.50, 'deduction', 'asset', 'automatic', NULL, 0, 0, 0, 0, 'Paid for 1:15 hours of consultation', 1625996816),
(268, 995, NULL, NULL, NULL, NULL, 103, NULL, NULL, NULL, NULL, NULL, NULL, NULL, 0, 1, 12.50, 'addiction', 'asset', 'automatic', NULL, 0, 0, 0, 0, 'Tax form Buyer', 1625996817),
(269, 1015, NULL, NULL, NULL, NULL, 103, NULL, NULL, NULL, NULL, NULL, NULL, NULL, 0, 0, 100.00, 'addiction', 'income', 'automatic', NULL, 0, 0, 0, 0, 'Income Sale', 1625996817),
(270, 1015, NULL, NULL, NULL, NULL, 103, NULL, NULL, NULL, NULL, NULL, NULL, NULL, 1, 0, 25.00, 'addiction', 'income', 'automatic', NULL, 0, 0, 0, 0, 'Commission from Seller', 1625996817),
(271, 995, NULL, NULL, 1999, NULL, NULL, NULL, NULL, NULL, NULL, NULL, NULL, NULL, 0, 0, 55.00, 'deduction', 'asset', 'automatic', NULL, 0, 0, 0, 0, 'Paid form Credit', 1625996942),
(272, 995, NULL, NULL, 1999, NULL, NULL, NULL, NULL, NULL, NULL, NULL, NULL, NULL, 0, 1, 5.00, 'addiction', 'asset', 'automatic', NULL, 0, 0, 0, 0, 'Tax form Buyer', 1625996943),
(273, 929, NULL, NULL, 1999, NULL, NULL, NULL, NULL, NULL, NULL, NULL, NULL, NULL, 0, 0, 45.00, 'addiction', 'income', 'automatic', NULL, 0, 0, 0, 0, 'Income Sale', 1625996943),
(274, 929, NULL, NULL, 1999, NULL, NULL, NULL, NULL, NULL, NULL, NULL, NULL, NULL, 1, 0, 5.00, 'addiction', 'income', 'automatic', NULL, 0, 0, 0, 0, 'Commission from Seller', 1625996943),
(275, 995, NULL, NULL, 1998, NULL, NULL, NULL, NULL, NULL, NULL, NULL, NULL, NULL, 0, 0, 55.00, 'deduction', 'asset', 'automatic', NULL, 0, 0, 0, 0, 'Paid form Credit', 1625996979),
(276, 995, NULL, NULL, 1998, NULL, NULL, NULL, NULL, NULL, NULL, NULL, NULL, NULL, 0, 1, 5.00, 'addiction', 'asset', 'automatic', NULL, 0, 0, 0, 0, 'Tax form Buyer', 1625996979),
(277, 1015, NULL, NULL, 1998, NULL, NULL, NULL, NULL, NULL, NULL, NULL, NULL, NULL, 0, 0, 40.00, 'addiction', 'income', 'automatic', NULL, 0, 0, 0, 0, 'Income Sale', 1625996979),
(278, 1015, NULL, NULL, 1998, NULL, NULL, NULL, NULL, NULL, NULL, NULL, NULL, NULL, 1, 0, 10.00, 'addiction', 'income', 'automatic', NULL, 0, 0, 0, 0, 'Commission from Seller', 1625996979),
(279, 995, NULL, NULL, 2001, NULL, NULL, NULL, NULL, NULL, NULL, NULL, NULL, NULL, 0, 0, 17.60, 'deduction', 'asset', 'automatic', NULL, 0, 0, 0, 0, 'Paid form Credit', 1625997105),
(280, 995, NULL, NULL, 2001, NULL, NULL, NULL, NULL, NULL, NULL, NULL, NULL, NULL, 0, 1, 1.60, 'addiction', 'asset', 'automatic', NULL, 0, 0, 0, 0, 'Tax form Buyer', 1625997106),
(281, 3, NULL, NULL, 2001, NULL, NULL, NULL, NULL, NULL, NULL, NULL, NULL, NULL, 0, 0, 14.40, 'addiction', 'income', 'automatic', NULL, 0, 0, 0, 0, 'Income Sale', 1625997106),
(282, 3, NULL, NULL, 2001, NULL, NULL, NULL, NULL, NULL, NULL, NULL, NULL, NULL, 1, 0, 1.60, 'addiction', 'income', 'automatic', NULL, 0, 0, 0, 0, 'Commission from Seller', 1625997106),
(283, 996, NULL, NULL, 2006, NULL, NULL, NULL, NULL, NULL, NULL, NULL, NULL, NULL, 0, 0, 24.75, 'deduction', 'asset', 'automatic', NULL, 0, 0, 0, 0, 'Paid form Credit', 1626060488),
(284, 996, NULL, NULL, 2006, NULL, NULL, NULL, NULL, NULL, NULL, NULL, NULL, NULL, 0, 1, 2.25, 'addiction', 'asset', 'automatic', NULL, 0, 0, 0, 0, 'Tax form Buyer', 1626060488),
(285, 867, NULL, NULL, 2006, NULL, NULL, NULL, NULL, NULL, NULL, NULL, NULL, NULL, 0, 0, 18.00, 'addiction', 'income', 'automatic', NULL, 0, 0, 0, 0, 'Income Sale', 1626060488),
(286, 867, NULL, NULL, 2006, NULL, NULL, NULL, NULL, NULL, NULL, NULL, NULL, NULL, 1, 0, 4.50, 'addiction', 'income', 'automatic', NULL, 0, 0, 0, 0, 'Commission from Seller', 1626060488),
(287, 996, NULL, NULL, 1998, NULL, NULL, NULL, NULL, NULL, NULL, NULL, NULL, NULL, 0, 0, 44.00, 'deduction', 'asset', 'automatic', NULL, 0, 0, 0, 0, 'Paid form Credit', 1626060553),
(288, 996, NULL, NULL, 1998, NULL, NULL, NULL, NULL, NULL, NULL, NULL, NULL, NULL, 0, 1, 4.00, 'addiction', 'asset', 'automatic', NULL, 0, 0, 0, 0, 'Tax form Buyer', 1626060553),
(289, 1015, NULL, NULL, 1998, NULL, NULL, NULL, NULL, NULL, NULL, NULL, NULL, NULL, 0, 0, 32.00, 'addiction', 'income', 'automatic', NULL, 0, 0, 0, 0, 'Income Sale', 1626060553),
(290, 1015, NULL, NULL, 1998, NULL, NULL, NULL, NULL, NULL, NULL, NULL, NULL, NULL, 1, 0, 8.00, 'addiction', 'income', 'automatic', NULL, 0, 0, 0, 0, 'Commission from Seller', 1626060553),
(291, 930, NULL, NULL, 1998, NULL, NULL, NULL, NULL, NULL, NULL, NULL, NULL, NULL, 0, 0, 55.00, 'deduction', 'asset', 'automatic', NULL, 0, 0, 0, 0, 'Paid form Credit', 1626060836),
(292, 930, NULL, NULL, 1998, NULL, NULL, NULL, NULL, NULL, NULL, NULL, NULL, NULL, 0, 1, 5.00, 'addiction', 'asset', 'automatic', NULL, 0, 0, 0, 0, 'Tax form Buyer', 1626060837),
(293, 1015, NULL, NULL, 1998, NULL, NULL, NULL, NULL, NULL, NULL, NULL, NULL, NULL, 0, 0, 40.00, 'addiction', 'income', 'automatic', NULL, 0, 0, 0, 0, 'Income Sale', 1626060837),
(294, 1015, NULL, NULL, 1998, NULL, NULL, NULL, NULL, NULL, NULL, NULL, NULL, NULL, 1, 0, 10.00, 'addiction', 'income', 'automatic', NULL, 0, 0, 0, 0, 'Commission from Seller', 1626060837),
(295, 1015, 1, NULL, NULL, NULL, NULL, NULL, NULL, NULL, NULL, NULL, NULL, NULL, 0, 0, 332.00, 'deduction', 'income', 'automatic', NULL, 0, 0, 0, 0, 'Payout request', 1626061220),
(296, 979, NULL, NULL, 2004, NULL, NULL, NULL, NULL, NULL, NULL, NULL, NULL, NULL, 0, 0, 66.00, 'deduction', 'asset', 'automatic', NULL, 0, 0, 0, 0, 'Paid form Credit', 1626061333),
(297, 979, NULL, NULL, 2004, NULL, NULL, NULL, NULL, NULL, NULL, NULL, NULL, NULL, 0, 1, 6.00, 'addiction', 'asset', 'automatic', NULL, 0, 0, 0, 0, 'Tax form Buyer', 1626061334),
(298, 929, NULL, NULL, 2004, NULL, NULL, NULL, NULL, NULL, NULL, NULL, NULL, NULL, 0, 0, 54.00, 'addiction', 'income', 'automatic', NULL, 0, 0, 0, 0, 'Income Sale', 1626061334),
(299, 929, NULL, NULL, 2004, NULL, NULL, NULL, NULL, NULL, NULL, NULL, NULL, NULL, 1, 0, 6.00, 'addiction', 'income', 'automatic', NULL, 0, 0, 0, 0, 'Commission from Seller', 1626061334),
(300, 979, NULL, NULL, 2002, NULL, NULL, NULL, NULL, NULL, NULL, NULL, NULL, NULL, 0, 0, 22.00, 'deduction', 'asset', 'automatic', NULL, 0, 0, 0, 0, 'Paid form Credit', 1626061374),
(301, 979, NULL, NULL, 2002, NULL, NULL, NULL, NULL, NULL, NULL, NULL, NULL, NULL, 0, 1, 2.00, 'addiction', 'asset', 'automatic', NULL, 0, 0, 0, 0, 'Tax form Buyer', 1626061374),
(302, 863, NULL, NULL, 2002, NULL, NULL, NULL, NULL, NULL, NULL, NULL, NULL, NULL, 0, 0, 16.00, 'addiction', 'income', 'automatic', NULL, 0, 0, 0, 0, 'Income Sale', 1626061374),
(303, 863, NULL, NULL, 2002, NULL, NULL, NULL, NULL, NULL, NULL, NULL, NULL, NULL, 1, 0, 4.00, 'addiction', 'income', 'automatic', NULL, 0, 0, 0, 0, 'Commission from Seller', 1626061374),
(304, 979, NULL, NULL, 2000, NULL, NULL, NULL, NULL, NULL, NULL, NULL, NULL, NULL, 0, 0, 33.00, 'deduction', 'asset', 'automatic', NULL, 0, 0, 0, 0, 'Paid form Credit', 1626061375),
(305, 979, NULL, NULL, 2000, NULL, NULL, NULL, NULL, NULL, NULL, NULL, NULL, NULL, 0, 1, 3.00, 'addiction', 'asset', 'automatic', NULL, 0, 0, 0, 0, 'Tax form Buyer', 1626061376),
(306, 867, NULL, NULL, 2000, NULL, NULL, NULL, NULL, NULL, NULL, NULL, NULL, NULL, 0, 0, 24.00, 'addiction', 'income', 'automatic', NULL, 0, 0, 0, 0, 'Income Sale', 1626061376),
(307, 867, NULL, NULL, 2000, NULL, NULL, NULL, NULL, NULL, NULL, NULL, NULL, NULL, 1, 0, 6.00, 'addiction', 'income', 'automatic', NULL, 0, 0, 0, 0, 'Commission from Seller', 1626061376),
(308, 995, NULL, NULL, NULL, NULL, NULL, 3, NULL, NULL, NULL, NULL, NULL, NULL, 0, 0, 22.00, 'deduction', 'asset', 'automatic', NULL, 0, 0, 0, 0, 'Paid form Credit', 1626061450),
(309, 995, NULL, NULL, NULL, NULL, NULL, 3, NULL, NULL, NULL, NULL, NULL, NULL, 0, 1, 2.00, 'addiction', 'asset', 'automatic', NULL, 0, 0, 0, 0, 'Tax form Buyer', 1626061451),
(310, 995, NULL, NULL, NULL, NULL, NULL, 3, NULL, NULL, NULL, NULL, NULL, NULL, 1, 0, 20.00, 'addiction', 'subscribe', 'automatic', NULL, 0, 0, 0, 0, 'Income for Subscribe', 1626061451),
(311, 867, NULL, NULL, 2006, NULL, NULL, NULL, NULL, NULL, NULL, NULL, NULL, NULL, 0, 0, 0.16, 'addiction', 'income', 'automatic', NULL, 0, 0, 0, 0, 'Paid for Subscribe', 1626061483),
(312, 1, NULL, NULL, 2006, NULL, NULL, NULL, NULL, NULL, NULL, NULL, NULL, NULL, 1, 0, 0.16, 'deduction', 'asset', 'automatic', NULL, 0, 0, 0, 0, 'Paid for Subscribe', 1626061483),
(313, 929, NULL, NULL, 2004, NULL, NULL, NULL, NULL, NULL, NULL, NULL, NULL, NULL, 0, 0, 0.16, 'addiction', 'income', 'automatic', NULL, 0, 0, 0, 0, 'Paid for Subscribe', 1626061490),
(314, 1, NULL, NULL, 2004, NULL, NULL, NULL, NULL, NULL, NULL, NULL, NULL, NULL, 1, 0, 0.16, 'deduction', 'asset', 'automatic', NULL, 0, 0, 0, 0, 'Paid for Subscribe', 1626061490),
(315, 863, NULL, NULL, 2002, NULL, NULL, NULL, NULL, NULL, NULL, NULL, NULL, NULL, 0, 0, 0.16, 'addiction', 'income', 'automatic', NULL, 0, 0, 0, 0, 'Paid for Subscribe', 1626061494),
(316, 1, NULL, NULL, 2002, NULL, NULL, NULL, NULL, NULL, NULL, NULL, NULL, NULL, 1, 0, 0.16, 'deduction', 'asset', 'automatic', NULL, 0, 0, 0, 0, 'Paid for Subscribe', 1626061494),
(317, 1015, 1, NULL, NULL, NULL, NULL, NULL, NULL, NULL, NULL, NULL, NULL, NULL, 0, 0, 500.00, 'addiction', 'asset', 'automatic', NULL, 0, 0, 0, 0, 'offline payment approved', 1626132570),
(318, 1015, NULL, NULL, 2002, NULL, NULL, NULL, NULL, NULL, NULL, NULL, NULL, NULL, 0, 0, 17.60, 'deduction', 'asset', 'automatic', NULL, 0, 0, 0, 0, 'Paid form Credit', 1626132845),
(319, 1015, NULL, NULL, 2002, NULL, NULL, NULL, NULL, NULL, NULL, NULL, NULL, NULL, 0, 1, 1.60, 'addiction', 'asset', 'automatic', NULL, 0, 0, 0, 0, 'Tax form Buyer', 1626132845),
(320, 863, NULL, NULL, 2002, NULL, NULL, NULL, NULL, NULL, NULL, NULL, NULL, NULL, 0, 0, 12.80, 'addiction', 'income', 'automatic', NULL, 0, 0, 0, 0, 'Income Sale', 1626132845),
(321, 863, NULL, NULL, 2002, NULL, NULL, NULL, NULL, NULL, NULL, NULL, NULL, NULL, 1, 0, 3.20, 'addiction', 'income', 'automatic', NULL, 0, 0, 0, 0, 'Commission from Seller', 1626132845),
(322, 929, 1, NULL, NULL, NULL, NULL, NULL, NULL, NULL, NULL, NULL, NULL, NULL, 0, 0, 300.00, 'addiction', 'asset', 'automatic', NULL, 0, 0, 0, 0, 'offline payment approved', 1626241074),
(323, 929, NULL, NULL, 2004, NULL, NULL, NULL, 3, NULL, NULL, NULL, NULL, NULL, 0, 0, 55.00, 'deduction', 'asset', 'automatic', NULL, 0, 0, 0, 0, 'Paid form Credit', 1626241152),
(324, 929, NULL, NULL, 2004, NULL, NULL, NULL, 3, NULL, NULL, NULL, NULL, NULL, 0, 1, 5.00, 'addiction', 'asset', 'automatic', NULL, 0, 0, 0, 0, 'Tax form Buyer', 1626241153),
(325, 929, NULL, NULL, NULL, NULL, NULL, NULL, 3, NULL, NULL, NULL, NULL, NULL, 1, 0, 50.00, 'addiction', 'promotion', 'automatic', NULL, 0, 0, 0, 0, 'Paid for Promotion', 1626241153),
(326, 929, NULL, NULL, 2003, NULL, NULL, NULL, NULL, NULL, NULL, NULL, NULL, NULL, 0, 0, 33.00, 'deduction', 'asset', 'automatic', NULL, 0, 0, 0, 0, 'Paid form Credit', 1626241213),
(327, 929, NULL, NULL, 2003, NULL, NULL, NULL, NULL, NULL, NULL, NULL, NULL, NULL, 0, 1, 3.00, 'addiction', 'asset', 'automatic', NULL, 0, 0, 0, 0, 'Tax form Buyer', 1626241214),
(328, 864, NULL, NULL, 2003, NULL, NULL, NULL, NULL, NULL, NULL, NULL, NULL, NULL, 0, 0, 24.00, 'addiction', 'income', 'automatic', NULL, 0, 0, 0, 0, 'Income Sale', 1626241214),
(329, 864, NULL, NULL, 2003, NULL, NULL, NULL, NULL, NULL, NULL, NULL, NULL, NULL, 1, 0, 6.00, 'addiction', 'income', 'automatic', NULL, 0, 0, 0, 0, 'Commission from Seller', 1626241214),
(330, 995, NULL, NULL, NULL, NULL, 114, NULL, NULL, NULL, NULL, NULL, NULL, NULL, 0, 0, 110.00, 'deduction', 'asset', 'automatic', NULL, 0, 0, 0, 0, 'Paid for 1:00 hours of consultation', 1626247196),
(331, 995, NULL, NULL, NULL, NULL, 114, NULL, NULL, NULL, NULL, NULL, NULL, NULL, 0, 1, 10.00, 'addiction', 'asset', 'automatic', NULL, 0, 0, 0, 0, 'Tax form Buyer', 1626247196),
(332, 870, NULL, NULL, NULL, NULL, 114, NULL, NULL, NULL, NULL, NULL, NULL, NULL, 0, 0, 80.00, 'addiction', 'income', 'automatic', NULL, 0, 0, 0, 0, 'Income Sale', 1626247196),
(333, 870, NULL, NULL, NULL, NULL, 114, NULL, NULL, NULL, NULL, NULL, NULL, NULL, 1, 0, 20.00, 'addiction', 'income', 'automatic', NULL, 0, 0, 0, 0, 'Commission from Seller', 1626247196),
(334, 995, NULL, NULL, NULL, NULL, 114, NULL, NULL, NULL, NULL, NULL, NULL, NULL, 0, 0, 110.00, 'addiction', 'asset', 'automatic', NULL, 0, 0, 0, 0, 'Refunded to Buyer', 1626247245),
(335, NULL, NULL, NULL, NULL, NULL, 114, NULL, NULL, NULL, NULL, NULL, NULL, NULL, 0, 1, 10.00, 'deduction', 'asset', 'automatic', NULL, 0, 0, 0, 0, 'Refunded Tax', 1626247245),
(336, 870, NULL, NULL, NULL, NULL, 114, NULL, NULL, NULL, NULL, NULL, NULL, NULL, 0, 0, 100.00, 'deduction', 'income', 'automatic', NULL, 0, 0, 0, 0, 'Refunded Income', 1626247245),
(337, 870, NULL, NULL, NULL, NULL, 114, NULL, NULL, NULL, NULL, NULL, NULL, NULL, 0, 0, 20.00, 'addiction', 'income', 'automatic', NULL, 0, 0, 0, 0, 'Refunded Commission to Seller', 1626247245),
(338, 870, NULL, NULL, NULL, NULL, 114, NULL, NULL, NULL, NULL, NULL, NULL, NULL, 1, 0, 20.00, 'deduction', 'income', 'automatic', NULL, 0, 0, 0, 0, 'Refunded Commission', 1626247245),
(339, 996, NULL, NULL, 2000, NULL, NULL, NULL, NULL, NULL, NULL, NULL, NULL, NULL, 0, 0, 29.70, 'deduction', 'asset', 'automatic', NULL, 0, 0, 0, 0, 'Paid form Credit', 1626508957),
(340, 996, NULL, NULL, 2000, NULL, NULL, NULL, NULL, NULL, NULL, NULL, NULL, NULL, 0, 1, 2.70, 'addiction', 'asset', 'automatic', NULL, 0, 0, 0, 0, 'Tax form Buyer', 1626508957),
(341, 867, NULL, NULL, 2000, NULL, NULL, NULL, NULL, NULL, NULL, NULL, NULL, NULL, 0, 0, 21.60, 'addiction', 'income', 'automatic', NULL, 0, 0, 0, 0, 'Income Sale', 1626508957),
(342, 867, NULL, NULL, 2000, NULL, NULL, NULL, NULL, NULL, NULL, NULL, NULL, NULL, 1, 0, 5.40, 'addiction', 'income', 'automatic', NULL, 0, 0, 0, 0, 'Commission from Seller', 1626508957),
(343, 930, 1, NULL, NULL, NULL, NULL, NULL, NULL, NULL, NULL, NULL, NULL, NULL, 0, 0, 250.00, 'addiction', 'asset', 'automatic', NULL, 0, 0, 0, 0, 'offline payment approved', 1628704280),
(344, 923, 1, NULL, NULL, NULL, NULL, NULL, NULL, NULL, NULL, NULL, NULL, NULL, 0, 0, 300.00, 'addiction', 'asset', 'automatic', NULL, 0, 0, 0, 0, 'offline payment approved', 1628704284),
(345, 995, 1, NULL, NULL, NULL, NULL, NULL, NULL, NULL, NULL, NULL, NULL, NULL, 0, 0, 200.00, 'addiction', 'asset', 'automatic', NULL, 0, 0, 0, 0, 'offline payment approved', 1628704378),
(346, 995, 1, NULL, NULL, NULL, NULL, NULL, NULL, NULL, NULL, NULL, NULL, NULL, 0, 0, 100.00, 'addiction', 'asset', 'automatic', NULL, 0, 0, 0, 0, 'offline payment approved', 1628704382),
(347, 996, 1, NULL, NULL, NULL, NULL, NULL, NULL, NULL, NULL, NULL, NULL, NULL, 0, 0, 200.00, 'addiction', 'asset', 'automatic', NULL, 0, 0, 0, 0, 'offline payment approved', 1628704397),
(348, 929, NULL, NULL, 2000, NULL, NULL, NULL, NULL, NULL, NULL, NULL, NULL, NULL, 0, 0, 33.00, 'deduction', 'asset', 'automatic', NULL, 0, 0, 0, 0, 'Paid form Credit', 1635412197),
(349, 929, NULL, NULL, 2000, NULL, NULL, NULL, NULL, NULL, NULL, NULL, NULL, NULL, 0, 1, 3.00, 'addiction', 'asset', 'automatic', NULL, 0, 0, 0, 0, 'Tax form Buyer', 1635412197),
(350, 867, NULL, NULL, 2000, NULL, NULL, NULL, NULL, NULL, NULL, NULL, NULL, NULL, 0, 0, 24.00, 'addiction', 'income', 'automatic', NULL, 0, 0, 0, 0, 'Income Sale', 1635412197),
(351, 867, NULL, NULL, 2000, NULL, NULL, NULL, NULL, NULL, NULL, NULL, NULL, NULL, 1, 0, 6.00, 'addiction', 'income', 'automatic', NULL, 0, 0, 0, 0, 'Commission from Seller', 1635412197),
(352, 1015, NULL, NULL, NULL, NULL, NULL, NULL, NULL, NULL, NULL, NULL, NULL, NULL, 0, 0, 80.00, 'addiction', 'income', 'automatic', 1017, 1, 0, 0, 0, 'public.get_amount_from_referral', 1639378855),
(353, 1015, NULL, NULL, NULL, NULL, NULL, NULL, NULL, NULL, NULL, NULL, NULL, NULL, 1, 0, 80.00, 'deduction', 'income', 'automatic', 1017, 1, 0, 0, 0, 'public.get_amount_from_referral', 1639378855),
(354, 1017, NULL, NULL, NULL, NULL, NULL, NULL, NULL, NULL, NULL, NULL, NULL, NULL, 0, 0, 50.00, 'addiction', 'income', 'automatic', NULL, 1, 0, 0, 0, 'public.get_amount_from_referral', 1639378855),
(355, 1017, NULL, NULL, NULL, NULL, NULL, NULL, NULL, NULL, NULL, NULL, NULL, NULL, 1, 0, 50.00, 'deduction', 'income', 'automatic', NULL, 1, 0, 0, 0, 'public.get_amount_from_referral', 1639378855),
(356, 1017, 1, NULL, NULL, NULL, NULL, NULL, NULL, NULL, NULL, NULL, NULL, NULL, 0, 0, 500.00, 'addiction', 'asset', 'manual', NULL, 0, 0, 0, 0, 'charging for test', 1639379205),
(357, 1017, NULL, NULL, 2000, NULL, NULL, NULL, NULL, NULL, NULL, NULL, NULL, NULL, 0, 0, 33.00, 'deduction', 'asset', 'automatic', NULL, 0, 0, 0, 0, 'Paid form Credit', 1639379284),
(358, 1017, NULL, NULL, 2000, NULL, NULL, NULL, NULL, NULL, NULL, NULL, NULL, NULL, 0, 1, 3.00, 'addiction', 'asset', 'automatic', NULL, 0, 0, 0, 0, 'Tax form Buyer', 1639379285),
(359, 867, NULL, NULL, 2000, NULL, NULL, NULL, NULL, NULL, NULL, NULL, NULL, NULL, 0, 0, 24.00, 'addiction', 'income', 'automatic', NULL, 0, 0, 0, 0, 'Income Sale', 1639379285),
(360, 867, NULL, NULL, 2000, NULL, NULL, NULL, NULL, NULL, NULL, NULL, NULL, NULL, 1, 0, 4.50, 'addiction', 'income', 'automatic', NULL, 0, 0, 0, 0, 'Commission from Seller', 1639379285),
(361, 1015, NULL, NULL, 2000, NULL, NULL, NULL, NULL, NULL, NULL, NULL, NULL, NULL, 0, 0, 1.50, 'addiction', 'income', 'automatic', 1017, 0, 1, 0, 0, 'public.get_commission_from_referral', 1639379285),
(362, 1017, NULL, NULL, 1998, NULL, NULL, NULL, NULL, NULL, NULL, NULL, NULL, NULL, 0, 0, 110.00, 'deduction', 'asset', 'automatic', NULL, 0, 0, 0, 0, 'Paid form Credit', 1639379351),
(363, 1017, NULL, NULL, 1998, NULL, NULL, NULL, NULL, NULL, NULL, NULL, NULL, NULL, 0, 1, 10.00, 'addiction', 'asset', 'automatic', NULL, 0, 0, 0, 0, 'Tax form Buyer', 1639379352),
(364, 1015, NULL, NULL, 1998, NULL, NULL, NULL, NULL, NULL, NULL, NULL, NULL, NULL, 0, 0, 80.00, 'addiction', 'income', 'automatic', NULL, 0, 0, 0, 0, 'Income Sale', 1639379352),
(365, 1015, NULL, NULL, 1998, NULL, NULL, NULL, NULL, NULL, NULL, NULL, NULL, NULL, 1, 0, 15.00, 'addiction', 'income', 'automatic', NULL, 0, 0, 0, 0, 'Commission from Seller', 1639379352),
(366, 1015, NULL, NULL, 1998, NULL, NULL, NULL, NULL, NULL, NULL, NULL, NULL, NULL, 0, 0, 5.00, 'addiction', 'income', 'automatic', 1017, 0, 1, 0, 0, 'public.get_commission_from_referral', 1639379352),
(367, 1017, NULL, NULL, 2003, NULL, NULL, NULL, NULL, NULL, NULL, NULL, NULL, NULL, 0, 0, 33.00, 'deduction', 'asset', 'automatic', NULL, 0, 0, 0, 0, 'Paid form Credit', 1639379394),
(368, 1017, NULL, NULL, 2003, NULL, NULL, NULL, NULL, NULL, NULL, NULL, NULL, NULL, 0, 1, 3.00, 'addiction', 'asset', 'automatic', NULL, 0, 0, 0, 0, 'Tax form Buyer', 1639379395),
(369, 864, NULL, NULL, 2003, NULL, NULL, NULL, NULL, NULL, NULL, NULL, NULL, NULL, 0, 0, 24.00, 'addiction', 'income', 'automatic', NULL, 0, 0, 0, 0, 'Income Sale', 1639379395),
(370, 864, NULL, NULL, 2003, NULL, NULL, NULL, NULL, NULL, NULL, NULL, NULL, NULL, 1, 0, 4.50, 'addiction', 'income', 'automatic', NULL, 0, 0, 0, 0, 'Commission from Seller', 1639379395),
(371, 1015, NULL, NULL, 2003, NULL, NULL, NULL, NULL, NULL, NULL, NULL, NULL, NULL, 0, 0, 1.50, 'addiction', 'income', 'automatic', 1017, 0, 1, 0, 0, 'public.get_commission_from_referral', 1639379395),
(372, 995, NULL, NULL, 2009, NULL, NULL, NULL, NULL, NULL, NULL, NULL, NULL, NULL, 0, 0, 11.00, 'deduction', 'asset', 'automatic', NULL, 0, 0, 0, 0, 'Paid Form Credit', 1646172087),
(373, 995, NULL, NULL, 2009, NULL, NULL, NULL, NULL, NULL, NULL, NULL, NULL, NULL, 0, 1, 1.00, 'addiction', 'asset', 'automatic', NULL, 0, 0, 0, 0, 'Tax Get Form Buyer', 1646172087),
(374, 1015, NULL, NULL, 2009, NULL, NULL, NULL, NULL, NULL, NULL, NULL, NULL, NULL, 0, 0, 8.00, 'addiction', 'income', 'automatic', NULL, 0, 0, 0, 0, 'Income Sale', 1646172087),
(375, 1015, NULL, NULL, 2009, NULL, NULL, NULL, NULL, NULL, NULL, NULL, NULL, NULL, 1, 0, 2.00, 'addiction', 'income', 'automatic', NULL, 0, 0, 0, 0, 'Get Commission From Seller', 1646172087),
(376, 996, NULL, NULL, 2009, NULL, NULL, NULL, NULL, NULL, NULL, NULL, NULL, NULL, 0, 0, 9.90, 'deduction', 'asset', 'automatic', NULL, 0, 0, 0, 0, 'Paid Form Credit', 1646172124),
(377, 996, NULL, NULL, 2009, NULL, NULL, NULL, NULL, NULL, NULL, NULL, NULL, NULL, 0, 1, 0.90, 'addiction', 'asset', 'automatic', NULL, 0, 0, 0, 0, 'Tax Get Form Buyer', 1646172124),
(378, 1015, NULL, NULL, 2009, NULL, NULL, NULL, NULL, NULL, NULL, NULL, NULL, NULL, 0, 0, 7.20, 'addiction', 'income', 'automatic', NULL, 0, 0, 0, 0, 'Income Sale', 1646172124),
(379, 1015, NULL, NULL, 2009, NULL, NULL, NULL, NULL, NULL, NULL, NULL, NULL, NULL, 1, 0, 1.80, 'addiction', 'income', 'automatic', NULL, 0, 0, 0, 0, 'Get Commission From Seller', 1646172124),
(380, 979, NULL, NULL, 2009, NULL, NULL, NULL, NULL, NULL, NULL, NULL, NULL, NULL, 0, 0, 11.00, 'deduction', 'asset', 'automatic', NULL, 0, 0, 0, 0, 'Paid Form Credit', 1646172160),
(381, 979, NULL, NULL, 2009, NULL, NULL, NULL, NULL, NULL, NULL, NULL, NULL, NULL, 0, 1, 1.00, 'addiction', 'asset', 'automatic', NULL, 0, 0, 0, 0, 'Tax Get Form Buyer', 1646172160),
(382, 1015, NULL, NULL, 2009, NULL, NULL, NULL, NULL, NULL, NULL, NULL, NULL, NULL, 0, 0, 8.00, 'addiction', 'income', 'automatic', NULL, 0, 0, 0, 0, 'Income Sale', 1646172160),
(383, 1015, NULL, NULL, 2009, NULL, NULL, NULL, NULL, NULL, NULL, NULL, NULL, NULL, 1, 0, 2.00, 'addiction', 'income', 'automatic', NULL, 0, 0, 0, 0, 'Get Commission From Seller', 1646172160),
(384, 929, NULL, NULL, 2009, NULL, NULL, NULL, NULL, NULL, NULL, NULL, NULL, NULL, 0, 0, 11.00, 'deduction', 'asset', 'automatic', NULL, 0, 0, 0, 0, 'Paid Form Credit', 1646172296),
(385, 929, NULL, NULL, 2009, NULL, NULL, NULL, NULL, NULL, NULL, NULL, NULL, NULL, 0, 1, 1.00, 'addiction', 'asset', 'automatic', NULL, 0, 0, 0, 0, 'Tax Get Form Buyer', 1646172297),
(386, 1015, NULL, NULL, 2009, NULL, NULL, NULL, NULL, NULL, NULL, NULL, NULL, NULL, 0, 0, 8.00, 'addiction', 'income', 'automatic', NULL, 0, 0, 0, 0, 'Income Sale', 1646172297),
(387, 1015, NULL, NULL, 2009, NULL, NULL, NULL, NULL, NULL, NULL, NULL, NULL, NULL, 1, 0, 2.00, 'addiction', 'income', 'automatic', NULL, 0, 0, 0, 0, 'Get Commission From Seller', 1646172297),
(388, 995, NULL, NULL, NULL, NULL, 169, NULL, NULL, NULL, NULL, NULL, NULL, NULL, 0, 0, 825.00, 'deduction', 'asset', 'automatic', NULL, 0, 0, 0, 0, 'Paid for 1:00 hours of consultation', 1646379290),
(389, 995, NULL, NULL, NULL, NULL, 169, NULL, NULL, NULL, NULL, NULL, NULL, NULL, 0, 1, 75.00, 'addiction', 'asset', 'automatic', NULL, 0, 0, 0, 0, 'Tax Get Form Buyer', 1646379290),
(390, 1015, NULL, NULL, NULL, NULL, 169, NULL, NULL, NULL, NULL, NULL, NULL, NULL, 0, 0, 600.00, 'addiction', 'income', 'automatic', NULL, 0, 0, 0, 0, 'Income Sale', 1646379290),
(391, 1015, NULL, NULL, NULL, NULL, 169, NULL, NULL, NULL, NULL, NULL, NULL, NULL, 1, 0, 150.00, 'addiction', 'income', 'automatic', NULL, 0, 0, 0, 0, 'Get Commission From Seller', 1646379290),
(392, 867, 1, NULL, NULL, NULL, NULL, NULL, NULL, NULL, NULL, NULL, NULL, NULL, 0, 0, 200.00, 'addiction', 'asset', 'manual', NULL, 0, 0, 0, 0, 'gift', 1646381415),
(393, 930, NULL, NULL, NULL, NULL, NULL, NULL, NULL, 2, NULL, NULL, NULL, NULL, 0, 0, 218.90, 'deduction', 'asset', 'automatic', NULL, 0, 0, 0, 0, 'Paid Form Credit', 1646386792),
(394, 930, NULL, NULL, NULL, NULL, NULL, NULL, NULL, 2, NULL, NULL, NULL, NULL, 0, 1, 19.90, 'addiction', 'asset', 'automatic', NULL, 0, 0, 0, 0, 'Tax Get Form Buyer', 1646386797),
(395, 1, NULL, NULL, NULL, NULL, NULL, NULL, NULL, 2, NULL, NULL, NULL, NULL, 1, 0, 199.00, 'addiction', 'registration_package', 'automatic', NULL, 0, 0, 0, 0, 'Paid For Registration Package', 1646386797),
(396, 859, 1, NULL, NULL, NULL, NULL, NULL, NULL, NULL, NULL, NULL, NULL, NULL, 0, 0, 500.00, 'addiction', 'asset', 'manual', NULL, 0, 0, 0, 0, 'Charge for the test.', 1646387608),
(397, 859, NULL, NULL, NULL, NULL, NULL, NULL, NULL, 4, NULL, NULL, NULL, NULL, 0, 0, 220.00, 'deduction', 'asset', 'automatic', NULL, 0, 0, 0, 0, 'Paid Form Credit', 1646387660),
(398, 859, NULL, NULL, NULL, NULL, NULL, NULL, NULL, 4, NULL, NULL, NULL, NULL, 0, 1, 20.00, 'addiction', 'asset', 'automatic', NULL, 0, 0, 0, 0, 'Tax Get Form Buyer', 1646387660),
(399, 1, NULL, NULL, NULL, NULL, NULL, NULL, NULL, 4, NULL, NULL, NULL, NULL, 1, 0, 200.00, 'addiction', 'registration_package', 'automatic', NULL, 0, 0, 0, 0, 'Paid For Registration Package', 1646387660),
(400, 930, NULL, NULL, NULL, 1, NULL, NULL, NULL, NULL, NULL, NULL, NULL, NULL, 0, 0, 55.00, 'deduction', 'asset', 'automatic', NULL, 0, 0, 0, 0, 'Paid form credit', 1656083263),
(401, 930, NULL, NULL, NULL, 1, NULL, NULL, NULL, NULL, NULL, NULL, NULL, NULL, 0, 1, 5.00, 'addiction', 'asset', 'automatic', NULL, 0, 0, 0, 0, 'Tax form buyer', 1656083263),
(402, 1015, NULL, NULL, NULL, 1, NULL, NULL, NULL, NULL, NULL, NULL, NULL, NULL, 0, 0, 40.00, 'addiction', 'income', 'automatic', NULL, 0, 0, 0, 0, 'Sales income', 1656083263),
(403, 1015, NULL, NULL, NULL, 1, NULL, NULL, NULL, NULL, NULL, NULL, NULL, NULL, 1, 0, 10.00, 'addiction', 'income', 'automatic', NULL, 0, 0, 0, 0, 'Seller commission', 1656083263),
(404, 995, NULL, NULL, NULL, NULL, NULL, NULL, NULL, NULL, 4, NULL, NULL, NULL, 0, 0, 5.25, 'deduction', 'asset', 'automatic', NULL, 0, 0, 0, 0, 'Paid form credit', 1656103844),
(405, 995, NULL, NULL, NULL, NULL, NULL, NULL, NULL, NULL, 4, NULL, NULL, NULL, 0, 1, 0.25, 'addiction', 'asset', 'automatic', NULL, 0, 0, 0, 0, 'Tax form buyer', 1656103844),
(406, 1016, NULL, NULL, NULL, NULL, NULL, NULL, NULL, NULL, 4, NULL, NULL, NULL, 0, 0, 4.00, 'addiction', 'income', 'automatic', NULL, 0, 0, 0, 0, 'Sales income', 1656103844),
(407, 1016, NULL, NULL, NULL, NULL, NULL, NULL, NULL, NULL, 4, NULL, NULL, NULL, 1, 0, 1.00, 'addiction', 'income', 'automatic', NULL, 0, 0, 0, 0, 'Seller commission', 1656103844),
(408, 923, NULL, NULL, NULL, NULL, NULL, NULL, NULL, NULL, 1, NULL, NULL, NULL, 0, 0, 31.25, 'deduction', 'asset', 'automatic', NULL, 0, 0, 0, 0, 'Paid form credit', 1656104131),
(409, 923, NULL, NULL, NULL, NULL, NULL, NULL, NULL, NULL, 1, NULL, NULL, NULL, 0, 1, 1.25, 'addiction', 'asset', 'automatic', NULL, 0, 0, 0, 0, 'Tax form buyer', 1656104132),
(410, 1015, NULL, NULL, NULL, NULL, NULL, NULL, NULL, NULL, 1, NULL, NULL, NULL, 0, 0, 27.50, 'addiction', 'income', 'automatic', NULL, 0, 0, 0, 0, 'Sales income', 1656104132),
(411, 1015, NULL, NULL, NULL, NULL, NULL, NULL, NULL, NULL, 1, NULL, NULL, NULL, 1, 0, 2.50, 'addiction', 'income', 'automatic', NULL, 0, 0, 0, 0, 'Seller commission', 1656104132),
(412, 996, NULL, NULL, 2003, NULL, NULL, NULL, NULL, NULL, NULL, NULL, NULL, NULL, 0, 0, 39.60, 'deduction', 'asset', 'automatic', NULL, 0, 0, 0, 0, 'Paid form credit', 1656130482),
(413, 996, NULL, NULL, 2003, NULL, NULL, NULL, NULL, NULL, NULL, NULL, NULL, NULL, 0, 1, 3.60, 'addiction', 'asset', 'automatic', NULL, 0, 0, 0, 0, 'Tax form buyer', 1656130482),
(414, 864, NULL, NULL, 2003, NULL, NULL, NULL, NULL, NULL, NULL, NULL, NULL, NULL, 0, 0, 28.80, 'addiction', 'income', 'automatic', NULL, 0, 0, 0, 0, 'Sales income', 1656130482),
(415, 864, NULL, NULL, 2003, NULL, NULL, NULL, NULL, NULL, NULL, NULL, NULL, NULL, 1, 0, 7.20, 'addiction', 'income', 'automatic', NULL, 0, 0, 0, 0, 'Seller commission', 1656130482),
(416, 930, NULL, NULL, NULL, NULL, NULL, NULL, NULL, NULL, 2, NULL, NULL, NULL, 0, 0, 314.50, 'deduction', 'asset', 'automatic', NULL, 0, 0, 0, 0, 'Paid form credit', 1656130707),
(417, 930, NULL, NULL, NULL, NULL, NULL, NULL, NULL, NULL, 2, NULL, NULL, NULL, 0, 1, 14.50, 'addiction', 'asset', 'automatic', NULL, 0, 0, 0, 0, 'Tax form buyer', 1656130707),
(418, 934, NULL, NULL, NULL, NULL, NULL, NULL, NULL, NULL, 2, NULL, NULL, NULL, 0, 0, 271.00, 'addiction', 'income', 'automatic', NULL, 0, 0, 0, 0, 'Sales income', 1656130707),
(419, 934, NULL, NULL, NULL, NULL, NULL, NULL, NULL, NULL, 2, NULL, NULL, NULL, 1, 0, 29.00, 'addiction', 'income', 'automatic', NULL, 0, 0, 0, 0, 'Seller commission', 1656130707),
(420, 996, NULL, NULL, NULL, NULL, NULL, NULL, NULL, NULL, 5, NULL, NULL, NULL, 0, 0, 78.75, 'deduction', 'asset', 'automatic', NULL, 0, 0, 0, 0, 'Paid form credit', 1656130963),
(421, 996, NULL, NULL, NULL, NULL, NULL, NULL, NULL, NULL, 5, NULL, NULL, NULL, 0, 1, 3.75, 'addiction', 'asset', 'automatic', NULL, 0, 0, 0, 0, 'Tax form buyer', 1656130964),
(422, 1015, NULL, NULL, NULL, NULL, NULL, NULL, NULL, NULL, 5, NULL, NULL, NULL, 0, 0, 60.00, 'addiction', 'income', 'automatic', NULL, 0, 0, 0, 0, 'Sales income', 1656130964),
(423, 1015, NULL, NULL, NULL, NULL, NULL, NULL, NULL, NULL, 5, NULL, NULL, NULL, 1, 0, 15.00, 'addiction', 'income', 'automatic', NULL, 0, 0, 0, 0, 'Seller commission', 1656130964),
(424, 979, NULL, NULL, NULL, 2, NULL, NULL, NULL, NULL, NULL, NULL, NULL, NULL, 0, 0, 8.80, 'deduction', 'asset', 'automatic', NULL, 0, 0, 0, 0, 'Paid form credit', 1656139704),
(425, 979, NULL, NULL, NULL, 2, NULL, NULL, NULL, NULL, NULL, NULL, NULL, NULL, 0, 1, 0.80, 'addiction', 'asset', 'automatic', NULL, 0, 0, 0, 0, 'Tax form buyer', 1656139705),
(426, 934, NULL, NULL, NULL, 2, NULL, NULL, NULL, NULL, NULL, NULL, NULL, NULL, 0, 0, 6.40, 'addiction', 'income', 'automatic', NULL, 0, 0, 0, 0, 'Sales income', 1656139705),
(427, 934, NULL, NULL, NULL, 2, NULL, NULL, NULL, NULL, NULL, NULL, NULL, NULL, 1, 0, 1.60, 'addiction', 'income', 'automatic', NULL, 0, 0, 0, 0, 'Seller commission', 1656139705),
(428, 979, NULL, NULL, NULL, 3, NULL, NULL, NULL, NULL, NULL, NULL, NULL, NULL, 0, 0, 27.50, 'deduction', 'asset', 'automatic', NULL, 0, 0, 0, 0, 'Paid form credit', 1656139705),
(429, 979, NULL, NULL, NULL, 3, NULL, NULL, NULL, NULL, NULL, NULL, NULL, NULL, 0, 1, 2.50, 'addiction', 'asset', 'automatic', NULL, 0, 0, 0, 0, 'Tax form buyer', 1656139706),
(430, 929, NULL, NULL, NULL, 3, NULL, NULL, NULL, NULL, NULL, NULL, NULL, NULL, 0, 0, 20.00, 'addiction', 'income', 'automatic', NULL, 0, 0, 0, 0, 'Sales income', 1656139706),
(431, 929, NULL, NULL, NULL, 3, NULL, NULL, NULL, NULL, NULL, NULL, NULL, NULL, 1, 0, 5.00, 'addiction', 'income', 'automatic', NULL, 0, 0, 0, 0, 'Seller commission', 1656139706),
(432, 1017, NULL, NULL, NULL, NULL, NULL, NULL, NULL, NULL, 1, NULL, NULL, NULL, 0, 0, 26.00, 'deduction', 'asset', 'automatic', NULL, 0, 0, 0, 0, 'Paid form credit', 1656148574),
(433, 1017, NULL, NULL, NULL, NULL, NULL, NULL, NULL, NULL, 1, NULL, NULL, NULL, 0, 1, 1.00, 'addiction', 'asset', 'automatic', NULL, 0, 0, 0, 0, 'Tax form buyer', 1656148574),
(434, 1015, NULL, NULL, NULL, NULL, NULL, NULL, NULL, NULL, 1, NULL, NULL, NULL, 0, 0, 23.00, 'addiction', 'income', 'automatic', NULL, 0, 0, 0, 0, 'Sales income', 1656148574),
(435, 1015, NULL, NULL, NULL, NULL, NULL, NULL, NULL, NULL, 1, NULL, NULL, NULL, 1, 0, 2.00, 'addiction', 'income', 'automatic', NULL, 0, 0, 0, 0, 'Seller commission', 1656148574),
(436, 995, 1, NULL, NULL, NULL, NULL, NULL, NULL, NULL, NULL, NULL, NULL, NULL, 0, 0, 300.00, 'addiction', 'asset', 'manual', NULL, 0, 0, 0, 0, 'Gift Balance', 1656148789),
(437, 995, NULL, NULL, NULL, NULL, NULL, NULL, NULL, NULL, 1, NULL, NULL, NULL, 0, 0, 52.25, 'deduction', 'asset', 'automatic', NULL, 0, 0, 0, 0, 'Paid form credit', 1656148838),
(438, 995, NULL, NULL, NULL, NULL, NULL, NULL, NULL, NULL, 1, NULL, NULL, NULL, 0, 1, 2.25, 'addiction', 'asset', 'automatic', NULL, 0, 0, 0, 0, 'Tax form buyer', 1656148838),
(439, 1015, NULL, NULL, NULL, NULL, NULL, NULL, NULL, NULL, 1, NULL, NULL, NULL, 0, 0, 45.50, 'addiction', 'income', 'automatic', NULL, 0, 0, 0, 0, 'Sales income', 1656148838),
(440, 1015, NULL, NULL, NULL, NULL, NULL, NULL, NULL, NULL, 1, NULL, NULL, NULL, 1, 0, 4.50, 'addiction', 'income', 'automatic', NULL, 0, 0, 0, 0, 'Seller commission', 1656148838),
(441, 995, NULL, NULL, NULL, NULL, NULL, NULL, NULL, NULL, 6, NULL, NULL, NULL, 0, 0, 17.00, 'deduction', 'asset', 'automatic', NULL, 0, 0, 0, 0, 'Paid form credit', 1656322658),
(442, 995, NULL, NULL, NULL, NULL, NULL, NULL, NULL, NULL, 6, NULL, NULL, NULL, 0, 1, 1.00, 'addiction', 'asset', 'automatic', NULL, 0, 0, 0, 0, 'Tax form buyer', 1656322658),
(443, 1, NULL, NULL, NULL, NULL, NULL, NULL, NULL, NULL, 6, NULL, NULL, NULL, 0, 0, 12.00, 'addiction', 'income', 'automatic', NULL, 0, 0, 0, 0, 'Sales income', 1656322658),
(444, 1, NULL, NULL, NULL, NULL, NULL, NULL, NULL, NULL, 6, NULL, NULL, NULL, 1, 0, 4.00, 'addiction', 'income', 'automatic', NULL, 0, 0, 0, 0, 'Seller commission', 1656322658),
(739, 870, NULL, NULL, 2022, NULL, NULL, NULL, NULL, NULL, NULL, NULL, 1, NULL, 0, 0, 80.00, 'addiction', 'income', 'automatic', NULL, 0, 0, 0, 0, 'Sales income', 1678915553),
(740, 870, NULL, NULL, 2022, NULL, NULL, NULL, NULL, NULL, NULL, NULL, NULL, NULL, 1, 0, 20.00, 'addiction', 'income', 'automatic', NULL, 0, 0, 0, 0, 'Seller commission', 1678915553),
(744, 979, NULL, 694, 2004, NULL, NULL, NULL, NULL, NULL, NULL, NULL, NULL, 6, 0, 0, 39.60, 'deduction', 'asset', 'automatic', NULL, 0, 0, 0, 0, 'Paid form credit', 1678919437),
(745, 979, NULL, 694, 2004, NULL, NULL, NULL, NULL, NULL, NULL, NULL, NULL, 6, 0, 1, 3.60, 'addiction', 'asset', 'automatic', NULL, 0, 0, 0, 0, 'Tax form buyer', 1678919437),
(746, 929, NULL, 694, 2004, NULL, NULL, NULL, NULL, NULL, NULL, NULL, NULL, NULL, 0, 0, 32.40, 'addiction', 'income', 'automatic', NULL, 0, 0, 0, 0, 'Sales income', 1678919437),
(747, 929, NULL, 694, 2004, NULL, NULL, NULL, NULL, NULL, NULL, NULL, NULL, NULL, 1, 0, 3.60, 'addiction', 'income', 'automatic', NULL, 0, 0, 0, 0, 'Seller commission', 1678919437),
(788, 995, NULL, NULL, NULL, NULL, NULL, NULL, NULL, NULL, NULL, NULL, NULL, NULL, 0, 0, 20.00, 'addiction', 'income', 'automatic', 1045, 1, 0, 0, 0, 'Affiliate income', 1678958778),
(789, 995, NULL, NULL, NULL, NULL, NULL, NULL, NULL, NULL, NULL, NULL, NULL, NULL, 1, 0, 20.00, 'deduction', 'income', 'automatic', 1045, 1, 0, 0, 0, 'Affiliate income', 1678958778),
(790, 1045, NULL, NULL, NULL, NULL, NULL, NULL, NULL, NULL, NULL, NULL, NULL, NULL, 0, 0, 10.00, 'addiction', 'income', 'automatic', NULL, 1, 0, 0, 0, 'Affiliate income', 1678958778),
(791, 1045, NULL, NULL, NULL, NULL, NULL, NULL, NULL, NULL, NULL, NULL, NULL, NULL, 1, 0, 10.00, 'deduction', 'income', 'automatic', NULL, 1, 0, 0, 0, 'Affiliate income', 1678958778),
(792, 1045, 1, NULL, NULL, NULL, NULL, NULL, NULL, NULL, NULL, NULL, NULL, NULL, 0, 0, 150.00, 'addiction', 'asset', 'manual', NULL, 0, 0, 0, 0, 'test', 1678959187),
(793, 1045, NULL, 701, 2022, NULL, NULL, NULL, NULL, NULL, NULL, NULL, NULL, NULL, 0, 0, 110.00, 'deduction', 'asset', 'automatic', NULL, 0, 0, 0, 0, 'Paid form credit', 1678959222),
(794, 1045, NULL, 701, 2022, NULL, NULL, NULL, NULL, NULL, NULL, NULL, NULL, NULL, 0, 1, 10.00, 'addiction', 'asset', 'automatic', NULL, 0, 0, 0, 0, 'Tax form buyer', 1678959222),
(795, 870, NULL, 701, 2022, NULL, NULL, NULL, NULL, NULL, NULL, NULL, NULL, NULL, 0, 0, 80.00, 'addiction', 'income', 'automatic', NULL, 0, 0, 0, 0, 'Sales income', 1678959222),
(796, 870, NULL, 701, 2022, NULL, NULL, NULL, NULL, NULL, NULL, NULL, NULL, NULL, 1, 0, 15.00, 'addiction', 'income', 'automatic', NULL, 0, 0, 0, 0, 'Seller commission', 1678959222),
(797, 995, NULL, 701, 2022, NULL, NULL, NULL, NULL, NULL, NULL, NULL, NULL, NULL, 0, 0, 5.00, 'addiction', 'income', 'automatic', 1045, 0, 1, 0, 0, 'Affiliate income', 1678959222),
(798, 995, NULL, NULL, NULL, NULL, NULL, NULL, NULL, NULL, NULL, NULL, NULL, NULL, 0, 0, 20.00, 'addiction', 'income', 'automatic', 1046, 1, 0, 0, 0, 'Affiliate income', 1678959533),
(799, 995, NULL, NULL, NULL, NULL, NULL, NULL, NULL, NULL, NULL, NULL, NULL, NULL, 1, 0, 20.00, 'deduction', 'income', 'automatic', 1046, 1, 0, 0, 0, 'Affiliate income', 1678959533),
(800, 1046, NULL, NULL, NULL, NULL, NULL, NULL, NULL, NULL, NULL, NULL, NULL, NULL, 0, 0, 10.00, 'addiction', 'income', 'automatic', NULL, 1, 0, 0, 0, 'Affiliate income', 1678959533),
(801, 1046, NULL, NULL, NULL, NULL, NULL, NULL, NULL, NULL, NULL, NULL, NULL, NULL, 1, 0, 10.00, 'deduction', 'income', 'automatic', NULL, 1, 0, 0, 0, 'Affiliate income', 1678959533),
(805, 930, NULL, 703, 2004, NULL, NULL, NULL, NULL, NULL, NULL, NULL, NULL, NULL, 0, 0, 39.60, 'deduction', 'asset', 'automatic', NULL, 0, 0, 0, 0, 'Paid form credit', 1678961218),
(806, 930, NULL, 703, 2004, NULL, NULL, NULL, NULL, NULL, NULL, NULL, NULL, NULL, 0, 1, 3.60, 'addiction', 'asset', 'automatic', NULL, 0, 0, 0, 0, 'Tax form buyer', 1678961218),
(807, 929, NULL, 703, 2004, NULL, NULL, NULL, NULL, NULL, NULL, NULL, NULL, NULL, 0, 0, 32.40, 'addiction', 'income', 'automatic', NULL, 0, 0, 0, 0, 'Sales income', 1678961218),
(808, 929, NULL, 703, 2004, NULL, NULL, NULL, NULL, NULL, NULL, NULL, NULL, NULL, 1, 0, 3.60, 'addiction', 'income', 'automatic', NULL, 0, 0, 0, 0, 'Seller commission', 1678961218),
(809, 930, NULL, 703, 2004, NULL, NULL, NULL, NULL, NULL, NULL, NULL, NULL, NULL, 0, 0, 3.60, 'addiction', 'asset', 'automatic', NULL, 0, 0, 0, 1, 'Cashback For Course', 1678961218),
(810, 930, NULL, 703, 2004, NULL, NULL, NULL, NULL, NULL, NULL, NULL, NULL, NULL, 1, 0, 3.60, 'deduction', 'asset', 'automatic', NULL, 0, 0, 0, 1, 'Cashback For Course', 1678961218),
(812, 870, NULL, NULL, 2022, NULL, NULL, NULL, NULL, NULL, NULL, NULL, NULL, NULL, 1, 0, 20.00, 'addiction', 'income', 'automatic', NULL, 0, 0, 0, 0, 'Seller commission', 1678961558),
(816, 979, NULL, 704, NULL, NULL, NULL, NULL, NULL, NULL, NULL, NULL, NULL, NULL, 0, 0, 3.00, 'addiction', 'asset', 'automatic', NULL, 0, 0, 0, 1, NULL, 1678961652),
(817, 979, NULL, 704, NULL, NULL, NULL, NULL, NULL, NULL, NULL, NULL, NULL, NULL, 1, 0, 3.00, 'deduction', 'asset', 'automatic', NULL, 0, 0, 0, 1, NULL, 1678961652),
(818, 1045, NULL, 705, 2000, NULL, NULL, NULL, NULL, NULL, NULL, NULL, NULL, NULL, 0, 0, 33.00, 'deduction', 'asset', 'automatic', NULL, 0, 0, 0, 0, 'Paid form credit', 1679088431),
(819, 1045, NULL, 705, 2000, NULL, NULL, NULL, NULL, NULL, NULL, NULL, NULL, NULL, 0, 1, 3.00, 'addiction', 'asset', 'automatic', NULL, 0, 0, 0, 0, 'Tax form buyer', 1679088431),
(820, 867, NULL, 705, 2000, NULL, NULL, NULL, NULL, NULL, NULL, NULL, NULL, NULL, 0, 0, 24.00, 'addiction', 'income', 'automatic', NULL, 0, 0, 0, 0, 'Sales income', 1679088431),
(821, 867, NULL, 705, 2000, NULL, NULL, NULL, NULL, NULL, NULL, NULL, NULL, NULL, 1, 0, 4.50, 'addiction', 'income', 'automatic', NULL, 0, 0, 0, 0, 'Seller commission', 1679088431),
(822, 995, NULL, 705, 2000, NULL, NULL, NULL, NULL, NULL, NULL, NULL, NULL, NULL, 0, 0, 1.50, 'addiction', 'income', 'automatic', 1045, 0, 1, 0, 0, 'Affiliate income', 1679088431),
(823, 1045, NULL, 705, 2000, NULL, NULL, NULL, NULL, NULL, NULL, NULL, NULL, NULL, 0, 0, 3.00, 'addiction', 'asset', 'automatic', NULL, 0, 0, 0, 1, 'Cashback For Course', 1679088431),
(824, 1045, NULL, 705, 2000, NULL, NULL, NULL, NULL, NULL, NULL, NULL, NULL, NULL, 1, 0, 3.00, 'deduction', 'asset', 'automatic', NULL, 0, 0, 0, 1, 'Cashback For Course', 1679088431),
(825, 995, NULL, 706, NULL, NULL, NULL, NULL, NULL, NULL, NULL, 1, NULL, NULL, 0, 0, 33.00, 'deduction', 'asset', 'automatic', NULL, 0, 0, 0, 0, 'Paid form credit', 1685783051),
(826, 995, NULL, 706, NULL, NULL, NULL, NULL, NULL, NULL, NULL, 1, NULL, NULL, 0, 1, 3.00, 'addiction', 'asset', 'automatic', NULL, 0, 0, 0, 0, 'Tax form buyer', 1685783051),
(827, 1, NULL, 706, NULL, NULL, NULL, NULL, NULL, NULL, NULL, 1, NULL, NULL, 1, 0, 30.00, 'addiction', 'installment_payment', 'automatic', NULL, 0, 0, 0, 0, 'Installment Upfront', 1685783051),
(828, 995, NULL, 706, NULL, NULL, NULL, NULL, NULL, NULL, NULL, NULL, NULL, NULL, 0, 0, 3.00, 'addiction', 'asset', 'automatic', NULL, 0, 0, 0, 1, NULL, 1685783051),
(829, 995, NULL, 706, NULL, NULL, NULL, NULL, NULL, NULL, NULL, NULL, NULL, NULL, 1, 0, 3.00, 'deduction', 'asset', 'automatic', NULL, 0, 0, 0, 1, NULL, 1685783051),
(830, 870, NULL, NULL, 2022, NULL, NULL, NULL, NULL, NULL, NULL, NULL, 1, NULL, 0, 0, 80.00, 'addiction', 'income', 'automatic', NULL, 0, 0, 0, 0, 'Sales income', 1685783075),
(831, 870, NULL, NULL, 2022, NULL, NULL, NULL, NULL, NULL, NULL, NULL, NULL, NULL, 1, 0, 20.00, 'addiction', 'income', 'automatic', NULL, 0, 0, 0, 0, 'Seller commission', 1685783075),
(832, 930, NULL, 707, NULL, NULL, NULL, NULL, NULL, NULL, NULL, 2, NULL, NULL, 0, 0, 33.00, 'deduction', 'asset', 'automatic', NULL, 0, 0, 0, 0, 'Paid form credit', 1685783153),
(833, 930, NULL, 707, NULL, NULL, NULL, NULL, NULL, NULL, NULL, 2, NULL, NULL, 0, 1, 3.00, 'addiction', 'asset', 'automatic', NULL, 0, 0, 0, 0, 'Tax form buyer', 1685783153),
(834, 1, NULL, 707, NULL, NULL, NULL, NULL, NULL, NULL, NULL, 2, NULL, NULL, 1, 0, 30.00, 'addiction', 'installment_payment', 'automatic', NULL, 0, 0, 0, 0, 'Installment Upfront', 1685783153),
(835, 930, NULL, 707, NULL, NULL, NULL, NULL, NULL, NULL, NULL, NULL, NULL, NULL, 0, 0, 3.00, 'addiction', 'asset', 'automatic', NULL, 0, 0, 0, 1, NULL, 1685783153),
(836, 930, NULL, 707, NULL, NULL, NULL, NULL, NULL, NULL, NULL, NULL, NULL, NULL, 1, 0, 3.00, 'deduction', 'asset', 'automatic', NULL, 0, 0, 0, 1, NULL, 1685783153),
(837, 1015, NULL, 708, NULL, NULL, NULL, 5, NULL, NULL, NULL, NULL, NULL, NULL, 0, 0, 44.00, 'deduction', 'asset', 'automatic', NULL, 0, 0, 0, 0, 'Paid via account credit', 1751723593),
(838, 1015, NULL, 708, NULL, NULL, NULL, 5, NULL, NULL, NULL, NULL, NULL, NULL, 0, 1, 4.00, 'addiction', 'asset', 'automatic', NULL, 0, 0, 0, 0, 'Tax received from buyer', 1751723593),
(839, NULL, NULL, 708, NULL, NULL, NULL, 5, NULL, NULL, NULL, NULL, NULL, NULL, 1, 0, 40.00, 'addiction', 'subscribe', 'automatic', NULL, 0, 0, 0, 0, 'Subscription income', 1751723593),
(840, 1015, NULL, 708, NULL, NULL, NULL, 5, NULL, NULL, NULL, NULL, NULL, NULL, 0, 0, 4.00, 'addiction', 'asset', 'automatic', NULL, 0, 0, 0, 1, 'Cashback For Subscribe', 1751723593),
(841, 1015, NULL, 708, NULL, NULL, NULL, 5, NULL, NULL, NULL, NULL, NULL, NULL, 1, 0, 4.00, 'deduction', 'asset', 'automatic', NULL, 0, 0, 0, 1, 'Cashback For Subscribe', 1751723593),
(842, 995, NULL, 709, NULL, NULL, 99, NULL, NULL, NULL, NULL, NULL, NULL, NULL, 0, 0, 110.00, 'deduction', 'asset', 'automatic', NULL, 0, 0, 0, 0, 'Paid for 1:00 hour(s) of consultation.', 1751723857),
(843, 995, NULL, 709, NULL, NULL, 99, NULL, NULL, NULL, NULL, NULL, NULL, NULL, 0, 1, 10.00, 'addiction', 'asset', 'automatic', NULL, 0, 0, 0, 0, 'Tax received from buyer', 1751723857),
(844, 1015, NULL, 709, NULL, NULL, 99, NULL, NULL, NULL, NULL, NULL, NULL, NULL, 0, 0, 70.00, 'addiction', 'income', 'automatic', NULL, 0, 0, 0, 0, 'Sales income', 1751723857),
(845, 1015, NULL, 709, NULL, NULL, 99, NULL, NULL, NULL, NULL, NULL, NULL, NULL, 1, 0, 30.00, 'addiction', 'income', 'automatic', NULL, 0, 0, 0, 0, 'Commission from seller', 1751723857),
(846, 995, NULL, 709, NULL, NULL, 99, NULL, NULL, NULL, NULL, NULL, NULL, NULL, 0, 0, 10.00, 'addiction', 'asset', 'automatic', NULL, 0, 0, 0, 1, 'Cashback For Meeting', 1751723858),
(847, 995, NULL, 709, NULL, NULL, 99, NULL, NULL, NULL, NULL, NULL, NULL, NULL, 1, 0, 10.00, 'deduction', 'asset', 'automatic', NULL, 0, 0, 0, 1, 'Cashback For Meeting', 1751723858);

-- --------------------------------------------------------

--
-- Table structure for table `advertising_banners`
--

CREATE TABLE `advertising_banners` (
  `id` int(10) UNSIGNED NOT NULL,
  `position` enum('home1','home2','course','course_sidebar','product_show','bundle','bundle_sidebar','upcoming_course','upcoming_course_sidebar') NOT NULL,
  `size` int(10) UNSIGNED NOT NULL DEFAULT 12,
  `link` varchar(255) NOT NULL,
  `published` tinyint(1) NOT NULL DEFAULT 0,
  `created_at` int(10) UNSIGNED NOT NULL
) ENGINE=InnoDB DEFAULT CHARSET=utf8mb4 COLLATE=utf8mb4_unicode_ci ROW_FORMAT=DYNAMIC;

--
-- Dumping data for table `advertising_banners`
--

INSERT INTO `advertising_banners` (`id`, `position`, `size`, `link`, `published`, `created_at`) VALUES
(6, 'course_sidebar', 12, '/instructor-finder', 1, 1607886391),
(7, 'course_sidebar', 12, '/reward-courses', 1, 1607886440),
(8, 'product_show', 12, '/forums', 1, 1656569687),
(9, 'bundle_sidebar', 12, '/reward-courses', 1, 1656571896);

-- --------------------------------------------------------

--
-- Table structure for table `advertising_banners_translations`
--

CREATE TABLE `advertising_banners_translations` (
  `id` int(10) UNSIGNED NOT NULL,
  `advertising_banner_id` int(10) UNSIGNED NOT NULL,
  `locale` varchar(255) NOT NULL,
  `title` varchar(255) NOT NULL,
  `image` varchar(255) NOT NULL
) ENGINE=InnoDB DEFAULT CHARSET=utf8mb4 COLLATE=utf8mb4_unicode_ci;

--
-- Dumping data for table `advertising_banners_translations`
--

INSERT INTO `advertising_banners_translations` (`id`, `advertising_banner_id`, `locale`, `title`, `image`) VALUES
(4, 6, 'en', 'Meeting Booking - Course page', '/store/1/default_images/banners/meeting-banner-side.png'),
(5, 7, 'en', 'Reward - Course page', '/store/1/default_images/banners/rewards-banner-side.png'),
(13, 6, 'ar', 'حجز اجتماع - صفحة الدورة', '/store/1/default_images/banners/reserve_a_meeting_ar.png'),
(14, 6, 'es', 'Reservar una reunión - página del curso', '/store/1/default_images/banners/reserve_a_meeting_es.png'),
(15, 7, 'ar', 'التحقق من صحة الشهادة - صفحة الدورة', '/store/1/default_images/banners/validate_certificates_banner_ar.png'),
(16, 7, 'es', 'Validación del certificado - página del curso', '/store/1/default_images/banners/validate_certificates_banner_es.png'),
(17, 8, 'en', 'Forums - Product page', '/store/1/default_images/banners/forum-banner-full.png'),
(18, 8, 'ar', 'المتجر - صفحة المنتج', '/store/1/default_images/banners/store_ar.png'),
(19, 8, 'es', 'Tienda - Página del producto', '/store/1/default_images/banners/store_es.png'),
(20, 9, 'en', 'Rewards - Bundle Sidebar', '/store/1/default_images/banners/rewards-banner-side.png'),
(21, 9, 'ar', 'حزمة الدورة - الشريط الجانبي', '/store/1/default_images/banners/bundle_ar.png'),
(22, 9, 'es', 'Paquete de cursos - Barra lateral', '/store/1/default_images/banners/bundle_es.png');

-- --------------------------------------------------------

--
-- Table structure for table `affiliates`
--

CREATE TABLE `affiliates` (
  `id` int(10) UNSIGNED NOT NULL,
  `affiliate_user_id` int(10) UNSIGNED NOT NULL,
  `referred_user_id` int(10) UNSIGNED NOT NULL,
  `created_at` int(10) UNSIGNED NOT NULL
) ENGINE=InnoDB DEFAULT CHARSET=utf8mb4 COLLATE=utf8mb4_unicode_ci;

--
-- Dumping data for table `affiliates`
--

INSERT INTO `affiliates` (`id`, `affiliate_user_id`, `referred_user_id`, `created_at`) VALUES
(1, 1015, 1017, 1639378855),
(14, 995, 1045, 1678958778),
(15, 995, 1046, 1678959533);

-- --------------------------------------------------------

--
-- Table structure for table `affiliates_codes`
--

CREATE TABLE `affiliates_codes` (
  `id` int(10) UNSIGNED NOT NULL,
  `user_id` int(10) UNSIGNED NOT NULL,
  `code` varchar(32) NOT NULL,
  `created_at` int(10) UNSIGNED NOT NULL
) ENGINE=InnoDB DEFAULT CHARSET=utf8mb4 COLLATE=utf8mb4_unicode_ci;

--
-- Dumping data for table `affiliates_codes`
--

INSERT INTO `affiliates_codes` (`id`, `user_id`, `code`, `created_at`) VALUES
(2, 995, '422536', 1635366391),
(3, 996, '442769', 1635420731),
(4, 1015, '822047', 1639378662);

-- --------------------------------------------------------

--
-- Table structure for table `agora_history`
--

CREATE TABLE `agora_history` (
  `id` int(10) UNSIGNED NOT NULL,
  `session_id` int(10) UNSIGNED NOT NULL,
  `start_at` int(10) UNSIGNED NOT NULL,
  `end_at` int(10) UNSIGNED DEFAULT NULL
) ENGINE=InnoDB DEFAULT CHARSET=utf8mb4 COLLATE=utf8mb4_unicode_ci;

--
-- Dumping data for table `agora_history`
--

INSERT INTO `agora_history` (`id`, `session_id`, `start_at`, `end_at`) VALUES
(1, 74, 1646391218, 1646391343),
(2, 76, 1646391739, 1646391984);

-- --------------------------------------------------------

--
-- Table structure for table `ai_contents`
--

CREATE TABLE `ai_contents` (
  `id` int(10) UNSIGNED NOT NULL,
  `user_id` int(10) UNSIGNED NOT NULL,
  `service_type` enum('text','image') NOT NULL,
  `service_id` int(10) UNSIGNED DEFAULT NULL,
  `keyword` varchar(255) DEFAULT NULL,
  `language` varchar(255) DEFAULT NULL,
  `prompt` text DEFAULT NULL,
  `result` text DEFAULT NULL,
  `created_at` bigint(20) UNSIGNED NOT NULL
) ENGINE=InnoDB DEFAULT CHARSET=utf8mb4 COLLATE=utf8mb4_unicode_ci;

--
-- Dumping data for table `ai_contents`
--

INSERT INTO `ai_contents` (`id`, `user_id`, `service_type`, `service_id`, `keyword`, `language`, `prompt`, `result`, `created_at`) VALUES
(1, 1, 'text', 5, 'Laravel', 'English', 'Generate a text with the Laravel subject in English language with less than 100 word for a blog short description.', '{\"text\":\"Discover the power of Laravel \\u2013 an elegant and intuitive PHP framework designed for web artisans. With its extensive set of tools and libraries, Laravel empowers developers to create robust and scalable web applications with ease. Whether you\\u2019re a beginner or a seasoned professional, delve into the world of Laravel and unlock unparalleled efficiency and productivity in your coding journey. Join us as we explore the wonders of Laravel and its seamless integration capabilities, making web development a breeze.\",\"images\":[]}', 1694943786),
(2, 1015, 'text', 2, 'Photoshop', 'English', 'Generate a text with the Photoshop subject in English language with less than 40 word.', '{\"text\":\"\\\"Learn Photoshop to create stunning graphics, edit images, and design captivating visuals like a pro. Enhance your skills with tools like layers, filters, and blending modes, and unleash your creativity with endless possibilities in the world of digital art.\\\"\",\"images\":[]}', 1694943916),
(4, 1015, 'image', 7, 'Solar Energy', 'English', 'Generate an image with the Solar Energy subject.', '{\"text\":null,\"images\":[\"https:\\/\\/oaidalleapiprodscus.blob.core.windows.net\\/private\\/org-GBuDNNbkAYzVp9PHiPsBuZQ0\\/user-pJ94XsEfNjj0eLFo1wAdIwaZ\\/img-ZJvNYiEHIhmNhSpwLOM3ACQ7.png?st=2023-09-17T08%3A54%3A47Z&se=2023-09-17T10%3A54%3A47Z&sp=r&sv=2021-08-06&sr=b&rscd=inline&rsct=image\\/png&skoid=6aaadede-4fb3-4698-a8f6-684d7786b067&sktid=a48cca56-e6da-484e-a814-9c849652bcb3&skt=2023-09-16T23%3A11%3A34Z&ske=2023-09-17T23%3A11%3A34Z&sks=b&skv=2021-08-06&sig=mpGi\\/cRB0RQGPdGeubJnAE4K92tkBam16iV4VLKrd%2BU%3D\"]}', 1694944488),
(5, 870, 'image', 7, 'Health And Fitness', 'English', 'Generate an image with the Health And Fitness subject.', '{\"text\":null,\"images\":[\"https:\\/\\/oaidalleapiprodscus.blob.core.windows.net\\/private\\/org-GBuDNNbkAYzVp9PHiPsBuZQ0\\/user-pJ94XsEfNjj0eLFo1wAdIwaZ\\/img-DwaSM7I2pREUcycrl5CqeBFj.png?st=2023-09-17T08%3A59%3A21Z&se=2023-09-17T10%3A59%3A21Z&sp=r&sv=2021-08-06&sr=b&rscd=inline&rsct=image\\/png&skoid=6aaadede-4fb3-4698-a8f6-684d7786b067&sktid=a48cca56-e6da-484e-a814-9c849652bcb3&skt=2023-09-16T23%3A09%3A38Z&ske=2023-09-17T23%3A09%3A38Z&sks=b&skv=2021-08-06&sig=ajGTGay2jhn\\/%2BwFUkllhoWCTCDBhifM2Ux3K5yghpeA%3D\"]}', 1694944761),
(6, 870, 'text', 2, 'Fitness', 'English', 'Generate a text with the Fitness subject in English language with less than 40 word.', '{\"text\":\"\\\"Regular exercise is crucial for maintaining a healthy lifestyle. It improves cardiovascular health, boosts mental wellbeing, and enhances overall strength and endurance. Don\'t underestimate the power of staying fit!\\\"\",\"images\":[]}', 1694944995),
(7, 870, 'image', 7, 'Gym', 'English', 'Generate an image with the Gym subject.', '{\"text\":null,\"images\":[\"https:\\/\\/oaidalleapiprodscus.blob.core.windows.net\\/private\\/org-GBuDNNbkAYzVp9PHiPsBuZQ0\\/user-pJ94XsEfNjj0eLFo1wAdIwaZ\\/img-fXlKAqDK3czIYoRwrWMbyBTY.png?st=2023-09-17T09%3A03%3A51Z&se=2023-09-17T11%3A03%3A51Z&sp=r&sv=2021-08-06&sr=b&rscd=inline&rsct=image\\/png&skoid=6aaadede-4fb3-4698-a8f6-684d7786b067&sktid=a48cca56-e6da-484e-a814-9c849652bcb3&skt=2023-09-16T23%3A16%3A02Z&ske=2023-09-17T23%3A16%3A02Z&sks=b&skv=2021-08-06&sig=0f%2BXJgBKuXWbutQOE\\/ZThK6a27Hg2rofDll2VW2CRDM%3D\"]}', 1694945031);

-- --------------------------------------------------------

--
-- Table structure for table `ai_content_templates`
--

CREATE TABLE `ai_content_templates` (
  `id` int(10) UNSIGNED NOT NULL,
  `type` enum('text','image') NOT NULL,
  `enable_length` tinyint(1) NOT NULL DEFAULT 0,
  `length` int(10) UNSIGNED DEFAULT NULL,
  `image_size` enum('256','512','1024') DEFAULT NULL,
  `enable` tinyint(1) NOT NULL DEFAULT 0,
  `created_at` bigint(20) UNSIGNED NOT NULL
) ENGINE=InnoDB DEFAULT CHARSET=utf8mb4 COLLATE=utf8mb4_unicode_ci;

--
-- Dumping data for table `ai_content_templates`
--

INSERT INTO `ai_content_templates` (`id`, `type`, `enable_length`, `length`, `image_size`, `enable`, `created_at`) VALUES
(1, 'text', 1, 5, NULL, 1, 1694939030),
(2, 'text', 1, 40, NULL, 1, 1694940999),
(3, 'text', 1, 300, NULL, 1, 1694941070),
(4, 'text', 1, 5, NULL, 1, 1694941199),
(5, 'text', 1, 100, NULL, 1, 1694941500),
(6, 'text', 1, 300, NULL, 1, 1694941560),
(7, 'image', 0, NULL, '512', 1, 1694942113),
(8, 'text', 1, 160, NULL, 1, 1694942972),
(9, 'text', 1, 160, NULL, 1, 1694970677),
(10, 'text', 1, 300, NULL, 1, 1694970808),
(11, 'text', 1, 150, NULL, 1, 1694971282),
(12, 'text', 0, NULL, NULL, 1, 1694994114),
(13, 'text', 0, NULL, NULL, 1, 1694994456),
(14, 'text', 1, 200, NULL, 1, 1694994762),
(15, 'text', 1, 200, NULL, 1, 1694995011),
(16, 'text', 1, 300, NULL, 1, 1694995299),
(17, 'text', 1, 100, NULL, 1, 1694995502),
(18, 'text', 1, 5, NULL, 1, 1695024064),
(19, 'text', 1, 300, NULL, 1, 1695024166),
(20, 'text', 1, 160, NULL, 1, 1695024265);

-- --------------------------------------------------------

--
-- Table structure for table `ai_content_template_translations`
--

CREATE TABLE `ai_content_template_translations` (
  `id` int(10) UNSIGNED NOT NULL,
  `ai_content_template_id` int(10) UNSIGNED NOT NULL,
  `locale` varchar(191) NOT NULL,
  `title` varchar(255) NOT NULL,
  `prompt` text DEFAULT NULL
) ENGINE=InnoDB DEFAULT CHARSET=utf8mb4 COLLATE=utf8mb4_unicode_ci;

--
-- Dumping data for table `ai_content_template_translations`
--

INSERT INTO `ai_content_template_translations` (`id`, `ai_content_template_id`, `locale`, `title`, `prompt`) VALUES
(1, 1, 'en', 'Course Title', 'Generate a text with the [keyword] subject in [language] language with less than [length] word for a course title.'),
(2, 2, 'en', 'Course Short Description', 'Generate a text with the [keyword] subject in the [language] language with less than [length] words.'),
(3, 3, 'en', 'Course Long Description', 'Generate a text with the [keyword] subject in the [language] language with less than [length] words.'),
(4, 4, 'en', 'Blog Title', 'Generate a text with the [keyword] subject in the [language] language with less than [length] words for a blog title.'),
(5, 5, 'en', 'Blog Short Description', 'Generate a text with the [keyword] subject in the [language] language with less than [length] words for a blog short description.'),
(6, 6, 'en', 'Blog Long Description', 'Generate a text with the [keyword] subject in the [language] language with less than [length] words for a blog description.'),
(7, 7, 'en', 'Genrate Image', 'Generate an image with the [keyword] subject.'),
(8, 8, 'en', 'Course SEO Description', 'Generate a text with the [keyword] subject in the [language] language with less than [length] words for a course SEO description.'),
(9, 9, 'en', 'Blog SEO Description', 'Generate a text with the [keyword] subject in the [language] language with less than [length] words for a blog SEO description.'),
(10, 10, 'en', 'Upcoming Course Description', 'Generate a text with the [keyword] subject in the [language] language with less than [length] words for an upcoming course.'),
(11, 11, 'en', 'Quiz Question', 'Generate a question with the [keyword] subject in the [language] language with less than [length] words.'),
(12, 12, 'en', 'Generate FAQ', 'Generate a faq with the [keyword] subject in the [keyword] language.'),
(13, 13, 'en', 'Course Requirements', 'Generate requirements for a course with [keyword] subject in [language].'),
(14, 14, 'en', 'Form Description', 'Generate a text with the [keyword] subject in the [language] language with less than [length] words for a form description.'),
(15, 15, 'en', 'Course Advertising Description', 'Generate a text with the [keyword] subject in [language] with less than [length] words for a course advertising description.'),
(16, 16, 'en', '\"About Us\" Page Description', 'Generate a text with the [keyword] subject in [language] with less than [length] words for the \"About Us\" page description.'),
(17, 17, 'en', 'Generate Notice', 'Generate a text with the [keyword] subject in [language] with less than [length] words for notice.'),
(18, 18, 'en', 'Store Product Title', 'Generate a text with the [keyword] subject in [language] language with less than [length] word for a product title.'),
(19, 19, 'en', 'Store Product Description', 'Generate a text with the [keyword] subject in the [language] language with less than [length] words for a store product description.'),
(20, 20, 'en', 'Store Product SEO Description', 'Generate a text with the [keyword] subject in the [language] language with less than [length] words for a store product  SEO description.');

-- --------------------------------------------------------

--
-- Table structure for table `badges`
--

CREATE TABLE `badges` (
  `id` int(10) UNSIGNED NOT NULL,
  `image` varchar(255) NOT NULL,
  `type` enum('register_date','course_count','course_rate','sale_count','support_rate','product_sale_count','make_topic','send_post_in_topic','instructor_blog') NOT NULL,
  `condition` varchar(128) NOT NULL,
  `score` int(11) DEFAULT NULL,
  `created_at` int(10) UNSIGNED NOT NULL
) ENGINE=InnoDB DEFAULT CHARSET=utf8mb4 COLLATE=utf8mb4_unicode_ci ROW_FORMAT=DYNAMIC;

--
-- Dumping data for table `badges`
--

INSERT INTO `badges` (`id`, `image`, `type`, `condition`, `score`, `created_at`) VALUES
(21, '/store/1/default_images/badges/registration1.svg', 'register_date', '{\"from\":\"1\",\"to\":\"30\"}', 5, 1625553769),
(22, '/store/1/default_images/badges/registration2.svg', 'register_date', '{\"from\":\"31\",\"to\":\"365\"}', 10, 1625554171),
(23, '/store/1/default_images/badges/registration3.svg', 'register_date', '{\"from\":\"365\",\"to\":\"1000\"}', 15, 1625554495),
(24, '/store/1/default_images/badges/courses1.svg', 'course_count', '{\"from\":\"1\",\"to\":\"1\"}', 10, 1625554772),
(25, '/store/1/default_images/badges/courses2.svg', 'course_count', '{\"from\":\"2\",\"to\":\"2\"}', 20, 1625554960),
(26, '/store/1/default_images/badges/courses3.svg', 'course_count', '{\"from\":\"3\",\"to\":\"6\"}', 30, 1625555421),
(27, '/store/1/default_images/badges/rating1.svg', 'course_rate', '{\"from\":\"2\",\"to\":\"3\"}', NULL, 1625556048),
(28, '/store/1/default_images/badges/rating2.svg', 'course_rate', '{\"from\":\"3\",\"to\":\"4\"}', 10, 1625556159),
(29, '/store/1/default_images/badges/rating3.svg', 'course_rate', '{\"from\":\"4\",\"to\":\"5\"}', 50, 1625556284),
(30, '/store/1/default_images/badges/sales1.svg', 'sale_count', '{\"from\":\"1\",\"to\":\"2\"}', NULL, 1625557021),
(31, '/store/1/default_images/badges/sales2.svg', 'sale_count', '{\"from\":\"3\",\"to\":\"9\"}', 20, 1625557247),
(32, '/store/1/default_images/badges/sales3.svg', 'sale_count', '{\"from\":\"10\",\"to\":\"20\"}', 50, 1625558061),
(33, '/store/1/default_images/badges/support1.svg', 'support_rate', '{\"from\":\"2\",\"to\":\"3\"}', NULL, 1625558473),
(34, '/store/1/default_images/badges/support2.svg', 'support_rate', '{\"from\":\"3\",\"to\":\"4\"}', NULL, 1625558682),
(35, '/store/1/default_images/badges/support3.svg', 'support_rate', '{\"from\":\"4\",\"to\":\"5\"}', 20, 1625558892),
(36, '/store/1/default_images/badges/store1.svg', 'product_sale_count', '{\"from\":\"5\",\"to\":\"9\"}', 5, 1656145531),
(37, '/store/1/default_images/badges/store2.svg', 'product_sale_count', '{\"from\":\"10\",\"to\":\"15\"}', 10, 1656145677),
(38, '/store/1/default_images/badges/forum1.svg', 'make_topic', '{\"from\":\"1\",\"to\":\"5\"}', 10, 1656145989),
(39, '/store/1/default_images/badges/forum2.svg', 'make_topic', '{\"from\":\"6\",\"to\":\"10\"}', 15, 1656146136),
(40, '/store/1/default_images/badges/articles1.svg', 'instructor_blog', '{\"from\":\"5\",\"to\":\"10\"}', 20, 1656146397),
(41, '/store/1/default_images/badges/forum_replies_1.svg', 'send_post_in_topic', '{\"from\":\"20\",\"to\":\"30\"}', 10, 1656146689);

-- --------------------------------------------------------

--
-- Table structure for table `badge_translations`
--

CREATE TABLE `badge_translations` (
  `id` bigint(20) UNSIGNED NOT NULL,
  `badge_id` int(10) UNSIGNED NOT NULL,
  `locale` varchar(255) NOT NULL,
  `title` varchar(255) NOT NULL,
  `description` text NOT NULL
) ENGINE=InnoDB DEFAULT CHARSET=utf8mb4 COLLATE=utf8mb4_unicode_ci;

--
-- Dumping data for table `badge_translations`
--

INSERT INTO `badge_translations` (`id`, `badge_id`, `locale`, `title`, `description`) VALUES
(1, 21, 'en', 'New User', '1 Month of Membership'),
(2, 22, 'en', 'Loyal User', '1 year of Membership'),
(3, 23, 'en', 'Faithful User', 'Old Membership'),
(4, 24, 'en', 'Junior Vendor', 'Has 1 Class'),
(5, 25, 'en', 'Senior Vendor', 'Has 2 Classes'),
(6, 26, 'en', 'Expert Vendor', 'Has 3 to 6 Classes'),
(7, 27, 'en', 'Bronze Classes', 'Classes Rating from 2 to 3'),
(8, 28, 'en', 'Silver Classes', 'Classes Rating from 3 to 4'),
(9, 29, 'en', 'Golden Classes', 'Classes Rating from 4 to 5'),
(10, 30, 'en', 'Best Seller', 'Classes Sales from 1 to 2'),
(11, 31, 'en', 'Top Seller', 'Classes Sales from 3 to 9'),
(12, 32, 'en', 'King Seller', 'Classes Sales from 10 to 20'),
(13, 33, 'en', 'Good Support', 'Support Rating from 2 to 3'),
(14, 34, 'en', 'Amazing Support', 'Support Rating from 3 to 4'),
(15, 35, 'en', 'Fantastic Support', 'Support Rating from 4 to 5'),
(16, 36, 'en', 'Store Best Seller', 'Store Products Sales from 1 to 5'),
(17, 37, 'en', 'Store King Seller', 'Store Products Sales from 6 to 15'),
(18, 38, 'en', 'Forums Top User', 'Has 2 to 5 Topics'),
(19, 39, 'en', 'Forums Best User', 'Has 6 to 10 Topics'),
(20, 40, 'en', 'Loyal Writer', 'Has 5 to 10 Articles'),
(21, 41, 'en', 'Forum Loyal User', 'Has 20 to 30 Posts in Forums');

-- --------------------------------------------------------

--
-- Table structure for table `become_instructors`
--

CREATE TABLE `become_instructors` (
  `id` int(10) UNSIGNED NOT NULL,
  `user_id` int(10) UNSIGNED NOT NULL,
  `role` enum('teacher','organization') NOT NULL,
  `package_id` int(10) UNSIGNED DEFAULT NULL,
  `certificate` varchar(255) DEFAULT NULL,
  `description` text DEFAULT NULL,
  `status` enum('pending','accept','reject') NOT NULL DEFAULT 'pending',
  `created_at` int(10) UNSIGNED NOT NULL
) ENGINE=InnoDB DEFAULT CHARSET=utf8mb4 COLLATE=utf8mb4_unicode_ci ROW_FORMAT=DYNAMIC;

--
-- Dumping data for table `become_instructors`
--

INSERT INTO `become_instructors` (`id`, `user_id`, `role`, `package_id`, `certificate`, `description`, `status`, `created_at`) VALUES
(5, 930, 'teacher', 2, '/store/930/certificate.jpg', 'I taught design in London for two years.', 'pending', 1626242477),
(6, 859, 'organization', 4, '/store/859/certificate.jpg', 'We have 3 years of experience in advanced sewing training.', 'pending', 1646387556),
(14, 995, 'teacher', NULL, '/store/995/1696696655058.jpg', 'test', 'pending', 1749393844);

-- --------------------------------------------------------

--
-- Table structure for table `blog`
--

CREATE TABLE `blog` (
  `id` int(10) UNSIGNED NOT NULL,
  `category_id` int(10) UNSIGNED DEFAULT NULL,
  `author_id` int(10) UNSIGNED NOT NULL,
  `slug` varchar(255) NOT NULL,
  `image` varchar(255) DEFAULT NULL,
  `study_time` int(10) UNSIGNED DEFAULT NULL,
  `visit_count` int(10) UNSIGNED DEFAULT 0,
  `enable_comment` tinyint(1) NOT NULL DEFAULT 1,
  `status` enum('pending','publish') NOT NULL DEFAULT 'pending',
  `created_at` int(10) UNSIGNED NOT NULL,
  `updated_at` int(10) UNSIGNED DEFAULT NULL
) ENGINE=InnoDB DEFAULT CHARSET=utf8mb4 COLLATE=utf8mb4_unicode_ci ROW_FORMAT=DYNAMIC;

--
-- Dumping data for table `blog`
--

INSERT INTO `blog` (`id`, `category_id`, `author_id`, `slug`, `image`, `study_time`, `visit_count`, `enable_comment`, `status`, `created_at`, `updated_at`) VALUES
(21, 34, 1014, 'How-To-Teach-Your-Kid-Anything-Easily', '/store/1/default_images/blogs/blog3.jpg', NULL, 21, 1, 'publish', 1625091953, 1749660581),
(22, 37, 1014, 'Better-Relationship-Between-You-and-Your-Student-s-Parent', '/store/1/default_images/blogs/blog2.jpg', NULL, 9, 1, 'publish', 1625093279, 1749660553),
(23, 36, 1, '3-Laws-to-Become-a-Straight-A-Student', '/store/1/default_images/blogs/blog1.jpg', NULL, 17, 1, 'publish', 1625094412, 1749660520),
(28, 34, 1014, 'How-To-Teach-Your-Kid-Anything-Easily-2', '/store/1/default_images/blogs/blog4.jpg', NULL, 23, 1, 'publish', 1625091953, 1749660614),
(29, 34, 1014, 'How-To-Teach-Your-Kid-Anything-Easily-3', '/store/1/default_images/blogs/blog5.jpg', NULL, 22, 1, 'publish', 1625091953, 1749660640);

-- --------------------------------------------------------

--
-- Table structure for table `blog_categories`
--

CREATE TABLE `blog_categories` (
  `id` int(10) UNSIGNED NOT NULL,
  `slug` varchar(255) NOT NULL,
  `cover_image` varchar(255) DEFAULT NULL,
  `icon` varchar(255) DEFAULT NULL,
  `icon2` varchar(255) DEFAULT NULL,
  `icon2_box_color` varchar(255) DEFAULT NULL,
  `overlay_image` varchar(255) DEFAULT NULL
) ENGINE=InnoDB DEFAULT CHARSET=utf8mb4 COLLATE=utf8mb4_unicode_ci ROW_FORMAT=DYNAMIC;

--
-- Dumping data for table `blog_categories`
--

INSERT INTO `blog_categories` (`id`, `slug`, `cover_image`, `icon`, `icon2`, `icon2_box_color`, `overlay_image`) VALUES
(33, 'Vel-consequatur', NULL, NULL, NULL, NULL, NULL),
(34, 'Facilis-ea', NULL, NULL, NULL, NULL, NULL),
(36, 'Fugit-dignissimos-possimus', NULL, NULL, NULL, NULL, NULL),
(37, 'new', NULL, NULL, NULL, NULL, NULL),
(39, 'tips', NULL, NULL, NULL, NULL, NULL);

-- --------------------------------------------------------

--
-- Table structure for table `blog_category_translations`
--

CREATE TABLE `blog_category_translations` (
  `id` int(10) UNSIGNED NOT NULL,
  `blog_category_id` int(10) UNSIGNED NOT NULL,
  `locale` varchar(191) NOT NULL,
  `title` varchar(255) NOT NULL,
  `subtitle` text DEFAULT NULL
) ENGINE=InnoDB DEFAULT CHARSET=utf8mb4 COLLATE=utf8mb4_general_ci;

--
-- Dumping data for table `blog_category_translations`
--

INSERT INTO `blog_category_translations` (`id`, `blog_category_id`, `locale`, `title`, `subtitle`) VALUES
(1, 33, 'en', 'Announcements', 'Stay updated with the latest platform updates and releases'),
(2, 34, 'en', 'Articles', 'Explore expert tips, insights, and in-depth learning guides'),
(3, 36, 'en', 'Events', 'Discover upcoming webinars, workshops, and special activities'),
(4, 37, 'en', 'News', 'Catch up on recent education trends and platform news'),
(5, 39, 'en', 'Tip and Tricks', 'Boost your learning with practical tips and smart techniques');

-- --------------------------------------------------------

--
-- Table structure for table `blog_featured_categories`
--

CREATE TABLE `blog_featured_categories` (
  `id` int(10) UNSIGNED NOT NULL,
  `category_id` int(10) UNSIGNED NOT NULL,
  `thumbnail` varchar(255) NOT NULL
) ENGINE=InnoDB DEFAULT CHARSET=utf8mb4 COLLATE=utf8mb4_general_ci;

--
-- Dumping data for table `blog_featured_categories`
--

INSERT INTO `blog_featured_categories` (`id`, `category_id`, `thumbnail`) VALUES
(1, 33, '/store/1/default_images/store/featured_store_category_1.jpg'),
(2, 34, '/store/1/default_images/store/featured_store_category_2.jpg'),
(3, 36, '/store/1/default_images/store/featured_store_category_3.jpg'),
(4, 37, '/store/1/default_images/store/featured_store_category_4.jpg'),
(5, 39, '/store/1/default_images/store/featured_store_category_5.jpg');

-- --------------------------------------------------------

--
-- Table structure for table `blog_translations`
--

CREATE TABLE `blog_translations` (
  `id` bigint(20) UNSIGNED NOT NULL,
  `blog_id` int(10) UNSIGNED NOT NULL,
  `locale` varchar(255) NOT NULL,
  `title` varchar(255) NOT NULL,
  `subtitle` text DEFAULT NULL,
  `description` text NOT NULL,
  `content` longtext NOT NULL,
  `meta_description` text DEFAULT NULL
) ENGINE=InnoDB DEFAULT CHARSET=utf8mb4 COLLATE=utf8mb4_unicode_ci;

--
-- Dumping data for table `blog_translations`
--

INSERT INTO `blog_translations` (`id`, `blog_id`, `locale`, `title`, `subtitle`, `description`, `content`, `meta_description`) VALUES
(2, 21, 'en', 'Freelancing vs. Full-Time: Which Career Path Suits You Best?', NULL, '<p>The primary reason kids struggle with school is fear. And in most cases, it’s their parent\'s fault. I started tutoring math out of financial desperation. I’d just been fired from my job as a waiter, most of the proofreading in jobs in New York had been outsourced to India, and for the third time in my life, I was facing dire poverty.</p>', '<p>A strong academic record can open doors for you down the road. More importantly, through the process of becoming a straight-A student, you’ll learn values like hard work, discipline and determination.</p><h3 style=\"color: rgb(0, 0, 0); font-family: Lato, sans-serif; margin-right: 0px; margin-bottom: 16px; margin-left: 0px; padding: 0px; font-size: 24px;\">Rule #1: Always have a plan.</h3><div><div>(a) As the semester progresses, keep track of key dates: tests and exams, project submission deadlines, term breaks, etc.</div><div><br></div><div>Enter these dates into a physical or digital calendar.</div><div><br></div><div><div>If you choose to use a digital calendar, I recommend Google Calendar.</div><div><br></div><div>(b) Schedule a fixed time every week where you review your upcoming events over the next two months. Mark down when you’ll start preparing for that Math exam, working on that History project, or writing that English paper.</div><div><br></div><div>(d) Next, note your commitments for the coming week, e.g. extracurricular activities, family gatherings, extra classes. On your calendar, highlight the blocks of time you’ll have for schoolwork.</div><div><br></div><div>This planning process might sound time-consuming, but it’ll typically take just 15 minutes every week.</div><div><br></div><div>This is a wise investment of time as a student, because the rest of your week will become far more productive.</div><div><br></div><div>This way, you’ll be studying smart, not just hard!</div><div><br></div><div><h3 style=\"color: rgb(0, 0, 0); font-family: Lato, sans-serif; margin-right: 0px; margin-bottom: 16px; margin-left: 0px; padding: 0px; font-size: 24px;\">Rule #2: Be organized.</h3></div></div></div><div><div>Ever had trouble finding your notes or assignments when you needed them? You probably ended up wasting precious time looking for them, before you finally asked to borrow them from your friend.</div><div><br></div><div>Many students tell me that they keep all their notes and assignments in one big pile, and only sort them out before their exams!</div><div><br></div><div>Being organized – it’s easier said than done, I know.</div></div>', 'The primary reason kids struggle with school is fear. And in most cases, it’s their parent\'s fault.'),
(3, 22, 'en', 'Top Tools Every Successful Freelancer Uses to Stay Productive', NULL, '<p>The tutor-parent relationship is an important relationship and unfortunately greatly overlooked. Why is it important? Well, a good relationship between you and the student’s parent or guardian serves to help students perform better personally and academically. Fostering a relationship with them as a tutor can be challenging due to a number of factors, however, there are a number of ways to build this relationship and optimize students’ learning support system over time.</p>', '<p>A strong academic record can open doors for you down the road. More importantly, through the process of becoming a straight-A student, you’ll learn values like hard work, discipline and determination.</p><h3 style=\"color: rgb(0, 0, 0); font-family: Lato, sans-serif; margin-right: 0px; margin-bottom: 16px; margin-left: 0px; padding: 0px; font-size: 24px;\">Rule #1: Always have a plan.</h3><div><div>(a) As the semester progresses, keep track of key dates: tests and exams, project submission deadlines, term breaks, etc.</div><div><br></div><div>Enter these dates into a physical or digital calendar.</div><div><br></div><div><div>If you choose to use a digital calendar, I recommend Google Calendar.</div><div><br></div><div>(b) Schedule a fixed time every week where you review your upcoming events over the next two months. Mark down when you’ll start preparing for that Math exam, working on that History project, or writing that English paper.</div><div><br></div><div>(d) Next, note your commitments for the coming week, e.g. extracurricular activities, family gatherings, extra classes. On your calendar, highlight the blocks of time you’ll have for schoolwork.</div><div><br></div><div>This planning process might sound time-consuming, but it’ll typically take just 15 minutes every week.</div><div><br></div><div>This is a wise investment of time as a student, because the rest of your week will become far more productive.</div><div><br></div><div>This way, you’ll be studying smart, not just hard!</div><div><br></div><div><h3 style=\"color: rgb(0, 0, 0); font-family: Lato, sans-serif; margin-right: 0px; margin-bottom: 16px; margin-left: 0px; padding: 0px; font-size: 24px;\">Rule #2: Be organized.</h3></div></div></div><div><div>Ever had trouble finding your notes or assignments when you needed them? You probably ended up wasting precious time looking for them, before you finally asked to borrow them from your friend.</div><div><br></div><div>Many students tell me that they keep all their notes and assignments in one big pile, and only sort them out before their exams!</div><div><br></div><div>Being organized – it’s easier said than done, I know.</div></div>', 'The tutor-parent relationship is an important relationship and unfortunately greatly overlooked.'),
(4, 23, 'en', 'How to Start Freelancing with No Experience or Clients Today', NULL, '<p>In this article, I’ll explain the two rules I followed to become a straight-A student. If you take my advice, you’ll get better grades and lead a more balanced life too.</p>', '<p>A strong academic record can open doors for you down the road. More importantly, through the process of becoming a straight-A student, you’ll learn values like hard work, discipline and determination.</p><h3 style=\"color: rgb(0, 0, 0); font-family: Lato, sans-serif; margin-right: 0px; margin-bottom: 16px; margin-left: 0px; padding: 0px; font-size: 24px;\">Rule #1: Always have a plan.</h3><div><div>(a) As the semester progresses, keep track of key dates: tests and exams, project submission deadlines, term breaks, etc.</div><div><br></div><div>Enter these dates into a physical or digital calendar.</div><div><br></div><div><div>If you choose to use a digital calendar, I recommend Google Calendar.</div><div><br></div><div>(b) Schedule a fixed time every week where you review your upcoming events over the next two months. Mark down when you’ll start preparing for that Math exam, working on that History project, or writing that English paper.</div><div><br></div><div>(d) Next, note your commitments for the coming week, e.g. extracurricular activities, family gatherings, extra classes. On your calendar, highlight the blocks of time you’ll have for schoolwork.</div><div><br></div><div>This planning process might sound time-consuming, but it’ll typically take just 15 minutes every week.</div><div><br></div><div>This is a wise investment of time as a student, because the rest of your week will become far more productive.</div><div><br></div><div>This way, you’ll be studying smart, not just hard!</div><div><br></div><div><h3 style=\"color: rgb(0, 0, 0); font-family: Lato, sans-serif; margin-right: 0px; margin-bottom: 16px; margin-left: 0px; padding: 0px; font-size: 24px;\">Rule #2: Be organized.</h3></div></div></div><div><div>Ever had trouble finding your notes or assignments when you needed them? You probably ended up wasting precious time looking for them, before you finally asked to borrow them from your friend.</div><div><br></div><div>Many students tell me that they keep all their notes and assignments in one big pile, and only sort them out before their exams!</div><div><br></div><div>Being organized – it’s easier said than done, I know.</div></div>', 'In this article, I’ll explain the two rules I followed to become a straight-A student.'),
(5, 21, 'ar', 'كيف تعلم طفلك أي شيء بسهولة', NULL, '<p style=\"text-align: right; \">الخوف هو السبب الرئيسي الذي يجعل الأطفال يكافحون مع المدرسة. وفي معظم الحالات ، يكون ذلك خطأ الوالدين. بدأت في تدريس الرياضيات بسبب اليأس المالي.</p>', '<p style=\"text-align: right; \">بدأت في تدريس الرياضيات بسبب اليأس المالي. لقد طُردت للتو من وظيفتي كنادل ، ومعظم عمليات التدقيق اللغوي في الوظائف في نيويورك تم الاستعانة بمصادر خارجية للهند ، وللمرة الثالثة في حياتي ، كنت أواجه فقرًا مدقعًا.</p><p style=\"text-align: right; \"><br></p><p style=\"text-align: right; \">كان المبلغ الذي نسيته مذهلاً في البداية ، وقد تفوقت في الرياضيات طوال حياتي الأكاديمية. إذا كنت لا تستخدمها ، فأنت تخسرها حقًا ، لذلك ليس من المستغرب أن يبكي معظم الآباء عمي في الرياضيات في الصف الرابع تقريبًا. إنهم لا يتذكرون ولا يريدون أن يتذكروا ، مما يديم هذا الموقف لدى أطفالهم.</p><p style=\"text-align: right; \"><br></p><p style=\"text-align: right; \">تخيل أنك تفعل أي شيء ، حتى لو كنت بارعًا فيه ، بما يعادل عملاقًا يلوح في الأفق خلفك ويفحص كل تحركاتك. وهذا هو ما يفعله الآباء لأطفالهم. إنهم يحومون وينقضون على كل خطأ.</p><p style=\"text-align: right; \"><br></p><p style=\"text-align: right; \">1) تعاطف مع أطفالك</p><p style=\"text-align: right; \"><br></p><p style=\"text-align: right; \">في جلستي الأولى مع تلميذي الأول ، تراجعت والدته بعصبية خلفنا ، ثم اتصلت بي لمدة خمس دقائق. سألت إذا لاحظت أن ابنها قد أجاب على السؤال الأخير بشكل غير صحيح ، ورأيت على الفور جوهر المشكلة.</p><p style=\"text-align: right; \"><br></p><p style=\"text-align: right; \">عليك أن ترتاح وتسترخي حتى يكون طفلك مرتاحًا وتنتظر حتى النهاية قبل أن تبدأ في تصحيح أي شيء. هذه هي الطريقة التي يتعلم بها الأطفال التحقق من عملهم ، وأن ارتكاب الأخطاء ليس مشكلة كبيرة.</p><p style=\"text-align: right; \"><br></p><p style=\"text-align: right; \">الأخطاء لا مفر منها ، ولكن كيفية التعامل معها ليست كذلك. إذا كنت تريد أن يشعر ابنك بالرعب إلى الأبد من الرياضيات ، إذن ، بكل الوسائل ، استمر في الازدحام ومقاطعته على الدوام. من المحتمل أن تجعلهم حذرين من محاولة تعلم أي شيء على الإطلاق.</p><p style=\"text-align: right; \"><br></p><p style=\"text-align: right; \">2) إعطاء نفسك وأطلق عليه الرصاص</p><p style=\"text-align: right; \"><br></p><p style=\"text-align: right; \">لحسن الحظ ، فهمت هذه الأم ومعظم الآباء الآخرين ما كنت أفعله ، وأدركوا تواطؤهم في كفاح أطفالهم. بعد تلك الجلسة الأولى ، تركتنا أمي وشأننا ، وبدأ طفلها في التحسن على الفور.</p><p style=\"text-align: right; \"><br></p><p style=\"text-align: right; \">تم تشجيع والديه لدرجة أنهم سألوا عما إذا كان بإمكاني المساعدة في مواضيع أخرى. كان التاريخ والعلوم واللغة الإنجليزية داخل غرفة قيادتي ، لكن الطفل ذهب إلى مدرسة كاثوليكية وكان عليه أن يتعلم اللاتينية.</p><p style=\"text-align: right; \"><br></p><p style=\"text-align: right; \">استعرت نسخة من كتابه اللاتيني وأصيبت بالإحباط تمامًا. اللغة اللاتينية محيرة ، خاصة في البداية. هذا العدد الكبير من الإقتران، ومسألة السياق. الطريقة التي تتحدث بها إلى النبلاء والأقران والعبيد تشبه عمليًا تعلم ثلاث لغات مختلفة.</p><p style=\"text-align: right; \"><br></p><p style=\"text-align: right; \">ما زلت مفلسة ، وهذا يعني المزيد من المال. وهل كان علي بالفعل معرفة اللاتينية؟ كل ما كان علي فعله هو البقاء قبل الطفل ببضعة أيام.</p><p style=\"text-align: right; \"><br></p><p style=\"text-align: right; \">3) كن صادقا</p><p style=\"text-align: right; \"><br></p><p style=\"text-align: right; \">حالتنا الافتراضية هي إنكار جهلنا ، خاصة أمام الأطفال. نحن دفاعيون ورفضون ، ويمكن لمعظم الأطفال أن يقولوا إنك ضائع مثلهم.</p><p style=\"text-align: right; \"><br></p><p style=\"text-align: right; \">كان الحل هو الاعتراف بذلك منذ البداية. سألني الطفل عن وجهة نظر تعلم اللاتينية وأخبرته أنني لا أعرف. من المفترض أنه ساعد مع لغات أخرى ، لكن ربما يمكنه استخدامه يومًا ما لإثارة إعجاب الأشخاص الطنانين في حفلات الكوكتيل. سألني لماذا تكسر بعض الأفعال أنماط الاقتران ، وقلت له إنها طريقة القدماء في تعذيبنا.</p><p style=\"text-align: right; \">عندما كان طفلاً صغيرًا ، كان يتعلم اللغة أسرع مني ، لكنه كان يواجه صعوبة أكبر في بعض التفاصيل الدقيقة. كانت هناك أوقات حيرتني فيها وأتحدث بصوت عالٍ أمامه.</p><p style=\"text-align: right; \">أنا مدرس رياضيات. ما الذي جعلني أعتقد أنني مستعد لتدريس اللاتينية ، ناهيك عن تعلمها؟</p><p style=\"text-align: right; \"><br></p><p style=\"text-align: right; \">قال لي الطفل إنني أبدو جيدًا في كل شيء آخر ، لذا من المحتمل أن أفهم ذلك ، لكن كان هناك القليل من القلق في صوته. كلما فعلت الأسوأ ، زاد احتمال فشله ، وأراد إخراج اللاتينية من حياته أكثر مما فعلت.</p><p style=\"text-align: right; \"><br></p><p style=\"text-align: right; \">لقد قربنا كراهيتنا المتبادل للغة اللاتينية من بعضنا البعض. لأول مرة ، أدرك كلانا أننا في هذا معًا.</p><p style=\"text-align: right; \"><br></p><p style=\"text-align: right; \">4) التعامل مع أولياء الأمور والمعلمين هو جزء من التعليم</p><p style=\"text-align: right; \"><br></p><p style=\"text-align: right; \">مع تقدمه في السن ، بدأ يسألني عن والديه ، اللذين كانا من المحافظين في قناة فوكس نيوز. قال لي انه يمكن ان نرى انهم منحازون، ولكن لم أفهم لماذا، أو أعرف ما يفكر.</p><p style=\"text-align: right; \"><br></p><p style=\"text-align: right; \">أخبرته أن يفكر بنفسه ويعترف عندما لا يعرف شيئًا ، وأنه لا يجب أن يخشى تغيير رأيه في ضوء أدلة جديدة صحيحة.</p><p style=\"text-align: right; \"><br></p><p style=\"text-align: right; \">واشتكى أساتذته، واحد منهم لم يكن سعيدا كنت قد علمته الطرق المختلفة لعلم الجبر. في نهاية المطاف، وعلم أنه كيفية القيام بذلك بطريقة المعلم، ولكن عنيدا حاجة سبيلا آخر للوصول إلى هناك. كنا غاضبين بعض الشيء ، لكنني أخبرته أن تعلم التعامل مع المعلمين هو جزء من التعليم.</p><p style=\"text-align: right; \"><br></p><p style=\"text-align: right; \">احتفظت بالضغينة لنفسي ، لكنني أردت أيضًا خنق معلمه. وكان هذا الطفل قد ذهب من متوسط ​​D إلى B +، وكان هذا المعلم لا يزال يطارد له. ولا عجب في ذلك كثير من الناس رديء في الرياضيات - الآباء والامهات والمعلمين ضدهم وحتى لم يدرك ذلك.</p><p style=\"text-align: right; \"><br></p><p style=\"text-align: right; \">5) احتضان موقف التعلم</p><p style=\"text-align: right; \"><br></p><p style=\"text-align: right; \">إذا لم تكن على استعداد للتعلم ، فسيكون من الصعب تدريسه ، والخطوة الأولى هي قبول مدى ضآلة معرفتنا. من النفاق أن تنقض على ابنك عندما لا تتمكن من أداء واجبه المنزلي أيضًا ، ويلاحظ الأطفال ذلك ويشعرون بحق أنك غير عادل.</p><p style=\"text-align: right; \"><br></p><p style=\"text-align: right; \">التعلم الإلكتروني) سيحسن إدراكك بشكل عام.</p><p style=\"text-align: right; \"><br></p><p style=\"text-align: right; \">القراءة والرياضيات مهارات أساسية ، وتعلم الرياضيات أمر متواضع. في حين أن هناك القليل من الأدلة التي تدعم أن الرياضيات تحسن التفكير بشكل عام ، فأنت بحاجة إليها لفهم العلوم ، وعندما تشعر بالحيرة تجاه الكثير من الواجبات المدرسية لطفلك في المدرسة الابتدائية ، فإن القليل على الأقل من عدم اليقين يخترق آرائك. أنت تدرك أنك لا تعرف الكثير كما كنت تعتقد ، وبالنسبة لمعظم الناس ، يمكن أن يمثل هذا بداية جديدة. مع انحسار الصلابة ، تعاود اللدونة الظهور ، وعادات التعلم مدى الحياة هي أثمن هدية يمكن أن تقدمها لنفسك ولطفلك.إذا اخترت أن يكون الأطفال، يجب أن يكون لديك الاولوية رقم واحد، وسوف يفاجأ في مقدار التعلم (أو ص</p>', 'الخوف هو السبب الرئيسي الذي يجعل الأطفال يكافحون مع المدرسة. وفي معظم الحالات ، يكون ذلك خطأ الوالدين.'),
(6, 21, 'es', 'Cómo enseñar a tu hija cualquier cosa fácilmente', NULL, '<p>La razón principal por la que los niños luchan con la escuela es el miedo. Y en la mayoría de los casos, es culpa de sus padres. Comencé a dar clases particulares de matemáticas por desesperación financiera. Me acababan de despedir de mi trabajo como camarero, la mayor parte de la corrección de pruebas en los trabajos en Nueva York se habían subcontratado a la India y, por tercera vez en mi vida, me enfrentaba a una pobreza extrema.</p>', '<p>Comencé a dar clases particulares de matemáticas por desesperación financiera. Me acababan de despedir de mi trabajo como camarero, la mayor parte de la corrección de pruebas en los trabajos en Nueva York se habían subcontratado a la India y, por tercera vez en mi vida, me enfrentaba a una pobreza extrema.</p><p><br></p><p>La cantidad que había olvidado fue sorprendente al principio, y había sobresalido en matemáticas durante toda mi vida académica. Si no lo usas, realmente lo pierdes, así que no es de extrañar que la mayoría de los padres lloren a tío en matemáticas de cuarto grado. No recuerdan y no quieren recordar, perpetuando esta actitud en sus hijos.</p><p><br></p><p>Imagínese haciendo cualquier cosa, incluso algo en lo que se le da bien, con el equivalente a un gigante acechando detrás de usted y escudriñando cada uno de sus movimientos. Esto es lo que les hacen los padres a sus hijos. Se ciernen y se abalanzan sobre cada error.</p><p><br></p><p>1) Tenga empatía por sus hijos</p><p><br></p><p>En mi primera sesión con mi primer alumno, su madre se escondió nerviosamente detrás de nosotros, luego me llamó unos cinco minutos después. Me preguntó si noté que su hijo había respondido la última pregunta incorrectamente, e inmediatamente vi la esencia del problema.</p><p><br></p><p>Tienes que descansar y relajarte para que tu hijo se sienta cómodo y esperar hasta el final antes de empezar a corregir algo. Así es como los niños aprenden a controlar su trabajo y que cometer errores no es gran cosa.</p><p><br></p><p>Los errores son inevitables, pero la forma en que los manejamos no lo es. Si quiere que su hijo esté eternamente aterrorizado por las matemáticas, entonces, por supuesto, continúe apiñándolos e interrumpiéndolos perpetuamente. Lo más probable es que los haga desconfiar de intentar aprender algo.</p><p><br></p><p>2) Date una oportunidad</p><p><br></p><p>Afortunadamente, esta madre y la mayoría de los otros padres entendieron lo que estaba haciendo y reconocieron su complicidad en las luchas de sus hijos. Después de esa primera sesión, mamá nos dejó solos y su hijo comenzó a mejorar de inmediato.</p><p><br></p><p>Sus padres estaban tan animados que me preguntaron si podía ayudar con otros temas. La historia, la ciencia y el inglés estaban a mi alcance, pero el niño fue a una escuela católica y tuvo que aprender latín.</p><p><br></p><p>Pedí prestada una copia de su libro en latín y me desmoralicé por completo. El latín es desconcertante, especialmente al principio. Tantas conjugaciones y contexto son importantes. La forma de hablar con nobles, compañeros y esclavos es prácticamente como aprender tres idiomas diferentes.</p><p><br></p><p>Aún así, estaba arruinado y esto significaría más dinero. ¿Y realmente tenía que saber latín? Todo lo que tenía que hacer era quedarme unos días por delante del chico.</p><p><br></p><p>3) Sea honesto</p><p><br></p><p>Nuestro estado predeterminado es negar nuestra ignorancia, especialmente frente a los niños. Estamos a la defensiva y desdeñosos, y la mayoría de los niños pueden decir que estás tan perdido como ellos.</p><p><br></p><p>Mi solución fue admitir esto desde el principio. El niño me preguntó qué sentido tenía aprender latín y le dije que no lo sabía. Supuestamente le ayudó con otros idiomas, pero tal vez algún día podría usarlo para impresionar a personas pretenciosas en los cócteles. Me preguntó por qué algunos verbos rompían los patrones de conjugación y le dije que era la forma de los antiguos de torturarnos.</p><p><br></p><p>Cuando era niño, aprendió el idioma más rápido que yo, pero tuvo más dificultades con algunas de las sutilezas. Hubo momentos en que estaba desconcertado y me hablaba en voz alta frente a él.</p><p><br></p><p>Soy un tutor de matemáticas. ¿Qué diablos me hizo pensar que estaba equipado para enseñar latín, y mucho menos aprenderlo?</p><p><br></p><p>El chico me dijo que parecía ser bastante bueno en todo lo demás, así que probablemente lo entendería, pero había un matiz de preocupación en su voz. Cuanto peor lo hacía, más probabilidades había de que fracasara, y quería que el latín fuera de su vida incluso más que yo.</p><p><br></p><p>Nuestro odio mutuo por el latín nos acercó más. Por primera vez, ambos comprendimos que estábamos juntos en esto.</p><p><br></p><p>4) Tratar con padres y maestros es parte de la educación</p><p><br></p><p>A medida que crecía, empezó a preguntarme sobre sus padres, que eran conservadores de Fox News. Me dijo que podía ver que eran parciales, pero que no entendía por qué ni sabía qué pensar.</p><p><br></p><p>Le dije que pensara por sí mismo y admitiera cuando no sabía algo, y que no debería tener miedo de cambiar de opinión a la luz de nuevas pruebas válidas.</p><p><br></p><p>Se quejaba de sus profesores, uno de los cuales no estaba contento de que le hubiera enseñado diferentes enfoques del álgebra. Con el tiempo, aprendió a hacerlo a la manera del maestro, pero necesitaba otra vía para llegar allí. Ambos estábamos un poco enojados, pero le dije que aprender a tratar con los maestros es parte de la educación.</p><p><br></p><p>Me guardé mi rencor, pero también quería estrangular a su maestro. Este niño había pasado de un promedio D a un B +, y esta maestra todavía lo perseguía. No es de extrañar que tanta gente sea pésima en matemáticas: sus padres y maestros estaban en contra de ellos y ni siquiera se dieron cuenta.</p><p><br></p><p>5) Adopte una actitud de aprendizaje</p><p><br></p><p>Si no está dispuesto a aprender, será difícil enseñar y el primer paso es aceptar lo poco que sabemos. Es hipócrita atacar a tu hijo cuando tú tampoco puedes hacer su tarea, y los niños se dan cuenta de esto y sienten que estás siendo injusto.</p><p><br></p><p>Si elige tener hijos, deberían ser su prioridad número uno y se sorprenderá de cuánto aprendizaje (o relearning) mejorará su cognición en general.</p><p><br></p><p>La lectura y las matemáticas son habilidades fundamentales, y aprender matemáticas es una lección de humildad. Si bien hay poca evidencia que respalde que las matemáticas mejoran el razonamiento en general, las necesita para comprender las ciencias, y cuando gran parte de las tareas de la escuela primaria de su hijo le desconcierta, al menos un poco de incertidumbre penetra en sus puntos de vista. Te das cuenta de que no sabes tanto como pensabas y, para la mayoría, esto puede marcar un nuevo comienzo. A medida que cede la rigidez, resurge la plasticidad y el hábito del aprendizaje permanente es el regalo más valioso que puede hacerse a sí mismo y a su hijo.</p>', 'La razón principal por la que los niños luchan con la escuela es el miedo. Y en la mayoría de los casos, es culpa de sus padres.'),
(7, 23, 'es', '3 leyes para convertirse en una estudiante heterosexual', NULL, '<p>En este artículo, explicaré las dos reglas que seguí para convertirme en un estudiante sobresaliente. Si sigue mi consejo, obtendrá mejores calificaciones y también llevará una vida más equilibrada.</p>', '<p>Un historial académico sólido puede abrirle puertas en el futuro. Más importante aún, a través del proceso de convertirse en un estudiante sobresaliente, aprenderá valores como el trabajo duro, la disciplina y la determinación.</p><p>Regla 1: siempre tenga un plan.</p><p>(a) A medida que avanza el semestre, realice un seguimiento de las fechas clave: pruebas y exámenes, fechas límite para la presentación de proyectos, interrupciones del período, etc.</p><p>Ingrese estas fechas en un calendario físico o digital.</p><p>Si elige utilizar un calendario digital, le recomiendo Google Calendar.</p><p><br></p><p>(b) Programe un horario fijo cada semana en el que revise sus próximos eventos durante los próximos dos meses. Marque cuándo comenzará a prepararse para ese examen de matemáticas, a trabajar en ese proyecto de historia o a escribir ese ensayo en inglés.</p><p>(d) A continuación, anote sus compromisos para la próxima semana, p. ej. actividades extracurriculares, reuniones familiares, clases extra. En su calendario, resalte los bloques de tiempo que tendrá para el trabajo escolar.</p><p>Este proceso de planificación puede parecer lento, pero por lo general solo tomará 15 minutos cada semana.</p><p>Esta es una sabia inversión de tiempo como estudiante, porque el resto de la semana será mucho más productiva.</p><p>De esta manera, estudiarás inteligentemente, ¡no solo duro!</p><p><br></p><p>Regla # 2: Sea organizado.</p><p>Alguna vez ha tenido problemas para encontrar sus notas o tareas cuando las necesitaba? Probablemente terminó perdiendo un tiempo precioso buscándolos, antes de que finalmente se los pidiera prestados a su amigo.</p><p>Muchos estudiantes me dicen que guardan todas sus notas y tareas en una gran pila, ¡y solo las clasifican antes de sus exámenes!</p><p>Ser organizado, es más fácil decirlo que hacerlo, lo sé.</p>', 'En este artículo, explicaré las dos reglas que seguí para convertirme en un estudiante sobresaliente.'),
(8, 23, 'ar', 'علاقة أفضل بينك وبين ولي أمر الطالب', NULL, '<div style=\"text-align: right;\">في هذه المقالة ، سأشرح القاعدتين اللتين اتبعتهما لأصبح طالبًا عاديًا. إذا أخذت بنصيحتي ، ستحصل على درجات أفضل وتعيش حياة أكثر توازناً أيضًا.</div>', '<div style=\"text-align: right; \">يمكن للسجل الأكاديمي القوي أن يفتح لك الأبواب في المستقبل. والأهم من ذلك ، من خلال عملية أن تصبح طالبًا عاديًا ، ستتعلم قيمًا مثل العمل الجاد والانضباط والتصميم.</div><div style=\"text-align: right; \"><br></div><div style=\"text-align: right; \">القاعدة 1: امتلك خطة دائمًا.</div><div style=\"text-align: right; \">(أ) مع تقدم الفصل الدراسي ، تتبع التواريخ الرئيسية: الاختبارات والامتحانات والمواعيد النهائية لتقديم المشروع وفواصل الفصل الدراسي وما إلى ذلك.</div><div style=\"text-align: right; \"><br></div><div style=\"text-align: right; \">أدخل هذه التواريخ في تقويم مادي أو رقمي.</div><div style=\"text-align: right; \"><br></div><div style=\"text-align: right; \">إذا اخترت استخدام تقويم رقمي ، فإنني أوصي بتقويم Google.</div><div style=\"text-align: right; \"><br></div><div style=\"text-align: right; \">(ب) حدد موعدًا محددًا كل أسبوع حيث تقوم بمراجعة الأحداث القادمة على مدار الشهرين المقبلين. ضع علامة على الوقت الذي ستبدأ فيه التحضير لامتحان الرياضيات هذا ، أو العمل في مشروع التاريخ ، أو كتابة هذه الورقة باللغة الإنجليزية.</div><div style=\"text-align: right; \"><br></div><div style=\"text-align: right; \">(د) بعد ذلك ، دوِّن التزاماتك للأسبوع القادم ، على سبيل المثال الأنشطة اللامنهجية والتجمعات العائلية والفصول الإضافية. في التقويم الخاص بك ، حدد فترات الوقت التي ستتاح لك للعمل المدرسي.</div><div style=\"text-align: right; \"><br></div><div style=\"text-align: right; \">قد تبدو عملية التخطيط هذه مضيعة للوقت ، ولكنها عادة ما تستغرق 15 دقيقة فقط كل أسبوع.</div><div style=\"text-align: right; \"><br></div><div style=\"text-align: right; \">هذا استثمار حكيم للوقت كطالب ، لأن بقية الأسبوع ستصبح أكثر إنتاجية بكثير.</div><div style=\"text-align: right; \"><br></div><div style=\"text-align: right; \">بهذه الطريقة ، ستدرس بذكاء ، وليس فقط بجد!</div><div style=\"text-align: right; \"><br></div><div style=\"text-align: right; \">القاعدة رقم 2: كن منظمًا.</div><div style=\"text-align: right; \">هل واجهت مشكلة في العثور على ملاحظاتك أو مهامك عندما احتجت إليها؟ ربما انتهى بك الأمر إلى إضاعة الوقت الثمين في البحث عنهم ، قبل أن تطلب أخيرًا استعارتهم من صديقك.</div><div style=\"text-align: right; \"><br></div><div style=\"text-align: right; \">يخبرني العديد من الطلاب أنهم يحتفظون بجميع ملاحظاتهم وواجباتهم في كومة كبيرة واحدة ، ولا يقوموا بفرزها إلا قبل امتحاناتهم!</div><div style=\"text-align: right; \"><br></div><div style=\"text-align: right; \">كونك منظمًا - القول أسهل من الفعل ، أعلم.</div>', 'في هذه المقالة ، سأشرح القاعدتين اللتين اتبعتهما لأصبح طالبًا عاديًا.'),
(9, 22, 'ar', 'علاقة أفضل بينك وبين ولي أمر الطالب', NULL, '<p style=\"text-align: right; \">العلاقة بين المعلم والوالدين هي علاقة مهمة ويتم التغاضي عنها للأسف إلى حد كبير. لماذا هو مهم؟ حسنًا ، تساعد العلاقة الجيدة بينك وبين ولي أمر الطالب أو الوصي عليه في مساعدة الطلاب على أداء أفضل على المستوى الشخصي والأكاديمي. </p>', '<p style=\"text-align: right; \">الرحمة والإيجابية هي كل شيء</p><p style=\"text-align: right; \"><br></p><p style=\"text-align: right; \">قد يكون التعامل معك أمرًا مرهقًا للوالدين أو الأوصياء. قد يكون هناك خوف من أن أداء طفلهم ليس جيدًا كما ينبغي ، أو ضيق الوقت للتواصل ، أو حتى حواجز اللغة. بصفتك مدرسًا ، فإن التعاطف وتقديم المعلومات بنبرة مهذبة يؤدي إلى العجائب في مثل هذه المواقف. من الأفضل الابتسام والتواصل البصري والترحيب وتقديم أي نصيحة إذا لزم الأمر. إحدى الحيل الجيدة للمساعدة في تهدئة الآباء أو الأوصياء عند التحدث إليهم هي الاعتراف أولاً بشيء إيجابي عن طفلهم لاحظته مهما كان صغيراً. على سبيل المثال ، ربما لاحظت أنهم أكثر انخراطًا في دروسهم وطرحوا المزيد من الأسئلة.</p><p style=\"text-align: right; \"><br></p><p style=\"text-align: right; \">كن استباقيًا وتواصل كثيرًا</p><p style=\"text-align: right; \"><br></p><p style=\"text-align: right; \">قد يتحدث بعض المعلمين مع الوالدين أو الأوصياء فقط عندما تكون هناك مشكلة ، مما يخلق بيئة سلبية لكليهما. هذا هو السبب في أنه من الضروري بذل الجهد للتحدث معهم كثيرًا سواء كان ذلك وجهًا لوجه أو مكالمة هاتفية أو حتى رسالة بريد إلكتروني. من الأفضل إبقائهم على اطلاع دائم بما يتعلمه أطفالهم. غالبًا ما يمنعهم التواصل من الشعور باليقظة القصوى عند التواصل معهم ويمكنه أيضًا تعزيز صداقة جميلة. بالطبع من المهم معرفة أن الآباء والأوصياء مشغولون! لذا تأكد عند التواصل معهم أنك تخطط مسبقًا للعثور على وقت يناسبهم بشكل أفضل.</p><p style=\"text-align: right; \"><br></p><p style=\"text-align: right; \">اجعل الوالد أو الوصي يشعر بالتقدير واطلب مشورتهما</p><p style=\"text-align: right; \"><br></p><p style=\"text-align: right; \">من الطرق الرائعة لبناء علاقة مع الوالدين أو الأوصياء إشراكهم في تعليم أطفالهم. هذا لا يعني مجرد مساعدتهم في أداء واجباتهم المدرسية ، ولكن قد يعني مطالبتهم بالمشاركة في الأنشطة أو الأحداث المدرسية. يُعد سؤالهم عما إذا كانوا يرغبون في المساعدة في تنظيم حدث طريقة رائعة للتعرف عليهم ومنحهم فرصة لمقابلة أولياء الأمور أو الأوصياء الآخرين. يمكن أن يكون أيضًا شيئًا بسيطًا مثل إنشاء خطة درس تطلب مدخلات منهم. بالطبع كل هذا يعتمد على جدولهم الزمني وما إذا كان لديهم الوقت للمشاركة. في النهاية ، كلما حاولت إشراكهم في الأنشطة ، كان ذلك أفضل.</p><p style=\"text-align: right; \"><br></p><p style=\"text-align: right; \">طريقة أخرى رائعة لجعلهم يشعرون بالتقدير هي طلب نصيحتهم. إذا كان الطالب يعرض سلوكيات سلبية أثناء الدرس ، فمن الحكمة طلب مشورة الوالد أو الوصي. من خلال طلب نصيحتهم ، يمكن أن يحدث شيئان. أولاً ، قد لا يعرفون أن هناك سلوكًا سلبيًا للبدء به لأن الطالب قد لا يعرضه في المنزل. ثانيًا ، أنت تبني علاقة أفضل مع الوالد أو الوصي من خلال الحصول على مدخلاتهم في هذا الموقف ، مما سيبني الثقة. لا يجب أن تدور الأسئلة حول تعليم الطالب فقط عند التحدث إليهم ، بل يمكنك أيضًا طرح أسئلة حول اهتمامات الطالب والخطط التي لديهم خلال العطلات. من المهم دائمًا أن تتصرف بشكل احترافي عند التعامل مع أحد الوالدين أو الوصي ، ولكن لا يجب أن تكون المحادثة فقط حول التعليم.</p><p style=\"text-align: right; \"><br></p><p style=\"text-align: right; \">تجنب أخذها بشكل شخصي والافتراضات</p><p style=\"text-align: right; \"><br></p><p style=\"text-align: right; \">الآباء والأوصياء بشر ولديهم ضغوط خاصة بهم للتعامل معها سواء كان ذلك في العمل أو في حياتهم المنزلية. من الأفضل لك أن تحافظ على هدوئك دائمًا ولا تأخذ أي شيء يقولونه على محمل الجد. يجب عليك دائمًا الرد بأسئلة من شأنها أن تساعد في نزع فتيل الموقف. على سبيل المثال ، قد يقول أحد الوالدين أو الوصي \"أنت تقول هذا لأنك خرجت لإحضار طفلي\" وأفضل طريقة للرد على سؤال مثل هذا هي \"أنا آسف لأنك تشعر بهذه الطريقة ، يرجى إعلامي لماذا تعتقد هذا؟\"</p><p style=\"text-align: right; \"><br></p><p style=\"text-align: right; \">كما يجب ألا تضع افتراضات حول الحياة المنزلية للطالب. ما لم يتم ذكر ذلك ، يمكن للافتراض أن يسبب العديد من المشاكل ويمكن أن يكون غير حساس لوضع الأسرة. يجب ألا تفترض أن الطالب يعيش مع كلا الوالدين أو أي من الوالدين في هذا الشأن. الآن ، في عالمنا المتنوع عالميًا ، لا يجب أن تفترض أن اللغة الأولى للوالد أو الوصي هي اللغة الإنجليزية ويجب دائمًا تأكيد ما إذا كان بإمكانهم التحدث باللغة الإنجليزية في المقام الأول. سيكون لكل طالب وضع مختلف عن الوضع الذي يليه. تؤدي الافتراضات إلى سوء الفهم الذي يمكن أن يخلق ظروفًا أكثر صعوبة للتعلم.</p><p style=\"text-align: right; \"><br></p><p style=\"text-align: right; \">قد يكون بناء علاقة مع أحد الوالدين أو الوصي أمرًا صعبًا في بعض الأحيان. يمكن أن يساعدك وضع هذه الأفكار في الاعتبار على التواصل معها بشكل أفضل. من الجيد أن تتذكر ، في نهاية اليوم ، أنه كلما كان لديك اتصال أفضل معهم ، كان من الأفضل أن يساعدوا في تعليم الطالب ، مما يسمح لهم في النهاية بتحقيق النجاح الأكاديمي وتعزيز حب التعلم.</p>', 'العلاقة بين المعلم والوالدين هي علاقة مهمة ويتم التغاضي عنها للأسف إلى حد كبير.'),
(10, 22, 'es', 'Mejor relación entre usted y los padres de su estudiante', NULL, '<p>La relación padre / tutor es una relación importante y, lamentablemente, se pasa por alto en gran medida. ¿Por qué es importante? Bueno, una buena relación entre usted y el padre o tutor del estudiante sirve para ayudar a los estudiantes a desempeñarse mejor a nivel personal y académico. Fomentar una relación con ellos como tutor puede ser un desafío debido a una serie de factores; sin embargo, hay varias formas de construir esta relación y optimizar el sistema de apoyo al aprendizaje de los estudiantes a lo largo del tiempo.</p>', '<p>La compasión y la positividad lo son todo</p><p>Puede ser estresante para los padres o tutores interactuar con usted. Puede haber temor de que a su hijo no le esté yendo tan bien como debería, falta de tiempo para conectarse o incluso barreras del idioma. Como tutor, ser compasivo y brindar información en un tono educado hace maravillas en situaciones como esta. Es mejor sonreír, hacer contacto visual, ser acogedor y ofrecer cualquier consejo si es necesario. Un buen truco para ayudar a los padres o tutores a hablar con ellos es reconocer primero algo positivo acerca de su hijo que haya notado, sin importar lo pequeño que sea. Por ejemplo, es posible que haya notado que están más involucrados en sus lecciones y hacen más preguntas.</p><p><br></p><p>Sea proactivo y comuníquese con frecuencia</p><p><br></p><p>Es posible que algunos tutores solo hablen con los padres o tutores cuando hay un problema, lo que crea un entorno negativo para ambos. Por eso es clave hacer el esfuerzo de hablar con ellos a menudo, ya sea cara a cara, por teléfono o incluso por correo electrónico. Es mejor mantenerlos actualizados sobre el aprendizaje de sus hijos. Comunicarse a menudo evita que se sientan en alerta máxima cuando se acerca e incluso puede fomentar una hermosa amistad. ¡Por supuesto que es importante saber que los padres y tutores están ocupados! Por eso, cuando te comuniques con ellos, asegúrate de planificar con anticipación para encontrar el momento que mejor funcione para ellos.</p><p><br></p><p>Haga que el padre o tutor se sienta valorado y solicite su consejo</p><p><br></p><p>Una excelente manera de entablar una relación con los padres o tutores es involucrarlos en la educación de sus hijos. Esto no significa solo que los ayuden con la tarea, sino que también podría significar pedirles que participen en actividades o eventos escolares. Preguntarles si les gustaría ayudar a organizar un evento es una excelente manera de conocerlos y darles la oportunidad de conocer a otros padres o tutores. También podría ser algo tan simple como crear un plan de lección que solicite su opinión. Por supuesto, todo esto depende de su horario y si tienen tiempo para participar. Al final, cuanto más intente involucrarlos en las actividades, mejor.</p><p><br></p><p>Otra excelente manera de hacerlos sentir valorados es pedirles su consejo. Si su estudiante muestra comportamientos negativos durante una lección, es aconsejable buscar el consejo del padre o tutor. Al pedirles su consejo, pueden ocurrir dos cosas. Uno, para empezar, es posible que no sepan que existe un comportamiento negativo, ya que es posible que el estudiante no lo esté mostrando en casa. Dos, está construyendo una mejor relación con el padre o tutor al obtener su opinión en esta situación, lo que generará confianza. Las preguntas no tienen que ser solo sobre la educación del estudiante al hablar con él, también puede hacer preguntas sobre el interés del estudiante y los planes que tiene durante las vacaciones. Siempre es importante que te comportes de manera profesional cuando trates con un padre o tutor, pero la conversación no tiene que ser estrictamente sobre educación.</p><p><br></p><p>Evite tomárselo personalmente y hacer suposiciones</p><p><br></p><p>Los padres y tutores son humanos y tienen que lidiar con su propio estrés, ya sea en el trabajo o en su vida familiar. Es mejor para usted mantener siempre la calma y nunca tomar en serio nada de lo que le digan. Siempre debe responder con preguntas que ayuden a calmar la situación. Por ejemplo, un padre o tutor puede decir \"Dices esto porque quieres atrapar a mi hijo\" y la mejor manera de responder a una pregunta como esta es \"Lamento que te sientas así, por favor avísame Por qué piensas esto?</p><p>Además, no debe hacer suposiciones sobre la vida hogareña de un estudiante. A menos que se haya indicado así, una suposición puede causar muchos problemas y puede ser insensible a la situación de una familia. No debe asumir que el estudiante vive con ambos padres o con cualquier padre. Ahora, en nuestro mundo globalmente diverso, no debe asumir que el primer idioma del padre o tutor es el inglés y siempre debe confirmar si pueden hablar inglés en primer lugar. Cada estudiante tendrá una situación diferente a la del próximo. Las suposiciones conducen a malentendidos que pueden crear circunstancias más desafiantes para el aprendizaje.</p><p><br></p><p>Establecer una relación con un padre o tutor a veces puede ser un desafío. Tener estas ideas en mente puede ayudarlo a conectarse mejor con ellas. Es bueno recordar que, al final del día, cuanto mejor sea la conexión que tenga con ellos, mejor podrán ayudar a enseñar al estudiante, lo que en última instancia les permitirá alcanzar el éxito académico y fomentar el amor por el aprendizaje.</p>', 'La relación padre / tutor es una relación importante y, lamentablemente, se pasa por alto en gran medida.'),
(30, 28, 'en', 'Mastering Client Communication to Build Long-Term Freelance', NULL, '<p>The primary reason kids struggle with school is fear. And in most cases, it’s their parent\'s fault. I started tutoring math out of financial desperation. I’d just been fired from my job as a waiter, most of the proofreading in jobs in New York had been outsourced to India, and for the third time in my life, I was facing dire poverty.</p>', '<p>A strong academic record can open doors for you down the road. More importantly, through the process of becoming a straight-A student, you’ll learn values like hard work, discipline and determination.</p><h3 style=\"color: rgb(0, 0, 0); font-family: Lato, sans-serif; margin-right: 0px; margin-bottom: 16px; margin-left: 0px; padding: 0px; font-size: 24px;\">Rule #1: Always have a plan.</h3><div><div>(a) As the semester progresses, keep track of key dates: tests and exams, project submission deadlines, term breaks, etc.</div><div><br></div><div>Enter these dates into a physical or digital calendar.</div><div><br></div><div><div>If you choose to use a digital calendar, I recommend Google Calendar.</div><div><br></div><div>(b) Schedule a fixed time every week where you review your upcoming events over the next two months. Mark down when you’ll start preparing for that Math exam, working on that History project, or writing that English paper.</div><div><br></div><div>(d) Next, note your commitments for the coming week, e.g. extracurricular activities, family gatherings, extra classes. On your calendar, highlight the blocks of time you’ll have for schoolwork.</div><div><br></div><div>This planning process might sound time-consuming, but it’ll typically take just 15 minutes every week.</div><div><br></div><div>This is a wise investment of time as a student, because the rest of your week will become far more productive.</div><div><br></div><div>This way, you’ll be studying smart, not just hard!</div><div><br></div><div><h3 style=\"color: rgb(0, 0, 0); font-family: Lato, sans-serif; margin-right: 0px; margin-bottom: 16px; margin-left: 0px; padding: 0px; font-size: 24px;\">Rule #2: Be organized.</h3></div></div></div><div><div>Ever had trouble finding your notes or assignments when you needed them? You probably ended up wasting precious time looking for them, before you finally asked to borrow them from your friend.</div><div><br></div><div>Many students tell me that they keep all their notes and assignments in one big pile, and only sort them out before their exams!</div><div><br></div><div>Being organized – it’s easier said than done, I know.</div></div>', 'The primary reason kids struggle with school is fear. And in most cases, it’s their parent\'s fault.'),
(31, 29, 'en', 'How to Set Freelance Rates and Negotiate with Confidence', NULL, '<p>The primary reason kids struggle with school is fear. And in most cases, it’s their parent\'s fault. I started tutoring math out of financial desperation. I’d just been fired from my job as a waiter, most of the proofreading in jobs in New York had been outsourced to India, and for the third time in my life, I was facing dire poverty.</p>', '<p>A strong academic record can open doors for you down the road. More importantly, through the process of becoming a straight-A student, you’ll learn values like hard work, discipline and determination.</p><h3 style=\"color: rgb(0, 0, 0); font-family: Lato, sans-serif; margin-right: 0px; margin-bottom: 16px; margin-left: 0px; padding: 0px; font-size: 24px;\">Rule #1: Always have a plan.</h3><div><div>(a) As the semester progresses, keep track of key dates: tests and exams, project submission deadlines, term breaks, etc.</div><div><br></div><div>Enter these dates into a physical or digital calendar.</div><div><br></div><div><div>If you choose to use a digital calendar, I recommend Google Calendar.</div><div><br></div><div>(b) Schedule a fixed time every week where you review your upcoming events over the next two months. Mark down when you’ll start preparing for that Math exam, working on that History project, or writing that English paper.</div><div><br></div><div>(d) Next, note your commitments for the coming week, e.g. extracurricular activities, family gatherings, extra classes. On your calendar, highlight the blocks of time you’ll have for schoolwork.</div><div><br></div><div>This planning process might sound time-consuming, but it’ll typically take just 15 minutes every week.</div><div><br></div><div>This is a wise investment of time as a student, because the rest of your week will become far more productive.</div><div><br></div><div>This way, you’ll be studying smart, not just hard!</div><div><br></div><div><h3 style=\"color: rgb(0, 0, 0); font-family: Lato, sans-serif; margin-right: 0px; margin-bottom: 16px; margin-left: 0px; padding: 0px; font-size: 24px;\">Rule #2: Be organized.</h3></div></div></div><div><div>Ever had trouble finding your notes or assignments when you needed them? You probably ended up wasting precious time looking for them, before you finally asked to borrow them from your friend.</div><div><br></div><div>Many students tell me that they keep all their notes and assignments in one big pile, and only sort them out before their exams!</div><div><br></div><div>Being organized – it’s easier said than done, I know.</div></div>', 'The primary reason kids struggle with school is fear. And in most cases, it’s their parent\'s fault.');

-- --------------------------------------------------------

--
-- Table structure for table `bundles`
--

CREATE TABLE `bundles` (
  `id` int(10) UNSIGNED NOT NULL,
  `creator_id` int(10) UNSIGNED NOT NULL,
  `teacher_id` int(10) UNSIGNED NOT NULL,
  `category_id` int(10) UNSIGNED DEFAULT NULL,
  `slug` varchar(255) NOT NULL,
  `thumbnail` varchar(255) DEFAULT NULL,
  `image_cover` varchar(255) DEFAULT NULL,
  `video_demo` varchar(255) DEFAULT NULL,
  `video_demo_source` enum('upload','youtube','vimeo','external_link','google_drive','iframe','s3','secure_host') DEFAULT NULL,
  `price` int(11) DEFAULT NULL,
  `points` int(11) DEFAULT NULL,
  `subscribe` tinyint(1) NOT NULL DEFAULT 0,
  `certificate` tinyint(1) NOT NULL DEFAULT 0,
  `access_days` int(10) UNSIGNED DEFAULT NULL COMMENT 'Number of days to access the bundle',
  `message_for_reviewer` text DEFAULT NULL,
  `status` enum('active','pending','is_draft','inactive') NOT NULL,
  `created_at` bigint(20) UNSIGNED NOT NULL,
  `updated_at` bigint(20) UNSIGNED DEFAULT NULL
) ENGINE=InnoDB DEFAULT CHARSET=utf8mb4 COLLATE=utf8mb4_unicode_ci;

--
-- Dumping data for table `bundles`
--

INSERT INTO `bundles` (`id`, `creator_id`, `teacher_id`, `category_id`, `slug`, `thumbnail`, `image_cover`, `video_demo`, `video_demo_source`, `price`, `points`, `subscribe`, `certificate`, `access_days`, `message_for_reviewer`, `status`, `created_at`, `updated_at`) VALUES
(1, 1015, 1015, 609, 'Microsoft-Office-Beginner-to-Expert-Bundle', '/store/1/default_images/bundles/Mask group.jpg', '/store/1015/office_bundle_c.jpg', '/store/1015/Microsoft Excel - Excel from Beginner to Advanced.mkv', 'upload', 50, NULL, 0, 0, NULL, 'Thank you', 'active', 1656082487, 1749974257),
(2, 934, 934, 606, 'A-Z-Web-Programming', '/store/1/default_images/bundles/bundle2.jpg', '/store/934/A-Z Web Programming_c.jpg', '/store/934/Python for Beginners.mp4', 'upload', 8, NULL, 0, 0, NULL, 'Thank you for your review.', 'active', 1656138736, 1749974233),
(3, 929, 929, 602, 'Solar-Energy-Design-Course-From-Zero-To-Hero', '/store/1/default_images/bundles/bundle1.jpg', '/store/929/Solar Energy Design Course From Zero To Hero_c.jpg', NULL, NULL, 25, NULL, 0, 0, NULL, 'Hi,\r\nThank you.', 'active', 1656139531, 1749974199),
(5, 929, 929, 602, 'Become-a-Probability-&-Statistics-Master', '/store/1/default_images/bundles/bundle4.jpg', '/store/929/Solar Energy Design Course From Zero To Hero_c.jpg', NULL, NULL, 25, NULL, 0, 0, NULL, 'Hi,\r\nThank you.', 'active', 1656139531, 1750062626);

-- --------------------------------------------------------

--
-- Table structure for table `bundle_filter_option`
--

CREATE TABLE `bundle_filter_option` (
  `id` int(10) UNSIGNED NOT NULL,
  `bundle_id` int(10) UNSIGNED NOT NULL,
  `filter_option_id` int(10) UNSIGNED NOT NULL
) ENGINE=InnoDB DEFAULT CHARSET=utf8mb4 COLLATE=utf8mb4_unicode_ci;

--
-- Dumping data for table `bundle_filter_option`
--

INSERT INTO `bundle_filter_option` (`id`, `bundle_id`, `filter_option_id`) VALUES
(52, 3, 9120),
(53, 3, 9166),
(54, 3, 9240),
(55, 2, 9148),
(56, 2, 9216),
(57, 2, 9279),
(58, 2, 9280),
(59, 2, 9281),
(60, 1, 9138),
(61, 1, 9139),
(62, 1, 9140),
(63, 1, 9196),
(64, 1, 9266);

-- --------------------------------------------------------

--
-- Table structure for table `bundle_translations`
--

CREATE TABLE `bundle_translations` (
  `id` bigint(20) UNSIGNED NOT NULL,
  `bundle_id` int(10) UNSIGNED NOT NULL,
  `locale` varchar(255) NOT NULL,
  `title` varchar(255) NOT NULL,
  `seo_description` text DEFAULT NULL,
  `summary` text DEFAULT NULL,
  `description` longtext DEFAULT NULL
) ENGINE=InnoDB DEFAULT CHARSET=utf8mb4 COLLATE=utf8mb4_unicode_ci;

--
-- Dumping data for table `bundle_translations`
--

INSERT INTO `bundle_translations` (`id`, `bundle_id`, `locale`, `title`, `seo_description`, `summary`, `description`) VALUES
(1, 1, 'en', 'Microsoft Office Beginner to Expert Bundle', 'Learn to create professional documents with this beginner to advanced Ultimate Microsoft office Course.', NULL, '<p>In this MS Office video course, you will learn everything you need to know about MS Office Accounting. software needs to be installed and link is included in the training. We\'ll take advantage of a 30-day free trial that anyone who registers in the US will get for free. You can also use the Accountants Edition, which is currently free if you are in the US</p><p><br></p><p>Very clear step by step instructions show you how to navigate each part of MS Office. We\'ll do the complete setup together. You will then experience every common type of transaction that can be entered into MS Office . You will learn how to manage and customize the most important reports in MS Office. You can find and fix data entry errors, and even find everything you\'ve entered into your MS Office account. Projects and tests reproduce real-world challenges I\'m going to show you how to use MS Office. You can learn about any industry-specific assignments you might need by watching this topic on MS Office Desktop Videos. In this course, you can apply this particular topic to MS Office .</p><p><br></p><p>The transactions we learned about are what businesses need when using MS Office. We enter customer invoices, sales receipts and payments to the MS Office Accounting By Sage. This training includes depositing and banking related to MS Office, as well as entering supplier accounts and paying invoices in MS Office. This MS Office video training course also covers cash transactions and other cashbacks. I am constantly providing MS Office tips and MS Office tricks so that students have complete control over all their MS Office entries. The main features of MS Office Accounting will help you become an expert at MS Office</p>'),
(2, 1, 'es', 'Paquete definitivo de Microsoft Office para principiantes y expertos', 'Paquete definitivo de Microsoft Office para principiantes y expertos', NULL, '<p>En este curso de video de MS Office, aprenderá todo lo que necesita saber sobre la contabilidad de MS Office. es necesario instalar el software y el enlace está incluido en la capacitación. Aprovecharemos una prueba gratuita de 30 días que cualquier persona que se registre en los EE. UU. obtendrá de forma gratuita. También puede usar la Edición de contadores, que actualmente es gratuita si se encuentra en los EE. UU.</p><p><br></p><p>Las instrucciones paso a paso muy claras le muestran cómo navegar por cada parte de MS Office. Haremos la configuración completa juntos. Luego experimentará cada tipo común de transacción que se puede ingresar en MS Office. Aprenderá a administrar y personalizar los informes más importantes en MS Office. Puede encontrar y corregir errores de entrada de datos, e incluso encontrar todo lo que ha ingresado en su cuenta de MS Office. Los proyectos y las pruebas reproducen desafíos del mundo real. Le mostraré cómo usar MS Office. Puede obtener información sobre las asignaciones específicas de la industria que pueda necesitar al ver este tema en los videos de escritorio de MS Office. En este curso, puede aplicar este tema en particular a MS Office.</p><p><br></p><p>Las transacciones que aprendimos son lo que las empresas necesitan cuando usan MS Office. Ingresamos facturas de clientes, recibos de ventas y pagos al MS Office Accounting By Sage. Esta capacitación incluye depósitos y operaciones bancarias relacionadas con MS Office, además de ingresar cuentas de proveedores y pagar facturas en MS Office. Este curso de capacitación en video de MS Office también cubre transacciones en efectivo y otros reembolsos. Constantemente brindo consejos y trucos de MS Office para que los estudiantes tengan control total sobre todas sus entradas de MS Office. Las características principales de MS Office Accounting lo ayudarán a convertirse en un experto en MS Office</p>'),
(3, 2, 'en', 'A-Z Web Programming', 'The most complete course available on Web Programming.', NULL, '<p>Brad Hussey is updating the entire course to be even more relevant to the modern web designer and front-end web developer as we enter into 2022. Join now to get access!</p><p><br></p><p>This course by Brad Hussey is the go-to, most comprehensive, A to Z web design, web development and career-building course that will kickstart your progress by focusing on what you need to learn, and avoiding the unnecessary details.</p><p><br></p><p>- - -</p><p><br></p><p>Do you want to learn web design and front-end development? Do you need a career change but don\'t know where to start?</p><p><br></p><p>Are you a total beginner looking for an all-in-one Web Design, Web Development and Career Building course that takes you step-by-step through all of the necessary skills you need to know to start working professionally as a web designer or developer?</p><p><br></p><p>Are you a programmer or web developer looking to improve your design skills, so your designer colleagues can stop making fun of your bad designs?</p><p><br></p><p>Or maybe you\'re a graphic designer looking to learn how to code, so your programmer colleagues can stop laughing at your sad coding attempts?</p><p><br></p><p>Have you wasted time & hard earned money watching boring, drawn-out and overwhelming web design and web development courses that promise to make you a complete master of every possible discipline known to man?</p><p><br></p><p>Look no further! There\'s no better place to learn web design and become a skilled front-end developer than with The Ultimate Web Designer & Front-End Developer Course by Brad Hussey.</p><p><br></p><p>This course will teach you everything you need to know (and none of what you don\'t need to know).</p><p><br></p><p>With more than 80,000 happy students, this Udemy course is trusted by beginners and experts alike. Brad Hussey – an experienced web designer and front-end developer – will teach you everything from web design basics to creating beautiful user interfaces with HTML and CSS. You\'ll also learn how to develop dynamic websites with JavaScript, PHP, MySQL and more. And that\'s just the beginning!</p><p><br></p><p>You\'ll also learn about creating responsive websites and user interfaces that look great on any device by using popular frameworks like Bootstrap and Tailwind CSS.</p><p><br></p><p>By the end of this course, you\'ll have the skills and knowledge you need to start your own successful web design career, whether you want to land a job as a web designer or start taking on clients as a freelance web designer.</p><p><br></p><p>So if you\'re ready to become a web designer in 2022?</p><p><br></p><p>Join the course today!</p><p><br></p><p>- - -</p><p><br></p><p>What can you expect from this course?</p><p><br></p><p>You will go from knowing nothing to creating over 23 impressive designs, websites, and applications — all with step-by-step instruction from one of the most entertaining, engaging and passionate web design educators on the web today!</p><p><br></p><p>We\'ll start by learning Visual & Web Design, how to use Adobe Photoshop, and how to sketch professional wireframes. We\'ll then learn to code with HTML5, CSS3, Javascript and jQuery. At this point, you\'ll be able to code custom websites, animations and web applications by yourself.</p><p><br></p><p>Once we\'re cool with the front-end languages, we\'ll then melt our brain-bits with highly advanced skills like Responsive Websites, PHP, MySQL, WordPress and custom WordPress plugin development. You\'ll then have the ability to build responsive, dynamic websites and blogs, basic eCommerce sites and online stores, and have a professional understanding of all aspects of web design & development.</p><p><br></p><p>After you\'ve learned everything from Design to Development, you\'ll be taken through a hands-on career section fully-loaded with valuable tips, resources, and real-world guidance to help you start your career — whether you want to work-from-home as a freelancer or secure a full-time studio gig at a design agency.</p>'),
(4, 3, 'en', 'Solar Energy Design Course From Zero To Hero', 'Learn How To Design And Install Solar Energy Systems With Step By Step Examples Without Previous Knowledge', NULL, '<p>The only course out there with everything you need to know about solar energy from A to Z</p><p><br></p><p>Throughout the course you will learn:</p><p><br></p><p>The fundamentals of solar energy</p><p><br></p><p>Components and design of on-grid and off-grid solar systems</p><p><br></p><p>Types and selection of solar modules</p><p><br></p><p>Types of charge controllers and their selection techniques</p><p><br></p><p>Types and selection of different solar inverters</p><p><br></p><p>Selection of suitable tilt angle and shading effect in PV systems.</p><p><br></p><p>- Types and selection of batteries in solar energy systems.</p><p><br></p><p>- Design and components of the solar water pumping system</p><p><br></p><p>- Design of grounding or earthing system</p><p><br></p><p>- Design of single line diagram of the PV system using the Autocad</p><p><br></p><p>- Design on and off-grid PV systems using the PVSyst program.</p><p><br></p><p>- Design of protection of PV system</p><p><br></p><p><br></p><p><b>After Taking This Course, You Will Be Able To</b></p><p><br></p><p>Understand everything about solar energy systems such as construction and how to select components such as solar panels, charge controllers, inverters, batteries, and busbars.</p><p><br></p><p>Design different solar energy systems such as off-grid, on-grid, and solar water pumping systems.</p><p><br></p><p>You will learn how to design protection and earthing system for solar energy systems.</p><p><br></p><p>You would be able to apply for jobs in the solar energy field without fear of rejection as you have all the knowledge you need to work in the field.</p><p><br></p><p><br></p><p>If you\'ve been looking for ONE COURSE with in-depth insight into solar energy, take this course.</p>'),
(5, 5, 'en', 'Become a Probability & Statistics Master', 'Become a Full-Stack Web Developer with just ONE bundle.', 'Become a Full-Stack Web Developer with just ONE course. HTML, CSS, Javascript, Node, React, PostgreSQL, Web3 and DApps.', '<p>Welcome to the Complete Web Development Bootcamp, the only course you need to learn to code and become a full-stack web developer. </p><p>With 150,000+ ratings and a 4.8 average, my Web Development course is one of the HIGHEST RATED courses in the history of Udemy! </p><p>At 62+ hours, this Web Development course is without a doubt the most comprehensive web development course available online. </p><p>Even if you have zero programming experience, this course will take you from beginner to mastery.</p>');

-- --------------------------------------------------------

--
-- Table structure for table `bundle_webinars`
--

CREATE TABLE `bundle_webinars` (
  `id` int(10) UNSIGNED NOT NULL,
  `creator_id` int(10) UNSIGNED NOT NULL,
  `bundle_id` int(10) UNSIGNED NOT NULL,
  `webinar_id` int(10) UNSIGNED NOT NULL,
  `order` int(10) UNSIGNED DEFAULT NULL
) ENGINE=InnoDB DEFAULT CHARSET=utf8mb4 COLLATE=utf8mb4_unicode_ci;

--
-- Dumping data for table `bundle_webinars`
--

INSERT INTO `bundle_webinars` (`id`, `creator_id`, `bundle_id`, `webinar_id`, `order`) VALUES
(1, 1015, 1, 1998, NULL),
(2, 1015, 1, 2008, NULL),
(3, 1015, 1, 1996, NULL),
(4, 1015, 1, 2009, NULL),
(5, 934, 2, 1997, NULL),
(6, 934, 2, 2005, NULL),
(7, 929, 3, 2004, NULL),
(8, 929, 3, 1999, NULL),
(12, 929, 5, 1999, NULL),
(13, 929, 5, 2004, NULL);

-- --------------------------------------------------------

--
-- Table structure for table `cart`
--

CREATE TABLE `cart` (
  `id` int(10) UNSIGNED NOT NULL,
  `creator_id` int(10) UNSIGNED NOT NULL,
  `webinar_id` int(10) UNSIGNED DEFAULT NULL,
  `bundle_id` int(10) UNSIGNED DEFAULT NULL,
  `product_order_id` int(10) UNSIGNED DEFAULT NULL,
  `reserve_meeting_id` int(10) UNSIGNED DEFAULT NULL,
  `subscribe_id` int(10) UNSIGNED DEFAULT NULL,
  `promotion_id` int(10) UNSIGNED DEFAULT NULL,
  `gift_id` int(10) UNSIGNED DEFAULT NULL,
  `ticket_id` int(10) UNSIGNED DEFAULT NULL,
  `special_offer_id` int(10) UNSIGNED DEFAULT NULL,
  `product_discount_id` int(10) UNSIGNED DEFAULT NULL,
  `installment_payment_id` int(10) UNSIGNED DEFAULT NULL,
  `created_at` int(11) NOT NULL
) ENGINE=InnoDB DEFAULT CHARSET=utf8mb4 COLLATE=utf8mb4_unicode_ci ROW_FORMAT=DYNAMIC;

--
-- Dumping data for table `cart`
--

INSERT INTO `cart` (`id`, `creator_id`, `webinar_id`, `bundle_id`, `product_order_id`, `reserve_meeting_id`, `subscribe_id`, `promotion_id`, `gift_id`, `ticket_id`, `special_offer_id`, `product_discount_id`, `installment_payment_id`, `created_at`) VALUES
(209, 1046, 2005, NULL, NULL, NULL, NULL, NULL, NULL, NULL, NULL, NULL, NULL, 1709199575),
(211, 1046, 2004, NULL, NULL, NULL, NULL, NULL, NULL, NULL, NULL, NULL, NULL, 1709199846);

-- --------------------------------------------------------

--
-- Table structure for table `cart_discounts`
--

CREATE TABLE `cart_discounts` (
  `id` int(10) UNSIGNED NOT NULL,
  `discount_id` int(10) UNSIGNED NOT NULL,
  `show_only_on_empty_cart` tinyint(1) NOT NULL DEFAULT 0,
  `enable` tinyint(1) NOT NULL DEFAULT 0,
  `created_at` bigint(20) UNSIGNED NOT NULL
) ENGINE=InnoDB DEFAULT CHARSET=utf8mb4 COLLATE=utf8mb4_general_ci;

--
-- Dumping data for table `cart_discounts`
--

INSERT INTO `cart_discounts` (`id`, `discount_id`, `show_only_on_empty_cart`, `enable`, `created_at`) VALUES
(1, 25, 1, 1, 1709794527);

-- --------------------------------------------------------

--
-- Table structure for table `cart_discount_translations`
--

CREATE TABLE `cart_discount_translations` (
  `id` int(10) UNSIGNED NOT NULL,
  `cart_discount_id` int(10) UNSIGNED NOT NULL,
  `locale` varchar(191) NOT NULL,
  `title` varchar(255) NOT NULL,
  `subtitle` text NOT NULL
) ENGINE=InnoDB DEFAULT CHARSET=utf8mb4 COLLATE=utf8mb4_general_ci;

--
-- Dumping data for table `cart_discount_translations`
--

INSERT INTO `cart_discount_translations` (`id`, `cart_discount_id`, `locale`, `title`, `subtitle`) VALUES
(1, 1, 'en', 'Finalize your purchase with a discount', 'Please take advantage of this limited special offer by using the coupon and completing your purchase.');

-- --------------------------------------------------------

--
-- Table structure for table `cashback_rules`
--

CREATE TABLE `cashback_rules` (
  `id` int(10) UNSIGNED NOT NULL,
  `target_type` enum('all','courses','store_products','bundles','meetings','registration_packages','subscription_packages','recharge_wallet') NOT NULL,
  `target` varchar(255) DEFAULT NULL,
  `start_date` bigint(20) UNSIGNED DEFAULT NULL,
  `end_date` bigint(20) UNSIGNED DEFAULT NULL,
  `amount` double(15,2) DEFAULT NULL,
  `amount_type` enum('fixed_amount','percent') DEFAULT NULL,
  `apply_cashback_per_item` tinyint(1) NOT NULL DEFAULT 0,
  `max_amount` double(15,2) DEFAULT NULL,
  `min_amount` double(15,2) DEFAULT NULL,
  `enable` tinyint(1) NOT NULL DEFAULT 0,
  `created_at` bigint(20) UNSIGNED NOT NULL
) ENGINE=InnoDB DEFAULT CHARSET=utf8mb4 COLLATE=utf8mb4_unicode_ci;

--
-- Dumping data for table `cashback_rules`
--

INSERT INTO `cashback_rules` (`id`, `target_type`, `target`, `start_date`, `end_date`, `amount`, `amount_type`, `apply_cashback_per_item`, `max_amount`, `min_amount`, `enable`, `created_at`) VALUES
(5, 'all', NULL, 1672610400, NULL, 10.00, 'percent', 0, NULL, NULL, 1, 1678921892);

-- --------------------------------------------------------

--
-- Table structure for table `cashback_rule_specification_items`
--

CREATE TABLE `cashback_rule_specification_items` (
  `id` int(10) UNSIGNED NOT NULL,
  `cashback_rule_id` int(10) UNSIGNED NOT NULL,
  `category_id` int(10) UNSIGNED DEFAULT NULL,
  `instructor_id` int(10) UNSIGNED DEFAULT NULL,
  `seller_id` int(10) UNSIGNED DEFAULT NULL,
  `webinar_id` int(10) UNSIGNED DEFAULT NULL,
  `product_id` int(10) UNSIGNED DEFAULT NULL,
  `bundle_id` int(10) UNSIGNED DEFAULT NULL,
  `subscribe_id` int(10) UNSIGNED DEFAULT NULL,
  `registration_package_id` int(10) UNSIGNED DEFAULT NULL
) ENGINE=InnoDB DEFAULT CHARSET=utf8mb4 COLLATE=utf8mb4_unicode_ci;

-- --------------------------------------------------------

--
-- Table structure for table `cashback_rule_translations`
--

CREATE TABLE `cashback_rule_translations` (
  `id` int(10) UNSIGNED NOT NULL,
  `cashback_rule_id` int(10) UNSIGNED NOT NULL,
  `locale` varchar(255) NOT NULL,
  `title` varchar(255) NOT NULL
) ENGINE=InnoDB DEFAULT CHARSET=utf8mb4 COLLATE=utf8mb4_unicode_ci;

--
-- Dumping data for table `cashback_rule_translations`
--

INSERT INTO `cashback_rule_translations` (`id`, `cashback_rule_id`, `locale`, `title`) VALUES
(5, 5, 'en', 'Christmas Cashback');

-- --------------------------------------------------------

--
-- Table structure for table `cashback_rule_users_groups`
--

CREATE TABLE `cashback_rule_users_groups` (
  `id` int(10) UNSIGNED NOT NULL,
  `cashback_rule_id` int(10) UNSIGNED NOT NULL,
  `group_id` int(10) UNSIGNED DEFAULT NULL,
  `user_id` int(10) UNSIGNED DEFAULT NULL
) ENGINE=InnoDB DEFAULT CHARSET=utf8mb4 COLLATE=utf8mb4_unicode_ci;

-- --------------------------------------------------------

--
-- Table structure for table `categories`
--

CREATE TABLE `categories` (
  `id` int(10) UNSIGNED NOT NULL,
  `slug` varchar(255) NOT NULL,
  `parent_id` int(11) DEFAULT NULL,
  `icon` varchar(255) DEFAULT NULL,
  `order` int(10) UNSIGNED DEFAULT NULL,
  `cover_image` varchar(255) DEFAULT NULL,
  `icon2` varchar(255) DEFAULT NULL,
  `icon2_box_color` varchar(255) DEFAULT NULL,
  `overlay_image` varchar(255) DEFAULT NULL
) ENGINE=InnoDB DEFAULT CHARSET=utf8mb4 COLLATE=utf8mb4_unicode_ci;

--
-- Dumping data for table `categories`
--

INSERT INTO `categories` (`id`, `slug`, `parent_id`, `icon`, `order`, `cover_image`, `icon2`, `icon2_box_color`, `overlay_image`) VALUES
(520, 'Design', NULL, '/store/1/default_images/categories_icons/feather.png', 7, NULL, '/store/1/default_images/categories_icons/icon2/design_icon2.svg', '#f8d8bf', '/store/1/default_images/categories_icons/icon2/design_overlay.png'),
(522, 'Academics', NULL, '/store/1/default_images/categories_icons/briefcase.png', 6, NULL, '/store/1/default_images/categories_icons/icon2/academics_icon2.svg', '#f8ddac', '/store/1/default_images/categories_icons/icon2/academics_overlay.png'),
(523, 'Health-and-Fitness', NULL, '/store/1/default_images/categories_icons/heart.png', 5, NULL, '/store/1/default_images/categories_icons/icon2/health_icon2.svg', '#f6c7cb', '/store/1/default_images/categories_icons/icon2/health_overlay.png'),
(524, 'Lifestyles', NULL, '/store/1/default_images/categories_icons/umbrella.png', 4, NULL, '/store/1/default_images/categories_icons/icon2/lifestyle_icon2.svg', '#f2d6e9', '/store/1/default_images/categories_icons/icon2/lifestyle_overlay.png'),
(525, 'Marketing', NULL, '/store/1/default_images/categories_icons/pie-chart.png', 3, NULL, '/store/1/default_images/categories_icons/icon2/marketing_icon2.svg', '#bfead3', '/store/1/default_images/categories_icons/icon2/marketing_overlay.png'),
(526, 'Business', NULL, '/store/1/default_images/categories_icons/anchor.png', 2, NULL, '/store/1/default_images/categories_icons/icon2/business_icon2.svg', '#accef8', '/store/1/default_images/categories_icons/icon2/business_overlay.png'),
(528, 'Development', NULL, '/store/1/default_images/categories_icons/code.png', 1, NULL, '/store/1/default_images/categories_icons/icon2/development_icon2.svg', '#f4dbb9', '/store/1/default_images/categories_icons/icon2/development_overlay.png'),
(601, 'Math', 522, '/store/1/default_images/categories_icons/sub_categories/divide-square.png', 1, NULL, '/store/1/default_images/categories_icons/icon2/math_icon2.svg', '#f8ddac', '/store/1/default_images/categories_icons/icon2/math_overlay.png'),
(602, 'Science', 522, '/store/1/default_images/categories_icons/sub_categories/zap.png', 2, NULL, '/store/1/default_images/categories_icons/icon2/science_icon2.svg', '#f8ddac', '/store/1/default_images/categories_icons/icon2/science_overlay.png'),
(603, 'Language', 522, '/store/1/default_images/categories_icons/sub_categories/globe.png', 3, NULL, '/store/1/default_images/categories_icons/icon2/language_icon2.svg', '#f8ddac', '/store/1/default_images/categories_icons/icon2/language_overlay.png'),
(604, 'Lifestyle', 524, '/store/1/default_images/categories_icons/sub_categories/sun.png', 1, NULL, '/store/1/default_images/categories_icons/icon2/lifestyle_icon2.svg', '#f2d6e9', '/store/1/default_images/categories_icons/icon2/lifestyle_overlay.png'),
(605, 'Beauty-and-Makeup', 524, '/store/1/default_images/categories_icons/sub_categories/droplet.png', 2, NULL, '/store/1/default_images/categories_icons/icon2/beauti_makeup_icon2.svg', '#f2d6e9', '/store/1/default_images/categories_icons/icon2/beauti_makeup_overlay.png'),
(606, 'Web-Development', 528, '/store/1/default_images/categories_icons/sub_categories/layout.png', 1, NULL, '/store/1/default_images/categories_icons/icon2/web_development_icon2.svg', '#f4dbb9', '/store/1/default_images/categories_icons/icon2/web_development_overlay.png'),
(607, 'Mobile-Development', 528, '/store/1/default_images/categories_icons/sub_categories/smartphone.png', 2, NULL, '/store/1/default_images/categories_icons/icon2/mobile_development_icon2.svg', '#f4dbb9', '/store/1/default_images/categories_icons/icon2/mobile_development_overlay.png'),
(608, 'Game-Development', 528, '/store/1/default_images/categories_icons/sub_categories/codesandbox.png', 3, NULL, '/store/1/default_images/categories_icons/icon2/game_development_icon2.svg', '#f4dbb9', '/store/1/default_images/categories_icons/icon2/game_development_overlay.png'),
(609, 'Management', 526, '/store/1/default_images/categories_icons/sub_categories/users.png', 1, NULL, '/store/1/default_images/categories_icons/icon2/management_icon2.svg', '#accef8', '/store/1/default_images/categories_icons/icon2/management_overlay.png'),
(610, 'Communications', 526, '/store/1/default_images/categories_icons/sub_categories/share-2.png', 2, NULL, '/store/1/default_images/categories_icons/icon2/communications_icon2.svg', '#accef8', '/store/1/default_images/categories_icons/icon2/communications_overlay.png'),
(611, 'Business-Strategy', 526, '/store/1/default_images/categories_icons/sub_categories/target.png', 3, NULL, '/store/1/default_images/categories_icons/icon2/strategy_icon2.svg', '#accef8', '/store/1/default_images/categories_icons/icon2/strategy_overlay.png');

-- --------------------------------------------------------

--
-- Table structure for table `category_translations`
--

CREATE TABLE `category_translations` (
  `id` bigint(20) UNSIGNED NOT NULL,
  `category_id` int(10) UNSIGNED NOT NULL,
  `locale` varchar(255) NOT NULL,
  `title` varchar(255) NOT NULL,
  `subtitle` text DEFAULT NULL,
  `bottom_seo_title` text DEFAULT NULL,
  `bottom_seo_content` text DEFAULT NULL
) ENGINE=InnoDB DEFAULT CHARSET=utf8mb4 COLLATE=utf8mb4_unicode_ci;

--
-- Dumping data for table `category_translations`
--

INSERT INTO `category_translations` (`id`, `category_id`, `locale`, `title`, `subtitle`, `bottom_seo_title`, `bottom_seo_content`) VALUES
(1, 520, 'en', 'Design', 'Learn design principles, tools, and techniques to create visually compelling and user-focused digital experiences', 'About Design Courses', 'Explore our comprehensive design courses that cover everything from graphic design fundamentals to advanced UI/UX techniques. Learn from industry experts through hands-on projects and real-world case studies. Whether you\'re a beginner or looking to enhance your skills, our courses provide the perfect blend of theory and practical application. Gain valuable insights into the latest design trends and tools while building a professional portfolio. Start your creative journey today and unlock exciting career opportunities in the dynamic field of design.'),
(2, 522, 'en', 'Academics', 'Strengthen your academic knowledge across subjects with expert-led lessons, practice exercises, and clear explanations', 'About Academic Courses', 'Enhance your academic performance with our carefully curated courses designed by experienced educators. Covering a wide range of subjects from mathematics to literature, our programs offer structured learning paths with interactive content and personalized feedback. Perfect for students looking to supplement their school curriculum or adults pursuing lifelong learning. Access high-quality educational resources anytime, anywhere, and track your progress with our intuitive learning platform. Invest in your intellectual growth today and achieve your academic goals with confidence.'),
(3, 523, 'en', 'Health & Fitness', 'Explore physical and mental health topics to improve well-being, build habits, and support healthy lifestyles', 'About Health & Fitness Courses', 'Transform your health and wellness journey with our expert-led fitness and nutrition courses. Discover science-backed strategies for weight management, stress reduction, and overall wellbeing. Learn proper exercise techniques, meal planning, and mindfulness practices from certified professionals. Whether you want to lose weight, build muscle, or simply feel better, our courses provide the knowledge and motivation you need. Join a community of health-conscious learners and take the first step toward a healthier, happier you today.'),
(4, 524, 'en', 'Lifestyle', 'Discover courses that enhance daily living, from personal development to hobbies, wellness, and productivity skills', 'About Lifestyle Courses', 'Elevate every aspect of your life with our diverse lifestyle courses covering personal development, hobbies, and productivity. Learn time management techniques, creative skills, and mindfulness practices from top instructors. Whether you want to improve your relationships, discover new passions, or optimize your daily routine, we have the perfect course for you. Our practical, actionable content helps you implement positive changes immediately. Start your journey to a more fulfilling lifestyle today and unlock your full potential.'),
(5, 525, 'en', 'Marketing', 'Master modern marketing strategies to promote brands, engage audiences, and drive business success effectively', 'About Marketing Courses', 'Stay ahead in the competitive marketing landscape with our comprehensive courses covering digital strategies, analytics, and consumer behavior. Learn from industry leaders about SEO, social media marketing, content creation, and data-driven decision making. Perfect for entrepreneurs, business owners, and marketing professionals looking to expand their skill set. Our practical approach combines theoretical knowledge with real-world applications. Launch your marketing career or take your business to new heights with our expert guidance and support.'),
(6, 526, 'en', 'Business', 'Gain essential business skills to manage, grow, and lead successful organizations in any industry', 'About Business Courses', 'Develop the skills needed to succeed in today\'s dynamic business environment with our comprehensive course offerings. Learn about entrepreneurship, management, finance, and strategic planning from experienced business leaders. Our courses combine theoretical frameworks with practical case studies and real-world applications. Whether you\'re starting a business or advancing your corporate career, we provide the knowledge and tools for success. Join thousands of professionals who have transformed their careers through our business education programs.'),
(7, 528, 'en', 'Development', 'Learn to build websites, apps, and software with hands-on coding lessons from expert instructors', 'About Development Courses', 'Launch your tech career with our in-depth development courses covering programming languages, frameworks, and software engineering principles. From beginner to advanced levels, our curriculum is designed by industry experts to provide practical, job-ready skills. Work on real projects, build a portfolio, and learn best practices used by top tech companies. Whether you\'re interested in web development, mobile apps, or software engineering, we have the perfect learning path for you. Start coding today and open doors to exciting opportunities in the tech industry.'),
(8, 601, 'en', 'Math', 'Master mathematical concepts, from basic arithmetic to advanced topics, with step-by-step lessons and practice problems', 'About Math Courses', 'Build a strong mathematical foundation with our comprehensive courses designed for all skill levels. Our structured curriculum covers everything from basic arithmetic to advanced calculus and statistics. Learn through interactive lessons, practical examples, and problem-solving exercises guided by experienced math educators. Perfect for students struggling with math concepts or professionals needing quantitative skills. With flexible learning options and personalized support, you can master math at your own pace and achieve your academic or career goals.'),
(9, 602, 'en', 'Science', 'Explore scientific principles and discoveries through engaging lessons in physics, biology, chemistry, and more', 'About Science Courses', 'Discover the wonders of science through our engaging courses in physics, chemistry, biology, and earth sciences. Our interactive curriculum brings scientific concepts to life with experiments, simulations, and real-world applications. Learn from passionate educators who make complex topics accessible and interesting. Whether you\'re a student preparing for exams or a curious mind exploring scientific phenomena, our courses offer valuable knowledge and critical thinking skills. Embark on a journey of scientific discovery and satisfy your curiosity about how the world works.'),
(10, 603, 'en', 'Language', 'Improve your language skills with interactive courses in grammar, vocabulary, pronunciation, and real-life conversation', 'About Language Courses', 'Achieve fluency in your target language with our immersive courses designed for all proficiency levels. Our proven methodology combines grammar instruction, vocabulary building, and conversational practice with native speakers. Learn practical language skills for travel, business, or personal enrichment through interactive lessons and cultural insights. Whether you\'re starting from scratch or refining your fluency, we provide the tools and support for effective language acquisition. Join our global community of language learners and open doors to new cultures and opportunities.'),
(11, 604, 'en', 'Lifestyle', 'Discover courses that enhance daily living, from personal development to hobbies, wellness, and productivity skills', 'About Lifestyle Courses', 'Transform your daily routine and personal growth with our lifestyle courses that cover everything from productivity hacks to creative pursuits. Learn practical strategies for stress management, organization, and work-life balance from experienced instructors. Discover new hobbies and skills that bring joy and fulfillment to your life. Our courses combine expert knowledge with actionable steps you can implement immediately. Whether you want to improve your home, relationships, or personal wellbeing, we have the perfect course to help you live your best life.'),
(12, 605, 'en', 'Beauty & Makeup', 'Learn professional beauty techniques, makeup artistry, and skincare routines for personal or career growth', 'About Beauty & Makeup Courses', 'Master the art of beauty and makeup with our professional courses taught by industry experts. Learn cutting-edge techniques for skincare, cosmetic application, and personal grooming. Our comprehensive curriculum covers everything from everyday looks to special occasion makeup and professional artistry. Whether you\'re pursuing a beauty career or simply want to enhance your personal skills, our courses provide step-by-step guidance. Gain confidence in your beauty routine and discover the latest trends and products in the ever-evolving world of cosmetics.'),
(13, 606, 'en', 'Web Development', 'Master front-end and back-end skills to create dynamic, responsive, and modern websites from scratch', 'About Web Development Courses', 'Build professional websites and applications with our complete web development curriculum covering HTML, CSS, JavaScript, and popular frameworks. Learn responsive design, backend development, and deployment strategies from experienced developers. Our project-based approach ensures you gain practical skills while building a portfolio of real work. Whether you\'re changing careers or upgrading your skills, we provide the training and support to succeed in this high-demand field. Start your journey to becoming a full-stack developer today with our comprehensive courses.'),
(14, 607, 'en', 'Mobile Development', 'Build powerful Android and iOS apps using modern tools, frameworks, and hands-on mobile projects', 'About Mobile Development Courses', 'Create innovative mobile applications with our expert-led courses in iOS and Android development. Learn to use modern tools like Swift, Kotlin, and React Native to build functional, user-friendly apps. Our curriculum covers everything from UI design to backend integration and app store deployment. Work on real projects that demonstrate your skills to potential employers or clients. Whether you\'re a beginner or experienced developer, our courses will help you master mobile technologies and tap into the booming app market.'),
(15, 608, 'en', 'Game Development', 'Learn to design and develop engaging games using Unity, Unreal Engine, and real-world game projects', 'About Game Development Courses', 'Turn your passion for games into a career with our comprehensive game development program. Learn industry-standard tools like Unity and Unreal Engine while creating playable game prototypes. Our curriculum covers game design principles, programming, 3D modeling, and monetization strategies. Benefit from expert instruction and feedback as you build an impressive portfolio. Whether you dream of indie development or working for major studios, our courses provide the skills and knowledge to succeed in this exciting, creative field.'),
(16, 609, 'en', 'Management', 'Develop leadership and organizational skills to effectively manage teams, projects, and business operations', 'About Management Courses', 'Enhance your leadership capabilities with our management courses designed for professionals at all levels. Learn essential skills in team leadership, project management, strategic planning, and organizational behavior. Our practical approach combines theoretical frameworks with real-world case studies and interactive exercises. Whether you\'re an aspiring manager or experienced executive, our courses will help you navigate complex business challenges and inspire your teams to achieve exceptional results. Invest in your professional growth and become a more effective leader today.'),
(17, 610, 'en', 'Communications', 'Enhance your verbal and written communication skills for effective workplace, public, and interpersonal interactions', 'About Communications Courses', 'Master the art of effective communication with our comprehensive courses covering public speaking, business writing, and interpersonal skills. Learn to convey ideas clearly, persuade audiences, and build strong professional relationships. Our curriculum includes practical exercises, feedback sessions, and real-world applications to build confidence in any communication scenario. Whether you want to excel in presentations, negotiations, or everyday workplace interactions, our courses provide the tools for success. Transform how you communicate and open doors to new career opportunities.'),
(18, 611, 'en', 'Business Strategy', 'Learn to analyze markets, set goals, and craft strategic plans that drive sustainable business growth', 'About Business Strategy Courses', 'Develop the strategic thinking skills needed to guide organizations to long-term success with our expert-led courses. Learn competitive analysis, strategic planning, and execution frameworks used by top companies. Our case-study based approach provides practical insights into real business challenges and solutions. Whether you\'re an entrepreneur, executive, or consultant, these courses will enhance your ability to make data-driven decisions and create sustainable competitive advantages. Gain the strategic mindset that separates successful leaders from the rest.'),
(19, 528, 'ar', 'تطوير', 'تعلم بناء مواقع الويب والتطبيقات والبرامج من خلال دروس البرمجة العملية من مدربين خبراء', 'أفضل دورات تدريبية عبر الإنترنت في تطوير', 'اكتشف عالم التطوير والبرمجة من خلال دوراتنا الشاملة التي تغطي أحدث لغات البرمجة وأطر العمل. تعلم من خبراء الصناعة عبر دروس عملية ومشاريع حقيقية تنمي مهاراتك التقنية. سواء كنت مبتدئًا أو مبرمجًا محترفًا يرغب في تطوير مهاراته، فإن مناهجنا المصممة بعناية توفر لك المسار الأمثل للتعلم. احصل على شهادات معتمدة وابنِ ملفًا شخصيًا يبرز مهاراتك للعملاء وأصحاب العمل. ابدأ رحلتك في عالم التطوير اليوم وافتح أبوابًا جديدة في سوق العمل المتنامي.'),
(20, 606, 'ar', 'تطوير الشبكة', 'أتقن مهارات الواجهة الأمامية والخلفية لإنشاء مواقع ويب ديناميكية وسريعة الاستجابة وحديثة من الصفر', 'أفضل دورات تدريبية عبر الإنترنت في تطوير الشبكة', 'احترف تطوير الويب من خلال دوراتنا المتكاملة التي تغطي HTML، CSS، JavaScript وأشهر أطر العمل مثل React وNode.js. تعلم كيفية إنشاء مواقع متكاملة وتطبيقات ويب تفاعلية من الصفر حتى النشر. استفد من مشاريع عملية حقيقية وملاحظات الخبراء لبناء محفظة أعمال تثبت مهاراتك. سواء كنت تبدأ مسيرتك أو تطور مهاراتك الحالية، نوفر لك الدعم والموارد اللازمة للتميز في هذا المجال المطلوب. ابدأ اليوم رحلتك لتصبح مطور ويب محترف.'),
(21, 607, 'ar', 'تطوير المحمول', 'قم ببناء تطبيقات Android و iOS قوية باستخدام الأدوات والأطر الحديثة ومشاريع الجوال العملية', 'أفضل دورات تدريبية عبر الإنترنت في تطوير المحمول', 'انطلق في عالم تطبيقات الجوال مع دوراتنا الشاملة في تطوير iOS وAndroid. تعلم لغات Swift وKotlin وأطر العمل الحديثة لإنشاء تطبيقات وظيفية وجذابة. من خلال مشاريع عملية وتوجيه من خبراء الصناعة، ستكتسب المهارات اللازمة لنشر تطبيقاتك على متاجر التطبيقات. سواء كنت تطمح للعمل في شركات التقنية أو تنطلق كمطور مستقل، فإن دوراتنا توفر لك المعرفة العملية والخبرة اللازمة للنجاح في سوق التطبيقات المزدهر. ابدأ بناء مستقبلك في تطوير الجوال اليوم.'),
(22, 608, 'ar', 'تطوير اللعبة', 'تعلم تصميم وتطوير ألعاب جذابة باستخدام Unity و Unreal Engine ومشاريع ألعاب واقعية', 'أفضل دورات تدريبية عبر الإنترنت في تطوير اللعبة', 'حوّل شغفك بالألعاب إلى مهنة مع دوراتنا المتخصصة في تطوير الألعاب. تعلم استخدام Unity وUnreal Engine لإنشاء ألعاب احترافية ثنائية وثلاثية الأبعاد. من خلال منهج عملي يركز على المشاريع، ستتعلم تصميم الألعاب، البرمجة، النمذجة ثلاثية الأبعاد واستراتيجيات الربح. استفد من ملاحظات الخبراء أثناء بناء محفظة أعمال تبرز إبداعك وقدراتك التقنية. سواء كنت تطمح للعمل مع استوديوهات كبرى أو تطوير ألعابك المستقلة، فإن دوراتنا توفر لك المهارات اللازمة للنجاح في هذه الصناعة المثيرة.'),
(23, 526, 'ar', 'عمل', 'اكتسب المهارات الأساسية للأعمال لإدارة ونمو وقيادة المنظمات الناجحة في أي صناعة', 'أفضل دورات تدريبية عبر الإنترنت في عمل', 'طور مهاراتك الإدارية والقيادية مع دوراتنا الشاملة في مجال الأعمال التي تغتي ريادة الأعمال، الإدارة المالية، والتخطيط الاستراتيجي. تعلم من خبراء الصناعة عبر دروس تفاعلية ودراسات حالة حقيقية توضح تطبيق النظريات في الواقع العملي. سواء كنت صاحب مشروع ناشئ أو مديرًا محترفًا يسعى للتطور، فإن دوراتنا توفر لك المعرفة والأدوات اللازمة لقيادة مؤسستك نحو النجاح. انضم إلى آلاف المحترفين الذين طوروا مسيرتهم من خلال برامجنا التدريبية وابدأ رحلتك نحو التميز في عالم الأعمال اليوم.'),
(24, 609, 'ar', 'إدارة', 'طور مهارات القيادة والتنظيم لإدارة الفرق والمشاريع وعمليات الأعمال بشكل فعال', 'أفضل دورات تدريبية عبر الإنترنت في إدارة', 'احترف فن الإدارة والقيادة مع دوراتنا المتخصصة التي تغطي أحدث النظريات والممارسات الإدارية. تعلم كيفية قيادة الفرق بفعالية، إدارة المشاريع المعقدة، واتخاذ القرارات الاستراتيجية. من خلال دراسات حالة واقعية وتمارين تفاعلية، ستطور المهارات اللازمة لإدارة التحديات التنظيمية وتحقيق الأهداف بفعالية. سواء كنت مديرًا مبتدئًا أو تنفيذيًا محنكًا، فإن دوراتنا توفر لك الرؤى والأدوات لتصبح قائدًا أكثر فعالية. استثمر في نموك المهني اليوم وتميز في مجال الإدارة التنافسي.'),
(25, 610, 'ar', 'مجال الاتصالات', 'عزز مهارات التواصل اللفظي والكتابي للتفاعلات الفعالة في مكان العمل والعامة والشخصية', 'أفضل دورات تدريبية عبر الإنترنت في مجال الاتصالات', 'أتقن فن التواصل الفعال مع دوراتنا الشاملة في مهارات الاتصال التي تغطي الخطابة، الكتابة المهنية، والتفاوض. تعلم كيفية صياغة الرسائل المؤثرة، إدارة الحوارات الصعبة، وبناء علاقات عمل قوية. من خلال تمارين عملية وملاحظات الخبراء، ستكتسب الثقة في التعبير عن أفكارك بوضوح وإقناع في أي سياق. سواء كنت تسعى للتقدم في عملك أو تحسين تواصلك اليومي، فإن دوراتنا توفر لك الأدوات اللازمة للتميز في هذا المهارة الأساسية للنجاح المهني والشخصي.'),
(26, 611, 'ar', 'استراتيجية العمل', 'تعلم تحليل الأسواق ووضع الأهداف وصياغة الخطط الاستراتيجية التي تدفع نمو الأعمال المستدام', 'أفضل دورات تدريبية عبر الإنترنت في استراتيجية العمل', 'طور مهاراتك الاستراتيجية مع دوراتنا المتخصصة في تخطيط الأعمال وتحليل المنافسة. تعلم كيفية تقييم الفرص السوقية، صياغة خطط عمل فعالة، وقيادة التغيير التنظيمي. من خلال دراسات حالة لشركات عالمية، ستكتسب رؤى عملية حول صنع القرارات الاستراتيجية في بيئات الأعمال المعقدة. سواء كنت قائدًا تنفيذيًا، مستشارًا، أو رائد أعمال، فإن هذه الدورات ستمكنك من تطوير رؤية استراتيجية واضحة تقود مؤسستك نحو النمو المستدام. استثمر في تطوير مهاراتك الاستراتيجية اليوم وتميز في قيادة الأعمال.'),
(27, 525, 'ar', 'تسويق', 'أتقن استراتيجيات التسويق الحديثة للترويج للعلامات التجارية وإشراك الجماهير وتحقيق نجاح الأعمال بشكل فعال', 'أفضل دورات تدريبية عبر الإنترنت في تسويق', 'احترف عالم التسويق الرقمي والتقليدي مع دوراتنا الشاملة التي تغتي أحدث استراتيجيات جذب العملاء وبناء العلامات التجارية. تعلم تقنيات SEO، التسويق عبر وسائل التواصل الاجتماعي، تحليل البيانات، وإدارة الحملات الإعلانية من خبراء الصناعة. من خلال مشاريع عملية ودراسات حالة حقيقية، ستكتسب المهارات اللازمة لتصميم وتنفيذ خطط تسويقية ناجحة. سواء كنت صاحب عمل أو متخصص تسويق يسعى للتطوير، فإن دوراتنا توفر لك المعرفة العملية لتحقيق نتائج ملموسة. ابدأ رحلتك في عالم التسويق المثير اليوم.'),
(28, 524, 'ar', 'أسلوب الحياة', 'اكتشف الدورات التي تعزز الحياة اليومية، من التنمية الشخصية إلى الهوايات والعافية ومهارات الإنتاجية', 'أفضل دورات تدريبية عبر الإنترنت في أسلوب الحياة', 'حسّن جودة حياتك اليومية مع دوراتنا المتنوعة في تطوير الذات، الصحة، الإنتاجية، واكتشاف الهوايات. تعلم تقنيات إدارة الوقت، تخفيف التوتر، والعناية بالذات من خبراء معتمدين. اكتشف شغفك الجديد من خلال ورش عمل إبداعية وتجارب تعليمية تفاعلية. سواء كنت تسعى لتحقيق التوازن بين العمل والحياة، أو تبحث عن شغف جديد، فإن دوراتنا توفر لك الأدوات والمعرفة لإحداث تغييرات إيجابية دائمة. ابدأ رحلتك نحو حياة أكثر إشباعًا وتوازنًا اليوم.'),
(29, 604, 'ar', 'أسلوب الحياة', 'اكتشف الدورات التي تعزز الحياة اليومية، من التنمية الشخصية إلى الهوايات والعافية ومهارات الإنتاجية', 'أفضل دورات تدريبية عبر الإنترنت في أسلوب الحياة', 'ارتقِ بكل جوانب حياتك مع دوراتنا الشاملة في أسلوب الحياة التي تغطي الصحة، العلاقات، التنظيم المنزلي، وتطوير الذات. تعلم من خبراء في مجالاتهم كيفية إدارة الضغوط، تحسين عادات النوم، وبناء روتين يومي مثالي. اكتشف تقنيات عملية لتعزيز إنتاجيتك وإثراء وقت فراغك بأنشطة مجدية. سواء كنت تسعى لتحقيق توازن أفضل أو إحداث تغيير جذري، فإن دوراتنا توفر الإرشاد والدعم اللازمين. ابدأ رحلتك نحو حياة أكثر سعادة وإنجازًا اليوم.'),
(30, 605, 'ar', 'الجمال والمكياج', 'تعلم تقنيات الجمال الاحترافية وفن المكياج والعناية بالبشرة للنمو الشخصي أو المهني', 'أفضل دورات تدريبية عبر الإنترنت في الجمال والمكياج', 'أطلق العنان لإبداعك في عالم الجمال مع دوراتنا المتخصصة في فن المكياج، العناية بالبشرة، وتصفيف الشعر. تعلم أحدث التقنيات من خبراء معتمدين باستخدام منتجات ومعدات احترافية. سواء كنت تسعى لاحتراف المجال أو تطوير مهاراتك الشخصية، فإن دوراتنا توفر تدريبًا عمليًا مع تركيز على أحدث صيحات الموضة والجمال. اكتسب الثقة في تطبيق المكياج للأنواع المختلفة من المناسبات وتعلم أسرار العناية بالبشرة للحصول على إطلالة مشرقة. ابدأ رحلتك في عالم الجمال المثير اليوم.'),
(31, 523, 'ar', 'الصحة واللياقة البدنية', 'استكشف موضوعات الصحة البدنية والعقلية لتحسين الرفاهية وبناء العادات ودعم أنماط الحياة الصحية', 'أفضل دورات تدريبية عبر الإنترنت في الصحة واللياقة البدنية', 'احقق أهدافك الصحية مع دوراتنا الشاملة في اللياقة البدنية، التغذية، والعافية النفسية. تعلم تمارين فعالة من مدربين معتمدين، وخطط تغذية متوازنة من أخصائيين، وتقنيات لإدارة التوتر من خبراء الصحة النفسية. سواء كنت تهدف لخسارة الوزن، بناء العضلات، أو تحسين صحتك العامة، فإن دوراتنا توفر لك البرامج المخصصة والدعم المستمر لتحقيق نتائج دائمة. انضم إلى مجتمعنا من المهتمين بالصحة وابدأ رحلتك نحو حياة أكثر نشاطًا وحيوية اليوم.'),
(32, 522, 'ar', 'أكاديميون', 'قم بتعزيز معرفتك الأكاديمية عبر الموضوعات من خلال دروس يقودها خبراء وتمارين عملية وشروحات واضحة', 'أفضل دورات تدريبية عبر الإنترنت في أكاديميون', 'عزز أداءك الأكاديمي مع دوراتنا المصممة خصيصًا لتعميق الفهم في مختلف التخصصات العلمية والأدبية. تعلم من مدرسين متمرسين يقدمون شروحات واضحة وأساليب حل مبتكرة. سواء كنت طالبًا تستعد للامتحانات أو بالغًا يسعى لتوسيع معارفه، فإن مناهجنا التفاعلية توفر لك الأدوات اللازمة للتفوق الأكاديمي. مع خيارات تعلم مرنة ودروس مكثفة، يمكنك التحكم بوتيرة تعلمك وتحقيق أهدافك التعليمية بكفاءة. ابدأ رحلتك نحو التميز الأكاديمي اليوم.'),
(33, 601, 'ar', 'رياضيات', 'أتقن المفاهيم الرياضية، من الحساب الأساسي إلى الموضوعات المتقدمة، مع دروس خطوة بخطوة ومشاكل الممارسة', 'أفضل دورات تدريبية عبر الإنترنت في رياضيات', 'احترف الرياضيات من خلال دوراتنا الشاملة التي تغطي جميع المستويات من الأساسيات إلى المتقدم. تعلم حل المسائل بثقة مع شروحات واضحة وأمثلة عملية من مدرسين متمرسين. سواء كنت طالبًا يعاني مع الرياضيات أو محترفًا يحتاج لتطوير مهاراته الحسابية، فإن مناهجنا المصممة بعناية توفر لك المسار الأمثل للتعلم. مع تمارين تفاعلية واختبارات تقييمية، يمكنك تتبع تقدمك وإتقان كل مفهوم قبل الانتقال إلى التالي. ابدأ رحلتك لإتقان الرياضيات اليوم.'),
(34, 602, 'ar', 'علم', 'استكشف المبادئ والاكتشافات العلمية من خلال دروس جذابة في الفيزياء والبيولوجيا والكيمياء والمزيد', 'أفضل دورات تدريبية عبر الإنترنت في علم', 'اكتشف عجائب العلوم مع دوراتنا التفاعلية في الفيزياء، الكيمياء، الأحياء، وعلوم الأرض. تعلم من خلال تجارب افتراضية، رسوم متحركة توضيحية، وشروحات مبسطة تجعل المفاهيم المعقدة سهلة الفهم. سواء كنت طالبًا يستعد للامتحانات أو شخصًا شغوفًا بالعلوم، فإن دوراتنا توفر لك بوابة للاستكشاف العلمي الممتع. تعمق في فهم الظواهر الطبيعية وتطور المعرفة العلمية مع مدرسين متخصصين يجعلون التعلم تجربة مثيرة. ابدأ رحلتك في عالم العلوم الواسع اليوم.'),
(35, 603, 'ar', 'لغة', 'حسّن مهاراتك اللغوية من خلال دورات تفاعلية في القواعد والمفردات والنطق والمحادثة في الحياة الواقعية', 'أفضل دورات تدريبية عبر الإنترنت في لغة', 'أتقن لغة جديدة أو حسّن مهاراتك اللغوية الحالية مع دوراتنا المصممة وفق أحدث منهجيات تعليم اللغات. تعلم من متحدثين أصليين عبر دروس تفاعلية تركز على المحادثة العملية واستيعاب الثقافات. سواء كنت تتعلم للعمل، السفر، أو التحدي الشخصي، فإن مناهجنا المخصصة توفر لك المسار الأمثل لتحقيق الطلاقة. مع تمارين يومية ودروس حية، يمكنك ممارسة اللغة في سياقات واقعية وبناء ثقتك في الاستخدام اليومي. ابدأ رحلتك لتعلم اللغة اليوم وافتح أبوابًا جديدة للتواصل.'),
(36, 520, 'ar', 'تصميم', 'تعلم مبادئ وأدوات وتقنيات التصميم لإنشاء تجارب رقمية جذابة بصريًا وتركز على المستخدم', 'أفضل دورات تدريبية عبر الإنترنت في تصميم', 'أطلق إبداعك مع دوراتنا الشاملة في التصميم الجرافيكي، UI/UX، والتصميم الرقمي. تعلم استخدام أحدث الأدوات مثل Adobe Creative Suite وFigma بينما تطور عينك الفنية وفهمك لمبادئ التصميم الأساسية. من خلال مشاريع عملية وملاحظات من مصممين محترفين، ستقوم ببناء محفظة أعمال تبرز موهبتك الفريدة. سواء كنت تسعى للعمل في وكالات التصميم أو كمستقل، فإن دوراتنا توفر لك المهارات اللازمة للنجاح في هذا المجال التنافسي. ابدأ رحلتك في عالم التصميم الإبداعي اليوم.'),
(37, 528, 'es', 'Desarrollo', 'Aprende a crear sitios web, aplicaciones y software con lecciones prácticas de codificación de instructores expertos', 'Los mejores cursos online de Desarrollo', 'Sumérgete en el mundo del desarrollo de software con nuestros cursos completos que cubren los lenguajes de programación más demandados y las mejores prácticas de la industria. Aprende desde los fundamentos hasta temas avanzados con proyectos prácticos que simulan desafíos del mundo real. Ideal para quienes buscan iniciar una carrera tecnológica o profesionales que desean actualizar sus habilidades. Con instructores expertos y una comunidad de aprendizaje activa, obtendrás las herramientas necesarias para destacar en este campo en constante evolución. Comienza tu viaje en el desarrollo hoy mismo.'),
(38, 606, 'es', 'Desarrollo web', 'Domina habilidades de front-end y back-end para crear sitios web dinámicos, responsivos y modernos desde cero', 'Los mejores cursos online de Desarrollo web', 'Conviértete en un desarrollador web full-stack con nuestro plan de estudios integral que abarca HTML, CSS, JavaScript y frameworks modernos como React y Node.js. Aprende a construir aplicaciones web completas, implementar bases de datos y desplegar tus proyectos en la nube. Nuestro enfoque práctico te permite aprender haciendo, con ejercicios reales y retroalimentación de desarrolladores experimentados. Perfecto para quienes buscan cambiar de carrera o emprender en el mundo digital. Domina las habilidades más demandadas del desarrollo web actual.'),
(39, 607, 'es', 'Desarrollo móvil', 'Crea potentes aplicaciones para Android e iOS utilizando herramientas modernas, frameworks y proyectos móviles prácticos', 'Los mejores cursos online de Desarrollo móvil', 'Aprende a desarrollar aplicaciones móviles nativas e híbridas con nuestros cursos especializados en iOS y Android. Domina Swift, Kotlin, React Native y las mejores prácticas para crear apps funcionales y atractivas. Desde la interfaz de usuario hasta la integración con APIs y publicación en las tiendas de aplicaciones, cubrimos todo el proceso de desarrollo. Ideal para emprendedores que quieren lanzar su app o desarrolladores que buscan especializarse en móviles. Conviértete en un desarrollador móvil certificado y accede a oportunidades en este mercado en crecimiento.'),
(40, 608, 'es', 'Desarrollo de juegos', 'Aprende a diseñar y desarrollar juegos atractivos utilizando Unity, Unreal Engine y proyectos de juegos del mundo real', 'Los mejores cursos online de Desarrollo de juegos', 'Transforma tu pasión por los videojuegos en una carrera profesional con nuestros cursos especializados. Aprende game design, programación en C#, modelado 3D y técnicas de monetización utilizando Unity y Unreal Engine. Desarrolla juegos completos desde el concepto inicial hasta la publicación, construyendo un portafolio que demuestre tu creatividad y habilidades técnicas. Ya sea que sueñes con trabajar en grandes estudios o desarrollar juegos independientes, nuestros cursos te proporcionan el conocimiento práctico para triunfar en esta industria emocionante.'),
(41, 526, 'es', 'Negocio', 'Adquiere habilidades empresariales esenciales para gestionar, hacer crecer y liderar organizaciones exitosas en cualquier industria', 'Los mejores cursos online de Negocio', 'Desarrolla las competencias clave para el éxito empresarial con nuestros cursos creados por líderes de la industria. Cubrimos emprendimiento, gestión financiera, marketing digital, operaciones y estrategia corporativa. Aprende mediante casos de estudio reales y simulaciones que te preparan para los desafíos del mundo empresarial actual. Perfecto para dueños de negocios, ejecutivos y profesionales que buscan ascender en sus carreras. Adquiere las herramientas para tomar decisiones informadas, liderar equipos y hacer crecer organizaciones de manera sostenible.'),
(42, 609, 'es', 'Gestión', 'Desarrolla habilidades de liderazgo y organización para gestionar eficazmente equipos, proyectos y operaciones comerciales', 'Los mejores cursos online de Gestión', 'Conviértete en un líder efectivo con nuestros programas de gestión que combinan teoría y práctica. Aprende metodologías ágiles, gestión del cambio, resolución de conflictos y técnicas para motivar equipos de alto rendimiento. Nuestros instructores, con amplia experiencia ejecutiva, comparten insights valiosos y estrategias comprobadas. Ideal para gerentes nuevos que buscan fundamentos sólidos o líderes experimentados que desean refinar sus habilidades. Desarrolla el mindset y las herramientas necesarias para navegar los complejos desafíos de la gestión moderna.'),
(43, 610, 'es', 'Comunicaciones', 'Mejora tus habilidades de comunicación verbal y escrita para interacciones efectivas en el lugar de trabajo, públicas e interpersonales', 'Los mejores cursos online de Comunicaciones', 'Domina el arte de comunicar con impacto a través de nuestros cursos prácticos en oratoria, redacción profesional y comunicación interpersonal. Aprende técnicas para presentaciones convincentes, negociación efectiva y manejo de conversaciones difíciles. Mediante ejercicios grabados y feedback personalizado, desarrollarás confianza en cualquier situación comunicativa. Esencial para profesionales que necesitan influir, vender ideas o liderar equipos. Mejora tus relaciones laborales y personales con habilidades de comunicación clara y persuasiva que marcan la diferencia.'),
(44, 611, 'es', 'Estrategia de negocios', 'Aprende a analizar mercados, establecer objetivos y elaborar planes estratégicos que impulsen el crecimiento empresarial sostenible', 'Los mejores cursos online de Estrategia de negocios', 'Descubre una amplia gama de cursos online de Estrategia de negocios diseñados para ayudarte a desarrollar tus habilidades y alcanzar tus metas profesionales y personales.'),
(45, 525, 'es', 'Márketing', 'Domina estrategias de marketing modernas para promocionar marcas, involucrar audiencias e impulsar el éxito empresarial de manera efectiva', 'Los mejores cursos online de Márketing', 'Descubre una amplia gama de cursos online de Márketing diseñados para ayudarte a desarrollar tus habilidades y alcanzar tus metas profesionales y personales.'),
(46, 524, 'es', 'Estilo de vida', 'Descubre cursos que mejoran la vida diaria, desde el desarrollo personal hasta pasatiempos, bienestar y habilidades de productividad', 'Los mejores cursos online de Estilo de vida', 'Descubre una amplia gama de cursos online de Estilo de vida diseñados para ayudarte a desarrollar tus habilidades y alcanzar tus metas profesionales y personales.'),
(47, 604, 'es', 'Estilo de vida', 'Descubre cursos que mejoran la vida diaria, desde el desarrollo personal hasta pasatiempos, bienestar y habilidades de productividad', 'Los mejores cursos online de Estilo de vida', 'Descubre una amplia gama de cursos online de Estilo de vida diseñados para ayudarte a desarrollar tus habilidades y alcanzar tus metas profesionales y personales.'),
(48, 605, 'es', 'Belleza y maquillaje', 'Aprende técnicas profesionales de belleza, maquillaje y rutinas de cuidado de la piel para el crecimiento personal o profesional', 'Los mejores cursos online de Belleza y maquillaje', 'Descubre una amplia gama de cursos online de Belleza y maquillaje diseñados para ayudarte a desarrollar tus habilidades y alcanzar tus metas profesionales y personales.'),
(49, 523, 'es', 'salud y estado fisico', 'Explora temas de salud física y mental para mejorar el bienestar, crear hábitos y apoyar estilos de vida saludables', 'Los mejores cursos online de salud y estado fisico', 'Descubre una amplia gama de cursos online de salud y estado fisico diseñados para ayudarte a desarrollar tus habilidades y alcanzar tus metas profesionales y personales.'),
(50, 522, 'es', 'Académica', 'Fortalece tu conocimiento académico en todas las materias con lecciones dirigidas por expertos, ejercicios prácticos y explicaciones claras', 'Los mejores cursos online de Académica', 'Descubre una amplia gama de cursos online de Académica diseñados para ayudarte a desarrollar tus habilidades y alcanzar tus metas profesionales y personales.'),
(51, 601, 'es', 'Matemáticas', 'Domina conceptos matemáticos, desde aritmética básica hasta temas avanzados, con lecciones paso a paso y problemas prácticos', 'Los mejores cursos online de Matemáticas', 'Descubre una amplia gama de cursos online de Matemáticas diseñados para ayudarte a desarrollar tus habilidades y alcanzar tus metas profesionales y personales.'),
(52, 602, 'es', 'Ciencias', 'Explora principios y descubrimientos científicos a través de lecciones atractivas en física, biología, química y más', 'Los mejores cursos online de Ciencias', 'Descubre una amplia gama de cursos online de Ciencias diseñados para ayudarte a desarrollar tus habilidades y alcanzar tus metas profesionales y personales.'),
(53, 603, 'es', 'Idioma', 'Mejora tus habilidades lingüísticas con cursos interactivos de gramática, vocabulario, pronunciación y conversación en la vida real', 'Los mejores cursos online de Idioma', 'Descubre una amplia gama de cursos online de Idioma diseñados para ayudarte a desarrollar tus habilidades y alcanzar tus metas profesionales y personales.'),
(54, 520, 'es', 'Diseño', 'Aprende principios, herramientas y técnicas de diseño para crear experiencias digitales visualmente atractivas y centradas en el usuario', 'Los mejores cursos online de Diseño', 'Descubre una amplia gama de cursos online de Diseño diseñados para ayudarte a desarrollar tus habilidades y alcanzar tus metas profesionales y personales.');

-- --------------------------------------------------------

--
-- Table structure for table `certificates`
--

CREATE TABLE `certificates` (
  `id` int(10) UNSIGNED NOT NULL,
  `quiz_id` int(10) UNSIGNED DEFAULT NULL,
  `quiz_result_id` int(10) UNSIGNED DEFAULT NULL,
  `student_id` int(10) UNSIGNED NOT NULL,
  `webinar_id` int(10) UNSIGNED DEFAULT NULL,
  `bundle_id` int(10) UNSIGNED DEFAULT NULL,
  `user_grade` int(10) UNSIGNED DEFAULT NULL,
  `type` enum('quiz','course','bundle') NOT NULL,
  `created_at` int(11) NOT NULL
) ENGINE=InnoDB DEFAULT CHARSET=utf8mb4 COLLATE=utf8mb4_unicode_ci ROW_FORMAT=DYNAMIC;

--
-- Dumping data for table `certificates`
--

INSERT INTO `certificates` (`id`, `quiz_id`, `quiz_result_id`, `student_id`, `webinar_id`, `bundle_id`, `user_grade`, `type`, `created_at`) VALUES
(3, 28, 28, 995, NULL, NULL, 80, 'quiz', 1626213083),
(4, 33, 29, 996, NULL, NULL, 80, 'quiz', 1626237574),
(5, 34, 30, 979, NULL, NULL, 90, 'quiz', 1626237968),
(6, NULL, NULL, 995, 2007, NULL, NULL, 'course', 1709715260);

-- --------------------------------------------------------

--
-- Table structure for table `certificates_templates`
--

CREATE TABLE `certificates_templates` (
  `id` int(10) UNSIGNED NOT NULL,
  `image` varchar(255) CHARACTER SET utf8mb4 COLLATE utf8mb4_general_ci NOT NULL,
  `type` enum('quiz','course','bundle') NOT NULL,
  `position_x` varchar(255) CHARACTER SET utf8mb4 COLLATE utf8mb4_general_ci DEFAULT NULL,
  `position_y` varchar(255) CHARACTER SET utf8mb4 COLLATE utf8mb4_general_ci DEFAULT NULL,
  `font_size` varchar(255) CHARACTER SET utf8mb4 COLLATE utf8mb4_general_ci DEFAULT NULL,
  `text_color` varchar(255) CHARACTER SET utf8mb4 COLLATE utf8mb4_general_ci DEFAULT NULL,
  `status` enum('draft','publish') NOT NULL,
  `created_at` int(11) NOT NULL,
  `updated_at` int(11) DEFAULT NULL
) ENGINE=InnoDB DEFAULT CHARSET=utf8mb4 COLLATE=utf8mb4_unicode_ci ROW_FORMAT=DYNAMIC;

--
-- Dumping data for table `certificates_templates`
--

INSERT INTO `certificates_templates` (`id`, `image`, `type`, `position_x`, `position_y`, `font_size`, `text_color`, `status`, `created_at`, `updated_at`) VALUES
(7, '/store/1/default_images/certificate_background.jpg', 'quiz', NULL, NULL, NULL, NULL, 'publish', 1709112544, NULL),
(8, '/store/1/default_images/certificate_background.jpg', 'course', NULL, NULL, NULL, NULL, 'publish', 1709713472, NULL);

-- --------------------------------------------------------

--
-- Table structure for table `certificate_template_translations`
--

CREATE TABLE `certificate_template_translations` (
  `id` bigint(20) UNSIGNED NOT NULL,
  `certificate_template_id` int(10) UNSIGNED NOT NULL,
  `locale` varchar(255) NOT NULL,
  `title` varchar(255) DEFAULT NULL,
  `body` longtext DEFAULT NULL,
  `rtl` tinyint(4) DEFAULT NULL,
  `elements` longtext DEFAULT NULL
) ENGINE=InnoDB DEFAULT CHARSET=utf8mb4 COLLATE=utf8mb4_unicode_ci;

--
-- Dumping data for table `certificate_template_translations`
--

INSERT INTO `certificate_template_translations` (`id`, `certificate_template_id`, `locale`, `title`, `body`, `rtl`, `elements`) VALUES
(9, 7, 'en', 'Quiz-depended Certificate Template', '<div class=\"certificate-template-container\" style=\"background-image: url(&quot;https://lms.rocket-soft.org/store/1/default_images/certificate_background.jpg&quot;);\"><div class=\"draggable-element ui-draggable ui-draggable-handle\" data-name=\"title\" style=\"top: 225.134px; left: 247.125px; font-size: 22px; color: rgb(0, 0, 0); text-align: inherit; font-weight: bold;\">This certificate awarded to [student_name]</div><div class=\"draggable-element ui-draggable ui-draggable-handle ui-draggable-dragging\" data-name=\"subtitle\" style=\"top: 271.982px; left: 320.964px; font-size: 18px; color: rgb(0, 0, 0); text-align: inherit; font-weight: inherit;\">regarding passing [course_name]</div><div class=\"draggable-element ui-draggable ui-draggable-handle\" data-name=\"body\" style=\"top: 318.571px; left: 337.563px; font-size: 16px; color: rgb(0, 0, 0); text-align: inherit; font-weight: inherit;\">with the [grade] grade with success</div><div class=\"draggable-element ui-draggable ui-draggable-handle ui-draggable-dragging\" data-name=\"date\" style=\"top: 80.4286px; left: 57.4286px; font-size: 14px; color: rgb(0, 0, 0); text-align: inherit; font-weight: bold;\">[date]</div><div class=\"draggable-element ui-draggable ui-draggable-handle\" data-name=\"qr_code\" style=\"top: 392.42px; left: 728.42px; text-align: inherit; font-weight: inherit; width: 128px; height: 128px;\">[qr_code]</div><div class=\"draggable-element ui-draggable ui-draggable-handle\" data-name=\"hint\" style=\"top: 49.4286px; left: 760.429px; font-size: 14px; color: rgb(0, 0, 0); text-align: inherit; font-weight: bold;\">ID : [certificate_id]</div><div class=\"draggable-element ui-draggable ui-draggable-handle\" data-name=\"platform_name\" style=\"top: 47.7143px; left: 55.7143px; font-size: 16px; color: rgb(0, 0, 0); text-align: inherit; font-weight: bold;\">[platform_name]</div><div class=\"draggable-element ui-draggable ui-draggable-handle\" data-name=\"stamp\" style=\"display: flex; align-items: center; justify-content: center; top: 399.714px; left: 100.714px; text-align: inherit; font-weight: inherit; width: 128px; height: 128px;\"><img src=\"https://lms.rocket-soft.org/store/1/default_images/stamp.png\" style=\"max-height: 100%; max-width: 100%;\"></div><div class=\"draggable-element ui-draggable ui-draggable-handle\" data-name=\"platform_signature\" style=\"display: flex; align-items: center; justify-content: center; top: 399.429px; left: 241.429px; text-align: inherit; font-weight: inherit; width: 128px; height: 128px;\"><img src=\"https://lms.rocket-soft.org/store/1/default_images/signature.png\" style=\"max-height: 100%; max-width: 100%;\"></div></div>', NULL, '{\"title\":{\"content\":\"This certificate awarded to [student_name]\",\"font_size\":\"22\",\"font_color\":\"#000000\",\"styles\":null,\"font_weight_bold\":\"on\",\"enable\":\"on\"},\"subtitle\":{\"content\":\"regarding passing [course_name]\",\"font_size\":\"18\",\"font_color\":\"#000000\",\"styles\":null,\"enable\":\"on\"},\"body\":{\"content\":\"with the [grade] grade with success\",\"font_size\":\"16\",\"font_color\":\"#000000\",\"styles\":null,\"enable\":\"on\"},\"date\":{\"display_date\":\"textual\",\"font_size\":\"14\",\"font_color\":\"#000000\",\"styles\":null,\"font_weight_bold\":\"on\",\"enable\":\"on\",\"content\":\"[date]\"},\"qr_code\":{\"image_size\":\"128\",\"enable\":\"on\",\"content\":\"[qr_code]\"},\"hint\":{\"content\":\"ID : [certificate_id]\",\"font_size\":\"14\",\"font_color\":\"#000000\",\"styles\":null,\"font_weight_bold\":\"on\",\"enable\":\"on\"},\"student_name\":{\"font_size\":\"22\",\"font_color\":\"#000000\",\"styles\":null,\"font_weight_bold\":\"on\",\"content\":\"[student_name]\"},\"instructor_name\":{\"font_size\":null,\"font_color\":\"#000000\",\"styles\":null,\"content\":\"[instructor_name]\"},\"platform_name\":{\"font_size\":\"16\",\"font_color\":\"#000000\",\"styles\":null,\"font_weight_bold\":\"on\",\"enable\":\"on\",\"content\":\"[platform_name]\"},\"course_name\":{\"font_size\":\"22\",\"font_color\":\"#000000\",\"styles\":null,\"content\":\"[course_name]\"},\"instructor_signature\":{\"content\":\"[instructor_signature]\"},\"platform_signature\":{\"image\":\"\\/store\\/1\\/default_images\\/signature.png\",\"image_size\":\"128\",\"enable\":\"on\"},\"stamp\":{\"image\":\"\\/store\\/1\\/default_images\\/stamp.png\",\"image_size\":\"128\",\"enable\":\"on\"}}'),
(10, 8, 'en', 'Completion Certificate Template', '<div class=\"certificate-template-container\" style=\"background-image: url(&quot;https://lms.rocket-soft.org/store/1/default_images/certificate_background.jpg&quot;);\"><div class=\"draggable-element ui-draggable ui-draggable-handle\" data-name=\"title\" style=\"top: 244.134px; left: 272.125px; font-size: 22px; color: rgb(0, 0, 0); text-align: inherit; font-weight: bold;\">This certificate awarded to [student]</div><div class=\"draggable-element ui-draggable ui-draggable-handle\" data-name=\"subtitle\" style=\"top: 301.134px; left: 338.125px; font-size: 18px; color: rgb(0, 0, 0); text-align: inherit; font-weight: inherit;\">regarding completing [course]</div><div class=\"draggable-element ui-draggable ui-draggable-handle\" data-name=\"platform_signature\" style=\"display: flex; align-items: center; justify-content: center; top: 408.42px; left: 702.42px; text-align: inherit; font-weight: inherit; width: 128px; height: 128px;\"><img src=\"https://lms.rocket-soft.org/store/1/default_images/signature.png\" style=\"max-height: 100%; max-width: 100%;\"></div><div class=\"draggable-element ui-draggable ui-draggable-handle\" data-name=\"stamp\" style=\"display: flex; align-items: center; justify-content: center; top: 408.42px; left: 96.4286px; text-align: inherit; font-weight: inherit; width: 128px; height: 128px;\"><img src=\"https://lms.rocket-soft.org/store/1/default_images/stamp.png\" style=\"max-height: 100%; max-width: 100%;\"></div><div class=\"draggable-element ui-draggable ui-draggable-handle ui-draggable-dragging\" data-name=\"qr_code\" style=\"top: 58.4286px; left: 736.42px; text-align: inherit; font-weight: inherit; width: 128px; height: 128px;\">[qr_code]</div></div>', NULL, '{\"title\":{\"content\":\"This certificate awarded to [student]\",\"font_size\":\"22\",\"font_color\":\"#000000\",\"styles\":null,\"font_weight_bold\":\"on\",\"enable\":\"on\"},\"subtitle\":{\"content\":\"regarding completing [course]\",\"font_size\":\"18\",\"font_color\":\"#000000\",\"styles\":null,\"enable\":\"on\"},\"body\":{\"content\":null,\"font_size\":null,\"font_color\":\"#000000\",\"styles\":null},\"date\":{\"display_date\":\"textual\",\"font_size\":null,\"font_color\":\"#000000\",\"styles\":null,\"content\":\"[date]\"},\"qr_code\":{\"image_size\":\"128\",\"enable\":\"on\",\"content\":\"[qr_code]\"},\"hint\":{\"content\":null,\"font_size\":null,\"font_color\":\"#000000\",\"styles\":null},\"student_name\":{\"font_size\":\"22\",\"font_color\":\"#000000\",\"styles\":null,\"font_weight_bold\":\"on\",\"content\":\"[student_name]\"},\"instructor_name\":{\"font_size\":null,\"font_color\":\"#000000\",\"styles\":null,\"content\":\"[instructor_name]\"},\"platform_name\":{\"font_size\":null,\"font_color\":\"#000000\",\"styles\":null,\"content\":\"[platform_name]\"},\"course_name\":{\"font_size\":\"18\",\"font_color\":\"#000000\",\"styles\":null,\"content\":\"[course_name]\"},\"instructor_signature\":{\"content\":\"[instructor_signature]\"},\"platform_signature\":{\"image\":\"\\/store\\/1\\/default_images\\/signature.png\",\"image_size\":\"128\",\"enable\":\"on\"},\"stamp\":{\"image\":\"\\/store\\/1\\/default_images\\/stamp.png\",\"image_size\":\"128\",\"enable\":\"on\"}}');

-- --------------------------------------------------------

--
-- Table structure for table `comments`
--

CREATE TABLE `comments` (
  `id` int(10) UNSIGNED NOT NULL,
  `user_id` int(10) UNSIGNED NOT NULL,
  `review_id` int(10) UNSIGNED DEFAULT NULL,
  `webinar_id` int(10) UNSIGNED DEFAULT NULL,
  `bundle_id` int(10) UNSIGNED DEFAULT NULL,
  `upcoming_course_id` int(10) UNSIGNED DEFAULT NULL,
  `blog_id` int(10) UNSIGNED DEFAULT NULL,
  `product_id` int(10) UNSIGNED DEFAULT NULL,
  `product_review_id` int(10) UNSIGNED DEFAULT NULL,
  `reply_id` int(10) UNSIGNED DEFAULT NULL,
  `comment` text DEFAULT NULL,
  `status` enum('pending','active') NOT NULL,
  `report` tinyint(1) NOT NULL DEFAULT 0,
  `disabled` tinyint(1) NOT NULL DEFAULT 0,
  `created_at` int(11) NOT NULL,
  `viewed_at` int(10) UNSIGNED DEFAULT NULL
) ENGINE=InnoDB DEFAULT CHARSET=utf8mb4 COLLATE=utf8mb4_unicode_ci ROW_FORMAT=DYNAMIC;

--
-- Dumping data for table `comments`
--

INSERT INTO `comments` (`id`, `user_id`, `review_id`, `webinar_id`, `bundle_id`, `upcoming_course_id`, `blog_id`, `product_id`, `product_review_id`, `reply_id`, `comment`, `status`, `report`, `disabled`, `created_at`, `viewed_at`) VALUES
(43, 996, NULL, 2004, NULL, NULL, NULL, NULL, NULL, NULL, 'Hi.\r\nWhat is the level of this course?', 'active', 0, 0, 1625863108, NULL),
(44, 930, NULL, 1998, NULL, NULL, NULL, NULL, NULL, NULL, 'I have already taken another course with this teacher. His teaching method is excellent.', 'active', 0, 0, 1625863203, 1625863611),
(45, 979, NULL, 1999, NULL, NULL, NULL, NULL, NULL, NULL, 'Is it possible to participate in this course without participating in the prerequisite course?', 'active', 0, 0, 1625863345, NULL),
(47, 1015, NULL, 1998, NULL, NULL, NULL, NULL, NULL, 44, 'Thanks a lot for your comment, Best regards.', 'active', 0, 0, 1625863726, 1626235570),
(48, 3, NULL, 1997, NULL, NULL, NULL, NULL, NULL, NULL, 'Will we be able to build applications at the end of this course?', 'active', 0, 0, 1625864259, 1625864297),
(49, 934, NULL, 1997, NULL, NULL, NULL, NULL, NULL, 48, 'Hi.\r\nYes you can.', 'active', 0, 0, 1625864351, NULL),
(50, 1016, NULL, 2006, NULL, NULL, NULL, NULL, NULL, NULL, 'Will this course be updated in the future?', 'active', 0, 0, 1625864416, NULL),
(51, 995, NULL, 2004, NULL, NULL, NULL, NULL, NULL, NULL, 'Will we receive a certificate at the end of this course?', 'active', 0, 0, 1625864526, NULL),
(52, 1015, NULL, 2002, NULL, NULL, NULL, NULL, NULL, NULL, 'Perfect course, thank you.', 'active', 0, 0, 1626235679, NULL),
(53, 995, NULL, 1995, NULL, NULL, NULL, NULL, NULL, NULL, 'Course files are not complete !!!', 'active', 0, 0, 1626240118, 1626240169),
(54, 1016, NULL, 1995, NULL, NULL, NULL, NULL, NULL, 53, 'Please prove. The course files are complete and 90% of the students are satisfied.', 'active', 0, 0, 1626240342, 1626241422),
(55, 929, NULL, 1995, NULL, NULL, NULL, NULL, NULL, NULL, 'Is it possible to update the course ?', 'active', 0, 0, 1626241320, 1626241422),
(56, 929, NULL, 2003, NULL, NULL, NULL, NULL, NULL, NULL, 'Hi.\r\nIs it possible to start the class earlier?', 'active', 0, 0, 1626241386, NULL),
(57, 1016, NULL, 1995, NULL, NULL, NULL, NULL, NULL, 55, 'No, but it may change in the future. Thank you', 'active', 0, 0, 1626241505, NULL),
(58, 3, NULL, 2003, NULL, NULL, NULL, NULL, NULL, 56, 'Hi kate.\r\nNo, but it may change in the future. Thank you', 'active', 0, 0, 1626242070, NULL),
(63, 996, NULL, 2003, NULL, NULL, NULL, NULL, NULL, NULL, 'As i already new a lot on this matter i was surprised that i actually find out that there are more ways to tweak your time management', 'active', 0, 0, 1626509327, NULL),
(64, 1015, NULL, 1995, NULL, NULL, NULL, NULL, NULL, NULL, 'Great course that gives you the basic knowledge needed to become a product manager.', 'pending', 0, 0, 1626509546, NULL),
(65, 863, NULL, 2002, NULL, NULL, NULL, NULL, NULL, 52, 'We are very happy that you are satisfied with this course.', 'pending', 0, 0, 1626509913, NULL),
(66, 1015, NULL, NULL, NULL, NULL, 21, NULL, NULL, NULL, 'Thank you for this excellent article.', 'active', 0, 0, 1646413650, NULL);

-- --------------------------------------------------------

--
-- Table structure for table `comments_reports`
--

CREATE TABLE `comments_reports` (
  `id` int(10) UNSIGNED NOT NULL,
  `user_id` int(10) UNSIGNED NOT NULL,
  `blog_id` int(10) UNSIGNED DEFAULT NULL,
  `product_id` int(10) UNSIGNED DEFAULT NULL,
  `webinar_id` int(10) UNSIGNED DEFAULT NULL,
  `bundle_id` int(10) UNSIGNED DEFAULT NULL,
  `comment_id` int(10) UNSIGNED NOT NULL,
  `message` text NOT NULL,
  `created_at` int(10) UNSIGNED NOT NULL
) ENGINE=InnoDB DEFAULT CHARSET=utf8mb4 COLLATE=utf8mb4_unicode_ci ROW_FORMAT=DYNAMIC;

--
-- Dumping data for table `comments_reports`
--

INSERT INTO `comments_reports` (`id`, `user_id`, `blog_id`, `product_id`, `webinar_id`, `bundle_id`, `comment_id`, `message`, `created_at`) VALUES
(5, 1016, NULL, NULL, 1995, NULL, 53, 'this is a spam comment.', 1626240256);

-- --------------------------------------------------------

--
-- Table structure for table `contacts`
--

CREATE TABLE `contacts` (
  `id` int(10) UNSIGNED NOT NULL,
  `name` varchar(255) NOT NULL,
  `email` varchar(255) NOT NULL,
  `phone` varchar(255) NOT NULL,
  `subject` varchar(255) NOT NULL,
  `message` text NOT NULL,
  `reply` text DEFAULT NULL,
  `status` enum('pending','replied') NOT NULL DEFAULT 'pending',
  `created_at` int(10) UNSIGNED NOT NULL
) ENGINE=InnoDB DEFAULT CHARSET=utf8mb4 COLLATE=utf8mb4_unicode_ci ROW_FORMAT=DYNAMIC;

-- --------------------------------------------------------

--
-- Table structure for table `content_delete_requests`
--

CREATE TABLE `content_delete_requests` (
  `id` int(10) UNSIGNED NOT NULL,
  `user_id` int(10) UNSIGNED NOT NULL,
  `targetable_id` int(10) UNSIGNED NOT NULL,
  `targetable_type` varchar(255) CHARACTER SET utf8mb4 COLLATE utf8mb4_unicode_ci NOT NULL,
  `description` text CHARACTER SET utf8mb4 COLLATE utf8mb4_unicode_ci DEFAULT NULL,
  `content_title` varchar(255) CHARACTER SET utf8mb4 COLLATE utf8mb4_unicode_ci DEFAULT NULL,
  `content_published_date` bigint(20) UNSIGNED DEFAULT NULL,
  `customers_count` int(10) UNSIGNED DEFAULT NULL,
  `sales` decimal(15,2) DEFAULT NULL,
  `status` enum('pending','approved','rejected') CHARACTER SET utf8mb4 COLLATE utf8mb4_unicode_ci NOT NULL DEFAULT 'pending',
  `created_at` bigint(20) UNSIGNED NOT NULL
) ENGINE=InnoDB DEFAULT CHARSET=utf8mb4 COLLATE=utf8mb4_general_ci;

--
-- Dumping data for table `content_delete_requests`
--

INSERT INTO `content_delete_requests` (`id`, `user_id`, `targetable_id`, `targetable_type`, `description`, `content_title`, `content_published_date`, `customers_count`, `sales`, `status`, `created_at`) VALUES
(1, 1015, 1996, 'App\\Models\\Webinar', 'I would like to release an update for this course. Could you please delete it?', 'Learn Linux in 5 Days', 1624943782, 5, 0.00, 'pending', 1709711134);

-- --------------------------------------------------------

--
-- Table structure for table `course_forums`
--

CREATE TABLE `course_forums` (
  `id` int(10) UNSIGNED NOT NULL,
  `webinar_id` int(10) UNSIGNED NOT NULL,
  `user_id` int(10) UNSIGNED NOT NULL,
  `title` varchar(255) NOT NULL,
  `description` text NOT NULL,
  `attach` varchar(255) DEFAULT NULL,
  `pin` tinyint(1) NOT NULL DEFAULT 0,
  `created_at` bigint(20) UNSIGNED NOT NULL
) ENGINE=InnoDB DEFAULT CHARSET=utf8mb4 COLLATE=utf8mb4_unicode_ci;

--
-- Dumping data for table `course_forums`
--

INSERT INTO `course_forums` (`id`, `webinar_id`, `user_id`, `title`, `description`, `attach`, `pin`, `created_at`) VALUES
(1, 2010, 995, 'I need help !!!', 'Hi,\r\nI need help to complete final part.\r\nI attached the error screenshot.\r\nRegards.', '/store/995/error.jpg', 0, 1655873238),
(2, 2010, 930, 'How to export data ?!', 'Hi,\r\nI want to export data, but I don\'t know how to do it\r\nPlease help me.\r\nThank you.', NULL, 0, 1655887586),
(3, 2008, 995, 'How can i restore my backup?', 'I lost all my previous data while updating. Fortunately, I had a backup. How do I restore my backup now?', NULL, 0, 1656103614);

-- --------------------------------------------------------

--
-- Table structure for table `course_forum_answers`
--

CREATE TABLE `course_forum_answers` (
  `id` int(10) UNSIGNED NOT NULL,
  `forum_id` int(10) UNSIGNED NOT NULL,
  `user_id` int(10) UNSIGNED NOT NULL,
  `description` text NOT NULL,
  `pin` tinyint(1) NOT NULL DEFAULT 0,
  `resolved` tinyint(1) NOT NULL DEFAULT 0,
  `created_at` bigint(20) UNSIGNED NOT NULL
) ENGINE=InnoDB DEFAULT CHARSET=utf8mb4 COLLATE=utf8mb4_unicode_ci;

--
-- Dumping data for table `course_forum_answers`
--

INSERT INTO `course_forum_answers` (`id`, `forum_id`, `user_id`, `description`, `pin`, `resolved`, `created_at`) VALUES
(1, 1, 929, 'Hi,\r\nWould you please explain more?\r\nRegards.', 0, 0, 1655875426),
(2, 1, 996, 'I have the same problem too.', 0, 0, 1655875682),
(4, 1, 995, 'I get errors when we want to export data.', 0, 0, 1655882242),
(5, 1, 929, 'Please stop windows update services and recheck the mentioned problem.\r\nRegards.', 0, 1, 1655882364),
(6, 1, 995, 'Thank you.\r\nYour help solved my problem.\r\nRegards.', 0, 0, 1655882416),
(7, 2, 929, 'Hi,\r\nYou can use the MySQL application to export data.', 0, 0, 1655887741),
(8, 2, 930, 'Hi,\r\nWould you please share the download link?\r\nRegards.', 0, 0, 1655970451),
(9, 3, 1015, 'Hi,\r\nWhat is your backup file format?', 0, 0, 1656103693),
(10, 3, 996, 'I have the same problem.', 0, 0, 1656103746);

-- --------------------------------------------------------

--
-- Table structure for table `course_learning`
--

CREATE TABLE `course_learning` (
  `id` int(10) UNSIGNED NOT NULL,
  `user_id` int(10) UNSIGNED NOT NULL,
  `text_lesson_id` int(10) UNSIGNED DEFAULT NULL,
  `file_id` int(10) UNSIGNED DEFAULT NULL,
  `session_id` int(10) UNSIGNED DEFAULT NULL,
  `created_at` int(10) UNSIGNED NOT NULL
) ENGINE=InnoDB DEFAULT CHARSET=utf8mb4 COLLATE=utf8mb4_unicode_ci;

--
-- Dumping data for table `course_learning`
--

INSERT INTO `course_learning` (`id`, `user_id`, `text_lesson_id`, `file_id`, `session_id`, `created_at`) VALUES
(29, 995, NULL, 46, NULL, 1626232964),
(30, 995, NULL, 47, NULL, 1626232969),
(32, 1015, NULL, 34, NULL, 1626235773),
(33, 1015, NULL, 31, NULL, 1626235776),
(34, 1015, NULL, 32, NULL, 1626235777),
(35, 996, NULL, 52, NULL, 1626235816),
(36, 996, NULL, 53, NULL, 1626235817),
(37, 996, NULL, 54, NULL, 1626235821),
(41, 996, NULL, 35, NULL, 1626235943),
(42, 996, 13, NULL, NULL, 1626235945),
(43, 996, NULL, 31, NULL, 1626235956),
(44, 996, NULL, 34, NULL, 1626235958),
(45, 996, NULL, 32, NULL, 1626235961),
(46, 995, NULL, 52, NULL, 1626236011),
(47, 995, NULL, 49, NULL, 1626236016),
(48, 995, NULL, 50, NULL, 1626236018),
(49, 995, NULL, 51, NULL, 1626236021),
(51, 995, NULL, 37, NULL, 1626236053),
(52, 995, NULL, 38, NULL, 1626236054),
(53, 995, NULL, 39, NULL, 1626236055),
(54, 995, NULL, 31, NULL, 1626236077),
(55, 995, NULL, 32, NULL, 1626236081),
(56, 995, NULL, 34, NULL, 1626236083),
(57, 995, NULL, 60, NULL, 1646174182),
(58, 995, NULL, 61, NULL, 1646174192),
(59, 995, NULL, 63, NULL, 1646174196),
(60, 995, NULL, 64, NULL, 1646174198),
(61, 995, NULL, 65, NULL, 1646174200),
(62, 930, NULL, 74, NULL, 1655877111),
(63, 995, NULL, 62, NULL, 1656664655),
(64, 995, NULL, 66, NULL, 1656664665),
(65, 995, NULL, 67, NULL, 1656664677),
(66, 995, NULL, 56, NULL, 1656664695),
(67, 995, NULL, 57, NULL, 1656664701),
(68, 995, NULL, 58, NULL, 1656664843),
(69, 995, NULL, 59, NULL, 1656664847),
(70, 995, NULL, 40, NULL, 1656664900),
(71, 995, NULL, 42, NULL, 1656664904),
(72, 995, NULL, 41, NULL, 1656664908);

-- --------------------------------------------------------

--
-- Table structure for table `course_learning_last_views`
--

CREATE TABLE `course_learning_last_views` (
  `id` int(10) UNSIGNED NOT NULL,
  `user_id` int(10) UNSIGNED NOT NULL,
  `webinar_id` int(10) UNSIGNED NOT NULL,
  `item_id` int(10) UNSIGNED NOT NULL,
  `item_type` enum('file','session','text_lesson','assignment','quiz') NOT NULL,
  `visited_at` bigint(20) UNSIGNED NOT NULL
) ENGINE=InnoDB DEFAULT CHARSET=utf8mb4 COLLATE=utf8mb4_general_ci;

--
-- Dumping data for table `course_learning_last_views`
--

INSERT INTO `course_learning_last_views` (`id`, `user_id`, `webinar_id`, `item_id`, `item_type`, `visited_at`) VALUES
(1, 1, 2008, 65, 'file', 1750162338),
(2, 1015, 1996, 52, 'session', 1750030160),
(3, 1, 2010, 75, 'file', 1750162277),
(4, 1, 1995, 28, 'quiz', 1750162315),
(5, 995, 2008, 60, 'file', 1750162423),
(6, 995, 1995, 28, 'quiz', 1750162437),
(7, 995, 2009, 74, 'session', 1751723670),
(8, 1015, 2008, 35, 'quiz', 1751723977);

-- --------------------------------------------------------

--
-- Table structure for table `course_noticeboards`
--

CREATE TABLE `course_noticeboards` (
  `id` int(10) UNSIGNED NOT NULL,
  `creator_id` int(10) UNSIGNED NOT NULL,
  `webinar_id` int(10) UNSIGNED NOT NULL,
  `color` enum('warning','danger','neutral','info','success') NOT NULL,
  `title` varchar(255) NOT NULL,
  `message` text NOT NULL,
  `created_at` bigint(20) UNSIGNED NOT NULL
) ENGINE=InnoDB DEFAULT CHARSET=utf8mb4 COLLATE=utf8mb4_unicode_ci;

--
-- Dumping data for table `course_noticeboards`
--

INSERT INTO `course_noticeboards` (`id`, `creator_id`, `webinar_id`, `color`, `title`, `message`, `created_at`) VALUES
(1, 1015, 2008, 'danger', 'Important notice', '<p>Dear students. I will upload the new assignment for you soon. Please send the previous assignment by the end of the month.</p><p>The final quiz&nbsp;will be held at the end of next month. The exact date of the quiz will be announced.</p>', 1656083692),
(2, 1015, 2008, 'warning', 'Quiz date changed', '<p>Hi, Dear students</p><p>The mid-term Quiz date changed.</p><p>We hope to you take mentioned quiz next week.</p><p>Regards.</p>', 1656136473),
(3, 1015, 2008, 'info', 'Upload final chapter', '<p>Hi, Dear students.</p><p>We are going to upload the last chapter next month.</p><p>Regards.</p>', 1656136763),
(4, 1015, 2008, 'success', 'Top Students', '<p>Hi, Dear students</p><p>We intend to appreciate the top students.</p><p>We will announce the list of top students.</p><p>Regards.</p><p><br></p>', 1656136896),
(5, 929, 2010, 'success', 'Top Students', '<p>Hi, Dear students</p><p>We intend to appreciate the top students.</p><p>We will announce the list of top students.</p><p>Regards.</p>', 1656137511),
(6, 929, 2010, 'warning', 'Quiz date changed', '<p>Hi, Dear students</p><p>The mid-term Quiz date changed.</p><p>We hope to you take mentioned quiz next week.</p><p>Regards.</p>', 1656137557);

-- --------------------------------------------------------

--
-- Table structure for table `course_noticeboard_status`
--

CREATE TABLE `course_noticeboard_status` (
  `id` int(10) UNSIGNED NOT NULL,
  `user_id` int(10) UNSIGNED NOT NULL,
  `noticeboard_id` int(10) UNSIGNED NOT NULL,
  `seen_at` int(10) UNSIGNED NOT NULL
) ENGINE=InnoDB DEFAULT CHARSET=utf8mb4 COLLATE=utf8mb4_unicode_ci;

--
-- Dumping data for table `course_noticeboard_status`
--

INSERT INTO `course_noticeboard_status` (`id`, `user_id`, `noticeboard_id`, `seen_at`) VALUES
(1, 995, 1, 1656103105),
(2, 996, 1, 1656103714),
(3, 995, 5, 1656142535),
(4, 995, 6, 1656142535),
(5, 996, 5, 1656219599),
(6, 996, 6, 1656219599),
(7, 995, 2, 1656406722),
(8, 995, 3, 1656406722),
(9, 995, 4, 1656406722),
(10, 996, 2, 1656407301),
(11, 996, 3, 1656407301),
(12, 996, 4, 1656407301);

-- --------------------------------------------------------

--
-- Table structure for table `course_personal_notes`
--

CREATE TABLE `course_personal_notes` (
  `id` int(10) UNSIGNED NOT NULL,
  `user_id` int(10) UNSIGNED NOT NULL,
  `course_id` int(10) UNSIGNED NOT NULL,
  `targetable_id` int(10) UNSIGNED NOT NULL,
  `targetable_type` varchar(255) NOT NULL,
  `note` text DEFAULT NULL,
  `attachment` varchar(255) DEFAULT NULL,
  `created_at` bigint(20) UNSIGNED NOT NULL
) ENGINE=InnoDB DEFAULT CHARSET=utf8mb4 COLLATE=utf8mb4_general_ci;

--
-- Dumping data for table `course_personal_notes`
--

INSERT INTO `course_personal_notes` (`id`, `user_id`, `course_id`, `targetable_id`, `targetable_type`, `note`, `attachment`, `created_at`) VALUES
(1, 996, 2003, 45, 'App\\Models\\File', 'I will complete this lesson on May 5th, 2023.', '/store/996/lmX4K.png', 1709535241),
(2, 996, 2009, 75, 'App\\Models\\Session', 'I need to provide documentation to the teacher for this session.', NULL, 1709535321),
(3, 995, 2008, 61, 'App\\Models\\File', 'I need to provide documentation to the teacher for this session.', NULL, 1709535364),
(4, 995, 2009, 76, 'App\\Models\\Session', 'I need to submit the homework to the teacher for this session.', '/store/995/homework.docx', 1709535439);

-- --------------------------------------------------------

--
-- Table structure for table `currencies`
--

CREATE TABLE `currencies` (
  `id` int(10) UNSIGNED NOT NULL,
  `currency` varchar(255) NOT NULL,
  `currency_position` enum('left','right','left_with_space','right_with_space') NOT NULL,
  `currency_separator` enum('dot','comma') NOT NULL,
  `currency_decimal` int(10) UNSIGNED DEFAULT NULL,
  `exchange_rate` double(15,2) DEFAULT NULL,
  `order` int(10) UNSIGNED DEFAULT NULL,
  `created_at` bigint(20) NOT NULL
) ENGINE=InnoDB DEFAULT CHARSET=utf8mb4 COLLATE=utf8mb4_unicode_ci;

--
-- Dumping data for table `currencies`
--

INSERT INTO `currencies` (`id`, `currency`, `currency_position`, `currency_separator`, `currency_decimal`, `exchange_rate`, `order`, `created_at`) VALUES
(4, 'EUR', 'left', 'dot', 2, 0.93, 1, 1678868603),
(6, 'INR', 'left', 'dot', 2, 82.52, 2, 1678869222);

-- --------------------------------------------------------

--
-- Table structure for table `delete_account_requests`
--

CREATE TABLE `delete_account_requests` (
  `id` int(10) UNSIGNED NOT NULL,
  `user_id` int(10) UNSIGNED NOT NULL,
  `created_at` bigint(20) UNSIGNED NOT NULL
) ENGINE=InnoDB DEFAULT CHARSET=utf8mb4 COLLATE=utf8mb4_unicode_ci;

--
-- Dumping data for table `delete_account_requests`
--

INSERT INTO `delete_account_requests` (`id`, `user_id`, `created_at`) VALUES
(1, 864, 1656194622);

-- --------------------------------------------------------

--
-- Table structure for table `discounts`
--

CREATE TABLE `discounts` (
  `id` int(10) UNSIGNED NOT NULL,
  `creator_id` int(10) UNSIGNED NOT NULL,
  `title` varchar(255) NOT NULL,
  `subtitle` varchar(255) CHARACTER SET utf8mb4 COLLATE utf8mb4_general_ci DEFAULT NULL,
  `discount_type` enum('percentage','fixed_amount') NOT NULL,
  `source` enum('all','course','category','meeting','product','bundle') NOT NULL,
  `code` varchar(64) NOT NULL,
  `percent` int(10) UNSIGNED DEFAULT NULL,
  `amount` decimal(15,2) UNSIGNED DEFAULT NULL,
  `max_amount` decimal(15,2) UNSIGNED DEFAULT NULL,
  `minimum_order` decimal(15,2) UNSIGNED DEFAULT NULL,
  `count` int(11) NOT NULL DEFAULT 1,
  `user_type` enum('all_users','special_users') NOT NULL,
  `product_type` enum('all','physical','virtual') DEFAULT NULL,
  `for_first_purchase` tinyint(1) NOT NULL DEFAULT 0,
  `status` enum('active','disable') NOT NULL DEFAULT 'active',
  `expired_at` int(10) UNSIGNED NOT NULL,
  `created_at` int(10) UNSIGNED NOT NULL
) ENGINE=InnoDB DEFAULT CHARSET=utf8mb4 COLLATE=utf8mb4_unicode_ci ROW_FORMAT=DYNAMIC;

--
-- Dumping data for table `discounts`
--

INSERT INTO `discounts` (`id`, `creator_id`, `title`, `subtitle`, `discount_type`, `source`, `code`, `percent`, `amount`, `max_amount`, `minimum_order`, `count`, `user_type`, `product_type`, `for_first_purchase`, `status`, `expired_at`, `created_at`) VALUES
(7, 1, 'Black Friday', NULL, 'percentage', 'course', 'BLK2021', 20, 10.00, NULL, NULL, 20, 'all_users', 'all', 0, 'active', 1797193740, 1626132792),
(8, 1, 'Store Physical Products Coupon', NULL, 'percentage', 'product', 'SPGH22', 10, NULL, NULL, NULL, 5, 'all_users', 'physical', 0, 'active', 1773185400, 1656320198),
(9, 1, 'Store Virtual Products Coupon', NULL, 'percentage', 'product', 'VKRYT22', 20, NULL, NULL, NULL, 10, 'all_users', 'virtual', 0, 'active', 1775052000, 1656320568),
(10, 1, 'Categories Coupon', NULL, 'percentage', 'category', 'GJKTPW', 10, NULL, 10.00, NULL, 1, 'all_users', 'all', 0, 'active', 1828915200, 1656320749),
(24, 1015, 'Black Firday Offer', 'Buy now with a special offer', 'percentage', 'all', 'BLK10', 10, NULL, 50.00, NULL, 100, 'all_users', 'all', 0, 'active', 1806379200, 1709540145),
(25, 1, '2024 Offer for All Users', NULL, 'percentage', 'all', 'All10', 10, NULL, NULL, NULL, 50, 'all_users', 'all', 0, 'active', 1805515200, 1709728742);

-- --------------------------------------------------------

--
-- Table structure for table `discount_bundles`
--

CREATE TABLE `discount_bundles` (
  `id` int(10) UNSIGNED NOT NULL,
  `discount_id` int(10) UNSIGNED NOT NULL,
  `bundle_id` int(10) UNSIGNED NOT NULL,
  `created_at` int(10) UNSIGNED NOT NULL
) ENGINE=InnoDB DEFAULT CHARSET=utf8mb4 COLLATE=utf8mb4_unicode_ci;

-- --------------------------------------------------------

--
-- Table structure for table `discount_categories`
--

CREATE TABLE `discount_categories` (
  `id` int(10) UNSIGNED NOT NULL,
  `discount_id` int(10) UNSIGNED NOT NULL,
  `category_id` int(10) UNSIGNED NOT NULL,
  `created_at` int(10) UNSIGNED NOT NULL
) ENGINE=InnoDB DEFAULT CHARSET=utf8mb4 COLLATE=utf8mb4_unicode_ci;

--
-- Dumping data for table `discount_categories`
--

INSERT INTO `discount_categories` (`id`, `discount_id`, `category_id`, `created_at`) VALUES
(10, 10, 520, 1709728551),
(11, 10, 608, 1709728551),
(12, 10, 606, 1709728551);

-- --------------------------------------------------------

--
-- Table structure for table `discount_courses`
--

CREATE TABLE `discount_courses` (
  `id` int(10) UNSIGNED NOT NULL,
  `discount_id` int(10) UNSIGNED NOT NULL,
  `course_id` int(10) UNSIGNED NOT NULL,
  `created_at` int(10) UNSIGNED NOT NULL
) ENGINE=InnoDB DEFAULT CHARSET=utf8mb4 COLLATE=utf8mb4_unicode_ci;

-- --------------------------------------------------------

--
-- Table structure for table `discount_groups`
--

CREATE TABLE `discount_groups` (
  `id` int(10) UNSIGNED NOT NULL,
  `discount_id` int(10) UNSIGNED NOT NULL,
  `group_id` int(10) UNSIGNED NOT NULL,
  `created_at` int(10) UNSIGNED NOT NULL
) ENGINE=InnoDB DEFAULT CHARSET=utf8mb4 COLLATE=utf8mb4_unicode_ci;

-- --------------------------------------------------------

--
-- Table structure for table `discount_users`
--

CREATE TABLE `discount_users` (
  `id` int(10) UNSIGNED NOT NULL,
  `discount_id` int(10) UNSIGNED NOT NULL,
  `user_id` int(10) UNSIGNED NOT NULL,
  `created_at` int(10) UNSIGNED NOT NULL
) ENGINE=InnoDB DEFAULT CHARSET=utf8mb4 COLLATE=utf8mb4_unicode_ci ROW_FORMAT=DYNAMIC;

-- --------------------------------------------------------

--
-- Table structure for table `failed_jobs`
--

CREATE TABLE `failed_jobs` (
  `id` bigint(20) UNSIGNED NOT NULL,
  `uuid` varchar(255) NOT NULL,
  `connection` text NOT NULL,
  `queue` text NOT NULL,
  `payload` longtext NOT NULL,
  `exception` longtext NOT NULL,
  `failed_at` timestamp NOT NULL DEFAULT current_timestamp()
) ENGINE=MyISAM DEFAULT CHARSET=utf8mb4 COLLATE=utf8mb4_unicode_ci;

-- --------------------------------------------------------

--
-- Table structure for table `faqs`
--

CREATE TABLE `faqs` (
  `id` int(10) UNSIGNED NOT NULL,
  `creator_id` int(10) UNSIGNED NOT NULL,
  `webinar_id` int(10) UNSIGNED DEFAULT NULL,
  `bundle_id` int(10) UNSIGNED DEFAULT NULL,
  `upcoming_course_id` int(10) UNSIGNED DEFAULT NULL,
  `order` int(10) UNSIGNED DEFAULT NULL,
  `created_at` int(10) UNSIGNED DEFAULT NULL,
  `updated_at` int(10) UNSIGNED DEFAULT NULL
) ENGINE=InnoDB DEFAULT CHARSET=utf8mb4 COLLATE=utf8mb4_unicode_ci ROW_FORMAT=DYNAMIC;

--
-- Dumping data for table `faqs`
--

INSERT INTO `faqs` (`id`, `creator_id`, `webinar_id`, `bundle_id`, `upcoming_course_id`, `order`, `created_at`, `updated_at`) VALUES
(13, 1016, 1995, NULL, NULL, NULL, 1624908798, NULL),
(14, 1016, 1995, NULL, NULL, NULL, 1624908812, NULL),
(15, 1016, 1995, NULL, NULL, NULL, 1624908829, NULL),
(16, 1016, 1995, NULL, NULL, NULL, 1624908852, NULL),
(17, 1016, 1995, NULL, NULL, NULL, 1624908868, NULL),
(18, 1015, 1996, NULL, NULL, NULL, 1624945244, NULL),
(19, 1015, 1996, NULL, NULL, NULL, 1624945306, NULL),
(20, 1015, 1996, NULL, NULL, NULL, 1624945328, NULL),
(21, 934, 1997, NULL, NULL, NULL, 1624956994, NULL),
(22, 934, 1997, NULL, NULL, NULL, 1624957014, NULL),
(23, 929, 1999, NULL, NULL, NULL, 1625039334, NULL),
(24, 929, 1999, NULL, NULL, NULL, 1625039363, NULL),
(25, 929, 1999, NULL, NULL, NULL, 1625039377, NULL),
(26, 867, 2000, NULL, NULL, NULL, 1625046069, NULL),
(27, 867, 2000, NULL, NULL, NULL, 1625046102, NULL),
(28, 3, 2001, NULL, NULL, NULL, 1625079104, NULL),
(29, 864, 2003, NULL, NULL, NULL, 1625300294, NULL),
(30, 864, 2003, NULL, NULL, NULL, 1625300305, NULL),
(31, 864, 2003, NULL, NULL, NULL, 1625300320, NULL),
(32, 4, 2005, NULL, NULL, NULL, 1625691029, NULL),
(33, 4, 2005, NULL, NULL, NULL, 1625691056, NULL),
(34, 4, 2005, NULL, NULL, NULL, 1625691083, NULL),
(35, 867, 2006, NULL, NULL, NULL, 1625694463, NULL),
(36, 867, 2006, NULL, NULL, NULL, 1625694481, NULL),
(37, 1015, 1998, NULL, NULL, NULL, 1626109158, NULL),
(38, 1015, 1998, NULL, NULL, NULL, 1626109178, NULL),
(39, 1015, 1998, NULL, NULL, NULL, 1626109196, NULL),
(40, 867, 2007, NULL, NULL, NULL, 1626234581, NULL),
(41, 867, 2007, NULL, NULL, NULL, 1626234619, NULL),
(42, 867, 2007, NULL, NULL, NULL, 1626234666, NULL),
(43, 1015, 2009, NULL, NULL, NULL, 1646172991, NULL),
(44, 1015, 2009, NULL, NULL, NULL, 1646173018, NULL),
(45, 1015, 2009, NULL, NULL, NULL, 1646173035, NULL),
(46, 1015, 2008, NULL, NULL, NULL, 1646173113, NULL),
(47, 1015, 2008, NULL, NULL, NULL, 1646173127, NULL),
(48, 1015, 2008, NULL, NULL, NULL, 1646173143, NULL),
(49, 929, 2010, NULL, NULL, NULL, 1655801621, NULL),
(50, 929, 2010, NULL, NULL, NULL, 1655801642, NULL),
(51, 929, 2010, NULL, NULL, NULL, 1655803063, NULL),
(52, 1015, NULL, 1, NULL, NULL, 1656082919, NULL),
(53, 1015, NULL, 1, NULL, NULL, 1656082949, NULL),
(54, 1015, NULL, NULL, 3, 15, 1678876257, NULL),
(55, 870, 2022, NULL, NULL, 1, 1678911802, NULL),
(56, 870, 2022, NULL, NULL, 2, 1678911826, NULL),
(57, 870, 2022, NULL, NULL, 3, 1678911861, NULL);

-- --------------------------------------------------------

--
-- Table structure for table `faq_translations`
--

CREATE TABLE `faq_translations` (
  `id` bigint(20) UNSIGNED NOT NULL,
  `faq_id` int(10) UNSIGNED NOT NULL,
  `locale` varchar(255) NOT NULL,
  `title` varchar(255) NOT NULL,
  `answer` text NOT NULL
) ENGINE=InnoDB DEFAULT CHARSET=utf8mb4 COLLATE=utf8mb4_unicode_ci;

--
-- Dumping data for table `faq_translations`
--

INSERT INTO `faq_translations` (`id`, `faq_id`, `locale`, `title`, `answer`) VALUES
(1, 13, 'en', 'What is the course level?', 'This is a course for beginners so you will get familiar with the topic from scratch.'),
(2, 14, 'en', 'How can I get course updates?', 'You will receive a notification after each update is released so you can download updated files from the course page.'),
(3, 15, 'en', 'Is it a supported course?', 'Yes, you can get in touch with the instructor using the support system.'),
(4, 16, 'en', 'How can I download exercise files?', 'All of the exercise files could be downloaded from the content tab on the course page.'),
(5, 17, 'en', 'Can I have a private meeting with the instructor?', 'Yes, you can reserve a 1 to 1 meeting with the instructor using the instructor profile.'),
(6, 18, 'en', 'What is the course level??', 'This is a course for beginners so you will get familiar with the topic from scratch.'),
(7, 19, 'en', 'How can I get course updates?', 'You will receive a notification after each update is released so you can download updated files from the course page.'),
(8, 20, 'en', 'Is it a supported course?', 'Yes, you can get in touch with the instructor using the support system.'),
(9, 21, 'en', 'What is the course level?', 'This is a course for beginners so you will get familiar with the topic from scratch.'),
(10, 22, 'en', 'How can I get course updates?', 'You will receive a notification after each update is released so you can download updated files from the course page.'),
(11, 23, 'en', 'What is the course level?', 'This is a course for beginners so you will get familiar with the topic from scratch.'),
(12, 24, 'en', 'How can I download exercise files?', 'All of the exercise files could be downloaded from the content tab on the course page.'),
(13, 25, 'en', 'Can I have a private meeting with the instructor?', 'Yes, you can reserve a 1 to 1 meeting with the instructor using the instructor profile.'),
(14, 26, 'en', 'How can I get course updates?', 'You will receive a notification after each update is released so you can download updated files from the course page.'),
(15, 27, 'en', 'What is the course level?', 'This is a course for beginners so you will get familiar with the topic from scratch.'),
(16, 28, 'en', 'Is it a supported course?', 'Yes, you can get in touch with the instructor using the support system.'),
(17, 29, 'en', 'How can I get course updates?', 'You will receive a notification after each update is released so you can download updated files from the course page.'),
(18, 30, 'en', 'Can I have a private meeting with the instructor?', 'Yes, you can reserve a 1 to 1 meeting with the instructor using the instructor profile.'),
(19, 31, 'en', 'Is it a supported course?', 'Yes, you can get in touch with the instructor using the support system.'),
(20, 32, 'en', 'What is the course level?', 'This is a course for beginners so you will get familiar with the topic from scratch.'),
(21, 33, 'en', 'Is it a supported course?', 'Yes, you can get in touch with the instructor using the support system.'),
(22, 34, 'en', 'Can I have a private meeting with the instructor?', 'Yes, you can reserve a 1 to 1 meeting with the instructor using the instructor profile.'),
(23, 35, 'en', 'Is it a supported course?', 'Yes, you can get in touch with the instructor using the support system.'),
(24, 36, 'en', 'Can I have a private meeting with the instructor?', 'Yes, you can reserve a 1 to 1 meeting with the instructor using the instructor profile.'),
(25, 37, 'en', 'What is the course level?', 'This is a course for beginners so you will get familiar with the topic from scratch.'),
(26, 38, 'en', 'Is it a supported course?', 'Yes, you can get in touch with the instructor using the support system.'),
(27, 39, 'en', 'Can I have a private meeting with the instructor?', 'Yes, you can reserve a 1 to 1 meeting with the instructor using the instructor profile.'),
(28, 40, 'en', 'What is the course level?', 'This is a course for beginners so you will get familiar with the topic from scratch.'),
(29, 41, 'en', 'How can I get course updates?', 'You will receive a notification after each update is released so you can download updated files from the course page.'),
(30, 42, 'en', 'Is it a supported course?', 'Yes, you can get in touch with the instructor using the support system.'),
(31, 43, 'en', 'Is it a supported course?', 'Yes, you can get in touch with the instructor using the support system.'),
(32, 44, 'en', 'How can I get course updates?', 'You will receive a notification after each update is released so you can download updated files from the course page.'),
(33, 45, 'en', 'What is the course level?', 'This is a course for beginners so you will get familiar with the topic from scratch.'),
(34, 46, 'en', 'What is the course level?', 'This is a course for beginners so you will get familiar with the topic from scratch.'),
(35, 47, 'en', 'Is it a supported course?', 'Yes, you can get in touch with the instructor using the support system.'),
(36, 48, 'en', 'Can I have a private meeting with the instructor?', 'Yes, you can reserve a 1 to 1 meeting with the instructor using the instructor profile.'),
(37, 49, 'en', 'What is the course level?', 'This is a course for beginners so you will get familiar with the topic from scratch.'),
(38, 50, 'en', 'How can I get course updates?', 'You will receive a notification after each update is released so you can download updated files from the course page.'),
(39, 51, 'en', 'Is it a supported course?', 'Yes, you can get in touch with the instructor using the support system.'),
(40, 52, 'en', 'How can I get course updates?', 'You will receive a notification after each update is released so you can download updated files from the course page.'),
(41, 53, 'en', 'How can I download exercise files?', 'All of the exercise files could be downloaded from the content tab on the course page.'),
(42, 54, 'en', 'Why take this course?', 'This course starts with explaining what programming really is? Have you ever wondered how things actually work in a program?'),
(43, 55, 'en', 'What is an installment payment?', 'An installment payment is a payment method that allows customers to spread the cost of a purchase over a period of time by making regular payments, typically on a monthly basis.'),
(44, 56, 'en', 'How does an installment payment plan work?', 'When a customer chooses to pay by installment, they agree to pay the total cost of the purchase in smaller, more manageable amounts over a set period of time. The amount of each payment is determined by the total cost of the purchase and the length of the repayment period.'),
(45, 57, 'en', 'Are there any fees or interest associated with installment payment?', 'Some installment plans may come with additional fees or higher interest rates than other payment methods. Customers should always read the terms and conditions carefully before agreeing to an installment payment plan to ensure they fully understand the costs involved.');

-- --------------------------------------------------------

--
-- Table structure for table `favorites`
--

CREATE TABLE `favorites` (
  `id` int(10) UNSIGNED NOT NULL,
  `user_id` int(10) UNSIGNED NOT NULL,
  `webinar_id` int(10) UNSIGNED DEFAULT NULL,
  `bundle_id` int(10) UNSIGNED DEFAULT NULL,
  `upcoming_course_id` int(10) UNSIGNED DEFAULT NULL,
  `created_at` int(11) NOT NULL
) ENGINE=InnoDB DEFAULT CHARSET=utf8mb4 COLLATE=utf8mb4_unicode_ci ROW_FORMAT=DYNAMIC;

-- --------------------------------------------------------

--
-- Table structure for table `feature_webinars`
--

CREATE TABLE `feature_webinars` (
  `id` int(10) UNSIGNED NOT NULL,
  `webinar_id` int(10) UNSIGNED NOT NULL,
  `page` enum('categories','home','home_categories') NOT NULL,
  `status` enum('publish','pending') NOT NULL,
  `updated_at` int(10) UNSIGNED NOT NULL
) ENGINE=InnoDB DEFAULT CHARSET=utf8mb4 COLLATE=utf8mb4_unicode_ci ROW_FORMAT=DYNAMIC;

--
-- Dumping data for table `feature_webinars`
--

INSERT INTO `feature_webinars` (`id`, `webinar_id`, `page`, `status`, `updated_at`) VALUES
(26, 1998, 'home', 'publish', 1635438083),
(28, 2008, 'home', 'publish', 1677569150);

-- --------------------------------------------------------

--
-- Table structure for table `feature_webinar_translations`
--

CREATE TABLE `feature_webinar_translations` (
  `id` bigint(20) UNSIGNED NOT NULL,
  `feature_webinar_id` int(10) UNSIGNED NOT NULL,
  `locale` varchar(255) NOT NULL,
  `description` text DEFAULT NULL
) ENGINE=InnoDB DEFAULT CHARSET=utf8mb4 COLLATE=utf8mb4_unicode_ci;

--
-- Dumping data for table `feature_webinar_translations`
--

INSERT INTO `feature_webinar_translations` (`id`, `feature_webinar_id`, `locale`, `description`) VALUES
(1, 26, 'en', 'Microsoft Excel is a spreadsheet developed by Microsoft for Windows, macOS, Android and iOS. It features calculation, graphing tools, pivot tables, and a macro programming language called Visual Basic for Applications (VBA).'),
(2, 28, 'en', 'Learn step-by-step tips that help you get things done with your virtual team by increasing trust and accountability.If you manage a virtual team today, then you\'ll probably continue to do so for the rest of your career.'),
(3, 28, 'es', 'Aprenda consejos paso a paso que lo ayudarán a hacer las cosas con su equipo virtual al aumentar la confianza y la responsabilidad. Si administra un equipo virtual hoy, probablemente continuará haciéndolo durante el resto de su carrera.'),
(4, 28, 'ar', 'تعلم نصائح خطوة بخطوة تساعدك على إنجاز المهام مع فريقك الافتراضي من خلال زيادة الثقة والمساءلة ، إذا كنت تدير فريقًا افتراضيًا اليوم ، فمن المحتمل أن تستمر في القيام بذلك لبقية حياتك المهنية.'),
(5, 26, 'ar', 'Microsoft Excel هو جدول بيانات تم تطويره بواسطة Microsoft لأنظمة Windows و macOS و Android و iOS. يتميز بأدوات الحساب والرسوم البيانية والجداول المحورية ولغة برمجة ماكرو تسمى Visual Basic for Applications (VBA).'),
(6, 26, 'es', 'Microsoft Excel es una hoja de cálculo desarrollada por Microsoft para Windows, macOS, Android e iOS. Cuenta con cálculo, herramientas gráficas, tablas dinámicas y un lenguaje de programación de macros llamado Visual Basic para Aplicaciones (VBA).');

-- --------------------------------------------------------

--
-- Table structure for table `files`
--

CREATE TABLE `files` (
  `id` int(10) UNSIGNED NOT NULL,
  `creator_id` int(10) UNSIGNED NOT NULL,
  `webinar_id` int(10) UNSIGNED NOT NULL,
  `chapter_id` int(10) UNSIGNED DEFAULT NULL,
  `accessibility` enum('free','paid') NOT NULL,
  `downloadable` tinyint(1) DEFAULT 0,
  `storage` enum('upload','youtube','vimeo','external_link','google_drive','dropbox','iframe','s3','upload_archive','secure_host') NOT NULL,
  `file` text NOT NULL,
  `volume` varchar(64) NOT NULL,
  `file_type` varchar(64) NOT NULL,
  `secure_host_upload_type` enum('direct','manual') DEFAULT NULL,
  `interactive_type` enum('adobe_captivate','i_spring','custom') DEFAULT NULL,
  `interactive_file_name` varchar(255) DEFAULT NULL,
  `interactive_file_path` varchar(255) DEFAULT NULL,
  `check_previous_parts` tinyint(1) NOT NULL DEFAULT 0,
  `access_after_day` int(10) UNSIGNED DEFAULT NULL,
  `online_viewer` tinyint(1) NOT NULL DEFAULT 0,
  `order` int(10) UNSIGNED DEFAULT NULL,
  `status` enum('active','inactive') NOT NULL DEFAULT 'active',
  `created_at` int(11) NOT NULL,
  `updated_at` int(11) DEFAULT NULL,
  `deleted_at` int(11) DEFAULT NULL
) ENGINE=InnoDB DEFAULT CHARSET=utf8mb4 COLLATE=utf8mb4_unicode_ci ROW_FORMAT=DYNAMIC;

--
-- Dumping data for table `files`
--

INSERT INTO `files` (`id`, `creator_id`, `webinar_id`, `chapter_id`, `accessibility`, `downloadable`, `storage`, `file`, `volume`, `file_type`, `secure_host_upload_type`, `interactive_type`, `interactive_file_name`, `interactive_file_path`, `check_previous_parts`, `access_after_day`, `online_viewer`, `order`, `status`, `created_at`, `updated_at`, `deleted_at`) VALUES
(31, 1016, 1995, 4, 'free', 0, 'youtube', 'https://youtu.be/pCmh6XaMVxs', '136.00 MB', 'video', NULL, NULL, NULL, NULL, 0, NULL, 0, 2, 'active', 1624869878, 1635416216, NULL),
(32, 1016, 1995, 4, 'free', 0, 'youtube', 'https://youtu.be/yUOC-Y0f5ZQ', '46.00 MB', 'video', NULL, NULL, NULL, NULL, 0, NULL, 0, 3, 'active', 1624870086, 1635416357, NULL),
(33, 1016, 1995, 11, 'free', 0, 'vimeo', 'https://vimeo.com/354744129', '280.00 MB', 'video', NULL, NULL, NULL, NULL, 0, NULL, 0, 4, 'active', 1624871143, 1635416520, NULL),
(34, 1016, 1995, 4, 'free', 0, 'upload', '/store/1016/Become A Product Manager.mp4', '5.82 MB', 'mp4', NULL, NULL, NULL, NULL, 0, NULL, 0, 1, 'active', 1624942577, 1635410854, NULL),
(35, 934, 1997, 24, 'free', 1, 'upload', '/store/934/Python for Beginners.mp4', '7.09 MB', 'mp4', NULL, NULL, NULL, NULL, 0, NULL, 0, NULL, 'active', 1624956937, 1635417846, NULL),
(36, 1015, 1998, 20, 'free', 0, 'upload', '/store/1015/Microsoft Excel - Excel from Beginner to Advanced.mkv', '4.10 MB', 'mkv', NULL, NULL, NULL, NULL, 0, NULL, 0, NULL, 'active', 1624966718, 1635417493, NULL),
(37, 929, 1999, 9, 'free', 1, 'upload', '/store/929/How To Manage & Influence Your Virtual Team.mkv', '10.58 MB', 'mkv', NULL, NULL, NULL, NULL, 0, NULL, 0, NULL, 'active', 1625038371, 1635412743, NULL),
(38, 929, 1999, 9, 'paid', 1, 'upload', '/store/929/How To Manage & Influence Your Virtual Team.mkv', '10.58 MB', 'mkv', NULL, NULL, NULL, NULL, 0, NULL, 0, NULL, 'active', 1625038447, 1635414077, NULL),
(39, 929, 1999, 10, 'paid', 1, 'upload', '/store/929/How To Manage & Influence Your Virtual Team.mkv', '10.58 MB', 'mkv', NULL, NULL, NULL, NULL, 0, NULL, 0, NULL, 'active', 1625038633, 1635414206, NULL),
(40, 929, 1999, 10, 'paid', 1, 'upload', '/store/929/How To Manage & Influence Your Virtual Team.mkv', '10.58 MB', 'mkv', NULL, NULL, NULL, NULL, 0, NULL, 0, NULL, 'active', 1625039003, 1635415977, NULL),
(41, 929, 1999, 10, 'paid', 1, 'upload', '/store/929/How To Manage & Influence Your Virtual Team.mkv', '10.58 MB', 'mkv', NULL, NULL, NULL, NULL, 0, NULL, 0, NULL, 'active', 1625039096, 1635416001, NULL),
(42, 929, 1999, 10, 'paid', 1, 'upload', '/store/929/How To Manage & Influence Your Virtual Team.mkv', '10.58 MB', 'mkv', NULL, NULL, NULL, NULL, 0, NULL, 0, NULL, 'active', 1625039180, 1635416049, NULL),
(43, 867, 2000, 18, 'free', 1, 'upload', '/store/867/Effective Time Management.mkv', '1.59 MB', 'mkv', NULL, NULL, NULL, NULL, 0, NULL, 0, NULL, 'active', 1625045148, 1635417295, NULL),
(44, 863, 2002, 14, 'free', 0, 'upload', '/store/863/Why Your Fitness Matters.mp4', '4.72 MB', 'mp4', NULL, NULL, NULL, NULL, 0, NULL, 0, NULL, 'active', 1625123527, 1635416995, NULL),
(45, 864, 2003, 12, 'free', 1, 'upload', '/store/864/Active Listening- You Can Be a Great Listener.mkv', '3.78 MB', 'mkv', NULL, NULL, NULL, NULL, 0, NULL, 0, NULL, 'active', 1625300200, 1635416686, NULL),
(46, 929, 2004, 8, 'paid', 1, 'upload', '/store/929/The Future of Energy.mkv', '15.00 MB', 'mkv', NULL, NULL, NULL, NULL, 0, NULL, 0, NULL, 'active', 1625685492, 1635412637, NULL),
(47, 929, 2004, 8, 'paid', 1, 'upload', '/store/929/The Future of Energy.mkv', '15.00 MB', 'mkv', NULL, NULL, NULL, NULL, 0, NULL, 0, NULL, 'active', 1625685578, 1635412643, NULL),
(48, 929, 2004, 8, 'paid', 1, 'upload', '/store/929/The Future of Energy.mkv', '15.00 MB', 'mkv', NULL, NULL, NULL, NULL, 0, NULL, 0, NULL, 'active', 1625685691, 1635412656, NULL),
(49, 4, 2005, 7, 'free', 0, 'youtube', 'https://youtu.be/z-xkbNLIB5w', '52.00 MB', 'video', NULL, NULL, NULL, NULL, 0, NULL, 0, NULL, 'active', 1625690308, 1635412526, NULL),
(50, 4, 2005, 7, 'paid', 0, 'youtube', 'https://youtu.be/jx5jmI0UlXU', '75.00 MB', 'video', NULL, NULL, NULL, NULL, 0, NULL, 0, NULL, 'active', 1625690699, 1635412541, NULL),
(51, 4, 2005, 7, 'paid', 0, 'youtube', 'https://youtu.be/IyYC-hSFEFQ', '168.00 MB', 'video', NULL, NULL, NULL, NULL, 0, NULL, 0, NULL, 'active', 1625690835, 1635412551, NULL),
(52, 867, 2006, 5, 'free', 1, 'upload', '/store/867/How to Travel Around the World on a Budget.mkv', '13.10 MB', 'mkv', NULL, NULL, NULL, NULL, 0, NULL, 0, NULL, 'active', 1625694176, 1635412034, NULL),
(53, 867, 2006, 5, 'paid', 1, 'upload', '/store/867/How to Travel Around the World on a Budget.mkv', '13.10 MB', 'mkv', NULL, NULL, NULL, NULL, 0, NULL, 0, NULL, 'active', 1625694214, 1635412043, NULL),
(54, 867, 2006, 6, 'paid', 1, 'upload', '/store/867/How to Travel Around the World on a Budget.mkv', '13.10 MB', 'mkv', NULL, NULL, NULL, NULL, 0, NULL, 0, NULL, 'active', 1625694330, 1635412081, NULL),
(55, 867, 2006, 6, 'paid', 1, 'upload', '/store/867/How to Travel Around the World on a Budget.mkv', '13.10 MB', 'mkv', NULL, NULL, NULL, NULL, 0, NULL, 0, NULL, 'active', 1625694401, 1635412090, NULL),
(56, 867, 2007, 2, 'free', 0, 'upload', '/store/1/123.mp4', '7.66 MB', 'mp4', NULL, NULL, NULL, NULL, 0, NULL, 0, NULL, 'active', 1626234339, 1635408940, NULL),
(57, 867, 2007, 2, 'free', 1, 'upload', '/store/867/Travel Management Course.mkv', '13.48 MB', 'mkv', NULL, NULL, NULL, NULL, 0, NULL, 0, NULL, 'active', 1626234398, 1635407853, NULL),
(58, 867, 2007, 3, 'free', 1, 'upload', '/store/867/Travel Management Course.mkv', '13.48 MB', 'mkv', NULL, NULL, NULL, NULL, 0, NULL, 0, NULL, 'active', 1626234448, 1635408073, NULL),
(59, 867, 2007, 3, 'free', 1, 'upload', '/store/867/Travel Management Course.mkv', '13.48 MB', 'mkv', NULL, NULL, NULL, NULL, 0, NULL, 0, NULL, 'active', 1626234512, 1635408084, NULL),
(60, 1015, 2008, 28, 'paid', 0, 'upload_archive', '/store/1015/scorm/ispring.zip', '4.76 MB', 'archive', NULL, 'i_spring', NULL, '/store/1015/ispring/story.html', 0, NULL, 0, NULL, 'active', 1646119189, 1646120896, NULL),
(61, 1015, 2008, 28, 'paid', 0, 'upload_archive', '/store/1015/scorm/captivate.zip', '5.11 MB', 'archive', NULL, 'adobe_captivate', NULL, '/store/1015/captivate/index.html', 0, NULL, 0, NULL, 'active', 1646119460, 1646120931, NULL),
(62, 1015, 2008, 28, 'paid', 0, 'upload_archive', '/store/1015/scorm/custom.zip', '4.75 MB', 'archive', NULL, 'custom', 'next.html', '/store/1015/custom/next.html', 0, NULL, 0, NULL, 'active', 1646119651, NULL, NULL),
(63, 1015, 2008, 29, 'paid', 0, 'upload', '/store/1015/Learn Linux In 5 Days.mp4', '3.95 MB', 'mp4', NULL, NULL, NULL, NULL, 0, NULL, 0, 1, 'active', 1646120871, 1646124268, NULL),
(64, 1015, 2008, 29, 'paid', 0, 'youtube', 'https://youtu.be/6Vo2v7WCyTs', '0 bytes', 'video', NULL, NULL, NULL, NULL, 0, NULL, 0, 2, 'active', 1646124099, 1646124279, NULL),
(65, 1015, 2008, 29, 'paid', 0, 'vimeo', 'https://vimeo.com/187511962', '0 bytes', 'video', NULL, NULL, NULL, NULL, 0, NULL, 0, 3, 'active', 1646124765, NULL, NULL),
(66, 1015, 2008, 29, 'paid', 1, 'external_link', 'https://drive.google.com/file/d/18CDM0xG2KdOP6YvvTKEvPvtsb4XfQQF3/view', '19.00 MB', 'archive', NULL, NULL, NULL, NULL, 0, NULL, 0, 6, 'active', 1646124966, NULL, NULL),
(67, 1015, 2008, 29, 'paid', 0, 'google_drive', '<iframe src=\"https://drive.google.com/file/d/1pu1TgfcTFJeRU6Venxa46i_pStM4GCwH/preview\" width=\"640\" height=\"480\" allow=\"autoplay\"></iframe>', '14.00 MB', 'video', NULL, NULL, NULL, NULL, 0, NULL, 0, 8, 'active', 1646125437, 1646128112, NULL),
(68, 1015, 2008, 29, 'paid', 0, 'google_drive', '<iframe src=\"https://drive.google.com/file/d/1BdiQQp3-7SPRdmuqeN8cdkO75U4wbU9i/preview\" width=\"640\" height=\"480\" allow=\"autoplay\"></iframe>', '2.00 MB', 'powerpoint', NULL, NULL, NULL, NULL, 0, NULL, 0, 10, 'active', 1646126002, 1646128083, NULL),
(69, 1015, 2008, 29, 'paid', 0, 'google_drive', '<iframe src=\"https://drive.google.com/file/d/1KuEkNBCvXxFiWU5U2_Be4LlYLTg4VFq7/preview\" width=\"640\" height=\"480\" allow=\"autoplay\"></iframe>', '2.00 MB', 'pdf', NULL, NULL, NULL, NULL, 0, NULL, 0, 11, 'active', 1646126305, 1646128068, NULL),
(70, 1015, 2008, 29, 'paid', 1, 'external_link', 'https://uploads.rocket-soft.org/lms/Rocket_LMS_App.apk', '19.00 MB', 'project', NULL, NULL, NULL, NULL, 0, NULL, 0, 7, 'active', 1646126442, 1646128137, NULL),
(71, 1015, 2008, 29, 'paid', 0, 'iframe', '<div style=\"position:relative;padding-bottom:56.25%;height:0;overflow:hidden;\"> <iframe style=\"width:100%;height:100%;position:absolute;left:0px;top:0px;overflow:hidden\" frameborder=\"0\" type=\"text/html\" src=\"https://www.dailymotion.com/embed/video/x88dvcq?autoplay=1\" width=\"100%\" height=\"100%\" allowfullscreen allow=\"autoplay\"> </iframe> </div>', '0 bytes', 'video', NULL, NULL, NULL, NULL, 0, NULL, 0, 9, 'active', 1646127121, 1646127426, NULL),
(72, 1015, 2008, 29, 'paid', 0, 's3', 'https://s3.us-east-1.amazonaws.com/daghighy/store/1015/UMgeYxq2Z6Pn6C3bnQLBfjZyJNEx8dcvINbSXJtJ.mkv', '4.00 MB', 'video', NULL, NULL, NULL, NULL, 0, NULL, 0, 4, 'active', 1646130252, 1646131442, NULL),
(73, 1015, 2008, 29, 'paid', 1, 's3', 'https://s3.us-east-1.amazonaws.com/daghighy/store/1015/ZXW0cMcembGqD7aJNnpmV6ft5Ovsf8tAGXogzb0N.pdf', '2.00 MB', 'pdf', NULL, NULL, NULL, NULL, 0, NULL, 0, 5, 'active', 1646130397, NULL, NULL),
(74, 929, 2010, 31, 'free', 1, 'upload', '/store/929/The Future of Energy.mkv', '15', 'video', 'manual', NULL, NULL, NULL, 0, NULL, 0, NULL, 'active', 1655799640, 1750160240, NULL),
(75, 929, 2010, 31, 'paid', 1, 'upload', '/store/929/How To Manage & Influence Your Virtual Team.mkv', '10.58 MB', 'video', NULL, NULL, NULL, NULL, 1, NULL, 0, NULL, 'active', 1655799735, NULL, NULL),
(76, 929, 2010, 31, 'paid', 1, 'upload', '/store/929/The Future of Energy.mkv', '15.00 MB', 'video', NULL, NULL, NULL, NULL, 1, 300, 0, NULL, 'active', 1655800074, 1655800089, NULL),
(77, 929, 2010, 32, 'paid', 1, 'upload', '/store/929/How To Manage & Influence Your Virtual Team.mkv', '10.58 MB', 'video', NULL, NULL, NULL, NULL, 0, NULL, 0, NULL, 'active', 1655801399, NULL, NULL),
(78, 929, 2010, 33, 'paid', 1, 'upload', '/store/929/The Future of Energy.mkv', '15.00 MB', 'video', NULL, NULL, NULL, NULL, 0, NULL, 0, NULL, 'active', 1655801529, NULL, NULL),
(94, 870, 2022, 41, 'paid', 0, 'secure_host', 'https://iframe.mediadelivery.net/embed/103639/a81a511e-c34c-4612-9abc-7bd1d689f536?token=$2y$10$xyIUzuZg14eK04IErAjm8eNEJ00mltPt9/15FRVgtVn15H4YhIdS6', '5.82 MB', 'video', NULL, NULL, NULL, NULL, 0, NULL, 0, NULL, 'active', 1678911505, NULL, NULL),
(95, 870, 2022, 41, 'paid', 0, 'secure_host', 'https://iframe.mediadelivery.net/embed/103639/06191a1e-156d-42b9-903c-d96b469462e2?token=$2y$10$DmBSyuPsCror/kVsMf5LMeNoHfB65p0gDmszu2m.4Fycm/0KCwXYW', '3.95 MB', 'video', NULL, NULL, NULL, NULL, 0, NULL, 0, NULL, 'active', 1678911686, NULL, NULL);

-- --------------------------------------------------------

--
-- Table structure for table `file_translations`
--

CREATE TABLE `file_translations` (
  `id` bigint(20) UNSIGNED NOT NULL,
  `file_id` int(10) UNSIGNED NOT NULL,
  `locale` varchar(255) NOT NULL,
  `title` varchar(255) NOT NULL,
  `description` text DEFAULT NULL
) ENGINE=InnoDB DEFAULT CHARSET=utf8mb4 COLLATE=utf8mb4_unicode_ci;

--
-- Dumping data for table `file_translations`
--

INSERT INTO `file_translations` (`id`, `file_id`, `locale`, `title`, `description`) VALUES
(1, 31, 'en', 'Course Overview (Youtube)', 'Understand the varying role of a Product Manager through different types and sizes of companies'),
(2, 32, 'en', 'What is a Product? (Youtube)', 'Let’s get basic – what is a product?\r\n\r\nProducts, like ghosts, are all around you (read that in a spooky voice).\r\n\r\nSure, it sounds simple, but there’s a lot more nuance to this than just looking up the dictionary definition.'),
(3, 33, 'en', 'Ideas and User Needs (Vimeo)', 'Welcome to the land of ideas and user needs! Have you ever.'),
(4, 34, 'en', 'Demo Video', 'The most complete course available on Product Management.'),
(5, 35, 'en', 'Introduction video', 'Python is an interpreted high-level general-purpose programming language. Python\'s design philosophy emphasizes code readability with its notable use of significant indentation.'),
(6, 36, 'en', 'Introduction Class', 'Microsoft Excel is a spreadsheet developed by Microsoft for Windows, macOS, Android and iOS. It features calculation, graphing tools, pivot tables, and a macro programming language called Visual Basic for Applications (VBA).'),
(7, 37, 'en', 'Introduction', 'In this welcome  video, I give you a quick overview of what the course is about.'),
(8, 38, 'en', 'Principles of Behavior Change', 'In this lecture, I discuss an overview of the \"Principles of Behavior Change\" module, the 4 power principles of behavior change, and what you should know about those principles when managing your virtual team.'),
(9, 39, 'en', 'The Power of Writing', 'In this lecture, I discuss the following: The mysterious power of writing things down and The advantages of writing tasks out to your virtual team'),
(10, 40, 'en', 'Before the Meeting', 'In this lecture, I discuss the five things you should do before every meeting, and how to manage everyone’s expectations through a well-crafted meeting agenda.'),
(11, 41, 'en', 'During the Meeting', 'In this lecture, I discuss the five things you should do during every meeting, and how to facilitate your meetings to keep everyone focused on their tasks.'),
(12, 42, 'en', 'After the Meeting', 'In this lecture, I discuss the two things you should do after every meeting, and how to follow up with your team to make sure they are committed to getting their actions completed.'),
(13, 43, 'en', 'Introduction', 'If you have ever taken a time management course, you\'ve probably faced the frustration of trying to manage your time better and not succeeding.'),
(14, 44, 'en', 'Why Your Fitness Matters', 'Unfortunately, the internet is full of false fitness gurus that sell you all kinds of workouts plans and gimmicks that are overpriced and don\'t work.'),
(15, 45, 'en', 'Introduction', 'Improve your reactive habits, define your listening mindset, amplify your curiosity, & add value as a great listener'),
(16, 46, 'en', 'Exponential', 'Here you will gain and understanding of how consumption is more important than finds of non-renewable energy. Also other matters that affect the future development of non-renewable key and primary fuels'),
(17, 47, 'en', 'Importance of Oil', 'Here we test your knowledge of what you learned hopefully listening to our second lecture.'),
(18, 48, 'en', 'Behavioural Solutions', 'Here you will gain and understanding of how consumption is more important than finds of non-renewable energy. Also other matters that affect the future development of non-renewable key and primary fuels'),
(19, 49, 'en', 'Welcome !!', 'Today we are going to learn the basics of creating a good design. This can apply from web design to graphic design in general.\r\nI put together my top 5 tips and tricks to create a good design from scratch.'),
(20, 50, 'en', 'CSS Essentials', 'Chances are you have heard of relative and absolute position in CSS, but did you know there are still three other positions? In this video I will be covering all five CSS positions (static, relative, absolute, fixed, and sticky) .'),
(21, 51, 'en', 'Intermediate CSS', 'Learn more about Intermediate CSS features like CSS Grid, Flexbox, and custom properties (aka. variables). Kyle, from Web Dev Simplified, will walk through a few Intermediate CSS challenges and discuss some of our favorite CSS tips and tricks.'),
(22, 52, 'en', 'Welcome to the Course!', 'A warm welcome to the course! Feel free to contact me if you have any questions'),
(23, 53, 'en', 'Health & Safety', 'The point of this lecture is to share with you numerous safety tips I\'ve learned during my journey.'),
(24, 54, 'en', 'Where To Sleep during your Travels?', 'After this lesson you\'ll know what exactly is Couchsurfing and what to expect.'),
(25, 55, 'en', 'Ready to go? The last things to do!', 'In this video I\'ll share with you some tips to earn money on the road and I will take my example as a digital nomad to show you what works.'),
(26, 56, 'en', 'Overview', 'The course content is uniquely customized in a way to give each student who participates in this course the best skill orientation and the basic knowledge required to enter the travel and tourism industry.'),
(27, 57, 'en', 'Understanding Maps', 'The course content is uniquely customized in a way to give each student who participates in this course the best skill orientation and the basic knowledge required to enter the travel and tourism industry.'),
(28, 58, 'en', 'World Time', 'The course content is uniquely customized in a way to give each student who participates in this course the best skill orientation and the basic knowledge required to enter the travel and tourism industry.'),
(29, 59, 'en', 'Travel Technology', 'The course content is uniquely customized in a way to give each student who participates in this course the best skill orientation and the basic knowledge require'),
(30, 60, 'en', 'iSpring SCORM', 'iSpring Suite is a PowerPoint-based authoring toolkit produced by iSpring Solutions that allows users to create slide-based courses.'),
(31, 61, 'en', 'Adobe Captivate SCORM', 'Adobe Captivate is an authoring tool that is used for creating eLearning content such as software demonstrations, software simulations, branched scenarios, and randomized quizzes in Shockwave Flash and HTML5 formats.'),
(32, 62, 'en', 'Custom SCORM', 'Always remember to tune \"up\" to a pitch and not down to a pitch. This helps in keeping your guitar in tune.'),
(33, 63, 'en', 'Upload Source', 'This course will teach you how to master your fretboard, understand music theory, and most importantly, how to use these tools to craft your unique sound.'),
(34, 64, 'en', 'Youtube Source', 'YouTube is an American online video sharing and social media platform owned by Google. It was launched on February 14, 2005, by Steve Chen, Chad Hurley, and Jawed Karim.'),
(35, 65, 'en', 'Vimeo Source', 'Vimeo, Inc. is an American video hosting, sharing, and services platform provider headquartered in New York City. Vimeo focuses on the delivery of high-definition video across a range of devices. Vimeo\'s business model is through software as a service.'),
(36, 66, 'en', 'External Link Source', 'Rocket LMS mobile app is an Android mobile application for Rocket LMS. Rocket LMS is an online course marketplace that helps you run your online education business easily.'),
(37, 67, 'en', 'Google Drive Source', 'Google Drive is a file storage and synchronization service developed by Google. Launched on April 24, 2012, Google Drive allows users to store files in the cloud, synchronize files across devices, and share files.'),
(38, 68, 'en', 'PowerPoint File', 'Microsoft PowerPoint is a presentation program, created by Robert Gaskins and Dennis Austin at a software company named Forethought, Inc. It was released on April 20, 1987, initially for Macintosh computers only.'),
(39, 69, 'en', 'PDF File', 'Portable Document Format (PDF), standardized as ISO 32000, is a file format developed by Adobe in 1992 to present documents, including text formatting and images, in a manner independent of application software, hardware, and operating systems.'),
(40, 70, 'en', 'Direct Link', 'Rocket LMS mobile app is an Android mobile application for Rocket LMS. Rocket LMS is an online course marketplace that helps you run your online education business easily.'),
(41, 71, 'en', 'iFrame Source', 'March 20 is the first day of spring for most people, while March 1 is the first spring day for meteorologists.'),
(42, 72, 'en', 'Amazon S3 Stream', 'Amazon S3 or Amazon Simple Storage Service is a service offered by Amazon Web Services that provides object storage through a web service interface. Amazon S3 uses the same scalable storage infrastructure that Amazon.com uses to run its global e-commerce network.'),
(43, 73, 'en', 'Amazon S3 File', 'Amazon S3 or Amazon Simple Storage Service is a service offered by Amazon Web Services that provides object storage through a web service interface. Amazon S3 uses the same scalable storage infrastructure that Amazon.com uses to run its global e-commerce network.'),
(44, 74, 'en', 'Introduction video', 'Here we test your knowledge of what you learned, hopefully listening to our second lecture.'),
(45, 75, 'en', 'Behavioural Solutions', 'Here you will gain and understanding of how consumption is more important than finds of non-renewable energy. Also other matters that affect the future development of non-renewable key and primary fuels'),
(46, 76, 'en', 'Exponential', 'Here you will gain an understanding of how consumption is more important than finds of non-renewable energy. Also, other matters that affect the future development of non-renewable key and primary fuels.'),
(47, 77, 'en', 'Why you need this course', 'I had a passion for education at a young age. I became valedictorian of my graduating class.'),
(48, 78, 'en', 'Final Part', 'Simply put, drip content is the practice of releasing your content to your members in parts.'),
(63, 94, 'en', 'What is Secure Host?', 'Overall, installment payment is a flexible and convenient option that can make it easier for customers to make purchases they may not be able to afford upfront.'),
(64, 95, 'en', 'Why is Secure Host important?', 'With installment payment, customers are able to pay for a product or service in smaller, more manageable amounts rather than having to pay the full amount upfront.');

-- --------------------------------------------------------

--
-- Table structure for table `filters`
--

CREATE TABLE `filters` (
  `id` int(10) UNSIGNED NOT NULL,
  `category_id` int(10) UNSIGNED NOT NULL
) ENGINE=InnoDB DEFAULT CHARSET=utf8mb4 COLLATE=utf8mb4_unicode_ci ROW_FORMAT=DYNAMIC;

--
-- Dumping data for table `filters`
--

INSERT INTO `filters` (`id`, `category_id`) VALUES
(1805, 520),
(1819, 520),
(1834, 520),
(1809, 523),
(1823, 523),
(1838, 523),
(1812, 525),
(1826, 525),
(1841, 525),
(1806, 601),
(1820, 601),
(1835, 601),
(1807, 602),
(1821, 602),
(1836, 602),
(1808, 603),
(1822, 603),
(1837, 603),
(1810, 604),
(1824, 604),
(1839, 604),
(1811, 605),
(1825, 605),
(1840, 605),
(1816, 606),
(1831, 606),
(1845, 606),
(1817, 607),
(1832, 607),
(1846, 607),
(1818, 608),
(1833, 608),
(1847, 608),
(1813, 609),
(1827, 609),
(1842, 609),
(1814, 610),
(1829, 610),
(1843, 610),
(1815, 611),
(1830, 611),
(1844, 611);

-- --------------------------------------------------------

--
-- Table structure for table `filter_options`
--

CREATE TABLE `filter_options` (
  `id` int(10) UNSIGNED NOT NULL,
  `filter_id` int(10) UNSIGNED NOT NULL,
  `order` int(10) UNSIGNED DEFAULT NULL
) ENGINE=InnoDB DEFAULT CHARSET=utf8mb4 COLLATE=utf8mb4_unicode_ci ROW_FORMAT=DYNAMIC;

--
-- Dumping data for table `filter_options`
--

INSERT INTO `filter_options` (`id`, `filter_id`, `order`) VALUES
(9114, 1805, 1),
(9115, 1805, 2),
(9116, 1805, 3),
(9117, 1806, 1),
(9118, 1806, 2),
(9119, 1806, 3),
(9120, 1807, 1),
(9121, 1807, 2),
(9122, 1807, 3),
(9123, 1808, 1),
(9124, 1808, 2),
(9125, 1808, 3),
(9126, 1809, 1),
(9127, 1809, 2),
(9128, 1809, 3),
(9129, 1810, 1),
(9130, 1810, 2),
(9131, 1810, 3),
(9132, 1811, 1),
(9133, 1811, 2),
(9134, 1811, 3),
(9135, 1812, 1),
(9136, 1812, 2),
(9137, 1812, 3),
(9138, 1813, 1),
(9139, 1813, 2),
(9140, 1813, 3),
(9141, 1814, 1),
(9142, 1814, 2),
(9143, 1814, 3),
(9144, 1815, 1),
(9145, 1815, 2),
(9146, 1815, 3),
(9147, 1816, 1),
(9148, 1816, 2),
(9149, 1816, 3),
(9150, 1817, 1),
(9151, 1817, 2),
(9152, 1817, 3),
(9153, 1818, 1),
(9154, 1818, 2),
(9155, 1818, 3),
(9156, 1819, 1),
(9157, 1819, 3),
(9158, 1819, 2),
(9159, 1819, 4),
(9160, 1819, 5),
(9161, 1820, 1),
(9162, 1820, 3),
(9163, 1820, 2),
(9164, 1820, 4),
(9165, 1820, 5),
(9166, 1821, 1),
(9167, 1821, 3),
(9168, 1821, 2),
(9169, 1821, 4),
(9170, 1821, 5),
(9171, 1822, 1),
(9172, 1822, 3),
(9173, 1822, 2),
(9174, 1822, 4),
(9175, 1822, 5),
(9176, 1823, 1),
(9177, 1823, 3),
(9178, 1823, 2),
(9179, 1823, 4),
(9180, 1823, 5),
(9181, 1824, 1),
(9182, 1824, 3),
(9183, 1824, 2),
(9184, 1824, 4),
(9185, 1824, 5),
(9186, 1825, 1),
(9187, 1825, 3),
(9188, 1825, 2),
(9189, 1825, 4),
(9190, 1825, 5),
(9191, 1826, 1),
(9192, 1826, 3),
(9193, 1826, 2),
(9194, 1826, 4),
(9195, 1826, 5),
(9196, 1827, 1),
(9197, 1827, 3),
(9198, 1827, 2),
(9199, 1827, 4),
(9200, 1827, 5),
(9206, 1829, 1),
(9207, 1829, 3),
(9208, 1829, 2),
(9209, 1829, 4),
(9210, 1829, 5),
(9211, 1830, 1),
(9212, 1830, 3),
(9213, 1830, 2),
(9214, 1830, 4),
(9215, 1830, 5),
(9216, 1831, 1),
(9217, 1831, 3),
(9218, 1831, 2),
(9219, 1831, 4),
(9220, 1831, 5),
(9221, 1832, 1),
(9222, 1832, 3),
(9223, 1832, 2),
(9224, 1832, 4),
(9225, 1832, 5),
(9226, 1833, 1),
(9227, 1833, 3),
(9228, 1833, 2),
(9229, 1833, 4),
(9230, 1833, 5),
(9231, 1834, 1),
(9232, 1834, 2),
(9233, 1834, 3),
(9234, 1834, 4),
(9235, 1834, 5),
(9236, 1835, 1),
(9237, 1835, 2),
(9238, 1835, 3),
(9239, 1835, 4),
(9240, 1836, 1),
(9241, 1836, 2),
(9242, 1836, 3),
(9243, 1836, 4),
(9244, 1837, 1),
(9245, 1837, 2),
(9246, 1837, 3),
(9247, 1837, 4),
(9248, 1837, 5),
(9249, 1838, 1),
(9250, 1838, 2),
(9251, 1838, 3),
(9252, 1838, 4),
(9253, 1839, 3),
(9254, 1839, 1),
(9255, 1839, 2),
(9256, 1839, 4),
(9257, 1840, 1),
(9258, 1840, 2),
(9259, 1840, 3),
(9260, 1840, 4),
(9261, 1840, 5),
(9262, 1841, 1),
(9263, 1841, 2),
(9264, 1841, 3),
(9265, 1841, 4),
(9266, 1842, 1),
(9267, 1842, 2),
(9268, 1842, 3),
(9269, 1842, 4),
(9270, 1843, 1),
(9271, 1843, 2),
(9272, 1843, 3),
(9273, 1843, 4),
(9274, 1843, 5),
(9275, 1844, 1),
(9276, 1844, 2),
(9277, 1844, 3),
(9278, 1844, 4),
(9279, 1845, 1),
(9280, 1845, 2),
(9281, 1845, 3),
(9282, 1845, 4),
(9283, 1845, 5),
(9284, 1846, 1),
(9285, 1846, 2),
(9286, 1846, 3),
(9287, 1846, 4),
(9288, 1847, 1),
(9289, 1847, 2),
(9290, 1847, 3),
(9291, 1847, 4),
(9292, 1847, 5);

-- --------------------------------------------------------

--
-- Table structure for table `filter_option_translations`
--

CREATE TABLE `filter_option_translations` (
  `id` bigint(20) UNSIGNED NOT NULL,
  `filter_option_id` int(10) UNSIGNED NOT NULL,
  `locale` varchar(255) NOT NULL,
  `title` varchar(255) NOT NULL
) ENGINE=InnoDB DEFAULT CHARSET=utf8mb4 COLLATE=utf8mb4_unicode_ci;

--
-- Dumping data for table `filter_option_translations`
--

INSERT INTO `filter_option_translations` (`id`, `filter_option_id`, `locale`, `title`) VALUES
(1, 9114, 'en', 'Beginner'),
(2, 9115, 'en', 'Intermediate'),
(3, 9116, 'en', 'Expert'),
(4, 9117, 'en', 'Beginner'),
(5, 9118, 'en', 'Intermediate'),
(6, 9119, 'en', 'Expert'),
(7, 9120, 'en', 'Beginner'),
(8, 9121, 'en', 'Intermediate'),
(9, 9122, 'en', 'Expert'),
(10, 9123, 'en', 'Beginner'),
(11, 9124, 'en', 'Intermediate'),
(12, 9125, 'en', 'Expert'),
(13, 9126, 'en', 'Beginner'),
(14, 9127, 'en', 'Intermediate'),
(15, 9128, 'en', 'Expert'),
(16, 9129, 'en', 'Beginner'),
(17, 9130, 'en', 'Intermediate'),
(18, 9131, 'en', 'Intermediate'),
(19, 9132, 'en', 'Beginner'),
(20, 9133, 'en', 'Intermediate'),
(21, 9134, 'en', 'Expert'),
(22, 9135, 'en', 'Beginner'),
(23, 9136, 'en', 'Intermediate'),
(24, 9137, 'en', 'Expert'),
(25, 9138, 'en', 'Beginner'),
(26, 9139, 'en', 'Intermediate'),
(27, 9140, 'en', 'Expert'),
(28, 9141, 'en', 'Beginner'),
(29, 9142, 'en', 'Intermediate'),
(30, 9143, 'en', 'Expert'),
(31, 9144, 'en', 'Beginner'),
(32, 9145, 'en', 'Intermediate'),
(33, 9146, 'en', 'Expert'),
(34, 9147, 'en', 'Beginner'),
(35, 9148, 'en', 'Intermediate'),
(36, 9149, 'en', 'Expert'),
(37, 9150, 'en', 'Beginner'),
(38, 9151, 'en', 'Intermediate'),
(39, 9152, 'en', 'Expert'),
(40, 9153, 'en', 'Beginner'),
(41, 9154, 'en', 'Intermediate'),
(42, 9155, 'en', 'Expert'),
(43, 9156, 'en', 'English'),
(44, 9157, 'en', 'Português'),
(45, 9158, 'en', 'Español'),
(46, 9159, 'en', 'हिन्'),
(47, 9160, 'en', 'العربية'),
(48, 9161, 'en', 'English'),
(49, 9162, 'en', 'Português'),
(50, 9163, 'en', 'Español'),
(51, 9164, 'en', 'हिन्'),
(52, 9165, 'en', 'العربية'),
(53, 9166, 'en', 'English'),
(54, 9167, 'en', 'Português'),
(55, 9168, 'en', 'Español'),
(56, 9169, 'en', 'हिन्'),
(57, 9170, 'en', 'العربية'),
(58, 9171, 'en', 'English'),
(59, 9172, 'en', 'Português'),
(60, 9173, 'en', 'Español'),
(61, 9174, 'en', 'हिन्'),
(62, 9175, 'en', 'العربية'),
(63, 9176, 'en', 'English'),
(64, 9177, 'en', 'Português'),
(65, 9178, 'en', 'Español'),
(66, 9179, 'en', 'हिन्'),
(67, 9180, 'en', 'العربية'),
(68, 9181, 'en', 'English'),
(69, 9182, 'en', 'Português'),
(70, 9183, 'en', 'Español'),
(71, 9184, 'en', 'हिन्'),
(72, 9185, 'en', 'العربية'),
(73, 9186, 'en', 'English'),
(74, 9187, 'en', 'Português'),
(75, 9188, 'en', 'Español'),
(76, 9189, 'en', 'हिन्'),
(77, 9190, 'en', 'العربية'),
(78, 9191, 'en', 'English'),
(79, 9192, 'en', 'Português'),
(80, 9193, 'en', 'Español'),
(81, 9194, 'en', 'हिन्'),
(82, 9195, 'en', 'العربية'),
(83, 9196, 'en', 'English'),
(84, 9197, 'en', 'Português'),
(85, 9198, 'en', 'Español'),
(86, 9199, 'en', 'हिन्'),
(87, 9200, 'en', 'العربية'),
(88, 9206, 'en', 'English'),
(89, 9207, 'en', 'Português'),
(90, 9208, 'en', 'Español'),
(91, 9209, 'en', 'हिन्'),
(92, 9210, 'en', 'العربية'),
(93, 9211, 'en', 'English'),
(94, 9212, 'en', 'Português'),
(95, 9213, 'en', 'Español'),
(96, 9214, 'en', 'हिन्'),
(97, 9215, 'en', 'العربية'),
(98, 9216, 'en', 'English'),
(99, 9217, 'en', 'Português'),
(100, 9218, 'en', 'Español'),
(101, 9219, 'en', 'हिन्'),
(102, 9220, 'en', 'العربية'),
(103, 9221, 'en', 'English'),
(104, 9222, 'en', 'Português'),
(105, 9223, 'en', 'Español'),
(106, 9224, 'en', 'हिन्'),
(107, 9225, 'en', 'العربية'),
(108, 9226, 'en', 'English'),
(109, 9227, 'en', 'Português'),
(110, 9228, 'en', 'Español'),
(111, 9229, 'en', 'हिन्'),
(112, 9230, 'en', 'العربية'),
(113, 9231, 'en', 'Photoshop'),
(114, 9232, 'en', 'Adobe Illustrator'),
(115, 9233, 'en', 'Blender'),
(116, 9234, 'en', '3D Modeling'),
(117, 9235, 'en', 'After Effects'),
(118, 9236, 'en', 'Math'),
(119, 9237, 'en', 'Algebra'),
(120, 9238, 'en', 'Calculus'),
(121, 9239, 'en', 'Statistics'),
(122, 9240, 'en', 'Physics'),
(123, 9241, 'en', 'Chemistry'),
(124, 9242, 'en', 'Biology'),
(125, 9243, 'en', 'Genetics'),
(126, 9244, 'en', 'English Language'),
(127, 9245, 'en', 'English Grammar'),
(128, 9246, 'en', 'Spanish Language'),
(129, 9247, 'en', 'Arabic Language'),
(130, 9248, 'en', 'IELTS'),
(131, 9249, 'en', 'Yoga'),
(132, 9250, 'en', 'Fitness'),
(133, 9251, 'en', 'Health'),
(134, 9252, 'en', 'Dance'),
(135, 9253, 'en', 'Chess'),
(136, 9254, 'en', 'Cooking'),
(137, 9255, 'en', 'Drawing'),
(138, 9256, 'en', 'Reiki'),
(139, 9257, 'en', 'Makeup Artistry'),
(140, 9258, 'en', 'Hair Styling'),
(141, 9259, 'en', 'Skincare'),
(142, 9260, 'en', 'Fashion'),
(143, 9261, 'en', 'Nail Art'),
(144, 9262, 'en', 'Digital Marketing'),
(145, 9263, 'en', 'SEO'),
(146, 9264, 'en', 'Marketing Strategy'),
(147, 9265, 'en', 'Social Media Marketing'),
(148, 9266, 'en', 'Leadership'),
(149, 9267, 'en', 'Management Skills'),
(150, 9268, 'en', 'ISO 9001'),
(151, 9269, 'en', 'Manager Training'),
(152, 9270, 'en', 'Communication Skills'),
(153, 9271, 'en', 'Presentation Skills'),
(154, 9272, 'en', 'Public Speaking'),
(155, 9273, 'en', 'Business Communication'),
(156, 9274, 'en', 'Writing'),
(157, 9275, 'en', 'Business Strategy'),
(158, 9276, 'en', 'Strategic Planning'),
(159, 9277, 'en', 'Marketing Strategy'),
(160, 9278, 'en', 'Innovation'),
(161, 9279, 'en', 'HTML'),
(162, 9280, 'en', 'CSS'),
(163, 9281, 'en', 'PHP'),
(164, 9282, 'en', 'JavaScript'),
(165, 9283, 'en', 'Laravel'),
(166, 9284, 'en', 'Android Development'),
(167, 9285, 'en', 'iOS Development'),
(168, 9286, 'en', 'Google Flutter'),
(169, 9287, 'en', 'React NativeKotlin'),
(170, 9288, 'en', 'Unity'),
(171, 9289, 'en', 'Unreal Engine'),
(172, 9290, 'en', 'Unreal Engine Blueprints'),
(173, 9291, 'en', '3D Game Development'),
(174, 9292, 'en', 'Game Development Fundamentals');

-- --------------------------------------------------------

--
