-- Table structure for table `subscribe_uses`
--

CREATE TABLE `subscribe_uses` (
  `id` int(10) UNSIGNED NOT NULL,
  `user_id` int(10) UNSIGNED NOT NULL,
  `subscribe_id` int(10) UNSIGNED NOT NULL,
  `webinar_id` int(10) UNSIGNED DEFAULT NULL,
  `bundle_id` int(10) UNSIGNED DEFAULT NULL,
  `sale_id` int(10) UNSIGNED NOT NULL,
  `installment_order_id` int(10) UNSIGNED DEFAULT NULL
) ENGINE=InnoDB DEFAULT CHARSET=utf8mb4 COLLATE=utf8mb4_unicode_ci ROW_FORMAT=DYNAMIC;

--
-- Dumping data for table `subscribe_uses`
--

INSERT INTO `subscribe_uses` (`id`, `user_id`, `subscribe_id`, `webinar_id`, `bundle_id`, `sale_id`, `installment_order_id`) VALUES
(9, 995, 3, 2006, NULL, 160, NULL),
(10, 995, 3, 2004, NULL, 161, NULL),
(11, 995, 3, 2002, NULL, 162, NULL);

-- --------------------------------------------------------

--
-- Table structure for table `supports`
--

CREATE TABLE `supports` (
  `id` int(10) UNSIGNED NOT NULL,
  `user_id` int(10) UNSIGNED NOT NULL,
  `webinar_id` int(10) UNSIGNED DEFAULT NULL,
  `department_id` int(10) UNSIGNED DEFAULT NULL,
  `title` varchar(255) NOT NULL,
  `status` enum('open','close','replied','supporter_replied') NOT NULL DEFAULT 'open',
  `created_at` int(10) UNSIGNED DEFAULT NULL,
  `updated_at` int(10) UNSIGNED DEFAULT NULL
) ENGINE=InnoDB DEFAULT CHARSET=utf8mb4 COLLATE=utf8mb4_unicode_ci ROW_FORMAT=DYNAMIC;

--
-- Dumping data for table `supports`
--

INSERT INTO `supports` (`id`, `user_id`, `webinar_id`, `department_id`, `title`, `status`, `created_at`, `updated_at`) VALUES
(25, 934, NULL, 3, 'Convert Videos', 'close', 1625891270, 1625973596),
(26, 995, NULL, 3, 'Pre-Purchase Question', 'close', 1625891677, 1625973708),
(27, 930, NULL, 2, 'Pending Offline Payment', 'open', 1625891851, 1625891851),
(28, 923, NULL, 3, 'Commission Rate', 'supporter_replied', 1625892221, 1625892332),
(29, 867, NULL, 3, 'Class delay', 'supporter_replied', 1625895874, 1625973471),
(30, 995, 2005, NULL, 'design software', 'open', 1625953303, 1625953303),
(31, 996, 1996, NULL, 'help for start', 'replied', 1626062396, 1626062756),
(32, 995, 1996, NULL, 'Version of linux', 'close', 1626062941, 1626065078),
(33, 995, NULL, 2, 'Refund Request #64237', 'close', 1626063457, 1626063559),
(34, 995, NULL, 3, 'Problem with quiz', 'open', 1626250124, 1626250124);

-- --------------------------------------------------------

--
-- Table structure for table `support_conversations`
--

CREATE TABLE `support_conversations` (
  `id` int(10) UNSIGNED NOT NULL,
  `support_id` int(10) UNSIGNED NOT NULL,
  `supporter_id` int(10) UNSIGNED DEFAULT NULL,
  `sender_id` int(10) UNSIGNED DEFAULT NULL,
  `attach` varchar(255) DEFAULT NULL,
  `message` text NOT NULL,
  `created_at` int(10) UNSIGNED NOT NULL
) ENGINE=InnoDB DEFAULT CHARSET=utf8mb4 COLLATE=utf8mb4_unicode_ci ROW_FORMAT=DYNAMIC;

--
-- Dumping data for table `support_conversations`
--

INSERT INTO `support_conversations` (`id`, `support_id`, `supporter_id`, `sender_id`, `attach`, `message`, `created_at`) VALUES
(1, 25, NULL, 934, NULL, 'Hello.\r\nI want to convert my video files to reduce their size. What software do you recommend?', 1625891270),
(2, 26, NULL, 995, NULL, 'Hello\r\nIs it possible to refund it after the purchase if you are dissatisfied with the course?', 1625891677),
(3, 27, NULL, 930, NULL, 'Hello.\r\nI registered an offline payment document to charge my wallet.\r\nHow long does it take for my payment to be approved?\r\nI am going to buy a course and I would be grateful if this could be done a little earlier.', 1625891851),
(4, 28, NULL, 923, NULL, 'Hello.\r\nIs it possible for me to receive more commission for my sales on this platform?', 1625892221),
(5, 28, 1, NULL, NULL, 'Hello.\r\nPlease send this ticket to the financial department.\r\nThank', 1625892332),
(6, 29, NULL, 867, NULL, 'Hello .\r\nWhat are the rules if one of the live class sessions is delayed?\r\nIs it possible to change the date of that session?', 1625895874),
(7, 29, NULL, 867, '/store/867/60da388cbcee3.png', 'Hi.\r\nPlease check attachmnet', 1625897110),
(8, 29, 1, NULL, NULL, 'Yes you can change the date of your class sessions at any time.', 1625897202),
(9, 29, NULL, 867, NULL, 'thank you.', 1625898890),
(10, 30, NULL, 995, NULL, 'Hello.\r\nWhat software do you recommend to start learning?', 1625953303),
(11, 29, 1, NULL, NULL, 'you\'re welcome.', 1625973471),
(12, 25, 1, NULL, NULL, 'We offer you handbrake software.', 1625973573),
(13, 26, 1, NULL, NULL, 'Hello Cameron.\r\nYes it is possible.', 1625973699),
(14, 31, NULL, 996, NULL, 'Hello . Which version of Linux should I install to get started?', 1626062396),
(15, 31, NULL, 1015, NULL, 'Hello . I recommend version 6.0.4.', 1626062467),
(16, 31, NULL, 996, NULL, 'I get an error during installation.', 1626062520),
(17, 31, NULL, 1015, NULL, 'Please send a screenshot.', 1626062578),
(18, 31, NULL, 996, '/store/996/lmX4K.png', 'Please check attachment .', 1626062690),
(19, 31, NULL, 1015, NULL, 'I will check and let you know the problem.', 1626062756),
(20, 32, NULL, 995, NULL, 'Hello . Which version of Linux should I install for getting start?', 1626062941),
(21, 32, NULL, 1015, NULL, 'Hello . I recommend version 5.8.4.', 1626063058),
(22, 33, NULL, 995, NULL, 'Hello. I was supposed to get this refund via email. Please follow my request.', 1626063457),
(23, 33, 1, NULL, NULL, 'Hello. We will check. Thanks', 1626063496),
(24, 33, NULL, 995, NULL, 'Thanks.', 1626063547),
(25, 34, NULL, 995, NULL, 'Hello.\r\nIn the quiz of course that I bought was the wrong question.\r\nCourse Name: Photoshop course from beginner to advanced\r\nQuestion number : 3\r\nPlease check it. thank you', 1626250124);

-- --------------------------------------------------------

--
-- Table structure for table `support_departments`
--

CREATE TABLE `support_departments` (
  `id` int(10) UNSIGNED NOT NULL,
  `icon` varchar(255) DEFAULT NULL,
  `color` varchar(255) DEFAULT NULL,
  `created_at` int(10) UNSIGNED NOT NULL
) ENGINE=InnoDB DEFAULT CHARSET=utf8mb4 COLLATE=utf8mb4_unicode_ci ROW_FORMAT=DYNAMIC;

--
-- Dumping data for table `support_departments`
--

INSERT INTO `support_departments` (`id`, `icon`, `color`, `created_at`) VALUES
(2, '/store/1/default_images/support_departments/support_financial.svg', '#0170ff', 1749376245),
(3, '/store/1/default_images/support_departments/support_content.svg', '#0e2145', 1749376335),
(4, '/store/1/default_images/support_departments/support_marketing.svg', '#ff7043', 1749376299);

-- --------------------------------------------------------

--
-- Table structure for table `support_department_translations`
--

CREATE TABLE `support_department_translations` (
  `id` bigint(20) UNSIGNED NOT NULL,
  `support_department_id` int(10) UNSIGNED NOT NULL,
  `locale` varchar(255) NOT NULL,
  `title` varchar(255) NOT NULL
) ENGINE=InnoDB DEFAULT CHARSET=utf8mb4 COLLATE=utf8mb4_unicode_ci;

--
-- Dumping data for table `support_department_translations`
--

INSERT INTO `support_department_translations` (`id`, `support_department_id`, `locale`, `title`) VALUES
(1, 2, 'en', 'Financial'),
(2, 3, 'en', 'Content'),
(3, 4, 'en', 'Marketing'),
(4, 4, 'ar', 'تسويق'),
(5, 4, 'es', 'Márketing'),
(6, 3, 'es', 'Contenido'),
(7, 3, 'ar', 'المحتوى'),
(8, 2, 'ar', 'الأمور المالية'),
(9, 2, 'es', 'Financiera');

-- --------------------------------------------------------

--
-- Table structure for table `tags`
--

CREATE TABLE `tags` (
  `id` int(10) UNSIGNED NOT NULL,
  `title` varchar(64) NOT NULL,
  `webinar_id` int(10) UNSIGNED DEFAULT NULL,
  `bundle_id` int(10) UNSIGNED DEFAULT NULL,
  `upcoming_course_id` int(10) UNSIGNED DEFAULT NULL
) ENGINE=InnoDB DEFAULT CHARSET=utf8mb4 COLLATE=utf8mb4_unicode_ci ROW_FORMAT=DYNAMIC;

--
-- Dumping data for table `tags`
--

INSERT INTO `tags` (`id`, `title`, `webinar_id`, `bundle_id`, `upcoming_course_id`) VALUES
(6705, 'energy', NULL, 3, NULL),
(6706, 'solar energy', NULL, 3, NULL),
(6707, 'web', NULL, 2, NULL),
(6708, 'programming', NULL, 2, NULL),
(6709, 'office', NULL, 1, NULL),
(6710, 'bundle', NULL, 1, NULL),
(6711, 'Web Design', NULL, NULL, 5),
(6712, 'Photography', NULL, NULL, 4),
(6713, 'Digital Photography', NULL, NULL, 4),
(6714, 'python', NULL, NULL, 3),
(6719, 'Laravel', NULL, NULL, 6),
(6722, 'Installment payment', 2022, NULL, NULL),
(6723, 'Installment', 2022, NULL, NULL),
(6724, 'Partial payment', 2022, NULL, NULL),
(6725, 'Drip', 2010, NULL, NULL),
(6726, 'Assignment', 2010, NULL, NULL),
(6729, 'Guitar', 2008, NULL, NULL),
(6730, 'Guitar Masterclass', 2008, NULL, NULL),
(6731, 'travel', 2007, NULL, NULL),
(6732, 'Travel Management', 2007, NULL, NULL),
(6733, 'trip', 2007, NULL, NULL),
(6734, 'web', 2005, NULL, NULL),
(6735, 'design', 2005, NULL, NULL),
(6736, 'web design', 2005, NULL, NULL),
(6737, 'Virtual Team', 1999, NULL, NULL),
(6738, 'Team', 1999, NULL, NULL),
(6739, 'Product Manager', 1995, NULL, NULL),
(6740, 'managment', 1995, NULL, NULL),
(6741, 'Live Class', 2009, NULL, NULL),
(6742, 'New Live System', 2009, NULL, NULL),
(6743, 'travel', 2006, NULL, NULL),
(6744, 'trip', 2006, NULL, NULL),
(6745, 'World Trip', 2006, NULL, NULL),
(6746, 'Listening', 2003, NULL, NULL),
(6747, 'Listen', 2003, NULL, NULL),
(6748, 'Listener', 2003, NULL, NULL),
(6749, 'fitness', 2002, NULL, NULL),
(6750, 'Health & Fitness', 2002, NULL, NULL),
(6751, 'Health', 2002, NULL, NULL),
(6752, 'Angular', 2001, NULL, NULL),
(6753, 'AngularJS', 2001, NULL, NULL),
(6754, 'Javascript', 2001, NULL, NULL),
(6755, 'Time', 2000, NULL, NULL),
(6756, 'Time Management', 2000, NULL, NULL),
(6757, 'Save Time', 2000, NULL, NULL),
(6758, 'linux', 1996, NULL, NULL),
(6759, 'os', 1996, NULL, NULL),
(6760, 'network', 1996, NULL, NULL),
(6761, 'Excel', 1998, NULL, NULL),
(6762, 'microsoft excel', 1998, NULL, NULL),
(6763, 'excel class', 1998, NULL, NULL);

-- --------------------------------------------------------

--
-- Table structure for table `testimonials`
--

CREATE TABLE `testimonials` (
  `id` int(10) UNSIGNED NOT NULL,
  `user_avatar` varchar(255) NOT NULL,
  `rate` varchar(5) NOT NULL DEFAULT '0',
  `status` enum('active','disable') NOT NULL DEFAULT 'disable',
  `created_at` int(10) UNSIGNED NOT NULL
) ENGINE=InnoDB DEFAULT CHARSET=utf8mb4 COLLATE=utf8mb4_unicode_ci ROW_FORMAT=DYNAMIC;

--
-- Dumping data for table `testimonials`
--

INSERT INTO `testimonials` (`id`, `user_avatar`, `rate`, `status`, `created_at`) VALUES
(2, '/store/1/default_images/testimonials/Group 2043.png', '5', 'active', 1606841889),
(3, '/store/1/default_images/testimonials/Group 2038.png', '5', 'active', 1606841910),
(4, '/store/1/default_images/testimonials/Group 2044.png', '5', 'active', 1606841929),
(5, '/store/1/default_images/testimonials/Group 2040.png', '5', 'active', 1606841946),
(6, '/store/1/default_images/testimonials/Group 2049.png', '5', 'active', 1606842000),
(7, '/store/1/default_images/testimonials/Group 2045.png', '5', 'active', 1750180065),
(8, '/store/1/default_images/testimonials/Group 2051.png', '5', 'active', 1750180153),
(9, '/store/1/default_images/testimonials/Group 2046.png', '5', 'active', 1750180264),
(10, '/store/1/default_images/testimonials/Group 2052.png', '5', 'active', 1750180350),
(11, '/store/1/default_images/testimonials/Group 2053.png', '5', 'active', 1750180442);

-- --------------------------------------------------------

--
-- Table structure for table `testimonial_translations`
--

CREATE TABLE `testimonial_translations` (
  `id` bigint(20) UNSIGNED NOT NULL,
  `testimonial_id` int(10) UNSIGNED NOT NULL,
  `locale` varchar(255) NOT NULL,
  `user_name` varchar(255) NOT NULL,
  `user_bio` varchar(255) NOT NULL,
  `comment` text NOT NULL
) ENGINE=InnoDB DEFAULT CHARSET=utf8mb4 COLLATE=utf8mb4_unicode_ci;

--
-- Dumping data for table `testimonial_translations`
--

INSERT INTO `testimonial_translations` (`id`, `testimonial_id`, `locale`, `user_name`, `user_bio`, `comment`) VALUES
(1, 2, 'en', 'Sarah Mitchell', 'Graphic Designer', 'I signed up for this platform last year, and it’s been an amazing journey of learning and growth. The instructors are very knowledgeable, the course material is up to date, and the quizzes and assignments really help reinforce what you learn. I love how flexible it is; I can study whenever I want. I’ve already completed four courses and can’t wait to enroll in more. Highly recommend this site for anyone serious about gaining new skills.'),
(2, 3, 'en', 'James Carter', 'Freelance Videographer', 'Before joining, I was hesitant about online learning. But this platform completely changed my perspective. The video lectures are clear, engaging, and easy to follow. I really appreciate the discussion forums too, where I can ask questions and get help quickly. The certificates have helped me boost my resume, and my confidence has grown a lot. I feel more prepared for new job opportunities now. If you’re considering taking a course, don’t hesitate. It’s worth it!'),
(3, 4, 'en', 'Emily Ross', 'Social Media Manager', 'As someone with a busy schedule, I needed a flexible learning solution. This platform was exactly what I was looking for. The instructors break down complex topics into manageable lessons, and I can track my progress easily. I especially love the mobile app that lets me learn on the go. I’ve already recommended this site to my friends and colleagues. It’s a smart investment for anyone who wants to keep up with industry trends and advance professionally.'),
(4, 5, 'en', 'Daniel Kim', 'Architecture Student', 'Taking courses here has been one of my best decisions. The wide variety of subjects means I always find something that fits my interests and career goals. The quizzes and assignments challenge me to apply what I’ve learned, which makes a huge difference. I’ve also interacted with some amazing instructors who genuinely care about their students’ success. If you want to stay ahead in today’s competitive world, I highly recommend giving this learning platform a try.'),
(5, 6, 'en', 'Olivia Bennett', 'Event Planner', 'I’ve always believed in continuous learning, and this site makes it incredibly easy and accessible. The course bundles offer great value for money, and the discounts during promotions are unbeatable. I enjoy the practical projects included in many courses because they help build a solid portfolio. Plus, earning certificates feels rewarding and keeps me motivated. The customer support is responsive and helpful whenever I have questions. Overall, I’ve gained valuable knowledge that I can immediately apply at work.'),
(6, 2, 'ar', 'Abdul Jabbaar el-Kaleel', 'محلل بيانات في مايكروسوفت', '\"لقد استخدمنا Rocket LMS خلال العامين الماضيين. شكرًا على الخدمة الرائعة.\"'),
(7, 2, 'es', 'Ryan Newman', 'Analista de datos en Microsoft', '\"Hemos utilizado Rocket LMS durante los últimos 2 años. Gracias por el gran servicio\"'),
(8, 3, 'es', 'Megan Hayward', 'Administradora de sistemas en Amazon', '\"Nos encanta. Rocket LMS es perfecto y muy adaptable\".'),
(9, 3, 'ar', 'Khaleela el-Alam', 'مسؤول النظام في أمازون', '\"نحن نحبها. Rocket LMS مثالي وقابل للتكيف بشكل كبير.\"'),
(10, 4, 'es', 'Natasha Hope', 'Técnico de TI en IBM', '\"Estoy realmente satisfecho con mi Rocket LMS. Es la solución perfecta para nuestro negocio\"'),
(11, 4, 'ar', 'Sakeena el-Shad', 'فني تكنولوجيا المعلومات في شركة آی بی ام', '\"أنا راضٍ حقًا عن Rocket LMS. إنه الحل الأمثل لأعمالنا.\"'),
(12, 5, 'es', 'Charles Dale', 'Ingeniera informatica en oracle', '\"Estoy muy satisfecho con este producto. No podría haber pedido más que esto\"'),
(13, 5, 'ar', 'Rifat el-Younis', 'مهندس كمبيوتر', '\"أنا مسرور جدًا بهذا المنتج. لم أستطع طلب أكثر من هذا.\"'),
(14, 6, 'es', 'David Patterson', 'Técnico de redes en Cisco', '\"Rocket LMS me impresionó en varios niveles\"'),
(15, 6, 'ar', 'Ahmed al-Mansouri', 'فني شبكات في سيسكو', '\"لقد أبهرني صاروخ Rocket LMS على مستويات متعددة.\"'),
(16, 7, 'en', 'Michael Alvarez', 'Industrial Engineer', 'Learning new skills felt intimidating before, but the supportive community here made a big difference for me. The instructors are approachable and explain concepts in an easy-to-understand way. I appreciate the interactive quizzes, assignments, and real-world projects that push me to practice. The flexible deadlines make it stress-free to learn at my own pace. I’ve even found mentors through the platform who’ve guided me on career choices. It’s a fantastic place to grow professionally and personally.'),
(17, 8, 'en', 'Chloe Martin', 'Blogger & Content Creator', 'This course marketplace has completely changed my professional life. I wanted to switch careers and needed practical skills fast. The UI/UX design path was exactly what I needed. The step-by-step lessons, downloadable resources, and active discussion boards kept me engaged. Within months, I felt confident enough to take on freelance projects. The certificates I earned really added value to my profile. If you’re serious about gaining skills employers actually want, this is the best place to start.'),
(18, 9, 'en', 'Rohan Kumar', 'Marketing Executive', 'Enrolling in courses here has been an eye-opening experience. I love that I can access thousands of high-quality lessons from experts around the world. The variety of topics is impressive — from programming to marketing, it’s all here. I also appreciate the lifetime access, so I can revisit content anytime I need a refresher. It’s a great investment for anyone wanting to grow their career, explore new fields, or simply keep their knowledge updated and relevant.'),
(19, 10, 'en', 'Jessica Patel', 'Travel Influencer', 'I discovered this platform when I needed help advancing my tech skills. What surprised me most was how interactive and engaging the lessons are. The quizzes and hands-on projects really help solidify what you learn. I also appreciate the clear structure and easy navigation. It feels like having a personal coach guiding me step by step. I’ve already landed a better job because of what I learned here. I’ll definitely keep coming back for more courses in the future.'),
(20, 11, 'en', 'Ahmed Al-Maktoum', 'Product Photographer', 'This online learning marketplace has everything I need to keep growing my knowledge. The instructors are industry experts who share valuable insights and practical tips. I especially love the certificates, which I’ve added to my LinkedIn profile and resume. They really stand out to employers. The course bundles make it affordable to learn multiple topics at once. I feel more confident tackling new challenges at work thanks to these lessons. If you’re thinking of enrolling, do it today!');

-- --------------------------------------------------------

--
-- Table structure for table `text_lessons`
--

CREATE TABLE `text_lessons` (
  `id` int(10) UNSIGNED NOT NULL,
  `creator_id` int(10) UNSIGNED NOT NULL,
  `webinar_id` int(10) UNSIGNED NOT NULL,
  `chapter_id` int(10) UNSIGNED DEFAULT NULL,
  `image` varchar(255) DEFAULT NULL,
  `study_time` int(10) UNSIGNED DEFAULT NULL,
  `accessibility` enum('free','paid') NOT NULL DEFAULT 'free',
  `check_previous_parts` tinyint(1) NOT NULL DEFAULT 0,
  `access_after_day` int(10) UNSIGNED DEFAULT NULL,
  `order` int(10) UNSIGNED DEFAULT NULL,
  `status` enum('active','inactive') NOT NULL DEFAULT 'active',
  `created_at` int(10) UNSIGNED NOT NULL,
  `updated_at` int(10) UNSIGNED DEFAULT NULL
) ENGINE=InnoDB DEFAULT CHARSET=utf8mb4 COLLATE=utf8mb4_unicode_ci ROW_FORMAT=DYNAMIC;

--
-- Dumping data for table `text_lessons`
--

INSERT INTO `text_lessons` (`id`, `creator_id`, `webinar_id`, `chapter_id`, `image`, `study_time`, `accessibility`, `check_previous_parts`, `access_after_day`, `order`, `status`, `created_at`, `updated_at`) VALUES
(13, 934, 1997, 26, '/store/934/hero (9).jpg', 5, 'free', 0, NULL, 1, 'active', 1624954655, 1635417906),
(14, 934, 1997, 26, '/store/934/hero (14).jpg', 10, 'free', 0, NULL, 2, 'active', 1624954929, 1635417914),
(15, 934, 1997, 26, '/store/934/hero (4).jpg', 20, 'free', 0, NULL, 3, 'active', 1624956733, 1635417921);

-- --------------------------------------------------------

--
-- Table structure for table `text_lessons_attachments`
--

CREATE TABLE `text_lessons_attachments` (
  `id` int(10) UNSIGNED NOT NULL,
  `text_lesson_id` int(10) UNSIGNED NOT NULL,
  `file_id` int(10) UNSIGNED NOT NULL,
  `created_at` int(10) UNSIGNED NOT NULL
) ENGINE=InnoDB DEFAULT CHARSET=utf8mb4 COLLATE=utf8mb4_unicode_ci ROW_FORMAT=DYNAMIC;

--
-- Dumping data for table `text_lessons_attachments`
--

INSERT INTO `text_lessons_attachments` (`id`, `text_lesson_id`, `file_id`, `created_at`) VALUES
(14, 13, 35, 1635417906);

-- --------------------------------------------------------

--
-- Table structure for table `text_lesson_translations`
--

CREATE TABLE `text_lesson_translations` (
  `id` bigint(20) UNSIGNED NOT NULL,
  `text_lesson_id` int(10) UNSIGNED NOT NULL,
  `locale` varchar(255) NOT NULL,
  `title` varchar(255) NOT NULL,
  `summary` text NOT NULL,
  `content` longtext NOT NULL
) ENGINE=InnoDB DEFAULT CHARSET=utf8mb4 COLLATE=utf8mb4_unicode_ci;

--
-- Dumping data for table `text_lesson_translations`
--

INSERT INTO `text_lesson_translations` (`id`, `text_lesson_id`, `locale`, `title`, `summary`, `content`) VALUES
(1, 13, 'en', 'Hello, World!', 'Get started learning Python with DataCamp\'s free Intro to Python tutorial. Learn Data Science by completing interactive coding challenges and watching videos by expert instructors. Start Now!', '<div>Python is a very simple language, and has a very straightforward syntax. It encourages programmers to program without boilerplate (prepared) code. The simplest directive in Python is the \"print\" directive - it simply prints out a line (and also includes a newline, unlike in C).</div><div><br></div><div>There are two major Python versions, Python 2 and Python 3. Python 2 and 3 are quite different. This tutorial uses Python 3, because it more semantically correct and supports newer features.</div><div><br></div><div>For example, one difference between Python 2 and 3 is the print statement. In Python 2, the \"print\" statement is not a function, and therefore it is invoked without parentheses. However, in Python 3, it is a function, and must be invoked with parentheses.</div>'),
(2, 14, 'en', 'Learning', 'Before getting started, you may want to find out which IDEs and text editors are tailored to make Python editing easy, browse the list of introductory books, or look at code samples that you might find helpful.', '<div>There is a list of tutorials suitable for experienced programmers on the BeginnersGuide/Tutorials page. There is also a list of resources in other languages which might be useful if English is not your first language.</div><div><br></div><div>The online documentation is your first port of call for definitive information. There is a fairly brief tutorial that gives you basic information about the language and gets you started. You can follow this by looking at the library reference for a full description of Python\'s many libraries and the language reference for a complete (though somewhat dry) explanation of Python\'s syntax. If you are looking for common Python recipes and patterns, you can browse the ActiveState Python Cookbook</div>'),
(3, 15, 'en', 'Looking for Something Specific?', 'If you want to know whether a particular application, or a library with particular functionality, is available in Python there are a number of possible sources of information.', '<p>If you want to know whether a particular application, or a library with particular functionality, is available in Python there are a number of possible sources of information. The Python web site provides a Python Package Index (also known as the Cheese Shop, a reference to the Monty Python script of that name). There is also a search page for a number of sources of Python-related information. Failing that, just Google for a phrase including the word \'\'python\'\' and you may well get the result you need. If all else fails, ask on the python newsgroup and there\'s a good chance someone will put you on the right track.</p><p>Python is an interpreted high-level general-purpose programming language. Python\'s design philosophy emphasizes code readability with its notable use of significant indentation. Its language constructs as well as its object-oriented approach aim to help programmers write clear, logical code for small and large-scale projects.[30]</p><p><br></p><p>Python is dynamically-typed and garbage-collected. It supports multiple programming paradigms, including structured (particularly, procedural), object-oriented and functional programming. Python is often described as a \"batteries included\" language due to its comprehensive standard library.[31]</p><p><br></p><p>Guido van Rossum began working on Python in the late 1980s, as a successor to the ABC programming language, and first released it in 1991 as Python 0.9.0.[32] Python 2.0 was released in 2000 and introduced new features, such as list comprehensions and a garbage collection system using reference counting. Python 3.0 was released in 2008 and was a major revision of the language that is not completely backward-compatible and much Python 2 code does not run unmodified on Python 3. Python 2 was discontinued with version 2.7.18 in 2020.[33]</p><p><br></p><p>Python consistently ranks as one of the most popular programming languages.</p>');

-- --------------------------------------------------------

--
-- Table structure for table `themes`
--

CREATE TABLE `themes` (
  `id` int(10) UNSIGNED NOT NULL,
  `title` varchar(255) NOT NULL,
  `preview_image` varchar(255) DEFAULT NULL,
  `default_color_mode` enum('light','dark') NOT NULL DEFAULT 'light',
  `color_id` int(10) UNSIGNED DEFAULT NULL,
  `font_id` int(10) UNSIGNED DEFAULT NULL,
  `header_id` int(10) UNSIGNED DEFAULT NULL,
  `footer_id` int(10) UNSIGNED DEFAULT NULL,
  `home_landing_id` int(10) UNSIGNED DEFAULT NULL,
  `contents` longtext DEFAULT NULL,
  `is_default` tinyint(1) NOT NULL DEFAULT 0,
  `enable` tinyint(1) NOT NULL DEFAULT 0,
  `created_at` bigint(20) UNSIGNED NOT NULL
) ENGINE=InnoDB DEFAULT CHARSET=utf8mb4 COLLATE=utf8mb4_general_ci;

--
-- Dumping data for table `themes`
--

INSERT INTO `themes` (`id`, `title`, `preview_image`, `default_color_mode`, `color_id`, `font_id`, `header_id`, `footer_id`, `home_landing_id`, `contents`, `is_default`, `enable`, `created_at`) VALUES
(1, 'Lite (Included)', '/store/1/default_images/themes/lite-preview.jpg', 'light', 1, 2, 1, 2, 1, '{\"card_styles\":{\"course\":\"grid_card_1\",\"product\":\"grid_card_1\",\"bundle\":\"grid_card_1\",\"upcoming_course\":\"grid_card_1\",\"blog_post\":\"grid_card_1\",\"instructor\":\"grid_card_1\",\"organization\":\"grid_card_1\"},\"images\":{\"admin_login\":\"\\/store\\/1\\/themes\\/general\\/admin_login.jpg\",\"admin_dashboard\":\"\\/store\\/1\\/themes\\/general\\/admin_dashboard.png\",\"search\":\"\\/store\\/1\\/themes\\/general\\/search_background.jpg\",\"tags\":\"\\/store\\/1\\/themes\\/general\\/tags_background.jpg\",\"categories\":\"\\/store\\/1\\/themes\\/general\\/categories_background.jpg\",\"become_instructor\":\"\\/store\\/1\\/themes\\/general\\/become_instructor_background.jpg\",\"certificate_validation\":\"\\/store\\/1\\/themes\\/general\\/certificate_validation.jpg\",\"certificate_validation_overlay_image\":\"\\/store\\/1\\/themes\\/general\\/certificate_validation_overlay.png\",\"instructors_lists\":\"\\/store\\/1\\/themes\\/general\\/instructors_background.jpg\",\"instructors_header_overlay_image\":\"\\/store\\/1\\/themes\\/general\\/instructors_overlay.png\",\"organizations_lists\":\"\\/store\\/1\\/themes\\/general\\/organizations_background.jpg\",\"organizations_header_overlay_image\":\"\\/store\\/1\\/themes\\/general\\/organizations_overlay.png\",\"user_cover\":\"\\/store\\/1\\/themes\\/general\\/user_profile_background.jpg\",\"products_lists\":\"\\/store\\/1\\/themes\\/general\\/products_list_background.jpg\",\"products_lists_overlay_image\":\"\\/store\\/1\\/themes\\/general\\/products_overlay.png\",\"upcoming_courses_lists\":\"\\/store\\/1\\/themes\\/general\\/upcoming_courses_background.jpg\",\"upcoming_courses_lists_overlay_image\":\"\\/store\\/1\\/themes\\/general\\/upcoming_courses_overlay.png\",\"categories_courses_lists_featured_courses_background\":\"\\/store\\/1\\/themes\\/general\\/featured_courses_background.svg\",\"categories_courses_lists_featured_courses_overlay_image\":\"\\/store\\/1\\/themes\\/general\\/featured_courses_overlay.png\",\"bundles_lists\":\"\\/store\\/1\\/themes\\/general\\/bundles_background.jpg\",\"bundles_lists_overlay_image\":\"\\/store\\/1\\/themes\\/general\\/bundles_overlay.png\",\"blog_lists\":\"\\/store\\/1\\/themes\\/general\\/blog_background.jpg\",\"blog_lists_overlay_image\":\"\\/store\\/1\\/themes\\/general\\/blog_overlay.png\",\"form_default_cover\":\"\\/store\\/1\\/themes\\/general\\/form_background.jpg\",\"form_default_overlay_image\":\"\\/store\\/1\\/themes\\/general\\/form_overlay.png\",\"form_default_header_icon\":\"\\/store\\/1\\/themes\\/general\\/form_default_icon.svg\",\"meeting_booking_step_1_image\":\"\\/store\\/1\\/themes\\/general\\/meeting_booking_step1_overlay.png\",\"meeting_booking_step_2_image\":\"\\/store\\/1\\/themes\\/general\\/meeting_booking_step2_overlay.png\",\"classes_lists\":\"\\/store\\/1\\/themes\\/general\\/classes_background.jpg\",\"classes_lists_overlay_image\":\"\\/store\\/1\\/themes\\/general\\/courses_overlay.png\",\"reward_courses\":\"\\/store\\/1\\/themes\\/general\\/reward_courses_background.jpg\",\"reward_courses_overlay_image\":\"\\/store\\/1\\/themes\\/general\\/rewards_overlay.png\"},\"authentication_pages\":{\"style\":\"theme_1\",\"slider_background_image\":\"\\/store\\/1\\/themes\\/general\\/authentication_background.svg\",\"slider_contents\":{\"uHuuS\":{\"title\":\"Instant Certificate Access\",\"subtitle\":\"Download certificates right after completion\",\"image\":\"\\/store\\/1\\/themes\\/general\\/authentication_slide1.png\"},\"axuTg\":{\"title\":\"Affordable Quality Education\",\"subtitle\":\"High-value courses at accessible prices\",\"image\":\"\\/store\\/1\\/themes\\/general\\/authentication_slide2.png\"},\"RuDfz\":{\"title\":\"Advance Your Career\",\"subtitle\":\"Build your resume with proven expertise\",\"image\":\"\\/store\\/1\\/themes\\/general\\/authentication_slide3.png\"}}},\"custom_css\":null,\"custom_js\":null}', 1, 0, 1751359567),
(2, 'Marketplace', '/store/1/default_images/themes/marketplace-preview.jpg', 'light', 3, 2, 1, 2, 2, '{\"card_styles\":{\"course\":\"grid_card_1\",\"product\":\"grid_card_1\",\"bundle\":\"grid_card_1\",\"upcoming_course\":\"grid_card_1\",\"blog_post\":\"grid_card_1\",\"instructor\":\"grid_card_1\",\"organization\":\"grid_card_1\"},\"images\":{\"admin_login\":\"\\/store\\/1\\/themes\\/general\\/admin_login.jpg\",\"admin_dashboard\":\"\\/store\\/1\\/themes\\/general\\/admin_dashboard.png\",\"search\":\"\\/store\\/1\\/themes\\/general\\/search_background.jpg\",\"tags\":\"\\/store\\/1\\/themes\\/general\\/tags_background.jpg\",\"categories\":\"\\/store\\/1\\/themes\\/general\\/categories_background.jpg\",\"become_instructor\":\"\\/store\\/1\\/themes\\/general\\/become_instructor_background.jpg\",\"certificate_validation\":\"\\/store\\/1\\/themes\\/general\\/certificate_validation.jpg\",\"certificate_validation_overlay_image\":\"\\/store\\/1\\/themes\\/general\\/certificate_validation_overlay.png\",\"instructors_lists\":\"\\/store\\/1\\/themes\\/general\\/instructors_background.jpg\",\"instructors_header_overlay_image\":\"\\/store\\/1\\/themes\\/general\\/instructors_overlay.png\",\"organizations_lists\":\"\\/store\\/1\\/themes\\/general\\/organizations_background.jpg\",\"organizations_header_overlay_image\":\"\\/store\\/1\\/themes\\/general\\/organizations_overlay.png\",\"user_cover\":\"\\/store\\/1\\/themes\\/general\\/user_profile_background.jpg\",\"products_lists\":\"\\/store\\/1\\/themes\\/general\\/products_list_background.jpg\",\"products_lists_overlay_image\":\"\\/store\\/1\\/themes\\/general\\/products_overlay.png\",\"upcoming_courses_lists\":\"\\/store\\/1\\/themes\\/general\\/upcoming_courses_background.jpg\",\"upcoming_courses_lists_overlay_image\":\"\\/store\\/1\\/themes\\/general\\/upcoming_courses_overlay.png\",\"categories_courses_lists_featured_courses_background\":\"\\/store\\/1\\/themes\\/general\\/featured_courses_background.svg\",\"categories_courses_lists_featured_courses_overlay_image\":\"\\/store\\/1\\/themes\\/general\\/featured_courses_overlay.png\",\"bundles_lists\":\"\\/store\\/1\\/themes\\/general\\/bundles_background.jpg\",\"bundles_lists_overlay_image\":\"\\/store\\/1\\/themes\\/general\\/bundles_overlay.png\",\"blog_lists\":\"\\/store\\/1\\/themes\\/general\\/blog_background.jpg\",\"blog_lists_overlay_image\":\"\\/store\\/1\\/themes\\/general\\/blog_overlay.png\",\"form_default_cover\":\"\\/store\\/1\\/themes\\/general\\/form_background.jpg\",\"form_default_overlay_image\":\"\\/store\\/1\\/themes\\/general\\/form_overlay.png\",\"form_default_header_icon\":\"\\/store\\/1\\/themes\\/general\\/form_default_icon.svg\",\"meeting_booking_step_1_image\":\"\\/store\\/1\\/themes\\/general\\/meeting_booking_step1_overlay.png\",\"meeting_booking_step_2_image\":\"\\/store\\/1\\/themes\\/general\\/meeting_booking_step2_overlay.png\",\"classes_lists\":\"\\/store\\/1\\/themes\\/general\\/classes_background.jpg\",\"classes_lists_overlay_image\":\"\\/store\\/1\\/themes\\/general\\/courses_overlay.png\",\"reward_courses\":\"\\/store\\/1\\/themes\\/general\\/reward_courses_background.jpg\",\"reward_courses_overlay_image\":\"\\/store\\/1\\/themes\\/general\\/rewards_overlay.png\"},\"authentication_pages\":{\"style\":\"theme_1\",\"slider_background_image\":\"\\/store\\/1\\/themes\\/general\\/authentication_background.svg\",\"slider_contents\":{\"uHuuS\":{\"title\":\"Instant Certificate Access\",\"subtitle\":\"Download certificates right after completion\",\"image\":\"\\/store\\/1\\/themes\\/general\\/authentication_slide1.png\"},\"axuTg\":{\"title\":\"Affordable Quality Education\",\"subtitle\":\"High-value courses at accessible prices\",\"image\":\"\\/store\\/1\\/themes\\/general\\/authentication_slide2.png\"},\"RuDfz\":{\"title\":\"Advance Your Career\",\"subtitle\":\"Build your resume with proven expertise\",\"image\":\"\\/store\\/1\\/themes\\/general\\/authentication_slide3.png\"}}},\"custom_css\":null,\"custom_js\":null}', 0, 0, 1751360983),
(3, 'Single Instructor', '/store/1/default_images/themes/single-preview.jpg', 'light', 5, 2, 1, 2, 4, '{\"card_styles\":{\"course\":\"grid_card_1\",\"product\":\"grid_card_1\",\"bundle\":\"grid_card_1\",\"upcoming_course\":\"grid_card_1\",\"blog_post\":\"grid_card_1\",\"instructor\":\"grid_card_1\",\"organization\":\"grid_card_1\"},\"images\":{\"admin_login\":\"\\/store\\/1\\/themes\\/general\\/admin_login.jpg\",\"admin_dashboard\":\"\\/store\\/1\\/themes\\/general\\/admin_dashboard.png\",\"search\":\"\\/store\\/1\\/themes\\/general\\/search_background.jpg\",\"tags\":\"\\/store\\/1\\/themes\\/general\\/tags_background.jpg\",\"categories\":\"\\/store\\/1\\/themes\\/general\\/categories_background.jpg\",\"become_instructor\":\"\\/store\\/1\\/themes\\/general\\/become_instructor_background.jpg\",\"certificate_validation\":\"\\/store\\/1\\/themes\\/general\\/certificate_validation.jpg\",\"certificate_validation_overlay_image\":\"\\/store\\/1\\/themes\\/general\\/certificate_validation_overlay.png\",\"instructors_lists\":\"\\/store\\/1\\/themes\\/general\\/instructors_background.jpg\",\"instructors_header_overlay_image\":\"\\/store\\/1\\/themes\\/general\\/instructors_overlay.png\",\"organizations_lists\":\"\\/store\\/1\\/themes\\/general\\/organizations_background.jpg\",\"organizations_header_overlay_image\":\"\\/store\\/1\\/themes\\/general\\/organizations_overlay.png\",\"user_cover\":\"\\/store\\/1\\/themes\\/general\\/user_profile_background.jpg\",\"products_lists\":\"\\/store\\/1\\/themes\\/general\\/products_list_background.jpg\",\"products_lists_overlay_image\":\"\\/store\\/1\\/themes\\/general\\/products_overlay.png\",\"upcoming_courses_lists\":\"\\/store\\/1\\/themes\\/general\\/upcoming_courses_background.jpg\",\"upcoming_courses_lists_overlay_image\":\"\\/store\\/1\\/themes\\/general\\/upcoming_courses_overlay.png\",\"categories_courses_lists_featured_courses_background\":\"\\/store\\/1\\/themes\\/general\\/featured_courses_background.svg\",\"categories_courses_lists_featured_courses_overlay_image\":\"\\/store\\/1\\/themes\\/general\\/featured_courses_overlay.png\",\"bundles_lists\":\"\\/store\\/1\\/themes\\/general\\/bundles_background.jpg\",\"bundles_lists_overlay_image\":\"\\/store\\/1\\/themes\\/general\\/bundles_overlay.png\",\"blog_lists\":\"\\/store\\/1\\/themes\\/general\\/blog_background.jpg\",\"blog_lists_overlay_image\":\"\\/store\\/1\\/themes\\/general\\/blog_overlay.png\",\"form_default_cover\":\"\\/store\\/1\\/themes\\/general\\/form_background.jpg\",\"form_default_overlay_image\":\"\\/store\\/1\\/themes\\/general\\/form_overlay.png\",\"form_default_header_icon\":\"\\/store\\/1\\/themes\\/general\\/form_default_icon.svg\",\"meeting_booking_step_1_image\":\"\\/store\\/1\\/themes\\/general\\/meeting_booking_step1_overlay.png\",\"meeting_booking_step_2_image\":\"\\/store\\/1\\/themes\\/general\\/meeting_booking_step2_overlay.png\",\"classes_lists\":\"\\/store\\/1\\/themes\\/general\\/classes_background.jpg\",\"classes_lists_overlay_image\":\"\\/store\\/1\\/themes\\/general\\/courses_overlay.png\",\"reward_courses\":\"\\/store\\/1\\/themes\\/general\\/reward_courses_background.jpg\",\"reward_courses_overlay_image\":\"\\/store\\/1\\/themes\\/general\\/rewards_overlay.png\"},\"authentication_pages\":{\"style\":\"theme_1\",\"slider_background_image\":\"\\/store\\/1\\/themes\\/general\\/authentication_background.svg\",\"slider_contents\":{\"uHuuS\":{\"title\":\"Instant Certificate Access\",\"subtitle\":\"Download certificates right after completion\",\"image\":\"\\/store\\/1\\/themes\\/general\\/authentication_slide1.png\"},\"axuTg\":{\"title\":\"Affordable Quality Education\",\"subtitle\":\"High-value courses at accessible prices\",\"image\":\"\\/store\\/1\\/themes\\/general\\/authentication_slide2.png\"},\"RuDfz\":{\"title\":\"Advance Your Career\",\"subtitle\":\"Build your resume with proven expertise\",\"image\":\"\\/store\\/1\\/themes\\/general\\/authentication_slide3.png\"}}},\"custom_css\":null,\"custom_js\":null}', 0, 0, 1751361055),
(4, 'Organizational Education', '/store/1/default_images/themes/organization-preview.jpg', 'light', 4, 2, 1, 2, 5, '{\"card_styles\":{\"course\":\"grid_card_1\",\"product\":\"grid_card_1\",\"bundle\":\"grid_card_1\",\"upcoming_course\":\"grid_card_1\",\"blog_post\":\"grid_card_1\",\"instructor\":\"grid_card_1\",\"organization\":\"grid_card_1\"},\"images\":{\"admin_login\":\"\\/store\\/1\\/themes\\/general\\/admin_login.jpg\",\"admin_dashboard\":\"\\/store\\/1\\/themes\\/general\\/admin_dashboard.png\",\"search\":\"\\/store\\/1\\/themes\\/general\\/search_background.jpg\",\"tags\":\"\\/store\\/1\\/themes\\/general\\/tags_background.jpg\",\"categories\":\"\\/store\\/1\\/themes\\/general\\/categories_background.jpg\",\"become_instructor\":\"\\/store\\/1\\/themes\\/general\\/become_instructor_background.jpg\",\"certificate_validation\":\"\\/store\\/1\\/themes\\/general\\/certificate_validation.jpg\",\"certificate_validation_overlay_image\":\"\\/store\\/1\\/themes\\/general\\/certificate_validation_overlay.png\",\"instructors_lists\":\"\\/store\\/1\\/themes\\/general\\/instructors_background.jpg\",\"instructors_header_overlay_image\":\"\\/store\\/1\\/themes\\/general\\/instructors_overlay.png\",\"organizations_lists\":\"\\/store\\/1\\/themes\\/general\\/organizations_background.jpg\",\"organizations_header_overlay_image\":\"\\/store\\/1\\/themes\\/general\\/organizations_overlay.png\",\"user_cover\":\"\\/store\\/1\\/themes\\/general\\/user_profile_background.jpg\",\"products_lists\":\"\\/store\\/1\\/themes\\/general\\/products_list_background.jpg\",\"products_lists_overlay_image\":\"\\/store\\/1\\/themes\\/general\\/products_overlay.png\",\"upcoming_courses_lists\":\"\\/store\\/1\\/themes\\/general\\/upcoming_courses_background.jpg\",\"upcoming_courses_lists_overlay_image\":\"\\/store\\/1\\/themes\\/general\\/upcoming_courses_overlay.png\",\"categories_courses_lists_featured_courses_background\":\"\\/store\\/1\\/themes\\/general\\/featured_courses_background.svg\",\"categories_courses_lists_featured_courses_overlay_image\":\"\\/store\\/1\\/themes\\/general\\/featured_courses_overlay.png\",\"bundles_lists\":\"\\/store\\/1\\/themes\\/general\\/bundles_background.jpg\",\"bundles_lists_overlay_image\":\"\\/store\\/1\\/themes\\/general\\/bundles_overlay.png\",\"blog_lists\":\"\\/store\\/1\\/themes\\/general\\/blog_background.jpg\",\"blog_lists_overlay_image\":\"\\/store\\/1\\/themes\\/general\\/blog_overlay.png\",\"form_default_cover\":\"\\/store\\/1\\/themes\\/general\\/form_background.jpg\",\"form_default_overlay_image\":\"\\/store\\/1\\/themes\\/general\\/form_overlay.png\",\"form_default_header_icon\":\"\\/store\\/1\\/themes\\/general\\/form_default_icon.svg\",\"meeting_booking_step_1_image\":\"\\/store\\/1\\/themes\\/general\\/meeting_booking_step1_overlay.png\",\"meeting_booking_step_2_image\":\"\\/store\\/1\\/themes\\/general\\/meeting_booking_step2_overlay.png\",\"classes_lists\":\"\\/store\\/1\\/themes\\/general\\/classes_background.jpg\",\"classes_lists_overlay_image\":\"\\/store\\/1\\/themes\\/general\\/courses_overlay.png\",\"reward_courses\":\"\\/store\\/1\\/themes\\/general\\/reward_courses_background.jpg\",\"reward_courses_overlay_image\":\"\\/store\\/1\\/themes\\/general\\/rewards_overlay.png\"},\"authentication_pages\":{\"style\":\"theme_1\",\"slider_background_image\":\"\\/store\\/1\\/themes\\/general\\/authentication_background.svg\",\"slider_contents\":{\"uHuuS\":{\"title\":\"Instant Certificate Access\",\"subtitle\":\"Download certificates right after completion\",\"image\":\"\\/store\\/1\\/themes\\/general\\/authentication_slide1.png\"},\"axuTg\":{\"title\":\"Affordable Quality Education\",\"subtitle\":\"High-value courses at accessible prices\",\"image\":\"\\/store\\/1\\/themes\\/general\\/authentication_slide2.png\"},\"RuDfz\":{\"title\":\"Advance Your Career\",\"subtitle\":\"Build your resume with proven expertise\",\"image\":\"\\/store\\/1\\/themes\\/general\\/authentication_slide3.png\"}}},\"custom_css\":null,\"custom_js\":null}', 0, 0, 1751361169),
(5, 'Meeting Booking', '/store/1/default_images/themes/meeting-preview.jpg', 'light', 6, 2, 1, 2, 6, '{\"card_styles\":{\"course\":\"grid_card_1\",\"product\":\"grid_card_1\",\"bundle\":\"grid_card_1\",\"upcoming_course\":\"grid_card_1\",\"blog_post\":\"grid_card_1\",\"instructor\":\"grid_card_1\",\"organization\":\"grid_card_1\"},\"images\":{\"admin_login\":\"\\/store\\/1\\/themes\\/general\\/admin_login.jpg\",\"admin_dashboard\":\"\\/store\\/1\\/themes\\/general\\/admin_dashboard.png\",\"search\":\"\\/store\\/1\\/themes\\/general\\/search_background.jpg\",\"tags\":\"\\/store\\/1\\/themes\\/general\\/tags_background.jpg\",\"categories\":\"\\/store\\/1\\/themes\\/general\\/categories_background.jpg\",\"become_instructor\":\"\\/store\\/1\\/themes\\/general\\/become_instructor_background.jpg\",\"certificate_validation\":\"\\/store\\/1\\/themes\\/general\\/certificate_validation.jpg\",\"certificate_validation_overlay_image\":\"\\/store\\/1\\/themes\\/general\\/certificate_validation_overlay.png\",\"instructors_lists\":\"\\/store\\/1\\/themes\\/general\\/instructors_background.jpg\",\"instructors_header_overlay_image\":\"\\/store\\/1\\/themes\\/general\\/instructors_overlay.png\",\"organizations_lists\":\"\\/store\\/1\\/themes\\/general\\/organizations_background.jpg\",\"organizations_header_overlay_image\":\"\\/store\\/1\\/themes\\/general\\/organizations_overlay.png\",\"user_cover\":\"\\/store\\/1\\/themes\\/general\\/user_profile_background.jpg\",\"products_lists\":\"\\/store\\/1\\/themes\\/general\\/products_list_background.jpg\",\"products_lists_overlay_image\":\"\\/store\\/1\\/themes\\/general\\/products_overlay.png\",\"upcoming_courses_lists\":\"\\/store\\/1\\/themes\\/general\\/upcoming_courses_background.jpg\",\"upcoming_courses_lists_overlay_image\":\"\\/store\\/1\\/themes\\/general\\/upcoming_courses_overlay.png\",\"categories_courses_lists_featured_courses_background\":\"\\/store\\/1\\/themes\\/general\\/featured_courses_background.svg\",\"categories_courses_lists_featured_courses_overlay_image\":\"\\/store\\/1\\/themes\\/general\\/featured_courses_overlay.png\",\"bundles_lists\":\"\\/store\\/1\\/themes\\/general\\/bundles_background.jpg\",\"bundles_lists_overlay_image\":\"\\/store\\/1\\/themes\\/general\\/bundles_overlay.png\",\"blog_lists\":\"\\/store\\/1\\/themes\\/general\\/blog_background.jpg\",\"blog_lists_overlay_image\":\"\\/store\\/1\\/themes\\/general\\/blog_overlay.png\",\"form_default_cover\":\"\\/store\\/1\\/themes\\/general\\/form_background.jpg\",\"form_default_overlay_image\":\"\\/store\\/1\\/themes\\/general\\/form_overlay.png\",\"form_default_header_icon\":\"\\/store\\/1\\/themes\\/general\\/form_default_icon.svg\",\"meeting_booking_step_1_image\":\"\\/store\\/1\\/themes\\/general\\/meeting_booking_step1_overlay.png\",\"meeting_booking_step_2_image\":\"\\/store\\/1\\/themes\\/general\\/meeting_booking_step2_overlay.png\",\"classes_lists\":\"\\/store\\/1\\/themes\\/general\\/classes_background.jpg\",\"classes_lists_overlay_image\":\"\\/store\\/1\\/themes\\/general\\/courses_overlay.png\",\"reward_courses\":\"\\/store\\/1\\/themes\\/general\\/reward_courses_background.jpg\",\"reward_courses_overlay_image\":\"\\/store\\/1\\/themes\\/general\\/rewards_overlay.png\"},\"authentication_pages\":{\"style\":\"theme_1\",\"slider_background_image\":\"\\/store\\/1\\/themes\\/general\\/authentication_background.svg\",\"slider_contents\":{\"uHuuS\":{\"title\":\"Instant Certificate Access\",\"subtitle\":\"Download certificates right after completion\",\"image\":\"\\/store\\/1\\/themes\\/general\\/authentication_slide1.png\"},\"axuTg\":{\"title\":\"Affordable Quality Education\",\"subtitle\":\"High-value courses at accessible prices\",\"image\":\"\\/store\\/1\\/themes\\/general\\/authentication_slide2.png\"},\"RuDfz\":{\"title\":\"Advance Your Career\",\"subtitle\":\"Build your resume with proven expertise\",\"image\":\"\\/store\\/1\\/themes\\/general\\/authentication_slide3.png\"}}},\"custom_css\":null,\"custom_js\":null}', 0, 0, 1751361004),
(6, 'Instructor Introduction', '/store/1/default_images/themes/instructor-preview.jpg', 'light', 7, 2, 1, 2, 7, '{\"card_styles\":{\"course\":\"grid_card_1\",\"product\":\"grid_card_1\",\"bundle\":\"grid_card_1\",\"upcoming_course\":\"grid_card_1\",\"blog_post\":\"grid_card_1\",\"instructor\":\"grid_card_1\",\"organization\":\"grid_card_1\"},\"images\":{\"admin_login\":\"\\/store\\/1\\/themes\\/general\\/admin_login.jpg\",\"admin_dashboard\":\"\\/store\\/1\\/themes\\/general\\/admin_dashboard.png\",\"search\":\"\\/store\\/1\\/themes\\/general\\/search_background.jpg\",\"tags\":\"\\/store\\/1\\/themes\\/general\\/tags_background.jpg\",\"categories\":\"\\/store\\/1\\/themes\\/general\\/categories_background.jpg\",\"become_instructor\":\"\\/store\\/1\\/themes\\/general\\/become_instructor_background.jpg\",\"certificate_validation\":\"\\/store\\/1\\/themes\\/general\\/certificate_validation.jpg\",\"certificate_validation_overlay_image\":\"\\/store\\/1\\/themes\\/general\\/certificate_validation_overlay.png\",\"instructors_lists\":\"\\/store\\/1\\/themes\\/general\\/instructors_background.jpg\",\"instructors_header_overlay_image\":\"\\/store\\/1\\/themes\\/general\\/instructors_overlay.png\",\"organizations_lists\":\"\\/store\\/1\\/themes\\/general\\/organizations_background.jpg\",\"organizations_header_overlay_image\":\"\\/store\\/1\\/themes\\/general\\/organizations_overlay.png\",\"user_cover\":\"\\/store\\/1\\/themes\\/general\\/user_profile_background.jpg\",\"products_lists\":\"\\/store\\/1\\/themes\\/general\\/products_list_background.jpg\",\"products_lists_overlay_image\":\"\\/store\\/1\\/themes\\/general\\/products_overlay.png\",\"upcoming_courses_lists\":\"\\/store\\/1\\/themes\\/general\\/upcoming_courses_background.jpg\",\"upcoming_courses_lists_overlay_image\":\"\\/store\\/1\\/themes\\/general\\/upcoming_courses_overlay.png\",\"categories_courses_lists_featured_courses_background\":\"\\/store\\/1\\/themes\\/general\\/featured_courses_background.svg\",\"categories_courses_lists_featured_courses_overlay_image\":\"\\/store\\/1\\/themes\\/general\\/featured_courses_overlay.png\",\"bundles_lists\":\"\\/store\\/1\\/themes\\/general\\/bundles_background.jpg\",\"bundles_lists_overlay_image\":\"\\/store\\/1\\/themes\\/general\\/bundles_overlay.png\",\"blog_lists\":\"\\/store\\/1\\/themes\\/general\\/blog_background.jpg\",\"blog_lists_overlay_image\":\"\\/store\\/1\\/themes\\/general\\/blog_overlay.png\",\"form_default_cover\":\"\\/store\\/1\\/themes\\/general\\/form_background.jpg\",\"form_default_overlay_image\":\"\\/store\\/1\\/themes\\/general\\/form_overlay.png\",\"form_default_header_icon\":\"\\/store\\/1\\/themes\\/general\\/form_default_icon.svg\",\"meeting_booking_step_1_image\":\"\\/store\\/1\\/themes\\/general\\/meeting_booking_step1_overlay.png\",\"meeting_booking_step_2_image\":\"\\/store\\/1\\/themes\\/general\\/meeting_booking_step2_overlay.png\",\"classes_lists\":\"\\/store\\/1\\/themes\\/general\\/classes_background.jpg\",\"classes_lists_overlay_image\":\"\\/store\\/1\\/themes\\/general\\/courses_overlay.png\",\"reward_courses\":\"\\/store\\/1\\/themes\\/general\\/reward_courses_background.jpg\",\"reward_courses_overlay_image\":\"\\/store\\/1\\/themes\\/general\\/rewards_overlay.png\"},\"authentication_pages\":{\"style\":\"theme_1\",\"slider_background_image\":\"\\/store\\/1\\/themes\\/general\\/authentication_background.svg\",\"slider_contents\":{\"uHuuS\":{\"title\":\"Instant Certificate Access\",\"subtitle\":\"Download certificates right after completion\",\"image\":\"\\/store\\/1\\/themes\\/general\\/authentication_slide1.png\"},\"axuTg\":{\"title\":\"Affordable Quality Education\",\"subtitle\":\"High-value courses at accessible prices\",\"image\":\"\\/store\\/1\\/themes\\/general\\/authentication_slide2.png\"},\"RuDfz\":{\"title\":\"Advance Your Career\",\"subtitle\":\"Build your resume with proven expertise\",\"image\":\"\\/store\\/1\\/themes\\/general\\/authentication_slide3.png\"}}},\"custom_css\":null,\"custom_js\":null}', 0, 0, 1751361156),
(7, 'Instructor Recruitment', '/store/1/default_images/themes/recruitment-preview.jpg', 'light', 8, 2, 1, 2, 8, '{\"card_styles\":{\"course\":\"grid_card_1\",\"product\":\"grid_card_1\",\"bundle\":\"grid_card_1\",\"upcoming_course\":\"grid_card_1\",\"blog_post\":\"grid_card_1\",\"instructor\":\"grid_card_1\",\"organization\":\"grid_card_1\"},\"images\":{\"admin_login\":\"\\/store\\/1\\/themes\\/general\\/admin_login.jpg\",\"admin_dashboard\":\"\\/store\\/1\\/themes\\/general\\/admin_dashboard.png\",\"search\":\"\\/store\\/1\\/themes\\/general\\/search_background.jpg\",\"tags\":\"\\/store\\/1\\/themes\\/general\\/tags_background.jpg\",\"categories\":\"\\/store\\/1\\/themes\\/general\\/categories_background.jpg\",\"become_instructor\":\"\\/store\\/1\\/themes\\/general\\/become_instructor_background.jpg\",\"certificate_validation\":\"\\/store\\/1\\/themes\\/general\\/certificate_validation.jpg\",\"certificate_validation_overlay_image\":\"\\/store\\/1\\/themes\\/general\\/certificate_validation_overlay.png\",\"instructors_lists\":\"\\/store\\/1\\/themes\\/general\\/instructors_background.jpg\",\"instructors_header_overlay_image\":\"\\/store\\/1\\/themes\\/general\\/instructors_overlay.png\",\"organizations_lists\":\"\\/store\\/1\\/themes\\/general\\/organizations_background.jpg\",\"organizations_header_overlay_image\":\"\\/store\\/1\\/themes\\/general\\/organizations_overlay.png\",\"user_cover\":\"\\/store\\/1\\/themes\\/general\\/user_profile_background.jpg\",\"products_lists\":\"\\/store\\/1\\/themes\\/general\\/products_list_background.jpg\",\"products_lists_overlay_image\":\"\\/store\\/1\\/themes\\/general\\/products_overlay.png\",\"upcoming_courses_lists\":\"\\/store\\/1\\/themes\\/general\\/upcoming_courses_background.jpg\",\"upcoming_courses_lists_overlay_image\":\"\\/store\\/1\\/themes\\/general\\/upcoming_courses_overlay.png\",\"categories_courses_lists_featured_courses_background\":\"\\/store\\/1\\/themes\\/general\\/featured_courses_background.svg\",\"categories_courses_lists_featured_courses_overlay_image\":\"\\/store\\/1\\/themes\\/general\\/featured_courses_overlay.png\",\"bundles_lists\":\"\\/store\\/1\\/themes\\/general\\/bundles_background.jpg\",\"bundles_lists_overlay_image\":\"\\/store\\/1\\/themes\\/general\\/bundles_overlay.png\",\"blog_lists\":\"\\/store\\/1\\/themes\\/general\\/blog_background.jpg\",\"blog_lists_overlay_image\":\"\\/store\\/1\\/themes\\/general\\/blog_overlay.png\",\"form_default_cover\":\"\\/store\\/1\\/themes\\/general\\/form_background.jpg\",\"form_default_overlay_image\":\"\\/store\\/1\\/themes\\/general\\/form_overlay.png\",\"form_default_header_icon\":\"\\/store\\/1\\/themes\\/general\\/form_default_icon.svg\",\"meeting_booking_step_1_image\":\"\\/store\\/1\\/themes\\/general\\/meeting_booking_step1_overlay.png\",\"meeting_booking_step_2_image\":\"\\/store\\/1\\/themes\\/general\\/meeting_booking_step2_overlay.png\",\"classes_lists\":\"\\/store\\/1\\/themes\\/general\\/classes_background.jpg\",\"classes_lists_overlay_image\":\"\\/store\\/1\\/themes\\/general\\/courses_overlay.png\",\"reward_courses\":\"\\/store\\/1\\/themes\\/general\\/reward_courses_background.jpg\",\"reward_courses_overlay_image\":\"\\/store\\/1\\/themes\\/general\\/rewards_overlay.png\"},\"authentication_pages\":{\"style\":\"theme_1\",\"slider_background_image\":\"\\/store\\/1\\/themes\\/general\\/authentication_background.svg\",\"slider_contents\":{\"uHuuS\":{\"title\":\"Instant Certificate Access\",\"subtitle\":\"Download certificates right after completion\",\"image\":\"\\/store\\/1\\/themes\\/general\\/authentication_slide1.png\"},\"axuTg\":{\"title\":\"Affordable Quality Education\",\"subtitle\":\"High-value courses at accessible prices\",\"image\":\"\\/store\\/1\\/themes\\/general\\/authentication_slide2.png\"},\"RuDfz\":{\"title\":\"Advance Your Career\",\"subtitle\":\"Build your resume with proven expertise\",\"image\":\"\\/store\\/1\\/themes\\/general\\/authentication_slide3.png\"}}},\"custom_css\":null,\"custom_js\":null}', 0, 0, 1751361136),
(8, 'Category', '/store/1/default_images/themes/category-preview.jpg', 'light', 3, 2, 1, 2, 9, '{\"card_styles\":{\"course\":\"grid_card_1\",\"product\":\"grid_card_1\",\"bundle\":\"grid_card_1\",\"upcoming_course\":\"grid_card_1\",\"blog_post\":\"grid_card_1\",\"instructor\":\"grid_card_1\",\"organization\":\"grid_card_1\"},\"images\":{\"admin_login\":\"\\/store\\/1\\/themes\\/general\\/admin_login.jpg\",\"admin_dashboard\":\"\\/store\\/1\\/themes\\/general\\/admin_dashboard.png\",\"search\":\"\\/store\\/1\\/themes\\/general\\/search_background.jpg\",\"tags\":\"\\/store\\/1\\/themes\\/general\\/tags_background.jpg\",\"categories\":\"\\/store\\/1\\/themes\\/general\\/categories_background.jpg\",\"become_instructor\":\"\\/store\\/1\\/themes\\/general\\/become_instructor_background.jpg\",\"certificate_validation\":\"\\/store\\/1\\/themes\\/general\\/certificate_validation.jpg\",\"certificate_validation_overlay_image\":\"\\/store\\/1\\/themes\\/general\\/certificate_validation_overlay.png\",\"instructors_lists\":\"\\/store\\/1\\/themes\\/general\\/instructors_background.jpg\",\"instructors_header_overlay_image\":\"\\/store\\/1\\/themes\\/general\\/instructors_overlay.png\",\"organizations_lists\":\"\\/store\\/1\\/themes\\/general\\/organizations_background.jpg\",\"organizations_header_overlay_image\":\"\\/store\\/1\\/themes\\/general\\/organizations_overlay.png\",\"user_cover\":\"\\/store\\/1\\/themes\\/general\\/user_profile_background.jpg\",\"products_lists\":\"\\/store\\/1\\/themes\\/general\\/products_list_background.jpg\",\"products_lists_overlay_image\":\"\\/store\\/1\\/themes\\/general\\/products_overlay.png\",\"upcoming_courses_lists\":\"\\/store\\/1\\/themes\\/general\\/upcoming_courses_background.jpg\",\"upcoming_courses_lists_overlay_image\":\"\\/store\\/1\\/themes\\/general\\/upcoming_courses_overlay.png\",\"categories_courses_lists_featured_courses_background\":\"\\/store\\/1\\/themes\\/general\\/featured_courses_background.svg\",\"categories_courses_lists_featured_courses_overlay_image\":\"\\/store\\/1\\/themes\\/general\\/featured_courses_overlay.png\",\"bundles_lists\":\"\\/store\\/1\\/themes\\/general\\/bundles_background.jpg\",\"bundles_lists_overlay_image\":\"\\/store\\/1\\/themes\\/general\\/bundles_overlay.png\",\"blog_lists\":\"\\/store\\/1\\/themes\\/general\\/blog_background.jpg\",\"blog_lists_overlay_image\":\"\\/store\\/1\\/themes\\/general\\/blog_overlay.png\",\"form_default_cover\":\"\\/store\\/1\\/themes\\/general\\/form_background.jpg\",\"form_default_overlay_image\":\"\\/store\\/1\\/themes\\/general\\/form_overlay.png\",\"form_default_header_icon\":\"\\/store\\/1\\/themes\\/general\\/form_default_icon.svg\",\"meeting_booking_step_1_image\":\"\\/store\\/1\\/themes\\/general\\/meeting_booking_step1_overlay.png\",\"meeting_booking_step_2_image\":\"\\/store\\/1\\/themes\\/general\\/meeting_booking_step2_overlay.png\",\"classes_lists\":\"\\/store\\/1\\/themes\\/general\\/classes_background.jpg\",\"classes_lists_overlay_image\":\"\\/store\\/1\\/themes\\/general\\/courses_overlay.png\",\"reward_courses\":\"\\/store\\/1\\/themes\\/general\\/reward_courses_background.jpg\",\"reward_courses_overlay_image\":\"\\/store\\/1\\/themes\\/general\\/rewards_overlay.png\"},\"authentication_pages\":{\"style\":\"theme_1\",\"slider_background_image\":\"\\/store\\/1\\/themes\\/general\\/authentication_background.svg\",\"slider_contents\":{\"uHuuS\":{\"title\":\"Instant Certificate Access\",\"subtitle\":\"Download certificates right after completion\",\"image\":\"\\/store\\/1\\/themes\\/general\\/authentication_slide1.png\"},\"axuTg\":{\"title\":\"Affordable Quality Education\",\"subtitle\":\"High-value courses at accessible prices\",\"image\":\"\\/store\\/1\\/themes\\/general\\/authentication_slide2.png\"},\"RuDfz\":{\"title\":\"Advance Your Career\",\"subtitle\":\"Build your resume with proven expertise\",\"image\":\"\\/store\\/1\\/themes\\/general\\/authentication_slide3.png\"}}},\"custom_css\":null,\"custom_js\":null}', 0, 0, 1751364379),
(9, 'Course Introduction', '/store/1/default_images/themes/course-preview.jpg', 'light', 9, 2, 1, 2, 10, '{\"card_styles\":{\"course\":\"grid_card_1\",\"product\":\"grid_card_1\",\"bundle\":\"grid_card_1\",\"upcoming_course\":\"grid_card_1\",\"blog_post\":\"grid_card_1\",\"instructor\":\"grid_card_1\",\"organization\":\"grid_card_1\"},\"images\":{\"admin_login\":\"\\/store\\/1\\/themes\\/general\\/admin_login.jpg\",\"admin_dashboard\":\"\\/store\\/1\\/themes\\/general\\/admin_dashboard.png\",\"search\":\"\\/store\\/1\\/themes\\/general\\/search_background.jpg\",\"tags\":\"\\/store\\/1\\/themes\\/general\\/tags_background.jpg\",\"categories\":\"\\/store\\/1\\/themes\\/general\\/categories_background.jpg\",\"become_instructor\":\"\\/store\\/1\\/themes\\/general\\/become_instructor_background.jpg\",\"certificate_validation\":\"\\/store\\/1\\/themes\\/general\\/certificate_validation.jpg\",\"certificate_validation_overlay_image\":\"\\/store\\/1\\/themes\\/general\\/certificate_validation_overlay.png\",\"instructors_lists\":\"\\/store\\/1\\/themes\\/general\\/instructors_background.jpg\",\"instructors_header_overlay_image\":\"\\/store\\/1\\/themes\\/general\\/instructors_overlay.png\",\"organizations_lists\":\"\\/store\\/1\\/themes\\/general\\/organizations_background.jpg\",\"organizations_header_overlay_image\":\"\\/store\\/1\\/themes\\/general\\/organizations_overlay.png\",\"user_cover\":\"\\/store\\/1\\/themes\\/general\\/user_profile_background.jpg\",\"products_lists\":\"\\/store\\/1\\/themes\\/general\\/products_list_background.jpg\",\"products_lists_overlay_image\":\"\\/store\\/1\\/themes\\/general\\/products_overlay.png\",\"upcoming_courses_lists\":\"\\/store\\/1\\/themes\\/general\\/upcoming_courses_background.jpg\",\"upcoming_courses_lists_overlay_image\":\"\\/store\\/1\\/themes\\/general\\/upcoming_courses_overlay.png\",\"categories_courses_lists_featured_courses_background\":\"\\/store\\/1\\/themes\\/general\\/featured_courses_background.svg\",\"categories_courses_lists_featured_courses_overlay_image\":\"\\/store\\/1\\/themes\\/general\\/featured_courses_overlay.png\",\"bundles_lists\":\"\\/store\\/1\\/themes\\/general\\/bundles_background.jpg\",\"bundles_lists_overlay_image\":\"\\/store\\/1\\/themes\\/general\\/bundles_overlay.png\",\"blog_lists\":\"\\/store\\/1\\/themes\\/general\\/blog_background.jpg\",\"blog_lists_overlay_image\":\"\\/store\\/1\\/themes\\/general\\/blog_overlay.png\",\"form_default_cover\":\"\\/store\\/1\\/themes\\/general\\/form_background.jpg\",\"form_default_overlay_image\":\"\\/store\\/1\\/themes\\/general\\/form_overlay.png\",\"form_default_header_icon\":\"\\/store\\/1\\/themes\\/general\\/form_default_icon.svg\",\"meeting_booking_step_1_image\":\"\\/store\\/1\\/themes\\/general\\/meeting_booking_step1_overlay.png\",\"meeting_booking_step_2_image\":\"\\/store\\/1\\/themes\\/general\\/meeting_booking_step2_overlay.png\",\"classes_lists\":\"\\/store\\/1\\/themes\\/general\\/classes_background.jpg\",\"classes_lists_overlay_image\":\"\\/store\\/1\\/themes\\/general\\/courses_overlay.png\",\"reward_courses\":\"\\/store\\/1\\/themes\\/general\\/reward_courses_background.jpg\",\"reward_courses_overlay_image\":\"\\/store\\/1\\/themes\\/general\\/rewards_overlay.png\"},\"authentication_pages\":{\"style\":\"theme_1\",\"slider_background_image\":\"\\/store\\/1\\/themes\\/general\\/authentication_background.svg\",\"slider_contents\":{\"uHuuS\":{\"title\":\"Instant Certificate Access\",\"subtitle\":\"Download certificates right after completion\",\"image\":\"\\/store\\/1\\/themes\\/general\\/authentication_slide1.png\"},\"axuTg\":{\"title\":\"Affordable Quality Education\",\"subtitle\":\"High-value courses at accessible prices\",\"image\":\"\\/store\\/1\\/themes\\/general\\/authentication_slide2.png\"},\"RuDfz\":{\"title\":\"Advance Your Career\",\"subtitle\":\"Build your resume with proven expertise\",\"image\":\"\\/store\\/1\\/themes\\/general\\/authentication_slide3.png\"}}},\"custom_css\":null,\"custom_js\":null}', 0, 0, 1751361111),
(10, 'Black Friday', '/store/1/default_images/themes/blackfriday-preview.jpg', 'dark', 10, 2, 1, 2, 11, '{\"card_styles\":{\"course\":\"grid_card_1\",\"product\":\"grid_card_1\",\"bundle\":\"grid_card_1\",\"upcoming_course\":\"grid_card_1\",\"blog_post\":\"grid_card_1\",\"instructor\":\"grid_card_1\",\"organization\":\"grid_card_1\"},\"images\":{\"admin_login\":\"\\/store\\/1\\/themes\\/general\\/admin_login.jpg\",\"admin_dashboard\":\"\\/store\\/1\\/themes\\/general\\/admin_dashboard.png\",\"search\":\"\\/store\\/1\\/themes\\/general\\/search_background.jpg\",\"tags\":\"\\/store\\/1\\/themes\\/general\\/tags_background.jpg\",\"categories\":\"\\/store\\/1\\/themes\\/general\\/categories_background.jpg\",\"become_instructor\":\"\\/store\\/1\\/themes\\/general\\/become_instructor_background.jpg\",\"certificate_validation\":\"\\/store\\/1\\/themes\\/general\\/certificate_validation.jpg\",\"certificate_validation_overlay_image\":\"\\/store\\/1\\/themes\\/general\\/certificate_validation_overlay.png\",\"instructors_lists\":\"\\/store\\/1\\/themes\\/general\\/instructors_background.jpg\",\"instructors_header_overlay_image\":\"\\/store\\/1\\/themes\\/general\\/instructors_overlay.png\",\"organizations_lists\":\"\\/store\\/1\\/themes\\/general\\/organizations_background.jpg\",\"organizations_header_overlay_image\":\"\\/store\\/1\\/themes\\/general\\/organizations_overlay.png\",\"user_cover\":\"\\/store\\/1\\/themes\\/general\\/user_profile_background.jpg\",\"products_lists\":\"\\/store\\/1\\/themes\\/general\\/products_list_background.jpg\",\"products_lists_overlay_image\":\"\\/store\\/1\\/themes\\/general\\/products_overlay.png\",\"upcoming_courses_lists\":\"\\/store\\/1\\/themes\\/general\\/upcoming_courses_background.jpg\",\"upcoming_courses_lists_overlay_image\":\"\\/store\\/1\\/themes\\/general\\/upcoming_courses_overlay.png\",\"categories_courses_lists_featured_courses_background\":\"\\/store\\/1\\/themes\\/general\\/featured_courses_background.svg\",\"categories_courses_lists_featured_courses_overlay_image\":\"\\/store\\/1\\/themes\\/general\\/featured_courses_overlay.png\",\"bundles_lists\":\"\\/store\\/1\\/themes\\/general\\/bundles_background.jpg\",\"bundles_lists_overlay_image\":\"\\/store\\/1\\/themes\\/general\\/bundles_overlay.png\",\"blog_lists\":\"\\/store\\/1\\/themes\\/general\\/blog_background.jpg\",\"blog_lists_overlay_image\":\"\\/store\\/1\\/themes\\/general\\/blog_overlay.png\",\"form_default_cover\":\"\\/store\\/1\\/themes\\/general\\/form_background.jpg\",\"form_default_overlay_image\":\"\\/store\\/1\\/themes\\/general\\/form_overlay.png\",\"form_default_header_icon\":\"\\/store\\/1\\/themes\\/general\\/form_default_icon.svg\",\"meeting_booking_step_1_image\":\"\\/store\\/1\\/themes\\/general\\/meeting_booking_step1_overlay.png\",\"meeting_booking_step_2_image\":\"\\/store\\/1\\/themes\\/general\\/meeting_booking_step2_overlay.png\",\"classes_lists\":\"\\/store\\/1\\/themes\\/general\\/classes_background.jpg\",\"classes_lists_overlay_image\":\"\\/store\\/1\\/themes\\/general\\/courses_overlay.png\",\"reward_courses\":\"\\/store\\/1\\/themes\\/general\\/reward_courses_background.jpg\",\"reward_courses_overlay_image\":\"\\/store\\/1\\/themes\\/general\\/rewards_overlay.png\"},\"authentication_pages\":{\"style\":\"theme_1\",\"slider_background_image\":\"\\/store\\/1\\/themes\\/general\\/authentication_background.svg\",\"slider_contents\":{\"uHuuS\":{\"title\":\"Instant Certificate Access\",\"subtitle\":\"Download certificates right after completion\",\"image\":\"\\/store\\/1\\/themes\\/general\\/authentication_slide1.png\"},\"axuTg\":{\"title\":\"Affordable Quality Education\",\"subtitle\":\"High-value courses at accessible prices\",\"image\":\"\\/store\\/1\\/themes\\/general\\/authentication_slide2.png\"},\"RuDfz\":{\"title\":\"Advance Your Career\",\"subtitle\":\"Build your resume with proven expertise\",\"image\":\"\\/store\\/1\\/themes\\/general\\/authentication_slide3.png\"}}},\"custom_css\":null,\"custom_js\":null}', 0, 0, 1751361090),
(11, 'Learning Path', '/store/1/default_images/themes/learningpath-preview.jpg', 'light', 1, 2, 1, 2, 12, '{\"card_styles\":{\"course\":\"grid_card_1\",\"product\":\"grid_card_1\",\"bundle\":\"grid_card_1\",\"upcoming_course\":\"grid_card_1\",\"blog_post\":\"grid_card_1\",\"instructor\":\"grid_card_1\",\"organization\":\"grid_card_1\"},\"images\":{\"admin_login\":\"\\/store\\/1\\/themes\\/general\\/admin_login.jpg\",\"admin_dashboard\":\"\\/store\\/1\\/themes\\/general\\/admin_dashboard.png\",\"search\":\"\\/store\\/1\\/themes\\/general\\/search_background.jpg\",\"tags\":\"\\/store\\/1\\/themes\\/general\\/tags_background.jpg\",\"categories\":\"\\/store\\/1\\/themes\\/general\\/categories_background.jpg\",\"become_instructor\":\"\\/store\\/1\\/themes\\/general\\/become_instructor_background.jpg\",\"certificate_validation\":\"\\/store\\/1\\/themes\\/general\\/certificate_validation.jpg\",\"certificate_validation_overlay_image\":\"\\/store\\/1\\/themes\\/general\\/certificate_validation_overlay.png\",\"instructors_lists\":\"\\/store\\/1\\/themes\\/general\\/instructors_background.jpg\",\"instructors_header_overlay_image\":\"\\/store\\/1\\/themes\\/general\\/instructors_overlay.png\",\"organizations_lists\":\"\\/store\\/1\\/themes\\/general\\/organizations_background.jpg\",\"organizations_header_overlay_image\":\"\\/store\\/1\\/themes\\/general\\/organizations_overlay.png\",\"user_cover\":\"\\/store\\/1\\/themes\\/general\\/user_profile_background.jpg\",\"products_lists\":\"\\/store\\/1\\/themes\\/general\\/products_list_background.jpg\",\"products_lists_overlay_image\":\"\\/store\\/1\\/themes\\/general\\/products_overlay.png\",\"upcoming_courses_lists\":\"\\/store\\/1\\/themes\\/general\\/upcoming_courses_background.jpg\",\"upcoming_courses_lists_overlay_image\":\"\\/store\\/1\\/themes\\/general\\/upcoming_courses_overlay.png\",\"categories_courses_lists_featured_courses_background\":\"\\/store\\/1\\/themes\\/general\\/featured_courses_background.svg\",\"categories_courses_lists_featured_courses_overlay_image\":\"\\/store\\/1\\/themes\\/general\\/featured_courses_overlay.png\",\"bundles_lists\":\"\\/store\\/1\\/themes\\/general\\/bundles_background.jpg\",\"bundles_lists_overlay_image\":\"\\/store\\/1\\/themes\\/general\\/bundles_overlay.png\",\"blog_lists\":\"\\/store\\/1\\/themes\\/general\\/blog_background.jpg\",\"blog_lists_overlay_image\":\"\\/store\\/1\\/themes\\/general\\/blog_overlay.png\",\"form_default_cover\":\"\\/store\\/1\\/themes\\/general\\/form_background.jpg\",\"form_default_overlay_image\":\"\\/store\\/1\\/themes\\/general\\/form_overlay.png\",\"form_default_header_icon\":\"\\/store\\/1\\/themes\\/general\\/form_default_icon.svg\",\"meeting_booking_step_1_image\":\"\\/store\\/1\\/themes\\/general\\/meeting_booking_step1_overlay.png\",\"meeting_booking_step_2_image\":\"\\/store\\/1\\/themes\\/general\\/meeting_booking_step2_overlay.png\",\"classes_lists\":\"\\/store\\/1\\/themes\\/general\\/classes_background.jpg\",\"classes_lists_overlay_image\":\"\\/store\\/1\\/themes\\/general\\/courses_overlay.png\",\"reward_courses\":\"\\/store\\/1\\/themes\\/general\\/reward_courses_background.jpg\",\"reward_courses_overlay_image\":\"\\/store\\/1\\/themes\\/general\\/rewards_overlay.png\"},\"authentication_pages\":{\"style\":\"theme_1\",\"slider_background_image\":\"\\/store\\/1\\/themes\\/general\\/authentication_background.svg\",\"slider_contents\":{\"uHuuS\":{\"title\":\"Instant Certificate Access\",\"subtitle\":\"Download certificates right after completion\",\"image\":\"\\/store\\/1\\/themes\\/general\\/authentication_slide1.png\"},\"axuTg\":{\"title\":\"Affordable Quality Education\",\"subtitle\":\"High-value courses at accessible prices\",\"image\":\"\\/store\\/1\\/themes\\/general\\/authentication_slide2.png\"},\"RuDfz\":{\"title\":\"Advance Your Career\",\"subtitle\":\"Build your resume with proven expertise\",\"image\":\"\\/store\\/1\\/themes\\/general\\/authentication_slide3.png\"}}},\"custom_css\":null,\"custom_js\":null}', 0, 0, 1751361038),
(12, 'Universal (Default)', '/store/1/default_images/themes/universal-preview.jpg', 'light', 1, 2, 1, 2, 13, '{\"card_styles\":{\"course\":\"grid_card_1\",\"product\":\"grid_card_1\",\"bundle\":\"grid_card_1\",\"upcoming_course\":\"grid_card_1\",\"blog_post\":\"grid_card_1\",\"instructor\":\"grid_card_1\",\"organization\":\"grid_card_1\"},\"images\":{\"admin_login\":\"\\/store\\/1\\/themes\\/general\\/admin_login.jpg\",\"admin_dashboard\":\"\\/store\\/1\\/themes\\/general\\/admin_dashboard.png\",\"search\":\"\\/store\\/1\\/themes\\/general\\/search_background.jpg\",\"tags\":\"\\/store\\/1\\/themes\\/general\\/tags_background.jpg\",\"categories\":\"\\/store\\/1\\/themes\\/general\\/categories_background.jpg\",\"become_instructor\":\"\\/store\\/1\\/themes\\/general\\/become_instructor_background.jpg\",\"certificate_validation\":\"\\/store\\/1\\/themes\\/general\\/certificate_validation.jpg\",\"certificate_validation_overlay_image\":\"\\/store\\/1\\/themes\\/general\\/certificate_validation_overlay.png\",\"instructors_lists\":\"\\/store\\/1\\/themes\\/general\\/instructors_background.jpg\",\"instructors_header_overlay_image\":\"\\/store\\/1\\/themes\\/general\\/instructors_overlay.png\",\"organizations_lists\":\"\\/store\\/1\\/themes\\/general\\/organizations_background.jpg\",\"organizations_header_overlay_image\":\"\\/store\\/1\\/themes\\/general\\/organizations_overlay.png\",\"user_cover\":\"\\/store\\/1\\/themes\\/general\\/user_profile_background.jpg\",\"products_lists\":\"\\/store\\/1\\/themes\\/general\\/products_list_background.jpg\",\"products_lists_overlay_image\":\"\\/store\\/1\\/themes\\/general\\/products_overlay.png\",\"upcoming_courses_lists\":\"\\/store\\/1\\/themes\\/general\\/upcoming_courses_background.jpg\",\"upcoming_courses_lists_overlay_image\":\"\\/store\\/1\\/themes\\/general\\/upcoming_courses_overlay.png\",\"categories_courses_lists_featured_courses_background\":\"\\/store\\/1\\/themes\\/general\\/featured_courses_background.svg\",\"categories_courses_lists_featured_courses_overlay_image\":\"\\/store\\/1\\/themes\\/general\\/featured_courses_overlay.png\",\"bundles_lists\":\"\\/store\\/1\\/themes\\/general\\/bundles_background.jpg\",\"bundles_lists_overlay_image\":\"\\/store\\/1\\/themes\\/general\\/bundles_overlay.png\",\"blog_lists\":\"\\/store\\/1\\/themes\\/general\\/blog_background.jpg\",\"blog_lists_overlay_image\":\"\\/store\\/1\\/themes\\/general\\/blog_overlay.png\",\"form_default_cover\":\"\\/store\\/1\\/themes\\/general\\/form_background.jpg\",\"form_default_overlay_image\":\"\\/store\\/1\\/themes\\/general\\/form_overlay.png\",\"form_default_header_icon\":\"\\/store\\/1\\/themes\\/general\\/form_default_icon.svg\",\"meeting_booking_step_1_image\":\"\\/store\\/1\\/themes\\/general\\/meeting_booking_step1_overlay.png\",\"meeting_booking_step_2_image\":\"\\/store\\/1\\/themes\\/general\\/meeting_booking_step2_overlay.png\",\"classes_lists\":\"\\/store\\/1\\/themes\\/general\\/classes_background.jpg\",\"classes_lists_overlay_image\":\"\\/store\\/1\\/themes\\/general\\/courses_overlay.png\",\"reward_courses\":\"\\/store\\/1\\/themes\\/general\\/reward_courses_background.jpg\",\"reward_courses_overlay_image\":\"\\/store\\/1\\/themes\\/general\\/rewards_overlay.png\"},\"authentication_pages\":{\"style\":\"theme_1\",\"slider_background_image\":\"\\/store\\/1\\/themes\\/general\\/authentication_background.svg\",\"slider_contents\":{\"uHuuS\":{\"title\":\"Instant Certificate Access\",\"subtitle\":\"Download certificates right after completion\",\"image\":\"\\/store\\/1\\/themes\\/general\\/authentication_slide1.png\"},\"axuTg\":{\"title\":\"Affordable Quality Education\",\"subtitle\":\"High-value courses at accessible prices\",\"image\":\"\\/store\\/1\\/themes\\/general\\/authentication_slide2.png\"},\"RuDfz\":{\"title\":\"Advance Your Career\",\"subtitle\":\"Build your resume with proven expertise\",\"image\":\"\\/store\\/1\\/themes\\/general\\/authentication_slide3.png\"}}},\"custom_css\":null,\"custom_js\":null}', 0, 1, 1751361070);

-- --------------------------------------------------------

--
-- Table structure for table `theme_colors_fonts`
--

CREATE TABLE `theme_colors_fonts` (
  `id` int(10) UNSIGNED NOT NULL,
  `type` enum('color','font') NOT NULL,
  `title` varchar(255) NOT NULL,
  `content` text DEFAULT NULL,
  `created_at` bigint(20) UNSIGNED NOT NULL
) ENGINE=InnoDB DEFAULT CHARSET=utf8mb4 COLLATE=utf8mb4_general_ci;

--
-- Dumping data for table `theme_colors_fonts`
--

INSERT INTO `theme_colors_fonts` (`id`, `type`, `title`, `content`, `created_at`) VALUES
(1, 'color', 'Blue (Default)', '{\"light\":{\"primary\":\"#0170ff\",\"primary_saturated\":\"#67a9ff\",\"secondary\":\"#0e2145\",\"accent\":\"#fe6257\",\"success\":\"#3fcd82\",\"info\":\"#67a9ff\",\"warning\":\"#ffa200\",\"danger\":\"#f63c3c\",\"dark\":\"#121f3e\",\"black\":\"#000000\",\"white\":\"#ffffff\",\"gray_100\":\"#fafcff\",\"gray_200\":\"#f0f4f9\",\"gray_300\":\"#e9edf3\",\"gray_400\":\"#cdd5e2\",\"gray_500\":\"#97a7bf\",\"gray\":\"#f5f8f9\",\"section_bg\":\"#eaf0f3\"},\"dark\":{\"primary\":\"#3e93ff\",\"primary_saturated\":\"#8dbeff\",\"secondary\":\"#2658b7\",\"accent\":\"#ff8077\",\"success\":\"#5ade98\",\"info\":\"#8dbeff\",\"warning\":\"#ffb32d\",\"danger\":\"#fe6363\",\"dark\":\"#aab8c5\",\"black\":\"#e1eaf6\",\"white\":\"#1e1f26\",\"gray_100\":\"#272832\",\"gray_200\":\"#30313e\",\"gray_300\":\"#3e404e\",\"gray_400\":\"#5d5f72\",\"gray_500\":\"#8391a2\",\"gray\":\"#17181e\",\"section_bg\":\"#2d323a\"}}', 1748879802),
(2, 'font', 'Default', '{\"main\":{\"regular\":\"\\/store\\/1\\/fonts\\/Gilroy-Regular.woff2\",\"bold\":\"\\/store\\/1\\/fonts\\/Gilroy-Bold.woff2\",\"medium\":\"\\/store\\/1\\/fonts\\/Gilroy-Medium.woff2\"},\"rtl\":{\"regular\":\"\\/store\\/1\\/fonts\\/Tajawal-Regular.woff2\",\"bold\":\"\\/store\\/1\\/fonts\\/Tajawal-Bold.woff2\",\"medium\":\"\\/store\\/1\\/fonts\\/Tajawal-Medium.woff2\"}}', 1748880740),
(3, 'color', 'May Green', '{\"light\":{\"primary\":\"#559864\",\"primary_saturated\":\"#7db689\",\"secondary\":\"#264240\",\"accent\":\"#ffc94d\",\"success\":\"#3fcd82\",\"info\":\"#67a9ff\",\"warning\":\"#ffa200\",\"danger\":\"#f63c3c\",\"dark\":\"#121f3e\",\"black\":\"#000000\",\"white\":\"#ffffff\",\"gray_100\":\"#fafcff\",\"gray_200\":\"#f0f4f9\",\"gray_300\":\"#e9edf3\",\"gray_400\":\"#cdd5e2\",\"gray_500\":\"#97a7bf\",\"gray\":\"#f5f8f9\",\"section_bg\":\"#eaeee8\"},\"dark\":{\"primary\":\"#8ac497\",\"primary_saturated\":\"#97c4a1\",\"secondary\":\"#5b7371\",\"accent\":\"#ff8077\",\"success\":\"#5ade98\",\"info\":\"#8dbeff\",\"warning\":\"#ffb32d\",\"danger\":\"#fe6363\",\"dark\":\"#aab8c5\",\"black\":\"#e1eaf6\",\"white\":\"#1e1f26\",\"gray_100\":\"#272832\",\"gray_200\":\"#30313e\",\"gray_300\":\"#3e404e\",\"gray_400\":\"#5d5f72\",\"gray_500\":\"#8391a2\",\"gray\":\"#17181e\",\"section_bg\":\"#232626\"}}', 1748930716),
(4, 'color', 'Formal Black', '{\"light\":{\"primary\":\"#080609\",\"primary_saturated\":\"#4d494f\",\"secondary\":\"#2a2d3c\",\"accent\":\"#fe6257\",\"success\":\"#3fcd82\",\"info\":\"#67a9ff\",\"warning\":\"#ffa200\",\"danger\":\"#f63c3c\",\"dark\":\"#121f3e\",\"black\":\"#000000\",\"white\":\"#ffffff\",\"gray_100\":\"#fafcff\",\"gray_200\":\"#f0f4f9\",\"gray_300\":\"#e9edf3\",\"gray_400\":\"#cdd5e2\",\"gray_500\":\"#97a7bf\",\"gray\":\"#f5f8f9\",\"section_bg\":\"#eaf0f3\"},\"dark\":{\"primary\":\"#5c585f\",\"primary_saturated\":\"#635f65\",\"secondary\":\"#626475\",\"accent\":\"#ff8077\",\"success\":\"#5ade98\",\"info\":\"#8dbeff\",\"warning\":\"#ffb32d\",\"danger\":\"#fe6363\",\"dark\":\"#aab8c5\",\"black\":\"#e1eaf6\",\"white\":\"#1e1f26\",\"gray_100\":\"#272832\",\"gray_200\":\"#30313e\",\"gray_300\":\"#3e404e\",\"gray_400\":\"#5d5f72\",\"gray_500\":\"#8391a2\",\"gray\":\"#17181e\",\"section_bg\":\"#2b2d3b\"}}', 1750089746),
(5, 'color', 'Royal Blue', '{\"light\":{\"primary\":\"#2d5bd2\",\"primary_saturated\":\"#7394ea\",\"secondary\":\"#2d3f6c\",\"accent\":\"#fe6257\",\"success\":\"#3fcd82\",\"info\":\"#67a9ff\",\"warning\":\"#ffa200\",\"danger\":\"#f63c3c\",\"dark\":\"#121f3e\",\"black\":\"#000000\",\"white\":\"#ffffff\",\"gray_100\":\"#fafcff\",\"gray_200\":\"#f0f4f9\",\"gray_300\":\"#e9edf3\",\"gray_400\":\"#cdd5e2\",\"gray_500\":\"#97a7bf\",\"gray\":\"#f5f8f9\",\"section_bg\":\"#eaf0f3\"},\"dark\":{\"primary\":\"#5882ec\",\"primary_saturated\":\"#9cb5f6\",\"secondary\":\"#5c6b90\",\"accent\":\"#ff8077\",\"success\":\"#5ade98\",\"info\":\"#8dbeff\",\"warning\":\"#ffb32d\",\"danger\":\"#fe6363\",\"dark\":\"#aab8c5\",\"black\":\"#e1eaf6\",\"white\":\"#1e1f26\",\"gray_100\":\"#272832\",\"gray_200\":\"#30313e\",\"gray_300\":\"#3e404e\",\"gray_400\":\"#5d5f72\",\"gray_500\":\"#8391a2\",\"gray\":\"#17181e\",\"section_bg\":\"#2b2d3b\"}}', 1750089746),
(6, 'color', 'Amber Orange', '{\"light\":{\"primary\":\"#ffa200\",\"primary_saturated\":\"#eeaf42\",\"secondary\":\"#212237\",\"accent\":\"#fe6257\",\"success\":\"#3fcd82\",\"info\":\"#67a9ff\",\"warning\":\"#ffa200\",\"danger\":\"#f63c3c\",\"dark\":\"#121f3e\",\"black\":\"#000000\",\"white\":\"#ffffff\",\"gray_100\":\"#fafcff\",\"gray_200\":\"#f0f4f9\",\"gray_300\":\"#e9edf3\",\"gray_400\":\"#cdd5e2\",\"gray_500\":\"#97a7bf\",\"gray\":\"#f5f8f9\",\"section_bg\":\"#eaf0f3\"},\"dark\":{\"primary\":\"#e99503\",\"primary_saturated\":\"#dba13d\",\"secondary\":\"#54566c\",\"accent\":\"#ff8077\",\"success\":\"#5ade98\",\"info\":\"#8dbeff\",\"warning\":\"#ffb32d\",\"danger\":\"#fe6363\",\"dark\":\"#aab8c5\",\"black\":\"#e1eaf6\",\"white\":\"#1e1f26\",\"gray_100\":\"#272832\",\"gray_200\":\"#30313e\",\"gray_300\":\"#3e404e\",\"gray_400\":\"#5d5f72\",\"gray_500\":\"#8391a2\",\"gray\":\"#17181e\",\"section_bg\":\"#2b2d3b\"}}', 1750089746),
(7, 'color', 'Myrtle Green', '{\"light\":{\"primary\":\"#224639\",\"primary_saturated\":\"#517367\",\"secondary\":\"#23352e\",\"accent\":\"#fe6257\",\"success\":\"#3fcd82\",\"info\":\"#67a9ff\",\"warning\":\"#ffa200\",\"danger\":\"#f63c3c\",\"dark\":\"#121f3e\",\"black\":\"#000000\",\"white\":\"#ffffff\",\"gray_100\":\"#fafcff\",\"gray_200\":\"#f0f4f9\",\"gray_300\":\"#e9edf3\",\"gray_400\":\"#cdd5e2\",\"gray_500\":\"#97a7bf\",\"gray\":\"#f5f8f9\",\"section_bg\":\"#ebede9\"},\"dark\":{\"primary\":\"#3a5d50\",\"primary_saturated\":\"#67857a\",\"secondary\":\"#43554e\",\"accent\":\"#ff8077\",\"success\":\"#5ade98\",\"info\":\"#8dbeff\",\"warning\":\"#ffb32d\",\"danger\":\"#fe6363\",\"dark\":\"#aab8c5\",\"black\":\"#e1eaf6\",\"white\":\"#1e1f26\",\"gray_100\":\"#272832\",\"gray_200\":\"#30313e\",\"gray_300\":\"#3e404e\",\"gray_400\":\"#5d5f72\",\"gray_500\":\"#8391a2\",\"gray\":\"#17181e\",\"section_bg\":\"#303030\"}}', 1750089746),
(8, 'color', 'Lavender Violet', '{\"light\":{\"primary\":\"#7c66f6\",\"primary_saturated\":\"#a190ff\",\"secondary\":\"#2c2749\",\"accent\":\"#fe6257\",\"success\":\"#3fcd82\",\"info\":\"#67a9ff\",\"warning\":\"#ffa200\",\"danger\":\"#f63c3c\",\"dark\":\"#121f3e\",\"black\":\"#000000\",\"white\":\"#ffffff\",\"gray_100\":\"#fafcff\",\"gray_200\":\"#f0f4f9\",\"gray_300\":\"#e9edf3\",\"gray_400\":\"#cdd5e2\",\"gray_500\":\"#97a7bf\",\"gray\":\"#f5f8f9\",\"section_bg\":\"#eaf0f3\"},\"dark\":{\"primary\":\"#927fff\",\"primary_saturated\":\"#b0a2ff\",\"secondary\":\"#3d385b\",\"accent\":\"#ff8077\",\"success\":\"#5ade98\",\"info\":\"#8dbeff\",\"warning\":\"#ffb32d\",\"danger\":\"#fe6363\",\"dark\":\"#aab8c5\",\"black\":\"#e1eaf6\",\"white\":\"#1e1f26\",\"gray_100\":\"#272832\",\"gray_200\":\"#30313e\",\"gray_300\":\"#3e404e\",\"gray_400\":\"#5d5f72\",\"gray_500\":\"#8391a2\",\"gray\":\"#17181e\",\"section_bg\":\"#2b2d3b\"}}', 1750089746),
(9, 'color', 'Majestic Blue', '{\"light\":{\"primary\":\"#3a30dc\",\"primary_saturated\":\"#5c52fe\",\"secondary\":\"#0c2e54\",\"accent\":\"#fe6257\",\"success\":\"#3fcd82\",\"info\":\"#67a9ff\",\"warning\":\"#ffa200\",\"danger\":\"#f63c3c\",\"dark\":\"#121f3e\",\"black\":\"#000000\",\"white\":\"#ffffff\",\"gray_100\":\"#fafcff\",\"gray_200\":\"#f0f4f9\",\"gray_300\":\"#e9edf3\",\"gray_400\":\"#cdd5e2\",\"gray_500\":\"#97a7bf\",\"gray\":\"#f5f8f9\",\"section_bg\":\"#e5efff\"},\"dark\":{\"primary\":\"#574df8\",\"primary_saturated\":\"#766dff\",\"secondary\":\"#385f8d\",\"accent\":\"#ff8077\",\"success\":\"#5ade98\",\"info\":\"#8dbeff\",\"warning\":\"#ffb32d\",\"danger\":\"#fe6363\",\"dark\":\"#aab8c5\",\"black\":\"#e1eaf6\",\"white\":\"#1e1f26\",\"gray_100\":\"#272832\",\"gray_200\":\"#30313e\",\"gray_300\":\"#3e404e\",\"gray_400\":\"#5d5f72\",\"gray_500\":\"#8391a2\",\"gray\":\"#17181e\",\"section_bg\":\"#2b2d3b\"}}', 1748879802),
(10, 'color', 'Hot Red', '{\"light\":{\"primary\":\"#ff5b52\",\"primary_saturated\":\"#ff746d\",\"secondary\":\"#2a2d3c\",\"accent\":\"#fe6257\",\"success\":\"#3fcd82\",\"info\":\"#67a9ff\",\"warning\":\"#ffa200\",\"danger\":\"#f63c3c\",\"dark\":\"#121f3e\",\"black\":\"#000000\",\"white\":\"#ffffff\",\"gray_100\":\"#fafcff\",\"gray_200\":\"#f0f4f9\",\"gray_300\":\"#e9edf3\",\"gray_400\":\"#cdd5e2\",\"gray_500\":\"#97a7bf\",\"gray\":\"#f5f8f9\",\"section_bg\":\"#eaf0f3\"},\"dark\":{\"primary\":\"#ff3b30\",\"primary_saturated\":\"#eb827c\",\"secondary\":\"#626475\",\"accent\":\"#ff8077\",\"success\":\"#5ade98\",\"info\":\"#8dbeff\",\"warning\":\"#ffb32d\",\"danger\":\"#fe6363\",\"dark\":\"#aab8c5\",\"black\":\"#e1eaf6\",\"white\":\"#1e1f26\",\"gray_100\":\"#272832\",\"gray_200\":\"#30313e\",\"gray_300\":\"#3e404e\",\"gray_400\":\"#5d5f72\",\"gray_500\":\"#8391a2\",\"gray\":\"#17181e\",\"section_bg\":\"#2b2d3b\"}}', 1748879802);

-- --------------------------------------------------------

--
-- Table structure for table `theme_headers_footers`
--

CREATE TABLE `theme_headers_footers` (
  `id` int(10) UNSIGNED NOT NULL,
  `type` enum('header','footer') NOT NULL,
  `component_name` varchar(255) NOT NULL,
  `created_at` bigint(20) UNSIGNED NOT NULL
) ENGINE=InnoDB DEFAULT CHARSET=utf8mb4 COLLATE=utf8mb4_general_ci;

--
-- Dumping data for table `theme_headers_footers`
--

INSERT INTO `theme_headers_footers` (`id`, `type`, `component_name`, `created_at`) VALUES
(1, 'header', 'header_1', 1748875817),
(2, 'footer', 'footer_1', 1748875817);

-- --------------------------------------------------------

--
-- Table structure for table `theme_header_footer_translations`
--

CREATE TABLE `theme_header_footer_translations` (
  `id` int(10) UNSIGNED NOT NULL,
  `theme_header_footer_id` int(10) UNSIGNED NOT NULL,
  `locale` varchar(191) NOT NULL,
  `title` varchar(255) NOT NULL,
  `content` longtext NOT NULL
) ENGINE=InnoDB DEFAULT CHARSET=utf8mb4 COLLATE=utf8mb4_general_ci;

--
-- Dumping data for table `theme_header_footer_translations`
--

INSERT INTO `theme_header_footer_translations` (`id`, `theme_header_footer_id`, `locale`, `title`, `content`) VALUES
(1, 1, 'en', 'Header 1 (Default)', '{\"top_navbar\":{\"phone\":\"+1 (323) 555-9876\",\"email\":\"mail@rocket-soft.org\",\"link_1\":{\"title\":\"Login\",\"url\":\"\\/login\"},\"link_2\":{\"title\":\"Register\",\"url\":\"\\/register\"},\"show_color_mode\":\"on\"},\"specific_links\":{\"RUYtv\":{\"title\":\"Home\",\"url\":\"\\/\"},\"tZblv\":{\"title\":\"Courses\",\"url\":\"\\/classes?sort=newest\"},\"rOvAj\":{\"title\":\"Instructors\",\"url\":\"\\/instructor-finder\"},\"qeAzK\":{\"title\":\"Store\",\"url\":\"\\/products\"},\"GZDCs\":{\"title\":\"Forums\",\"url\":\"\\/forums\"},\"record\":{\"title\":null,\"url\":null}},\"specific_buttons\":{\"BFKTm\":{\"user_role\":\"for_guest\",\"title\":\"Start Learning\",\"url\":\"\\/login\",\"icon\":\"bul-teacher\"},\"UsxeP\":{\"user_role\":\"1\",\"title\":\"Become Instructor\",\"url\":\"\\/become-instructor\",\"icon\":\"bul-teacher\"},\"MYTBW\":{\"user_role\":\"2\",\"title\":\"Admin Panel\",\"url\":\"\\/admin\",\"icon\":\"bul-setting-2\"},\"yVQQV\":{\"user_role\":\"3\",\"title\":\"Create a Course\",\"url\":\"\\/panel\\/webinars\\/new\",\"icon\":\"bul-video-add\"},\"fQclX\":{\"user_role\":\"4\",\"title\":\"Create a Course\",\"url\":\"\\/panel\\/webinars\\/new\",\"icon\":\"bul-video-add\"},\"record\":{\"user_role\":null,\"title\":null,\"url\":null,\"icon\":null}}}'),
(2, 2, 'en', 'Footer 1 (Default)', '{\"newsletter\":{\"enable\":\"on\",\"title\":\"Subscribe to Our Newsletter\",\"subtitle\":\"Receive expert insights, course updates, and learning resources directly in your inbox and get notified\",\"button_text\":\"Join\",\"emoji\":\"\\/store\\/themes\\/footers\\/2\\/happy_emoji_zoa.svg\"},\"cta\":{\"pre_title\":\"Let\\u2019s get started now!\",\"title\":\"Take the First Step Towards Mastery!\",\"button\":{\"label\":\"Enroll on Courses\",\"icon\":\"bul-teacher\",\"url\":\"\\/classes\"},\"emoji\":\"\\/store\\/themes\\/footers\\/2\\/power_emoji_42t.svg\"},\"contact\":{\"section_title\":\"Contact US\",\"address\":\"1234 Sunset Blvd, Suite 567 Los Angeles, CA 90026 United States\",\"phone\":\"+1 (323) 555-9876\",\"email\":\"mail@lms.rocket-soft.org\",\"mobile\":\"+1 (213) 555-4321\"},\"links_1_section_title\":\"Additional Links\",\"links_2_section_title\":\"Popular Categories\",\"copyright_text\":\"\\u00a9 2025 Rocket Soft. All Rights Reserved. Empowering Learning Worldwide.\",\"specific_links\":{\"LITim\":{\"title\":\"Login\",\"url\":\"\\/login\"},\"qJFNp\":{\"title\":\"Register\",\"url\":\"\\/register\"},\"izISj\":{\"title\":\"Contact\",\"url\":\"\\/contact\"},\"cdkPb\":{\"title\":\"Certificate Validation\",\"url\":\"\\/certificate_validation\"},\"OKAqQ\":{\"title\":\"Become Instructor\",\"url\":\"\\/become-instructor\"},\"DebJE\":{\"title\":\"About\",\"url\":\"\\/pages\\/about\"},\"aMQau\":{\"title\":\"Terms and Policies\",\"url\":\"\\/pages\\/terms\"},\"record\":{\"title\":null,\"url\":null}},\"specific_links_2\":{\"dzQOe\":{\"title\":\"Development\",\"url\":\"\\/categories\\/Development\"},\"pgxMd\":{\"title\":\"Business\",\"url\":\"\\/categories\\/Business\"},\"ZveCn\":{\"title\":\"Marketing\",\"url\":\"\\/categories\\/Marketing\"},\"QXKsq\":{\"title\":\"Lifestyle\",\"url\":\"\\/categories\\/Lifestyles\"},\"FCJal\":{\"title\":\"Health\",\"url\":\"\\/categories\\/Health-and-Fitness\"},\"SVtaA\":{\"title\":\"Academics\",\"url\":\"\\/categories\\/Academics\"},\"PivsB\":{\"title\":\"Design\",\"url\":\"\\/categories\\/Design\"},\"record\":{\"title\":null,\"url\":null}},\"social_media\":[\"Instagram\",\"Whatsapp\",\"Twitter\",\"Facebook\"],\"background\":\"\\/store\\/themes\\/footers\\/2\\/footer_background_7gn.png\",\"dark_mode_background\":\"\\/store\\/themes\\/footers\\/2\\/footer_background_7gn.png\",\"background_color\":\"secondary\"}');

-- --------------------------------------------------------

--
-- Table structure for table `tickets`
--

CREATE TABLE `tickets` (
  `id` int(10) UNSIGNED NOT NULL,
  `creator_id` int(10) UNSIGNED NOT NULL,
  `webinar_id` int(10) UNSIGNED DEFAULT NULL,
  `bundle_id` int(10) UNSIGNED DEFAULT NULL,
  `start_date` int(10) UNSIGNED DEFAULT NULL,
  `end_date` int(10) UNSIGNED DEFAULT NULL,
  `discount` int(11) NOT NULL,
  `capacity` int(11) DEFAULT NULL,
  `order` int(10) UNSIGNED DEFAULT NULL,
  `created_at` int(11) NOT NULL,
  `updated_at` int(11) DEFAULT NULL,
  `deleted_at` int(11) DEFAULT NULL
) ENGINE=InnoDB DEFAULT CHARSET=utf8mb4 COLLATE=utf8mb4_unicode_ci ROW_FORMAT=DYNAMIC;

--
-- Dumping data for table `tickets`
--

INSERT INTO `tickets` (`id`, `creator_id`, `webinar_id`, `bundle_id`, `start_date`, `end_date`, `discount`, `capacity`, `order`, `created_at`, `updated_at`, `deleted_at`) VALUES
(28, 1015, 1998, NULL, 1702616400, 1734238800, 50, 10, NULL, 1624965807, 1709538929, NULL),
(29, 1015, 1998, NULL, 1734238800, 1797310800, 20, 20, NULL, 1624965932, 1709538910, NULL),
(30, 929, 1999, NULL, 1622489400, 1623267000, 20, 100, NULL, 1625038262, NULL, NULL),
(31, 864, 2003, NULL, 1625081400, 1690831800, 25, 5, NULL, 1625299801, NULL, NULL);

-- --------------------------------------------------------

--
-- Table structure for table `ticket_translations`
--

CREATE TABLE `ticket_translations` (
  `id` bigint(20) UNSIGNED NOT NULL,
  `ticket_id` int(10) UNSIGNED NOT NULL,
  `locale` varchar(255) NOT NULL,
  `title` varchar(255) NOT NULL
) ENGINE=InnoDB DEFAULT CHARSET=utf8mb4 COLLATE=utf8mb4_unicode_ci;

--
-- Dumping data for table `ticket_translations`
--

INSERT INTO `ticket_translations` (`id`, `ticket_id`, `locale`, `title`) VALUES
(1, 28, 'en', 'Golden Offer'),
(2, 29, 'en', 'Silver Offer'),
(3, 30, 'en', 'First Students Offer'),
(4, 31, 'en', 'First Price Plan');

-- --------------------------------------------------------

--
-- Table structure for table `ticket_users`
--

CREATE TABLE `ticket_users` (
  `id` int(10) UNSIGNED NOT NULL,
  `ticket_id` int(10) UNSIGNED NOT NULL,
  `user_id` int(10) UNSIGNED NOT NULL,
  `created_at` int(10) UNSIGNED NOT NULL
) ENGINE=InnoDB DEFAULT CHARSET=utf8mb4 COLLATE=utf8mb4_unicode_ci ROW_FORMAT=DYNAMIC;

--
-- Dumping data for table `ticket_users`
--

INSERT INTO `ticket_users` (`id`, `ticket_id`, `user_id`, `created_at`) VALUES
(6, 28, 995, 1625996979),
(7, 28, 996, 1626060553),
(8, 28, 930, 1626060837),
(9, 31, 929, 1626241214),
(10, 31, 1017, 1639379395);

-- --------------------------------------------------------

--
-- Table structure for table `time_spent_on_courses`
--

CREATE TABLE `time_spent_on_courses` (
  `id` int(10) UNSIGNED NOT NULL,
  `user_id` int(10) UNSIGNED NOT NULL,
  `course_id` int(10) UNSIGNED NOT NULL,
  `page` enum('learning_page','show') NOT NULL DEFAULT 'learning_page',
  `entry_time` bigint(20) UNSIGNED DEFAULT NULL,
  `exit_time` bigint(20) UNSIGNED DEFAULT NULL,
  `seconds_spent` bigint(20) UNSIGNED DEFAULT NULL
) ENGINE=InnoDB DEFAULT CHARSET=utf8mb4 COLLATE=utf8mb4_general_ci;

--
-- Dumping data for table `time_spent_on_courses`
--

INSERT INTO `time_spent_on_courses` (`id`, `user_id`, `course_id`, `page`, `entry_time`, `exit_time`, `seconds_spent`) VALUES
(1, 1, 2008, 'learning_page', 1749459566, 1749462983, 3417),
(2, 1015, 1996, 'learning_page', 1750030159, 1750030169, 10),
(3, 1, 2010, 'learning_page', 1750160261, 1750162292, 2031),
(4, 1, 1995, 'learning_page', 1750162301, 1750162383, 82),
(5, 1, 2008, 'learning_page', 1750162336, 1750162368, 32),
(6, 995, 2008, 'learning_page', 1750162422, 1750162685, 263),
(7, 995, 1995, 'learning_page', 1750162436, 1750162685, 249),
(8, 1, 2060, 'learning_page', 1751623985, 1751623995, 10),
(9, 995, 2009, 'learning_page', 1751723668, 1751723678, 10),
(10, 1015, 2008, 'learning_page', 1751723965, 1751723975, 10),
(11, 1015, 2008, 'learning_page', 1751723972, 1751724648, 676);

-- --------------------------------------------------------

--
-- Table structure for table `trend_categories`
--

CREATE TABLE `trend_categories` (
  `id` int(10) UNSIGNED NOT NULL,
  `category_id` int(10) UNSIGNED NOT NULL,
  `icon` varchar(255) NOT NULL,
  `color` varchar(32) NOT NULL,
  `created_at` int(10) UNSIGNED NOT NULL
) ENGINE=InnoDB DEFAULT CHARSET=utf8mb4 COLLATE=utf8mb4_unicode_ci ROW_FORMAT=DYNAMIC;

--
-- Dumping data for table `trend_categories`
--

INSERT INTO `trend_categories` (`id`, `category_id`, `icon`, `color`, `created_at`) VALUES
(1, 609, '/store/1/default_images/trend_categories_icons/management.svg', '#b3d5ff', 1605117336),
(2, 611, '/store/1/default_images/trend_categories_icons/business.svg', '#ffd0cd', 1605117336),
(3, 604, '/store/1/default_images/trend_categories_icons/lifestyle.svg', '#ffe4b3', 1605117336),
(4, 523, '/store/1/default_images/trend_categories_icons/health.svg', '#c6f1da', 1605117336),
(5, 602, '/store/1/default_images/trend_categories_icons/science.svg', '#c1c1c1', 1605117336),
(6, 520, '/store/1/default_images/trend_categories_icons/design.svg', '#eadaff', 1605117336),
(10, 606, '/store/1/default_images/trend_categories_icons/development.svg', '#ffd0db', 1749636845),
(11, 525, '/store/1/default_images/trend_categories_icons/marketing.svg', '#99dfff', 1749636884);

-- --------------------------------------------------------

--
-- Table structure for table `upcoming_courses`
--

CREATE TABLE `upcoming_courses` (
  `id` int(10) UNSIGNED NOT NULL,
  `creator_id` int(10) UNSIGNED NOT NULL,
  `teacher_id` int(10) UNSIGNED NOT NULL,
  `category_id` int(10) UNSIGNED DEFAULT NULL,
  `webinar_id` int(10) UNSIGNED DEFAULT NULL COMMENT 'when assigned a course',
  `type` enum('webinar','course','text_lesson') NOT NULL,
  `slug` varchar(255) NOT NULL,
  `thumbnail` varchar(255) DEFAULT NULL,
  `image_cover` varchar(255) DEFAULT NULL,
  `video_demo` varchar(255) DEFAULT NULL,
  `video_demo_source` enum('upload','youtube','vimeo','external_link','google_drive','iframe','s3','secure_host') DEFAULT NULL,
  `publish_date` bigint(20) UNSIGNED DEFAULT NULL,
  `timezone` varchar(255) CHARACTER SET utf8mb4 COLLATE utf8mb4_general_ci DEFAULT NULL,
  `points` int(10) UNSIGNED DEFAULT NULL,
  `capacity` int(10) UNSIGNED DEFAULT NULL,
  `price` double(15,2) DEFAULT NULL,
  `duration` int(10) UNSIGNED DEFAULT NULL,
  `sections` int(10) UNSIGNED DEFAULT NULL,
  `parts` int(10) UNSIGNED DEFAULT NULL,
  `course_progress` int(10) UNSIGNED DEFAULT NULL,
  `support` tinyint(1) NOT NULL DEFAULT 0,
  `certificate` tinyint(1) NOT NULL DEFAULT 0,
  `include_quizzes` tinyint(1) NOT NULL DEFAULT 0,
  `downloadable` tinyint(1) NOT NULL DEFAULT 0,
  `forum` tinyint(1) NOT NULL DEFAULT 0,
  `assignments` tinyint(1) NOT NULL DEFAULT 0,
  `message_for_reviewer` text DEFAULT NULL,
  `status` enum('active','pending','is_draft','inactive') NOT NULL DEFAULT 'is_draft',
  `created_at` bigint(20) UNSIGNED NOT NULL
) ENGINE=InnoDB DEFAULT CHARSET=utf8mb4 COLLATE=utf8mb4_unicode_ci;

--
-- Dumping data for table `upcoming_courses`
--

INSERT INTO `upcoming_courses` (`id`, `creator_id`, `teacher_id`, `category_id`, `webinar_id`, `type`, `slug`, `thumbnail`, `image_cover`, `video_demo`, `video_demo_source`, `publish_date`, `timezone`, `points`, `capacity`, `price`, `duration`, `sections`, `parts`, `course_progress`, `support`, `certificate`, `include_quizzes`, `downloadable`, `forum`, `assignments`, `message_for_reviewer`, `status`, `created_at`) VALUES
(3, 1015, 1015, 606, NULL, 'webinar', 'Python-for-Beginners', '/store/1/default_images/upcoming/upcoming2.jpg', '/store/1015/The Professional Guitar Masterclass_c.jpg', '/store/1015/Learn Linux In 5 Days.mp4', 'upload', 1708009200, 'America/New_York', 20, 50, 100.00, 60, 5, 80, 30, 1, 1, 1, 0, 1, 0, 'Thank you', 'active', 1677566920),
(4, 1016, 1016, 520, NULL, 'webinar', 'Digital-Photography', '/store/1/default_images/upcoming/upcoming3.jpg', '/store/1016/1_c.jpg', NULL, NULL, 1705784400, 'America/New_York', NULL, 20, 50.00, 360, 10, 70, 50, 1, 1, 1, 1, 1, 0, NULL, 'active', 1678876998),
(5, 934, 934, 520, 2005, 'course', 'Web-Design-for-Beginners', '/store/1/default_images/upcoming/upcoming1.jpg', '/store/934/A-Z Web Programming_c.jpg', 'https://youtu.be/j1pa36PK14E', 'youtube', 1678852800, 'America/New_York', NULL, NULL, 10.00, 210, 6, 85, 100, 1, 1, 1, 1, 1, 0, 'Thank you', 'active', 1678877796),
(6, 929, 929, 606, 2010, 'course', 'laravel-advanced-course', '/store/1/default_images/upcoming/upcoming4.jpg', '/store/1/default_images/upcoming/upcoming4.jpg', 'https://youtu.be/laravel-demo-video', 'youtube', 1745197200, 'America/New_York', NULL, 100, 90.00, 480, 8, 120, 100, 1, 1, 1, 1, 1, 1, NULL, 'active', 1751132998);

-- --------------------------------------------------------

--
-- Table structure for table `upcoming_course_filter_option`
--

CREATE TABLE `upcoming_course_filter_option` (
  `id` int(10) UNSIGNED NOT NULL,
  `upcoming_course_id` int(10) UNSIGNED NOT NULL,
  `filter_option_id` int(10) UNSIGNED NOT NULL
) ENGINE=InnoDB DEFAULT CHARSET=utf8mb4 COLLATE=utf8mb4_unicode_ci;

--
-- Dumping data for table `upcoming_course_filter_option`
--

INSERT INTO `upcoming_course_filter_option` (`id`, `upcoming_course_id`, `filter_option_id`) VALUES
(53, 5, 9114),
(54, 4, 9114),
(55, 4, 9156),
(56, 4, 9231),
(57, 3, 9147),
(58, 3, 9216),
(71, 6, 9149),
(72, 6, 9216),
(73, 6, 9283);

-- --------------------------------------------------------

--
-- Table structure for table `upcoming_course_followers`
--

CREATE TABLE `upcoming_course_followers` (
  `id` int(10) UNSIGNED NOT NULL,
  `upcoming_course_id` int(10) UNSIGNED NOT NULL,
  `user_id` int(10) UNSIGNED NOT NULL,
  `created_at` bigint(20) UNSIGNED NOT NULL
) ENGINE=InnoDB DEFAULT CHARSET=utf8mb4 COLLATE=utf8mb4_unicode_ci;

--
-- Dumping data for table `upcoming_course_followers`
--

INSERT INTO `upcoming_course_followers` (`id`, `upcoming_course_id`, `user_id`, `created_at`) VALUES
(8, 3, 1015, 1677569743),
(9, 5, 995, 1678908505),
(10, 5, 930, 1678908543),
(11, 5, 996, 1678908564),
(12, 5, 1017, 1678908593),
(13, 5, 979, 1678908616),
(14, 4, 996, 1678908833),
(15, 4, 995, 1678908841),
(16, 4, 930, 1678908851),
(17, 3, 996, 1678908877),
(18, 3, 979, 1678908893);

-- --------------------------------------------------------

--
-- Table structure for table `upcoming_course_reports`
--

CREATE TABLE `upcoming_course_reports` (
  `id` int(10) UNSIGNED NOT NULL,
  `upcoming_course_id` int(10) UNSIGNED NOT NULL,
  `user_id` int(10) UNSIGNED NOT NULL,
  `reason` varchar(255) NOT NULL,
  `message` text NOT NULL,
  `created_at` bigint(20) UNSIGNED NOT NULL
) ENGINE=InnoDB DEFAULT CHARSET=utf8mb4 COLLATE=utf8mb4_unicode_ci;

-- --------------------------------------------------------

--
-- Table structure for table `upcoming_course_translations`
--

CREATE TABLE `upcoming_course_translations` (
  `id` bigint(20) UNSIGNED NOT NULL,
  `upcoming_course_id` int(10) UNSIGNED NOT NULL,
  `locale` varchar(255) NOT NULL,
  `title` varchar(255) NOT NULL,
  `seo_description` text DEFAULT NULL,
  `summary` text DEFAULT NULL,
  `description` longtext DEFAULT NULL
) ENGINE=InnoDB DEFAULT CHARSET=utf8mb4 COLLATE=utf8mb4_unicode_ci;

--
-- Dumping data for table `upcoming_course_translations`
--

INSERT INTO `upcoming_course_translations` (`id`, `upcoming_course_id`, `locale`, `title`, `seo_description`, `summary`, `description`) VALUES
(3, 3, 'en', 'Python for Beginners', 'This course is meant for absolute beginners in programming or in python', NULL, '<p>This python for beginners course is geared to students who want to know how python works and also to those totally new to programming.</p><p><br></p><p>The python language has very simple syntax(way to write it) to learn and it is one of the most powerful languages to learn since it can be used for a variety of things.</p><p><br></p><p>Jobs in this field are really lucrative and knowing this language will give you an edge when finding a job and making a lot more money than other developers; python developers are not as many as in other languages since people think is hard. Python is super easy to learn but very powerful since it contains many possibilities.</p><p><br></p><p>Python is growing faster and faster every day and it has surpassed many other languages over the years for a lot of reasons, which you will find out soon enough.</p>'),
(4, 4, 'en', 'Digital Photography', 'Learn how to take stunning photographs by mastering both the technical and creative sides of digital photography.', NULL, '<p>This course is divided into two broad components: first, we cover all the technical aspects, like camera equipment and support, as well as the camera\'s most important settings. After that we look at the artistic side of photography, which focuses on light, composition, and creativity.</p><p><br></p><p>It has been structured in such a way that you won\'t ever feel overwhelmed by technical jargon, complicated camera functions or obscure principles. The aim is to keep everything as clear and simple as possible, and this was achieved by tackling each important photographic element separately in short and concise lectures that last between 2 and 5 minutes each. The majority of lectures consist of both teacher-style video clips (where I explain a setting, principle or tip) and slides, both of which contain photographic examples and audio (where I interpret each photographic example).</p>'),
(5, 5, 'en', 'Web Design for Beginners', 'Launch a career as a web designer by learning HTML5, CSS3, responsive design, Sass and more!', NULL, '<p>You can launch a new career in web development today by learning HTML & CSS. You don\'t need a computer science degree or expensive software. All you need is a computer, a bit of time, a lot of determination, and a teacher you trust. I\'ve taught HTML and CSS to countless coworkers and held training sessions for fortune 100 companies. I am that teacher you can trust. </p><p><br></p><p>Don\'t limit yourself by creating websites with some cheesy “site-builder\" tool. This course teaches you how to take 100% control over your webpages by using the same concepts that every professional website is created with.</p><p><br></p><p>This course does not assume any prior experience. We start at square one and learn together bit by bit. By the end of the course you will have created (by hand) a website that looks great on phones, tablets, laptops, and desktops alike.</p><p><br></p><p>In the summer of 2020 the course has received a new section where we push our website live up onto the web using the free GitHub Pages service; this means you\'ll be able to share a link to what you\'ve created with your friends, family, colleagues and the world!</p>'),
(6, 6, 'en', 'Laravel Advanced Programming', 'Master Laravel framework with this comprehensive course covering advanced topics like Eloquent ORM, API development and testing', 'A complete guide to Laravel framework for intermediate to advanced developers.', '<p>This comprehensive Laravel course takes you beyond the basics into advanced web development with PHP\'s most popular framework. You\'ll master Eloquent ORM relationships, build robust RESTful APIs, implement real-time features with Laravel Echo, and optimize your applications for performance.</p>\r\n  \r\n  <p>We\'ll cover advanced authentication techniques, queue system for background jobs, and testing with PHPUnit. The course includes practical projects like building a complete e-commerce backend and a real-time chat application.</p>\r\n  \r\n  <p>By the end of this course, you\'ll be able to architect complex Laravel applications following best practices and design patterns. The curriculum is designed based on real-world project requirements from top tech companies.</p>\r\n  \r\n  <p>Prerequisites include basic PHP knowledge and familiarity with Laravel fundamentals. Each section includes hands-on exercises and downloadable resources to reinforce your learning.</p>');

-- --------------------------------------------------------

--
-- Table structure for table `users`
--

CREATE TABLE `users` (
  `id` int(10) UNSIGNED NOT NULL,
  `username` varchar(255) DEFAULT NULL,
  `full_name` varchar(128) DEFAULT NULL,
  `role_name` varchar(64) NOT NULL,
  `role_id` int(10) UNSIGNED NOT NULL,
  `organ_id` int(11) DEFAULT NULL,
  `mobile` varchar(32) DEFAULT NULL,
  `email` varchar(255) DEFAULT NULL,
  `bio` varchar(128) DEFAULT NULL,
  `password` varchar(255) DEFAULT NULL,
  `google_id` varchar(255) DEFAULT NULL,
  `facebook_id` varchar(255) DEFAULT NULL,
  `remember_token` varchar(255) DEFAULT NULL,
  `logged_count` int(10) UNSIGNED NOT NULL DEFAULT 0,
  `verified` tinyint(1) NOT NULL DEFAULT 0,
  `financial_approval` tinyint(1) NOT NULL DEFAULT 0,
  `installment_approval` tinyint(1) DEFAULT 0,
  `enable_installments` tinyint(1) DEFAULT 1,
  `disable_cashback` tinyint(1) DEFAULT 0,
  `enable_registration_bonus` tinyint(1) NOT NULL DEFAULT 0,
  `registration_bonus_amount` double(15,2) DEFAULT NULL,
  `avatar` varchar(255) DEFAULT NULL,
  `avatar_settings` varchar(255) DEFAULT NULL,
  `cover_img` varchar(255) DEFAULT NULL,
  `profile_video` varchar(255) DEFAULT NULL,
  `profile_secondary_image` varchar(255) DEFAULT NULL,
  `headline` varchar(255) DEFAULT NULL,
  `about` text DEFAULT NULL,
  `address` varchar(255) DEFAULT NULL,
  `country_id` int(10) UNSIGNED DEFAULT NULL,
  `province_id` int(10) UNSIGNED DEFAULT NULL,
  `city_id` int(10) UNSIGNED DEFAULT NULL,
  `district_id` int(10) UNSIGNED DEFAULT NULL,
  `location` point DEFAULT NULL,
  `level_of_training` bit(3) DEFAULT NULL,
  `meeting_type` enum('all','in_person','online') NOT NULL DEFAULT 'all',
  `status` enum('active','pending','inactive') NOT NULL DEFAULT 'active',
  `access_content` tinyint(1) NOT NULL DEFAULT 1,
  `enable_ai_content` tinyint(1) NOT NULL DEFAULT 0,
  `language` varchar(255) DEFAULT NULL,
  `currency` varchar(255) DEFAULT NULL,
  `timezone` varchar(255) DEFAULT NULL,
  `theme_color_mode` enum('dark','light') DEFAULT NULL,
  `newsletter` tinyint(1) NOT NULL DEFAULT 0,
  `public_message` tinyint(1) NOT NULL DEFAULT 0,
  `enable_profile_statistics` tinyint(1) NOT NULL DEFAULT 0,
  `identity_scan` varchar(128) DEFAULT NULL,
  `certificate` varchar(128) DEFAULT NULL,
  `affiliate` tinyint(1) NOT NULL DEFAULT 1,
  `can_create_store` tinyint(1) NOT NULL DEFAULT 0 COMMENT 'Despite disabling the store feature in the settings, we can enable this feature for that user through the edit page of a user and turning on the store toggle.',
  `ban` tinyint(1) NOT NULL DEFAULT 0,
  `ban_start_at` int(10) UNSIGNED DEFAULT NULL,
  `ban_end_at` int(10) UNSIGNED DEFAULT NULL,
  `offline` tinyint(1) NOT NULL DEFAULT 0,
  `offline_message` text DEFAULT NULL,
  `created_at` int(11) NOT NULL,
  `updated_at` int(11) DEFAULT NULL,
  `deleted_at` int(11) DEFAULT NULL
) ENGINE=InnoDB DEFAULT CHARSET=utf8mb4 COLLATE=utf8mb4_unicode_ci ROW_FORMAT=DYNAMIC;

--
-- Dumping data for table `users`
--

INSERT INTO `users` (`id`, `username`, `full_name`, `role_name`, `role_id`, `organ_id`, `mobile`, `email`, `bio`, `password`, `google_id`, `facebook_id`, `remember_token`, `logged_count`, `verified`, `financial_approval`, `installment_approval`, `enable_installments`, `disable_cashback`, `enable_registration_bonus`, `registration_bonus_amount`, `avatar`, `avatar_settings`, `cover_img`, `profile_video`, `profile_secondary_image`, `headline`, `about`, `address`, `country_id`, `province_id`, `city_id`, `district_id`, `location`, `level_of_training`, `meeting_type`, `status`, `access_content`, `enable_ai_content`, `language`, `currency`, `timezone`, `theme_color_mode`, `newsletter`, `public_message`, `enable_profile_statistics`, `identity_scan`, `certificate`, `affiliate`, `can_create_store`, `ban`, `ban_start_at`, `ban_end_at`, `offline`, `offline_message`, `created_at`, `updated_at`, `deleted_at`) VALUES
(1, 'admin', 'Admin', 'admin', 2, NULL, '00000000', 'admin@demo.com', 'Senior software developer', '$2y$10$We7v6xiSH8y9NsabdEPYneLmEt/Qe768uWXTd4kqxMfxcqTwFfgiy', NULL, NULL, 'ufNSH3AAPHONW0GooxCEJx6V8b8DTyn8sSYTPhS3DrzIPb5LreJG0NsYqIk9', 0, 1, 0, 0, 1, 0, 0, NULL, '/store/1/default_images/admin-avatar.jpg', NULL, NULL, NULL, NULL, NULL, NULL, NULL, NULL, NULL, NULL, NULL, NULL, NULL, 'all', 'active', 1, 0, 'EN', 'USD', 'America/New_York', 'light', 0, 0, 0, NULL, NULL, 1, 0, 0, NULL, NULL, 0, NULL, 1597826952, 1597826952, NULL),
(3, 'james-kong', 'James Kong', 'teacher', 4, 864, '+12085141324', 'Jameskong2021@gmail.com', 'Master Certified Coach', '$2y$10$NPgvpOF52CHJuSKbh9gG8.7IvjjFd0HklLy5elWySZ58m.9IHpM2K', NULL, NULL, 'Xr4zhhoQpDZU1NbMVh0h7iXy390lCDz8pt4NYTUNvsncEqn9Z8PoTKSxKB96', 0, 0, 1, 0, 1, 0, 0, NULL, '/store/3/setting/avatar.jpg', NULL, '/store/3/17.jpg', NULL, '/store/3/setting/profile_secondary_image.png', NULL, 'James Kong is a sound and communication expert. His vision is for a world that listens consciously and speaks powerfully.\r\n\r\nJulian is author of the books How to be Heard: Secrets for Powerful Speaking and Listening and Sound Business. \r\n\r\nHis five TED talks about sound and communication have been watched over 90 million times and his latest talk, How to speak so that people want to listen, is the sixth most watched TED talk of all time. \r\n\r\nJames is a media commentator on speaking and listening skills, and has been featured by the likes of TIME Magazine, The Economist, The BBC, and The Times. \r\n\r\nJames\'s company, The Sound Agency, works with major brands worldwide to improve the way they sound. Their pioneering methods have improved customer happiness, raised sales, and even lowered crime rates, and their work has made headlines internationally.', '638153, Tamil Nadu, Modakkurichi, Elumathur', 20, 33, 34, 42, 0x000000000101000000c36b207dbda43840180620262a544740, b'110', 'all', 'active', 1, 0, 'EN', NULL, 'America/New_York', NULL, 0, 0, 0, '/store/3/passport.jpg', '', 1, 0, 0, NULL, NULL, 1, 'I will not be available for 2 weeks until  end of January due to a business trip.', 1597826952, 1597826952, NULL),
(4, 'king-pictures', 'King Pictures', 'organization', 3, NULL, '+441632960079', 'kingpictures@gmail.com', 'High Quality Training', '$2y$10$NPgvpOF52CHJuSKbh9gG8.7IvjjFd0HklLy5elWySZ58m.9IHpM2K', NULL, NULL, 'HVMcrvVIvbrAWoMqj0keYcuCqkuVNZ5SumTNTlEY510zC373P6VQXFs6ZNN4', 0, 0, 0, 0, 1, 0, 0, NULL, '/store/4/setting/avatar.jpg', NULL, '/store/4/19.jpg', NULL, NULL, NULL, 'King Pictures is a Canadian based company who offer a huge and ever growing range of high quality eLearning solutions that teach using studio quality narrated videos backed-up with practical hands-on examples and comprehensive working files. All courses are created by trained educators and experts in video based education.\r\n\r\nThe emphasis is on teaching real life skills that are essential for progressing in today\'s commercial environment.', NULL, NULL, NULL, NULL, NULL, NULL, NULL, 'all', 'active', 1, 0, 'EN', NULL, 'America/New_York', NULL, 0, 0, 0, NULL, NULL, 1, 0, 0, NULL, NULL, 0, NULL, 1597826952, 1597826952, NULL),
(859, 'cactuscat-clothing', 'Cactuscat Clothing', 'organization', 3, NULL, '+12025550132', 'cactuscat@hotmail.com', 'Programming Training Institute', '$2y$10$IjiUK.pAJGeErJNyys7CkeFzHlwv50b4L0tDSicMvhSpNk2QGud1G', NULL, NULL, NULL, 0, 0, 0, 0, 1, 0, 0, NULL, '/store/859/setting/avatar.jpg', NULL, '/store/859/8.png', NULL, NULL, NULL, 'Eduonix creates and distributes high quality technology training content. Our team of  industry professionals have been training manpower for more than a decade. We aim to teach technology the way it is used in industry and professional world.  We have professional team of trainers for technologies ranging from Mobility, Web to Enterprise and Database and Server Administration.', '', 20, 31, 32, 40, 0x000000000101000000109b5fd3557b38409a046daf23cc4340, b'111', 'all', 'active', 1, 0, 'EN', NULL, 'America/New_York', NULL, 0, 0, 0, '/store/859/certificate.jpg', '/store/859/certificate.jpg', 1, 0, 0, NULL, NULL, 0, NULL, 1604509713, NULL, NULL),
(863, 'owosso', 'Owosso', 'organization', 3, NULL, '+12025550198', 'owosso@info.com', 'Chemical Engineering Institute', '$2y$10$NPgvpOF52CHJuSKbh9gG8.7IvjjFd0HklLy5elWySZ58m.9IHpM2K', NULL, NULL, NULL, 0, 0, 0, 0, 1, 0, 0, NULL, '/store/863/setting/avatar.jpg', NULL, '/store/863/2.png', NULL, NULL, NULL, 'Dear students,\r\n\r\nWR Training is a group of professional engineers from various disciplines (chemical, petrochemical, mechanical, electrical…) providing academic and industrial online courses.\r\n\r\nWhether you’re trying to learn and discover a new scientific or engineering topic from scratch, or want to refresh your memory on something you’ve learnt in the past, you’ve come to the right place.\r\n\r\nWR Training exists to help you succeed in your academic and professional life. Our goal is to spread the knowledge and promote science.\r\n\r\nThe courses, you are about to enroll in, were undertaken to give you a clear view of scientific and engineering topics through detailed examples using hands on demo and provide numerous problems with their solutions. You can also use these courses as a review for taking exams or as a vehicle for self-instruction.\r\n\r\nOur training methodology was designed to enable individual self paced e-learning.\r\n\r\nEach course has been undertaken to teach a specific skill.\r\n\r\nOur courses can be watched 24/7 wherever you are. You can also view them on mobile devices with the Udemy mobile app.\r\n\r\nWe are active online instructors and we will be here for you every step of the way. If you have questions about the course content, you can always post your questions or send us a private message. It will be our pleasure to provide assistance and answer your questions.\r\n\r\nSo with no further ado, go ahead, select the course suitable for you, click the enroll button and we\'ll see you in the first section !\r\n\r\nWR Training\r\n\r\nSpread the wings of your knowledge', NULL, 17, 28, 30, 37, 0x0000000001010000006656cabeb2f73240a691c50fda345240, b'110', 'online', 'active', 1, 0, 'EN', NULL, 'America/New_York', NULL, 0, 0, 0, NULL, NULL, 1, 0, 0, NULL, NULL, 0, NULL, 1604509713, NULL, NULL),
(864, 'affogato-media', 'Affogato Media', 'organization', 3, NULL, '+12025550131', 'affogato@yahoo.com', 'Learn Creative Skills', '$2y$10$NPgvpOF52CHJuSKbh9gG8.7IvjjFd0HklLy5elWySZ58m.9IHpM2K', NULL, NULL, NULL, 0, 0, 0, 0, 1, 0, 0, NULL, '/store/864/setting/avatar.jpg', NULL, '/store/864/20.jpg', NULL, NULL, NULL, 'Learn creative skills, from absolute beginner to advanced mastery. \r\n\r\nVideo School exists to help you succeed in life. Each course has been hand-tailored to teach a specific skill from photography and video to art, design and business.\r\n\r\nWhether you’re trying to learn a new skill from scratch, or want to refresh your memory on something you’ve learned in the past, you’ve come to the right place.\r\n\r\nEducation makes the world a better place. Make your world better with new skills!\r\n\r\nOur courses can be watched 24/7 wherever you are. Most are fully downloadable so you can take them with you.\r\n\r\nAll courses have a 30-day money-back guarantee so that you can check it out, make sure it’s the right course for you, and get a refund if it’s not!', NULL, 19, 61, 62, 65, 0x000000000101000000983696ed17262140f870c75749123040, b'100', 'all', 'active', 1, 0, 'EN', NULL, 'America/New_York', NULL, 0, 0, 0, NULL, NULL, 1, 0, 0, NULL, NULL, 0, NULL, 1604509713, NULL, NULL),
(867, 'light-moon', 'Light Moon', 'organization', 3, NULL, '+12025550151', 'organization@demo.com', 'Building Better Professionals', '$2y$10$W0.rfZgYCWGr/rOSrGrGg.Nnm6xBVdR3FYjJiXqiq6LZdx2Ds.aXq', NULL, NULL, '9Xw5yy8Sgof5VPJcLvcaNKGL99LcuR9xjU2oWPFNiGFoBwzBEwk4Wa8LUBG2', 1, 1, 1, 0, 1, 0, 0, NULL, '/store/867/setting/avatar.jpg', NULL, '/store/867/18.jpg', NULL, NULL, NULL, 'The Light Moon Academy was created by Tim Buchalka, a software developer with 35 years experience, who is also an instructor on Udemy, with over 1.22M+ students in his courses on Java, Python, Android, C#  and the Spring framework. \r\n\r\nThe Academy’s goal in the next three years, is to teach one million people to learn how to program.\r\n\r\nApart from Tim’s own courses, which are all available here, we are working with the very best teachers, creating courses to teach the essential skills required by developers, at all levels.\r\n\r\nOne other important philosophy is that our courses are taught by real professionals; software developers with real and substantial experience in the industry, who are also great teachers.  All our instructors are experienced, software developers!\r\n\r\nOur team is busy creating new courses right now.\r\n\r\nWhether you are a beginner, looking to learn how to program for the very first time, or to brush up on your existing skills, or to learn new languages and frameworks, the Academy has you covered.', 'Massachusetts, West Roxbury, 3979 Smith Street', 16, 21, 67, 68, 0x000000000101000000b4c5c332820e4840b73e0bfa1c52fbbf, b'110', 'all', 'active', 1, 0, 'EN', NULL, 'America/New_York', NULL, 0, 0, 0, '/store/867/passport.jpg', '', 1, 0, 0, NULL, NULL, 0, NULL, 1604509713, NULL, NULL),
(868, 'techdecomposed', 'Tech Decomposed', 'organization', 3, NULL, '+441632960582', 'techdecomposed@info.com', 'Behavioral Expert Institute', '$2y$10$NPgvpOF52CHJuSKbh9gG8.7IvjjFd0HklLy5elWySZ58m.9IHpM2K', NULL, NULL, NULL, 0, 0, 0, 0, 1, 0, 0, NULL, '/store/868/setting/avatar.jpg', NULL, '/store/868/6.jpg', NULL, NULL, NULL, 'Hi, my name is Gregory Caremans. I\'m the founder of the award-winning TechDecomposed.\r\nI\'m a psychologist with a Master in communication, specialized in the Neurocognitive and Behavioral Approach. I\'m the former Director of the Institute of Neurocognitivism in Brussels (Belgium).\r\nWith the TechDecomposed we\'ve specialized in writing and producing high quality brain-related content. Mostly, we create online courses. I\'m very proud to say that we have a partnership with The Economist where they offer our courses to their readers. Our courses were also featured in the magazine Entrepreneur and CNN. And I was invited to give my first TEDx Talk in December of 2018.', NULL, NULL, NULL, NULL, NULL, NULL, NULL, 'all', 'active', 1, 0, 'EN', NULL, 'America/New_York', NULL, 0, 0, 0, NULL, NULL, 1, 0, 0, NULL, NULL, 0, NULL, 1604509713, NULL, NULL),
(870, 'jessica-wray', 'Jessica Wray', 'teacher', 4, 863, '+12025550188', 'marques.torp@hotmail.com', 'Network Technician at Cisco', '$2y$10$NPgvpOF52CHJuSKbh9gG8.7IvjjFd0HklLy5elWySZ58m.9IHpM2K', NULL, NULL, NULL, 0, 1, 1, 0, 1, 0, 0, NULL, '/store/870/setting/avatar.jpg', NULL, '/store/870/16.jpg', NULL, '/store/870/setting/profile_secondary_image.png', NULL, 'Hi,\r\n\r\nI’m a certified coach and author. Over the years I\'ve worked with and coached 100,000 students from all over the world.\r\nMy expertise includes science-based personal development, health & fitness advice in the following areas:\r\n- Self Improvement\r\n- Life Coaching\r\n- Stress Management\r\n- Muscle Growth & Fat Loss\r\n- Healthy Living & Meal Planning\r\n- Gym Workouts & Bodybuilding\r\n\r\nPersonal Development doesn\'t have to be difficult!\r\nWhat you need are the right strategies and a few simple - but crucial - tips on how to get started and stay motivated. That\'s what I teach in my courses, on my blog and in my books.', NULL, 16, 22, 23, 26, 0x000000000101000000b2ea5bb7216d4840098c262b63310340, b'100', 'all', 'active', 1, 0, 'EN', NULL, 'America/New_York', NULL, 0, 0, 0, NULL, NULL, 1, 0, 0, NULL, NULL, 0, NULL, 1604509713, NULL, NULL),
(923, 'john-powe', 'John Powe', 'teacher', 4, 867, '+61498970158', 'johnpowe98@yahoo.com', 'IT Director at Cognizant', '$2y$10$NPgvpOF52CHJuSKbh9gG8.7IvjjFd0HklLy5elWySZ58m.9IHpM2K', NULL, NULL, NULL, 0, 1, 0, 0, 1, 0, 0, NULL, '/store/923/setting/avatar.jpg', NULL, '/store/923/14.jpg', NULL, '/store/923/setting/profile_secondary_image.png', NULL, 'Hello! I am John Powe; let me welcome you on this platform. I have created unique courses on different subjects including Business, marketing, Sales, Psychology, Copywriting, Social media marketing and a lot more. I have vast knowledge about business planning, marketing strategies, sales and management.\r\n\r\nI am a Gold Medalist Student of my time. With the passage of time, I have done different courses including IELTS, Color Therapy, Cognitive behavior Therapy, Nebosh etc.\r\n\r\nI always try to learn new things and like to travel. Learning new skills and exploring new fields is my passion. I am a full time Udemy instructor so I am always there to support and help you if you find any kind of difficulty.\r\n\r\nI try to make my courses as simple and informative as possible. My courses are mostly 1 to 2 hours of length, to the point and cover most important information regarding the respective subject so that you can learn the best possible knowledge in shortest possible time.\r\n\r\nI hope you will learn new things from my courses. Feel free to contact me if you have any questions. Thanks I wish you all the success and happiness in the world. Best of luck', '106 Ben Street', 18, 46, 50, 57, NULL, NULL, 'all', 'active', 1, 0, 'EN', NULL, 'America/New_York', NULL, 0, 0, 0, NULL, NULL, 1, 0, 0, NULL, NULL, 0, NULL, 1604509713, NULL, NULL),
(929, 'kate-williams', 'Kate Williams', 'teacher', 4, 868, '+12025550148', 'kate.williams.dev@yahoo.com', 'Computer Engineer at Oracle', '$2y$10$NPgvpOF52CHJuSKbh9gG8.7IvjjFd0HklLy5elWySZ58m.9IHpM2K', NULL, NULL, 'pP6HTrpGp7DTJv4wocq6BqinGolsn4pxOVmnxr15WEvlpDQjpAo0ZeHsNlhl', 0, 0, 0, 0, 1, 0, 0, NULL, '/store/929/setting/avatar.jpg', '{\"color\":\"FFFFFF\",\"background\":\"8e24aa\"}', '/store/929/15.jpg', NULL, '/store/929/setting/profile_secondary_image.png', NULL, '\"Short courses for busy managers\"\r\n\r\nHi there, my name is Kate Williams and I\'ve been managing projects and virtual teams for the past 10+ years.\r\n\r\nI\'m currently a Director at Cisco Systems,* where I lead Project and Program Management teams on delivering complex projects for Cisco\'s customers.\r\n\r\nPreviously, I was a manager at Ernst & Young, where I analyzed failing projects at Fortune 500 companies, and recommended solutions to fix them.  \r\n\r\nI was also a research assistant at Harvard University, where I studied issues related to virtual teams. \r\n\r\nI\'m an Amazon bestselling author of 4 books about team management (including \"Influencing Virtual Teams,\" \"Don\'t Reply All,\" \"Project Kickoff,\" and \"Effective Delegation of Authority\"), and I hold the PMP, CSM and ITIL certifications.\r\n\r\nMost managers don\'t have a lot of time to watch lengthy courses (that are usually full of fluff). So I focus on creating short courses that help busy managers become more effective leaders, without wasting their time.\r\n\r\nI have published courses about Writing Better Emails, Delegating Effectively, Leading Virtual Meetings, and Managing and Influencing Virtual Teams.', NULL, 17, 27, 29, 36, 0x000000000101000000cb37fdc1618e3c408abc2353c14d5340, b'010', 'all', 'active', 1, 0, 'EN', NULL, 'America/New_York', NULL, 0, 0, 0, NULL, NULL, 1, 0, 0, NULL, NULL, 0, NULL, 1605463391, NULL, 1622030241),
(930, 'jade-harrison', 'Jade Harrison', 'user', 1, NULL, '+12025550130', 'jadeharrison@gmail.com', NULL, '$2y$10$NPgvpOF52CHJuSKbh9gG8.7IvjjFd0HklLy5elWySZ58m.9IHpM2K', NULL, NULL, 'Ci4PVF45uuqLCuaxz92kWYuFMnTyesfS5N9cMaGnCsTrkb6zQF5UL8suOFrk', 0, 0, 0, 0, 1, 0, 0, NULL, '/store/930/setting/avatar.jpg', NULL, '/store/930/2.jpg', NULL, NULL, NULL, NULL, '46 Place Charles de Gaulle', 16, 22, 23, 24, NULL, NULL, 'all', 'active', 1, 0, 'EN', NULL, 'America/New_York', NULL, 0, 0, 0, '/store/930/passport.jpg', '/store/930/certificate.jpg', 1, 0, 0, NULL, NULL, 0, NULL, 1606325331, NULL, NULL),
(934, 'linda-anderson', 'Linda Anderson', 'teacher', 4, 4, '+12025550143', 'Lindaanderson_92@gmail.com', 'IT Technician at IBM', '$2y$10$m.NTg5P372vNTY2PQlx/S.j9cswa9Fc9UKWJ608AmlaOkqdgRmyw6', NULL, NULL, NULL, 0, 0, 1, 0, 1, 0, 0, NULL, '/store/934/setting/avatar.jpg', NULL, '/store/934/2.jpg', NULL, '/store/934/setting/profile_secondary_image.png', NULL, 'I am a programmer with over 12 years\' experience gained in a range of industries, the last 16 with IBM.\r\n\r\nI am now self employed developing apps for Android; programming in a range of languages including Java, Javascript and Python; and helping the next generation of programmers gain the skills that I have acquired over the years.\r\n\r\nThe first program I sold controlled stock movement in a warehouse, and ran on a CP/M computer - both the program and operating system lived in the 64 kb (yes, kilobytes) that was all CP/M systems had in those days.\r\n\r\nI have gained experience in a wide range of industries including Utilities, Retail, Insurance and the Motor Manufacturing industry. My clients and employers have included Northumbrian Water, Arcadia, Royal Sun Alliance, Nissan and Jaguar Landrover. I also worked for Sunderland University for 3 years preparing and delivering training courses in computing.\r\n\r\nTimes have changed, the challenges are very different to what they were, but programming remains fun!\r\n\r\nWhen not at my computer, I am often riding my motorbike through the wonderful countryside of the UK and Europe.', 'OX7 3NH, England, Oxfordshire, Ascott-under-Wychwood', 19, 59, 60, 63, 0x0000000001010000002e7710c1ce2f284043a4cb6cec292e40, b'100', 'all', 'active', 1, 0, 'EN', NULL, 'America/New_York', NULL, 0, 0, 0, '/store/934/passport.jpg', '', 1, 0, 0, NULL, NULL, 0, NULL, 1612680476, NULL, NULL),
(979, 'morgan-sullivan', 'Sara Sullivan', 'user', 1, NULL, '+12025550162', 'sarasullivan@yahoo.com', NULL, '$2y$10$TB0nU6Wpg4W9NtIix/uPge6w8aovVEHuzTkoLYWLqykaBnXEkF96u', NULL, NULL, NULL, 0, 0, 0, 0, 1, 0, 0, NULL, '/store/979/setting/avatar.jpg', NULL, '/store/979/5.jpg', NULL, NULL, NULL, NULL, NULL, NULL, NULL, NULL, NULL, NULL, NULL, 'all', 'active', 1, 0, 'EN', 'USD', 'America/New_York', NULL, 0, 0, 0, NULL, NULL, 1, 0, 0, NULL, NULL, 0, NULL, 1613807727, NULL, NULL),
(995, 'cameron-schofield', 'Camelia Schofield', 'user', 1, 867, '+12025550169', 'student@demo.com', NULL, '$2y$10$Hc4OzTkL3i5vmHXXvZvSfOsZDMD/XYwO4yS8UOtUIAFQcXYhIIJsa', NULL, NULL, 'xypEMUNG4bkIU1BMMZ9OYBSwjVxYsdrLbO5ILWUv0KCDor802GSspzgDQlGq', 3, 1, 0, 0, 1, 0, 1, NULL, '/store/995/setting/avatar.jpg', '{\"color\":\"000000\",\"background\":\"e0f2f1\"}', '/store/995/7.jpg', NULL, NULL, NULL, NULL, 'Jeevan Tara Building, 1Sr Floor, Gate No.4, 5 Sansad Marg, New Delhi', 17, 27, 29, 35, NULL, NULL, 'all', 'active', 1, 0, 'EN', 'USD', 'America/New_York', 'light', 1, 0, 0, '/store/995/1696696655058.jpg', '/store/995/1696696655058.jpg', 1, 0, 0, NULL, NULL, 0, NULL, 1615538893, NULL, NULL),
(996, 'robert-b-gray', 'Jessica B. Gray', 'user', 1, 867, '+12025550159', 'jessica2002@gmail.com', 'bio', '$2y$10$PNK/Cn/SK/ut4rIsFeZhB.xehag15jXTD60lI8WDnEv8evtGn19my', NULL, NULL, 'iw1xNbFV2orSeJvaSeJVKCcOBCPcJNRGalESn6M1dVSflsJwM468L9iEEzr0', 0, 0, 0, 0, 1, 0, 0, NULL, '/store/996/setting/avatar.jpg', '{\"color\":\"000000\",\"background\":\"FF4081\"}', '/store/996/11.jpg', NULL, NULL, NULL, 'about', NULL, NULL, NULL, NULL, NULL, NULL, NULL, 'all', 'active', 1, 0, 'EN', 'USD', 'America/New_York', NULL, 1, 0, 0, NULL, NULL, 1, 0, 0, NULL, NULL, 0, NULL, 1619885166, NULL, NULL),
(1014, 'george-hamilton', 'George Hamilton', 'education', 6, NULL, '6104254644', 'staff@demo.com', NULL, '$2y$10$roRgDkF2YNbBiwdMqgBDuO5b52ZjaOR5gBf9j65niedYfQUAXeDI6', NULL, NULL, NULL, 0, 1, 0, 0, 1, 0, 0, NULL, '/store/1/default_images/testimonials/staff1.jpg', NULL, NULL, NULL, NULL, NULL, NULL, NULL, NULL, NULL, NULL, NULL, NULL, NULL, 'all', 'active', 1, 0, NULL, 'USD', 'America/New_York', NULL, 0, 0, 0, NULL, NULL, 1, 0, 0, NULL, NULL, 0, NULL, 1624692024, NULL, NULL),
(1015, 'robert-ransdell', 'Robert Ransdell', 'teacher', 4, 867, '+61491170156', 'instructor@demo.com', 'System Administrator at Amazon', '$2y$10$8.jgtS/cg8L6HfuuBgWnkeg49r0LiY7kofR6eiY9b.mx747i82n.u', NULL, NULL, 'yaWrCn7jxdSyaiU6aanRBT38idgMPP0ZYiTBRYHJ4igmAEVTzQlbfvbETu06', 4, 1, 1, 0, 1, 0, 1, NULL, '/store/1015/setting/avatar.jpg', NULL, '/store/1015/6.jpg', NULL, '/store/1015/setting/profile_secondary_image.png', NULL, 'Robert started his career as a Unix and Linux System Engineer in 1999. Since that time he has utilized his Linux skills at companies such as Xerox, UPS, Hewlett-Packard, and Amazon.com. Additionally, he has acted as a technical consultant and independent contractor for small businesses and Fortune 500 companies.\r\n\r\nRobert has professional experience with CentOS, RedHat Enterprise Linux, SUSE Linux Enterprise Server, and Ubuntu. He has used several Linux distributions on personal projects including Debian, Slackware, CrunchBang, and others. In addition to Linux, Jason has experience supporting proprietary Unix operating systems including AIX, HP-UX, and Solaris.\r\n\r\nHe enjoys teaching others how to use and exploit the power of the Linux operating system. He is also the author of the books \"Linux for Beginners\" and \"Command Line Kung Fu.\"', 'Al Wakrah ,27904 Hilpert Knoll', 18, 46, 49, 55, 0x0000000001010000007a87fa84a95b4440f17007d9bc8052c0, b'110', 'all', 'active', 1, 0, 'EN', NULL, 'America/New_York', 'light', 0, 0, 0, '/store/1015/passport.jpg', '/store/1015/certificate_validation.jpg', 1, 0, 0, NULL, NULL, 0, NULL, 1624817207, NULL, NULL),
(1016, 'ricardo-dave', 'Ricardo Dave', 'teacher', 4, NULL, '+12025250175', 'Ricardodave09@hotmail.com', 'Data Analyst at Microsoft', '$2y$10$NA3UcrvzR9bOoHbFQa.Xbeb2KhRplWzdSLU72eRosUOLfhaMITiN.', NULL, NULL, NULL, 0, 0, 1, 0, 1, 0, 0, NULL, '/store/1016/setting/avatar.jpg', NULL, '/store/1016/7.jpg', NULL, '/store/1016/setting/profile_secondary_image.png', NULL, 'Ricardo dave has a BS and MS in Mechanical Engineering from Santa Clara University and years of experience as a professional instructor and trainer for Data Science and programming. He has publications and patents in various fields such as microfluidics, materials science, and data science technologies. Over the course of his career he has developed a skill set in analyzing data and he hopes to use his experience in teaching and data science to help other people learn the power of programming the ability to analyze data, as well as present the data in clear and beautiful visualizations. Currently he works as the Head of Data Science for Pierian Data Inc. and provides in-person data science and python programming training courses to employees working at top companies, including General Electric, Cigna, The New York Times, Credit Suisse, McKinsey and many more. Feel free to contact him on LinkedIn for more information on in-person training sessions or group training sessions in Las Vegas, NV.', 'Luib, 72 Wern Ddu Lane', 16, 22, 23, 25, 0x0000000001010000008df8fa14fb674840de3a59c20bfb0140, b'010', 'all', 'active', 1, 0, 'EN', NULL, 'America/New_York', NULL, 0, 0, 0, '/store/1016/passport.jpg', '', 1, 0, 0, NULL, NULL, 1, 'I am not available for 2 days due to a business trip', 1624817905, NULL, NULL),
(1017, 'alex-pmelaa', 'Alex Pmelaa', 'user', 1, NULL, '085374589', 'a.pmelaa@gmail.com', NULL, '$2y$10$EfeGqWC1GieaFQKzSLPeMOPr9ggMsLPgP5L8wunEz4tI.5wIz3Eni', NULL, NULL, NULL, 0, 0, 0, 0, 1, 0, 0, NULL, '/store/1017/setting/avatar.jpg', NULL, NULL, NULL, NULL, NULL, NULL, 'Jeevan Tara Building, 1Sr Floor, Gate No.4, 5 Sansad Marg, New Delhi', 17, 27, 29, 35, NULL, NULL, 'all', 'active', 1, 0, 'EN', NULL, 'America/New_York', NULL, 1, 0, 0, NULL, NULL, 1, 0, 0, NULL, NULL, 0, NULL, 1639378748, NULL, NULL),
(1019, 'ryan-lester', 'Ryan Lester', 'user', 1, NULL, '0448509638', 'ryan2002@demo.com', NULL, '$2y$10$4QLNH1y6wB9/JQeOVRt8u.tvYDCKVNv7J11eAiJpbUqZU5lM0gheS', NULL, NULL, NULL, 0, 0, 0, 0, 1, 0, 0, NULL, '/store/1019/setting/avatar.jpg', '{\"color\":\"000000\",\"background\":\"0091ea\"}', NULL, NULL, NULL, NULL, NULL, NULL, NULL, NULL, NULL, NULL, NULL, NULL, 'all', 'active', 0, 0, 'EN', NULL, NULL, NULL, 0, 0, 0, NULL, NULL, 1, 0, 0, NULL, NULL, 0, NULL, 1655885724, NULL, NULL),
(1045, 'lewis-erickson', 'Lewis Erickson', 'user', 1, NULL, '1648664852', 'Lewis@yahoo.com', NULL, '$2y$10$TnKXAoGt3qrjgii5E7DC3.alQLloOjMp2vSFXpYZ4WHnoAS1KbWsu', NULL, NULL, NULL, 0, 0, 0, 0, 1, 0, 1, 50.00, '/store/1045/setting/avatar.jpg', '{\"color\":\"000000\",\"background\":\"ba68c8\"}', NULL, NULL, NULL, NULL, NULL, NULL, NULL, NULL, NULL, NULL, NULL, NULL, 'all', 'active', 1, 0, NULL, 'USD', 'America/New_York', NULL, 0, 0, 0, NULL, NULL, 1, 0, 0, NULL, NULL, 0, NULL, 1678958736, NULL, NULL),
(1046, 'robert-travis', 'Robert Travis', 'user', 1, NULL, '179654566', 'travis@gmail.com', NULL, '$2y$10$IyEnbWvOLvML4xn4hqaOI./8Y31OFmUySiBkoM2CejQDPicgt0VsG', NULL, NULL, NULL, 0, 0, 0, 0, 1, 0, 1, 50.00, '/store/1046/setting/avatar.jpg', '{\"color\":\"000000\",\"background\":\"ffe57f\"}', NULL, NULL, NULL, NULL, NULL, NULL, NULL, NULL, NULL, NULL, NULL, NULL, 'all', 'active', 1, 0, NULL, 'USD', 'America/New_York', NULL, 0, 0, 0, NULL, NULL, 1, 0, 0, NULL, NULL, 0, NULL, 1678959456, NULL, NULL);

-- --------------------------------------------------------

--
-- Table structure for table `users_badges`
--

CREATE TABLE `users_badges` (
  `id` int(10) UNSIGNED NOT NULL,
  `user_id` int(10) UNSIGNED NOT NULL,
  `badge_id` int(10) UNSIGNED NOT NULL,
  `created_at` int(10) UNSIGNED NOT NULL
) ENGINE=InnoDB DEFAULT CHARSET=utf8mb4 COLLATE=utf8mb4_unicode_ci ROW_FORMAT=DYNAMIC;

-- --------------------------------------------------------

--
-- Table structure for table `users_cookie_security`
--

CREATE TABLE `users_cookie_security` (
  `id` int(10) UNSIGNED NOT NULL,
  `user_id` int(10) UNSIGNED NOT NULL,
  `type` enum('all','customize') NOT NULL,
  `settings` text DEFAULT NULL,
  `created_at` bigint(20) UNSIGNED NOT NULL
) ENGINE=InnoDB DEFAULT CHARSET=utf8mb4 COLLATE=utf8mb4_unicode_ci;

--
-- Dumping data for table `users_cookie_security`
--

INSERT INTO `users_cookie_security` (`id`, `user_id`, `type`, `settings`, `created_at`) VALUES
(1, 1015, 'all', NULL, 1655621683),
(2, 1, 'all', NULL, 1655624844),
(3, 934, 'all', NULL, 1655627382),
(4, 1016, 'all', NULL, 1655790120),
(5, 930, 'all', NULL, 1655790832),
(6, 929, 'all', NULL, 1655799536),
(7, 995, 'all', NULL, 1655872658),
(8, 996, 'all', NULL, 1655875490),
(9, 923, 'all', NULL, 1656104015),
(10, 979, 'all', NULL, 1656139682),
(11, 1019, 'all', NULL, 1656571625);

-- --------------------------------------------------------

--
-- Table structure for table `users_manual_purchase`
--

CREATE TABLE `users_manual_purchase` (
  `id` int(10) UNSIGNED NOT NULL,
  `user_id` int(10) UNSIGNED NOT NULL,
  `webinar_id` int(10) UNSIGNED NOT NULL,
  `access` tinyint(1) NOT NULL DEFAULT 0,
  `created_at` bigint(20) UNSIGNED NOT NULL
) ENGINE=InnoDB DEFAULT CHARSET=utf8mb4 COLLATE=utf8mb4_unicode_ci;

-- --------------------------------------------------------

--
-- Table structure for table `users_metas`
--

CREATE TABLE `users_metas` (
  `id` int(10) UNSIGNED NOT NULL,
  `user_id` int(10) UNSIGNED NOT NULL,
  `name` varchar(255) NOT NULL,
  `value` text NOT NULL
) ENGINE=InnoDB DEFAULT CHARSET=utf8mb4 COLLATE=utf8mb4_unicode_ci;

--
-- Dumping data for table `users_metas`
--

INSERT INTO `users_metas` (`id`, `user_id`, `name`, `value`) VALUES
(21, 1016, 'education', 'BS in Mechanical Engineering from Santa Clara University'),
(22, 1016, 'education', 'MS in Mechanical Engineering from Santa Clara University'),
(23, 1016, 'experience', 'professional instructor and trainer for Data Science and programming'),
(24, 1016, 'experience', 'Head of Data Science for Pierian Data Inc'),
(25, 1015, 'experience', 'supporting proprietary Unix operating systems including AIX, HP-UX, and Solaris.'),
(26, 1015, 'experience', '10 years of experience working with Linux systems'),
(27, 1015, 'education', 'Red Hat Certified Engineer (RHCE)'),
(28, 1015, 'education', 'AWS Certified DevOps Engineer - Professional'),
(29, 1015, 'education', 'Linux Foundation Certified System Administrator'),
(30, 929, 'experience', 'Director at Cisco Systems 2015 - 2021'),
(31, 929, 'experience', 'research assistant at Harvard University 2010 - 2019'),
(32, 929, 'experience', 'Amazon bestselling author'),
(33, 923, 'experience', 'marketing strategies at Microlab 2010-2015'),
(34, 923, 'education', 'Associate of Business Administration from Imperial College London'),
(35, 923, 'education', 'Bachelor of International Business Economics from University of Cambridge'),
(36, 923, 'education', 'Master of Business Administration from King\'s College London'),
(37, 3, 'experience', 'Five-time TED speaker'),
(38, 3, 'education', 'Associate of Applied Business from Stanford University'),
(39, 3, 'education', 'Bachelor of Science in Business from Harvard University'),
(40, 3, 'education', 'Master of Computational Finance from University of Chicago'),
(41, 870, 'education', 'Associate in Physical Therapy from University of British Columbia'),
(42, 870, 'education', 'Bachelor of Arts in Psychology from Duke University'),
(43, 870, 'education', 'Master of Public Health from Cornell University'),
(44, 929, 'education', 'Associate of Applied Business from University of Leeds'),
(45, 929, 'education', 'Bachelor of Management and Organizational Studies from University of Sheffield'),
(46, 929, 'education', 'Master of Management from Durham University'),
(47, 934, 'education', 'Bachelor of Science in Information Technology from University of Glasgow'),
(48, 934, 'education', 'Master of Science in Information Systems (MSIS) from Delft University of Technology'),
(49, 934, 'experience', 'Web Developer at Uber 2015 - 2018'),
(50, 1015, 'education', 'Master of Science in Information Systems (MSIS) from University of Sydney'),
(51, 1016, 'gender', 'man'),
(52, 1016, 'age', '29'),
(53, 1016, 'address', 'Luib, 72 Wern Ddu Lane'),
(54, 1015, 'address', 'Al Wakrah ,27904 Hilpert Knoll'),
(55, 934, 'gender', 'woman'),
(56, 934, 'age', '32'),
(57, 934, 'address', 'OX7 3NH, England, Oxfordshire, Ascott-under-Wychwood'),
(58, 1015, 'gender', 'man'),
(59, 1015, 'age', '27'),
(60, 929, 'gender', 'woman'),
(61, 929, 'age', '24'),
(62, 929, 'address', '668, Katra Hira Lal, Chandni Chowk'),
(63, 870, 'gender', 'woman'),
(64, 870, 'age', '28'),
(65, 870, 'address', '99 boulevard de Prague'),
(66, 3, 'gender', 'man'),
(67, 3, 'age', '36'),
(68, 3, 'address', '638153, Tamil Nadu, Modakkurichi, Elumathur'),
(69, 859, 'age', '30'),
(70, 859, 'address', '6N736 MEDINAH RD , MEDINAH, IL'),
(71, 863, 'age', '22'),
(72, 863, 'address', '19, Janata Market, Nerul, Navi Mumbai'),
(73, 864, 'address', 'No. 13 Poultry Farm Ave., South Odorkor ESt.'),
(74, 867, 'address', 'Massachusetts, West Roxbury, 3979 Smith Street');

-- --------------------------------------------------------

--
-- Table structure for table `users_occupations`
--

CREATE TABLE `users_occupations` (
  `id` int(10) UNSIGNED NOT NULL,
  `user_id` int(10) UNSIGNED NOT NULL,
  `category_id` int(10) UNSIGNED NOT NULL
) ENGINE=InnoDB DEFAULT CHARSET=utf8mb4 COLLATE=utf8mb4_unicode_ci ROW_FORMAT=DYNAMIC;

--
-- Dumping data for table `users_occupations`
--

INSERT INTO `users_occupations` (`id`, `user_id`, `category_id`) VALUES
(1004, 1016, 520),
(1005, 1016, 606),
(1006, 1016, 607),
(1010, 1015, 609),
(1011, 1015, 606),
(1012, 1015, 607),
(1016, 867, 520),
(1017, 867, 525),
(1018, 867, 611),
(1019, 867, 606),
(1020, 867, 607),
(1021, 867, 608),
(1027, 929, 604),
(1028, 929, 525),
(1029, 929, 609),
(1030, 929, 610),
(1031, 929, 611),
(1032, 870, 523),
(1033, 870, 604),
(1034, 3, 602),
(1035, 3, 525),
(1036, 3, 609),
(1037, 3, 611),
(1038, 3, 606),
(1039, 934, 525),
(1040, 934, 606),
(1041, 934, 607),
(1042, 934, 608),
(1043, 923, 604),
(1044, 923, 609),
(1045, 923, 611),
(1050, 863, 601),
(1051, 863, 602),
(1052, 863, 603),
(1053, 863, 609),
(1054, 863, 611),
(1055, 864, 520),
(1056, 864, 601),
(1057, 864, 602),
(1058, 864, 603),
(1059, 868, 601),
(1060, 868, 602),
(1061, 868, 603),
(1062, 868, 523),
(1063, 868, 611),
(1064, 4, 520),
(1065, 4, 606),
(1066, 930, 520),
(1067, 859, 520),
(1068, 859, 601),
(1069, 859, 604),
(1070, 859, 611),
(1071, 995, 607);

-- --------------------------------------------------------

--
-- Table structure for table `users_registration_packages`
--

CREATE TABLE `users_registration_packages` (
  `id` bigint(20) UNSIGNED NOT NULL,
  `user_id` int(10) UNSIGNED NOT NULL,
  `instructors_count` int(11) DEFAULT NULL,
  `students_count` int(11) DEFAULT NULL,
  `courses_capacity` int(11) DEFAULT NULL,
  `courses_count` int(11) DEFAULT NULL,
  `meeting_count` int(11) DEFAULT NULL,
  `status` enum('disabled','active') NOT NULL,
  `created_at` int(10) UNSIGNED NOT NULL
) ENGINE=InnoDB DEFAULT CHARSET=utf8mb4 COLLATE=utf8mb4_unicode_ci;

-- --------------------------------------------------------

--
-- Table structure for table `users_zoom_api`
--

CREATE TABLE `users_zoom_api` (
  `id` int(10) UNSIGNED NOT NULL,
  `user_id` int(10) UNSIGNED NOT NULL,
  `jwt_token` text DEFAULT NULL,
  `api_key` text DEFAULT NULL,
  `api_secret` text DEFAULT NULL,
  `account_id` text DEFAULT NULL,
  `created_at` int(11) NOT NULL
) ENGINE=InnoDB DEFAULT CHARSET=utf8mb4 COLLATE=utf8mb4_unicode_ci;

--
-- Dumping data for table `users_zoom_api`
--

INSERT INTO `users_zoom_api` (`id`, `user_id`, `jwt_token`, `api_key`, `api_secret`, `account_id`, `created_at`) VALUES
(3, 1015, 'eyJhbGciOiJIUzI1NiJ9.eyJhdWQiOm51bGwsImlzcyI6IlJvSDREeURtU2lHQTNjMXhMejFoUWciLCJleHAiOjE3NjYyNTAwMDAsImlhdCI6MTYyNDk2NjMwM30.exdStLAnK4V4jIFd6CtLCX_4nvMYLpX1JqMj70If04s', 'x1u5-C4FSdGsqweFlMGO7A', 'AOtbi0nkg9ThD1DtlNUlQB9C8cV670eGzqQR', NULL, 1624966312);

-- --------------------------------------------------------

--
-- Table structure for table `user_banks`
--

CREATE TABLE `user_banks` (
  `id` int(10) UNSIGNED NOT NULL,
  `logo` varchar(255) NOT NULL,
  `created_at` bigint(20) UNSIGNED NOT NULL
) ENGINE=InnoDB DEFAULT CHARSET=utf8mb4 COLLATE=utf8mb4_unicode_ci;

--
-- Dumping data for table `user_banks`
--

INSERT INTO `user_banks` (`id`, `logo`, `created_at`) VALUES
(4, '/store/1/default_images/payment gateways/paypal.png', 1678874235),
(5, '/store/1/default_images/payment gateways/stripe.png', 1679090196);

-- --------------------------------------------------------

--
-- Table structure for table `user_bank_specifications`
--

CREATE TABLE `user_bank_specifications` (
  `id` int(10) UNSIGNED NOT NULL,
  `user_bank_id` int(10) UNSIGNED NOT NULL
) ENGINE=InnoDB DEFAULT CHARSET=utf8mb4 COLLATE=utf8mb4_unicode_ci;

--
-- Dumping data for table `user_bank_specifications`
--

INSERT INTO `user_bank_specifications` (`id`, `user_bank_id`) VALUES
(10, 4),
(11, 4),
(12, 5),
(13, 5);

-- --------------------------------------------------------

--
-- Table structure for table `user_bank_specification_translations`
--

CREATE TABLE `user_bank_specification_translations` (
  `id` int(10) UNSIGNED NOT NULL,
  `user_bank_specification_id` int(10) UNSIGNED NOT NULL,
  `locale` varchar(255) NOT NULL,
  `name` varchar(255) NOT NULL
) ENGINE=InnoDB DEFAULT CHARSET=utf8mb4 COLLATE=utf8mb4_unicode_ci;

--
-- Dumping data for table `user_bank_specification_translations`
--

INSERT INTO `user_bank_specification_translations` (`id`, `user_bank_specification_id`, `locale`, `name`) VALUES
(15, 10, 'en', 'Account Holder'),
(16, 11, 'en', 'Email'),
(17, 12, 'en', 'Account Holder'),
(18, 13, 'en', 'Account ID');

-- --------------------------------------------------------

--
-- Table structure for table `user_bank_translations`
--

CREATE TABLE `user_bank_translations` (
  `id` int(10) UNSIGNED NOT NULL,
  `user_bank_id` int(10) UNSIGNED NOT NULL,
  `locale` varchar(255) NOT NULL,
  `title` varchar(255) NOT NULL
) ENGINE=InnoDB DEFAULT CHARSET=utf8mb4 COLLATE=utf8mb4_unicode_ci;

--
-- Dumping data for table `user_bank_translations`
--

INSERT INTO `user_bank_translations` (`id`, `user_bank_id`, `locale`, `title`) VALUES
(6, 4, 'en', 'Paypal'),
(7, 5, 'en', 'Stripe');

-- --------------------------------------------------------

--
-- Table structure for table `user_commissions`
--

CREATE TABLE `user_commissions` (
  `id` int(10) UNSIGNED NOT NULL,
  `user_id` int(10) UNSIGNED DEFAULT NULL,
  `user_group_id` int(10) UNSIGNED DEFAULT NULL,
  `source` enum('courses','bundles','virtual_products','physical_products','meetings') NOT NULL,
  `type` enum('percent','fixed_amount') NOT NULL,
  `value` double(15,2) DEFAULT NULL
) ENGINE=InnoDB DEFAULT CHARSET=utf8mb4 COLLATE=utf8mb4_general_ci;

-- --------------------------------------------------------

--
-- Table structure for table `user_firebase_sessions`
--

CREATE TABLE `user_firebase_sessions` (
  `id` bigint(20) UNSIGNED NOT NULL,
  `user_id` int(10) UNSIGNED NOT NULL,
  `token` text NOT NULL,
  `fcm_token` text DEFAULT NULL,
  `ip` varchar(255) NOT NULL,
  `created_at` timestamp NULL DEFAULT NULL,
  `updated_at` timestamp NULL DEFAULT NULL
) ENGINE=InnoDB DEFAULT CHARSET=utf8mb4 COLLATE=utf8mb4_general_ci;

-- --------------------------------------------------------

--
-- Table structure for table `user_form_fields`
--

CREATE TABLE `user_form_fields` (
  `id` int(10) UNSIGNED NOT NULL,
  `user_id` int(10) UNSIGNED DEFAULT NULL,
  `become_instructor_id` int(10) UNSIGNED DEFAULT NULL,
  `form_field_id` int(10) UNSIGNED NOT NULL,
  `value` text DEFAULT NULL,
  `created_at` bigint(20) UNSIGNED NOT NULL
) ENGINE=InnoDB DEFAULT CHARSET=utf8mb4 COLLATE=utf8mb4_unicode_ci;

-- --------------------------------------------------------

--
-- Table structure for table `user_login_histories`
--

CREATE TABLE `user_login_histories` (
  `id` int(10) UNSIGNED NOT NULL,
  `user_id` int(10) UNSIGNED NOT NULL,
  `browser` varchar(255) DEFAULT NULL,
  `device` varchar(255) DEFAULT NULL,
  `os` varchar(255) DEFAULT NULL,
  `ip` varchar(255) DEFAULT NULL,
  `country` varchar(255) DEFAULT NULL,
  `city` varchar(255) DEFAULT NULL,
  `location` point DEFAULT NULL,
  `session_id` text NOT NULL,
  `session_start_at` bigint(20) UNSIGNED DEFAULT NULL,
  `session_end_at` bigint(20) UNSIGNED DEFAULT NULL,
  `end_session_type` enum('default','by_admin','by_user') DEFAULT NULL,
  `created_at` bigint(20) UNSIGNED NOT NULL
) ENGINE=InnoDB DEFAULT CHARSET=utf8mb4 COLLATE=utf8mb4_general_ci;

--
-- Dumping data for table `user_login_histories`
--

INSERT INTO `user_login_histories` (`id`, `user_id`, `browser`, `device`, `os`, `ip`, `country`, `city`, `location`, `session_id`, `session_start_at`, `session_end_at`, `end_session_type`, `created_at`) VALUES
(2, 1, 'Chrome', 'desktop', 'Windows-10.0', '65.21.56.119', 'Finland', 'Helsinki', 0x0000000001010000005917b7d100164e403a92cb7f48ef3840, 'kN18MMzWlxgPSWBWxXTly5a3YMFGEMV9Bms521UO', 1709191017, 1709547115, 'by_admin', 1709191017),
(3, 1, 'Chrome', 'desktop', 'Windows-10.0', '65.21.56.119', 'Finland', 'Helsinki', 0x0000000001010000005917b7d100164e403a92cb7f48ef3840, 'crWa1BxQByDdaaD7kpQbAxuIYPuQc8a88lq3NfkD', 1709199245, 1709547109, 'by_admin', 1709199245),
(8, 1, 'Chrome', 'desktop', 'Windows-10.0', '65.21.56.119', 'Finland', 'Helsinki', 0x0000000001010000005917b7d100164e403a92cb7f48ef3840, 'VEdsOBa2c1SpFhLq1pddkZBQoG6y1PckbYPg8uIV', 1709533376, 1709547103, 'by_admin', 1709533376),
(86, 1, 'Chrome', 'desktop', 'Windows-10.0', '193.29.107.178', 'Denmark', 'Randers', 0x00000000010100000034a2b437f83a4c4018265305a3122440, 'U2x5wv8EVq4pGKZrccyNmU6Vj5KWEuw9kLqAlA3N', 1750599255, NULL, NULL, 1750599255),
(123, 1, 'Chrome', 'desktop', 'Windows-10.0', '139.144.31.29', 'United States', 'Atlanta', 0x0000000001010000002b8716d9cedf40400612143fc61855c0, 'bWC8SCIjsbU6J64bSg9yLJ70XM3yWpZ5Y5HbLUKu', 1751355772, NULL, NULL, 1751355772),
(124, 1, 'Chrome', 'desktop', 'Windows-10.0', '144.126.204.39', 'United Kingdom', 'Slough', 0x000000000101000000d1915cfe43c2494017d9cef753e3e3bf, '9U8stbdVy1rdSu2V340r9zZacztsizQWpGXGGDbS', 1751415357, NULL, NULL, 1751415357),
(139, 1, 'Chrome', 'desktop', 'Windows-10.0', '172.238.224.93', 'Italy', 'Milan', 0x000000000101000000ea95b20c71bc46401895d40968622240, '0cYgmPnbAzuVMTEWM8uFtD1UHcQZGGal52T1JaLL', 1751692226, NULL, NULL, 1751692226),
(140, 995, 'Chrome', 'desktop', 'Windows-10.0', '172.238.224.93', 'Italy', 'Milan', 0x000000000101000000ea95b20c71bc46401895d40968622240, 'Tqjk3eDEpBbLE0g5Pf1jvfsQCrd1jpIzjWRXL3xE', 1751698369, NULL, NULL, 1751698369),
(141, 1015, 'Chrome', 'desktop', 'Windows-10.0', '172.238.224.93', 'Italy', 'Milan', 0x000000000101000000ea95b20c71bc46401895d40968622240, 'k0Q0ipKodPbPnCt2c0s1L26vFZ4mQSNSkVbfTM0W', 1751704179, 1751704454, 'default', 1751704179),
(145, 867, 'Chrome', 'desktop', 'Windows-10.0', '37.114.33.4', 'Germany', 'Frankfurt am Main', 0x0000000001010000002e90a0f8310e4940b03db324405d2140, 'W70lNhWVdisDhQd2sKOwiptBoiOPQVE80feRSsdQ', 1751710557, NULL, NULL, 1751710557),
(147, 1, 'Chrome', 'desktop', 'Windows-10.0', '5.157.22.146', 'Poland', 'Warsaw', 0x000000000101000000daacfa5c6d1d4a4051da1b7c61023540, 'XYkUhQQ32wlyYWdxFw6L7vSkFV2v1XSgfLTkvyT5', 1751715166, NULL, NULL, 1751715166),
(148, 1015, 'Chrome', 'desktop', 'Windows-10.0', '37.114.33.4', 'Germany', 'Frankfurt am Main', 0x0000000001010000002e90a0f8310e4940b03db324405d2140, '33UeagiOxDdEVnkZZQn0DwpBJpvlRcDMNYnT1VoI', 1751721285, 1751721364, 'default', 1751721285),
(155, 1, 'Chrome', 'desktop', 'Windows-10.0', '2.58.46.114', 'Denmark', 'Christianshavn', 0x000000000101000000bc0512143fd64b40a913d044d8302940, 'xPBMcI2xFHFoPzwN0xgpj5BAbDb8Cy7tt84Hwnsj', 1751731703, NULL, NULL, 1751731703),
(156, 1, 'Chrome', 'desktop', 'Windows-10.0', '192.46.208.243', 'India', 'Mumbai', 0x000000000101000000a5bdc117261333409b559fabad385240, 'qx3bqGu5DETqknyhs9mTqxnp8ZGfoLQ3qlz5AkoK', 1751732034, NULL, NULL, 1751732034),
(157, 1, 'Chrome', 'desktop', 'Windows-10.0', '172.238.224.216', 'Italy', 'Milan', 0x000000000101000000ea95b20c71bc46401895d40968622240, 'eYzTiV2iljoLLLNmnBKOkVTYAqn4E4YOcV08mIQU', 1751878091, NULL, NULL, 1751878091),
(158, 1, 'Chrome', 'desktop', 'Windows-10.0', '37.114.33.147', 'Germany', 'Frankfurt am Main', 0x0000000001010000002e90a0f8310e4940b03db324405d2140, 'l2vHgzoE7mIMDTk1PxGXjPs26PjYzERPUB50VX2u', 1752177181, NULL, NULL, 1752177181),
(159, 1014, 'Chrome', 'desktop', 'Windows-10.0', '37.114.33.147', 'Germany', 'Frankfurt am Main', 0x0000000001010000002e90a0f8310e4940b03db324405d2140, '6SayaLg13KovcGcWGiLapZEHhDY7OOMsHBNN1aNx', 1752177552, NULL, NULL, 1752177552),
(160, 1, 'Chrome', 'desktop', 'Windows-10.0', '5.75.176.250', 'Germany', 'Nuremberg', 0x0000000001010000001973d712f2b94840b98d06f016282640, 'v42k1yllX1Gei7JibedOdMqbL91Ot4gA4SU24BEV', 1752690394, NULL, NULL, 1752690394);

-- --------------------------------------------------------

--
-- Table structure for table `user_profile_attachments`
--

CREATE TABLE `user_profile_attachments` (
  `id` int(10) UNSIGNED NOT NULL,
  `user_id` int(10) UNSIGNED NOT NULL,
  `file_type` enum('pdf','powerpoint','sound','video','image','archive','document','project') NOT NULL,
  `attachment` varchar(255) DEFAULT NULL,
  `created_at` bigint(20) UNSIGNED NOT NULL
) ENGINE=InnoDB DEFAULT CHARSET=utf8mb4 COLLATE=utf8mb4_general_ci;

-- --------------------------------------------------------

--
-- Table structure for table `user_profile_attachment_translations`
--

CREATE TABLE `user_profile_attachment_translations` (
  `id` bigint(20) UNSIGNED NOT NULL,
  `user_profile_attachment_id` int(10) UNSIGNED NOT NULL,
  `locale` varchar(191) NOT NULL,
  `title` varchar(255) NOT NULL,
  `description` text DEFAULT NULL
) ENGINE=InnoDB DEFAULT CHARSET=utf8mb4 COLLATE=utf8mb4_general_ci;

-- --------------------------------------------------------

--
-- Table structure for table `user_selected_banks`
--

CREATE TABLE `user_selected_banks` (
  `id` int(10) UNSIGNED NOT NULL,
  `user_id` int(10) UNSIGNED NOT NULL,
  `user_bank_id` int(10) UNSIGNED NOT NULL
) ENGINE=InnoDB DEFAULT CHARSET=utf8mb4 COLLATE=utf8mb4_unicode_ci;

--
-- Dumping data for table `user_selected_banks`
--

INSERT INTO `user_selected_banks` (`id`, `user_id`, `user_bank_id`) VALUES
(2, 1015, 4),
(3, 995, 5),
(4, 867, 4);

-- --------------------------------------------------------

--
-- Table structure for table `user_selected_bank_specifications`
--

CREATE TABLE `user_selected_bank_specifications` (
  `id` int(10) UNSIGNED NOT NULL,
  `user_selected_bank_id` int(10) UNSIGNED NOT NULL,
  `user_bank_specification_id` int(10) UNSIGNED NOT NULL,
  `value` text NOT NULL
) ENGINE=InnoDB DEFAULT CHARSET=utf8mb4 COLLATE=utf8mb4_unicode_ci;

--
-- Dumping data for table `user_selected_bank_specifications`
--

INSERT INTO `user_selected_bank_specifications` (`id`, `user_selected_bank_id`, `user_bank_specification_id`, `value`) VALUES
(3, 2, 10, 'Robert Ransdell'),
(4, 2, 11, 'instructor@demo.com'),
(5, 3, 12, 'Camelia Schofield'),
(6, 3, 13, '467288129822'),
(7, 4, 10, 'Light Moon'),
(8, 4, 11, 'organization@demo.com');

-- --------------------------------------------------------

--
-- Table structure for table `verifications`
--

CREATE TABLE `verifications` (
  `id` int(10) UNSIGNED NOT NULL,
  `user_id` int(10) UNSIGNED DEFAULT NULL,
  `mobile` char(16) DEFAULT NULL,
  `email` char(64) DEFAULT NULL,
  `code` char(6) NOT NULL,
  `verified_at` int(10) UNSIGNED DEFAULT NULL,
  `expired_at` int(10) UNSIGNED DEFAULT NULL,
  `created_at` int(10) UNSIGNED NOT NULL
) ENGINE=InnoDB DEFAULT CHARSET=utf8mb4 COLLATE=utf8mb4_unicode_ci ROW_FORMAT=DYNAMIC;

--
-- Dumping data for table `verifications`
--

INSERT INTO `verifications` (`id`, `user_id`, `mobile`, `email`, `code`, `verified_at`, `expired_at`, `created_at`) VALUES
(57, 996, NULL, 'test@gmail.com', '52692', NULL, 1626247575, 1626243975),
(58, 995, NULL, 'student@demo.com', '30257', 1626246439, 1626246489, 1626246375),
(59, 1017, NULL, 'a.pmelaa@gmail.com', '86261', 1639378855, 1639378905, 1639378748),
(84, 1045, NULL, 'tyshun.zaydrian@foundtoo.com', '28503', 1678958778, 1678958828, 1678958736),
(85, 1046, NULL, 'kelii.kendryk@foundtoo.com', '69646', 1678959533, 1678959583, 1678959456);

-- --------------------------------------------------------

--
-- Table structure for table `visits_logs`
--

CREATE TABLE `visits_logs` (
  `id` int(10) UNSIGNED NOT NULL,
  `owner_id` int(10) UNSIGNED DEFAULT NULL,
  `targetable_id` int(10) UNSIGNED NOT NULL,
  `targetable_type` varchar(255) NOT NULL,
  `visitor_id` int(10) UNSIGNED DEFAULT NULL,
  `visitor_uid` varchar(255) DEFAULT NULL,
  `visited_at` bigint(20) UNSIGNED NOT NULL
) ENGINE=InnoDB DEFAULT CHARSET=utf8mb4 COLLATE=utf8mb4_general_ci;

--
-- Dumping data for table `visits_logs`
--

INSERT INTO `visits_logs` (`id`, `owner_id`, `targetable_id`, `targetable_type`, `visitor_id`, `visitor_uid`, `visited_at`) VALUES
(1, 870, 2022, 'App\\Models\\Webinar', 1015, '147a19179f47853eb101b9ee82b24c6b9d7e77e3', 1749284566),
(2, 870, 2022, 'App\\Models\\Webinar', 1015, 'e9173d012876fd705ca16b4ad26fe8dd61915a96', 1749395601),
(3, 870, 2022, 'App\\Models\\Webinar', NULL, '147a19179f47853eb101b9ee82b24c6b9d7e77e3', 1749400948),
(4, 3, 2001, 'App\\Models\\Webinar', 1015, 'e9173d012876fd705ca16b4ad26fe8dd61915a96', 1749401859),
(5, 3, 2001, 'App\\Models\\Webinar', NULL, '147a19179f47853eb101b9ee82b24c6b9d7e77e3', 1749401967),
(6, 870, 2022, 'App\\Models\\Webinar', 1, '147a19179f47853eb101b9ee82b24c6b9d7e77e3', 1749453441),
(7, 1015, 2008, 'App\\Models\\Webinar', 1, '147a19179f47853eb101b9ee82b24c6b9d7e77e3', 1749459563),
(8, 1014, 29, 'App\\Models\\Blog', NULL, '36362dc402a32a28c7ca62bd6213aedabe8df437', 1749683013),
(9, 1014, 28, 'App\\Models\\Blog', 1, 'f6bf1438e8be22d0ebb34a1d13e11721eec95645', 1749805039),
(10, 863, 2002, 'App\\Models\\Webinar', 1, 'e9173d012876fd705ca16b4ad26fe8dd61915a96', 1749806023),
(11, 1016, 1995, 'App\\Models\\Webinar', 1, 'e9173d012876fd705ca16b4ad26fe8dd61915a96', 1749806213),
(12, 1015, 2009, 'App\\Models\\Webinar', 1, 'e9173d012876fd705ca16b4ad26fe8dd61915a96', 1749806224),
(13, 1015, 2008, 'App\\Models\\Webinar', 1, '147a19179f47853eb101b9ee82b24c6b9d7e77e3', 1749821507),
(14, 934, 1997, 'App\\Models\\Webinar', 1, '147a19179f47853eb101b9ee82b24c6b9d7e77e3', 1749821677),
(15, 934, 2, 'App\\Models\\Product', NULL, 'b5f30bc1ed1eabec3fc8558ad0524f82a4599930', 1749888983),
(16, 1, 6, 'App\\Models\\Product', NULL, 'b5f30bc1ed1eabec3fc8558ad0524f82a4599930', 1749889047),
(17, 929, 3, 'App\\Models\\Bundle', NULL, '82449638b33f3156abc30e25fa66f4a305e13f5f', 1749893924),
(18, 934, 5, 'App\\Models\\UpcomingCourse', NULL, 'da2aada78330662352436877b00a7fb45d641340', 1749915613),
(19, 1015, 2008, 'App\\Models\\Webinar', 1, 'e9173d012876fd705ca16b4ad26fe8dd61915a96', 1749967775),
(20, 867, 2006, 'App\\Models\\Webinar', 1, 'e9173d012876fd705ca16b4ad26fe8dd61915a96', 1749967887),
(21, 929, 1999, 'App\\Models\\Webinar', 1, 'e9173d012876fd705ca16b4ad26fe8dd61915a96', 1749968894),
(22, 1016, 1995, 'App\\Models\\Webinar', 1, 'e9173d012876fd705ca16b4ad26fe8dd61915a96', 1749968998),
(23, 870, 2022, 'App\\Models\\Webinar', 1, 'e0c683a79bedde29694397047feca44a22de96a1', 1749970720),
(24, 929, 2010, 'App\\Models\\Webinar', 1, 'e0c683a79bedde29694397047feca44a22de96a1', 1749970725),
(25, 1015, 2008, 'App\\Models\\Webinar', 1, 'e0c683a79bedde29694397047feca44a22de96a1', 1749970726),
(26, 3, 2001, 'App\\Models\\Webinar', 1, 'e9173d012876fd705ca16b4ad26fe8dd61915a96', 1749971597),
(27, 867, 2000, 'App\\Models\\Webinar', 1, 'e9173d012876fd705ca16b4ad26fe8dd61915a96', 1749971680),
(28, 1015, 1998, 'App\\Models\\Webinar', 1, 'e9173d012876fd705ca16b4ad26fe8dd61915a96', 1749971814),
(29, 1015, 1996, 'App\\Models\\Webinar', 1, 'e9173d012876fd705ca16b4ad26fe8dd61915a96', 1749971989),
(30, 934, 1997, 'App\\Models\\Webinar', 1, 'e9173d012876fd705ca16b4ad26fe8dd61915a96', 1749972076),
(31, 1015, 2008, 'App\\Models\\Webinar', NULL, 'c840c6a3348d0357da6ffe5af85839a10ace4384', 1750002133),
(32, 1015, 1996, 'App\\Models\\Webinar', 1015, 'c840c6a3348d0357da6ffe5af85839a10ace4384', 1750030163),
(33, 934, 1997, 'App\\Models\\Webinar', 1, 'c840c6a3348d0357da6ffe5af85839a10ace4384', 1750069221),
(34, 1015, 2008, 'App\\Models\\Webinar', 1, 'c840c6a3348d0357da6ffe5af85839a10ace4384', 1750069482),
(35, 863, 2002, 'App\\Models\\Webinar', 1, 'c840c6a3348d0357da6ffe5af85839a10ace4384', 1750069496),
(36, 929, 3, 'App\\Models\\Bundle', 1, '974dc0748acf772728b9034bfb9dd76c33c0c320', 1750069585),
(37, 1014, 28, 'App\\Models\\Blog', 1, '71fefbd9d719833a357fda45da232ad2352d77e9', 1750070488),
(38, 3, 2001, 'App\\Models\\Webinar', 1, 'c840c6a3348d0357da6ffe5af85839a10ace4384', 1750073696),
(39, 4, 2005, 'App\\Models\\Webinar', 1, 'e9173d012876fd705ca16b4ad26fe8dd61915a96', 1750091643),
(40, 929, 2010, 'App\\Models\\Webinar', 1, 'c840c6a3348d0357da6ffe5af85839a10ace4384', 1750160258),
(41, 1016, 1995, 'App\\Models\\Webinar', 1, 'c840c6a3348d0357da6ffe5af85839a10ace4384', 1750162299),
(42, 1015, 2008, 'App\\Models\\Webinar', 1, 'c840c6a3348d0357da6ffe5af85839a10ace4384', 1750162326),
(43, 929, 5, 'App\\Models\\Bundle', 1, 'ecf496e930ef7772cf0203ed21378268c76afd44', 1750176773),
(44, 929, 1999, 'App\\Models\\Webinar', 1, '2a7846d3513816b26483b47b5bdf15cd0a2ade4c', 1750176782),
(45, 1015, 2060, 'App\\Models\\Webinar', 1, 'edc5911d695246c2d7660786844b2c04adfb9028', 1750207965),
(46, 929, 2061, 'App\\Models\\Webinar', 1, 'edc5911d695246c2d7660786844b2c04adfb9028', 1750208124),
(47, 870, 2055, 'App\\Models\\Webinar', 1, 'edc5911d695246c2d7660786844b2c04adfb9028', 1750208509),
(48, 3, 2054, 'App\\Models\\Webinar', 1, 'edc5911d695246c2d7660786844b2c04adfb9028', 1750208534),
(49, 929, 2052, 'App\\Models\\Webinar', 1, 'edc5911d695246c2d7660786844b2c04adfb9028', 1750208554),
(50, 929, 2061, 'App\\Models\\Webinar', NULL, 'c840c6a3348d0357da6ffe5af85839a10ace4384', 1750230100),
(51, 934, 2, 'App\\Models\\Bundle', 1, 'b9781498d14d312bc7042c8f188dd83d1795740d', 1750581060),
(52, 934, 1997, 'App\\Models\\Webinar', NULL, 'b5898f93e2755fe67cf139d033b8eb113ecbe565', 1750621227),
(53, 929, 2061, 'App\\Models\\Webinar', 1, '7e6e78964cd4e041aadfab6facc0edd988c321f8', 1750665557),
(54, 3, 2058, 'App\\Models\\Webinar', 1, 'a2fa228475eb1daf160c5313b0af80f55783817a', 1750757073),
(55, 1015, 2060, 'App\\Models\\Webinar', 1, '93e36c92b03a4e6cbdc2b52ec68051bff8a7c200', 1750922443),
(56, 929, 2004, 'App\\Models\\Webinar', 1, 'c52183086f7d353220efbb2e7b07e8e1d6afc75a', 1751126344),
(57, 929, 2004, 'App\\Models\\Webinar', 1, '0ce02ff8b1eae60458d575ce63a6eed3a6aedff8', 1751126742),
(58, 929, 6, 'App\\Models\\UpcomingCourse', 1, '24361efb32e4f5fb8c400e350793c9c0d8b298b0', 1751133193),
(59, 929, 6, 'App\\Models\\UpcomingCourse', NULL, '1b1cf38ef25c2e871cb3e21dbe5f7357caa4312c', 1751149446),
(60, 934, 1997, 'App\\Models\\Webinar', 1, '45d2e20c2f6faf423267cfb487c2f6a1513e39a0', 1751184159),
(61, 3, 2001, 'App\\Models\\Webinar', 1, '45d2e20c2f6faf423267cfb487c2f6a1513e39a0', 1751184160),
(62, 1015, 2060, 'App\\Models\\Webinar', 1, '45d2e20c2f6faf423267cfb487c2f6a1513e39a0', 1751184164),
(63, 934, 2059, 'App\\Models\\Webinar', 1, '45d2e20c2f6faf423267cfb487c2f6a1513e39a0', 1751184164),
(64, 1015, 2060, 'App\\Models\\Webinar', 995, 'd261dd4b2f49298070886ff9f97fe81edc834e89', 1751189703),
(65, 934, 2059, 'App\\Models\\Webinar', 995, 'd261dd4b2f49298070886ff9f97fe81edc834e89', 1751189723),
(66, 929, 2061, 'App\\Models\\Webinar', 995, 'd261dd4b2f49298070886ff9f97fe81edc834e89', 1751189730),
(67, 1015, 1998, 'App\\Models\\Webinar', 1015, 'd261dd4b2f49298070886ff9f97fe81edc834e89', 1751190718),
(68, 1015, 2009, 'App\\Models\\Webinar', 1015, 'd261dd4b2f49298070886ff9f97fe81edc834e89', 1751190719),
(69, 929, 2061, 'App\\Models\\Webinar', 1, '041e770cd3ace5d5c613b2a37905318aa5e0f386', 1751191433),
(70, 1015, 2060, 'App\\Models\\Webinar', 3, '72261824998dd0ef39f0989a72a720d763c4f19b', 1751213652),
(71, 1016, 2057, 'App\\Models\\Webinar', 3, '72261824998dd0ef39f0989a72a720d763c4f19b', 1751213672),
(72, 929, 2010, 'App\\Models\\Webinar', 3, '72261824998dd0ef39f0989a72a720d763c4f19b', 1751213695),
(73, 863, 2002, 'App\\Models\\Webinar', 870, 'c52183086f7d353220efbb2e7b07e8e1d6afc75a', 1751237251),
(74, 4, 2005, 'App\\Models\\Webinar', 870, 'c52183086f7d353220efbb2e7b07e8e1d6afc75a', 1751237282),
(75, 1016, 1995, 'App\\Models\\Webinar', 870, 'c52183086f7d353220efbb2e7b07e8e1d6afc75a', 1751237302),
(76, 864, 2003, 'App\\Models\\Webinar', 870, 'c52183086f7d353220efbb2e7b07e8e1d6afc75a', 1751237333),
(77, 1, 6, 'App\\Models\\Product', 1, '3151e2ba3c5842ec0a9b2def6599d605210c7353', 1751261400),
(78, 1, 6, 'App\\Models\\Product', 1, 'eded94d859165134c7b32b6c45a0887dbe025eed', 1751265146),
(79, 929, 2061, 'App\\Models\\Webinar', 1, '98aa73c83669a858bf46c1088c7ef60bacf31d07', 1751265365),
(80, 1, 9, 'App\\Models\\Product', NULL, '6d90d708e7812b6c432ab3ab1b4d6a2e3b6d2307', 1751450895),
(81, 1015, 5, 'App\\Models\\Product', NULL, '6d90d708e7812b6c432ab3ab1b4d6a2e3b6d2307', 1751450899),
(82, 1, 6, 'App\\Models\\Product', NULL, '6d90d708e7812b6c432ab3ab1b4d6a2e3b6d2307', 1751450899),
(83, 3, 2001, 'App\\Models\\Webinar', NULL, '63d44b7938cdad9565b3e2857b7db992de20cb5f', 1751452394),
(84, 1015, 2008, 'App\\Models\\Webinar', NULL, '491b76c7a9af369c7097b81adad94a453604321e', 1751618215),
(85, 1016, 2057, 'App\\Models\\Webinar', NULL, '491b76c7a9af369c7097b81adad94a453604321e', 1751618233),
(86, 929, 2010, 'App\\Models\\Webinar', NULL, '491b76c7a9af369c7097b81adad94a453604321e', 1751621583),
(87, 1015, 2009, 'App\\Models\\Webinar', NULL, '491b76c7a9af369c7097b81adad94a453604321e', 1751621583),
(88, 870, 2022, 'App\\Models\\Webinar', NULL, '491b76c7a9af369c7097b81adad94a453604321e', 1751621633),
(89, 923, 2053, 'App\\Models\\Webinar', 1, '491b76c7a9af369c7097b81adad94a453604321e', 1751622807),
(90, 934, 2059, 'App\\Models\\Webinar', 1, '491b76c7a9af369c7097b81adad94a453604321e', 1751623209),
(91, 1015, 2060, 'App\\Models\\Webinar', 1, '491b76c7a9af369c7097b81adad94a453604321e', 1751623209),
(92, 1015, 2060, 'App\\Models\\Webinar', 1, '96e6d9f929433f59c7825770f6ecb48bc1b547b7', 1751628759),
(93, 3, 2054, 'App\\Models\\Webinar', 1, '96e6d9f929433f59c7825770f6ecb48bc1b547b7', 1751632143),
(94, 870, 2055, 'App\\Models\\Webinar', 1, '96e6d9f929433f59c7825770f6ecb48bc1b547b7', 1751632147),
(95, 1015, 1996, 'App\\Models\\Webinar', 1, '5aaff264e70ae4ba6070f30c6c7073f88be282ea', 1751646134),
(96, 867, 2000, 'App\\Models\\Webinar', 1, '5aaff264e70ae4ba6070f30c6c7073f88be282ea', 1751646136),
(97, 1016, 1995, 'App\\Models\\Webinar', 1, '5aaff264e70ae4ba6070f30c6c7073f88be282ea', 1751646136),
(98, 929, 2061, 'App\\Models\\Webinar', 1, 'f031517539d65dfd761514086029fb7f9d466727', 1751661671),
(99, 870, 2022, 'App\\Models\\Webinar', 1, 'f031517539d65dfd761514086029fb7f9d466727', 1751661682),
(100, 929, 2010, 'App\\Models\\Webinar', 1, 'f031517539d65dfd761514086029fb7f9d466727', 1751661682),
(101, 1015, 2009, 'App\\Models\\Webinar', 1, 'f031517539d65dfd761514086029fb7f9d466727', 1751662039),
(102, 1015, 2008, 'App\\Models\\Webinar', 1, 'f031517539d65dfd761514086029fb7f9d466727', 1751662040),
(103, 1015, 2008, 'App\\Models\\Webinar', 1, '3315556865c6f09f99889cd20f2b9deb32896f44', 1751668416),
(104, 1015, 2008, 'App\\Models\\Webinar', NULL, '3315556865c6f09f99889cd20f2b9deb32896f44', 1751688488),
(105, 929, 2010, 'App\\Models\\Webinar', NULL, '3315556865c6f09f99889cd20f2b9deb32896f44', 1751688489),
(106, 870, 2022, 'App\\Models\\Webinar', NULL, '3315556865c6f09f99889cd20f2b9deb32896f44', 1751688489),
(107, 863, 2002, 'App\\Models\\Webinar', 1, '302ba29c172597b0ee656aa0b125a946da6e9514', 1751703053),
(108, 867, 2000, 'App\\Models\\Webinar', 995, '3315556865c6f09f99889cd20f2b9deb32896f44', 1751714645),
(109, 867, 2006, 'App\\Models\\Webinar', NULL, '3315556865c6f09f99889cd20f2b9deb32896f44', 1751714833),
(110, 929, 2010, 'App\\Models\\Webinar', 995, '85ad43490865b2ca92751085e5b44d87f3cd784d', 1751721616),
(111, 1015, 1996, 'App\\Models\\Webinar', 1015, 'c527295d4a8afd0bee5ae1bd9b5b9c7a64dabab7', 1751723954),
(112, 1015, 2060, 'App\\Models\\Webinar', 1046, '98aa73c83669a858bf46c1088c7ef60bacf31d07', 1751729732);

-- --------------------------------------------------------

--
-- Table structure for table `waitlists`
--

CREATE TABLE `waitlists` (
  `id` int(10) UNSIGNED NOT NULL,
  `webinar_id` int(10) UNSIGNED NOT NULL,
  `user_id` int(10) UNSIGNED DEFAULT NULL,
  `full_name` varchar(255) DEFAULT NULL,
  `email` varchar(255) DEFAULT NULL,
  `phone` varchar(255) DEFAULT NULL,
  `created_at` bigint(20) UNSIGNED NOT NULL
) ENGINE=InnoDB DEFAULT CHARSET=utf8mb4 COLLATE=utf8mb4_unicode_ci;

--
-- Dumping data for table `waitlists`
--

INSERT INTO `waitlists` (`id`, `webinar_id`, `user_id`, `full_name`, `email`, `phone`, `created_at`) VALUES
(1, 2009, 1017, NULL, NULL, NULL, 1678955365),
(2, 2009, 4, NULL, NULL, NULL, 1678955432),
(3, 2009, 868, NULL, NULL, NULL, 1678955461),
(4, 2009, NULL, 'Eliza Canales', 'Eliza22@yahoo.com', '3094027575', 1678958278);

-- --------------------------------------------------------

--
-- Table structure for table `webinars`
--

CREATE TABLE `webinars` (
  `id` int(10) UNSIGNED NOT NULL,
  `teacher_id` int(10) UNSIGNED NOT NULL,
  `creator_id` int(10) UNSIGNED NOT NULL,
  `category_id` int(10) UNSIGNED DEFAULT NULL,
  `type` enum('webinar','course','text_lesson') NOT NULL,
  `private` tinyint(1) NOT NULL DEFAULT 0,
  `slug` varchar(255) NOT NULL,
  `start_date` int(11) DEFAULT NULL,
  `duration` int(10) UNSIGNED DEFAULT NULL,
  `timezone` varchar(255) DEFAULT NULL,
  `thumbnail` varchar(255) DEFAULT NULL,
  `image_cover` varchar(255) DEFAULT NULL,
  `video_demo` varchar(255) DEFAULT NULL,
  `video_demo_source` enum('upload','youtube','vimeo','external_link','google_drive','iframe','s3','secure_host') DEFAULT NULL,
  `icon` varchar(255) DEFAULT NULL,
  `capacity` int(10) UNSIGNED DEFAULT NULL,
  `sales_count_number` int(10) UNSIGNED DEFAULT NULL,
  `price` double(15,2) UNSIGNED DEFAULT NULL,
  `organization_price` double(15,2) UNSIGNED DEFAULT NULL,
  `support` tinyint(1) DEFAULT 0,
  `certificate` tinyint(1) NOT NULL DEFAULT 0,
  `downloadable` tinyint(1) DEFAULT 0,
  `partner_instructor` tinyint(1) DEFAULT 0,
  `subscribe` tinyint(1) DEFAULT 0,
  `forum` tinyint(1) NOT NULL DEFAULT 0,
  `enable_waitlist` tinyint(1) NOT NULL DEFAULT 0,
  `access_days` int(10) UNSIGNED DEFAULT NULL COMMENT 'Number of days to access the course',
  `points` int(11) DEFAULT NULL,
  `message_for_reviewer` text DEFAULT NULL,
  `status` enum('active','pending','is_draft','inactive') NOT NULL,
  `created_at` int(11) NOT NULL,
  `updated_at` int(11) DEFAULT NULL,
  `deleted_at` int(11) DEFAULT NULL
) ENGINE=InnoDB DEFAULT CHARSET=utf8mb4 COLLATE=utf8mb4_unicode_ci ROW_FORMAT=DYNAMIC;

--
-- Dumping data for table `webinars`
--

INSERT INTO `webinars` (`id`, `teacher_id`, `creator_id`, `category_id`, `type`, `private`, `slug`, `start_date`, `duration`, `timezone`, `thumbnail`, `image_cover`, `video_demo`, `video_demo_source`, `icon`, `capacity`, `sales_count_number`, `price`, `organization_price`, `support`, `certificate`, `downloadable`, `partner_instructor`, `subscribe`, `forum`, `enable_waitlist`, `access_days`, `points`, `message_for_reviewer`, `status`, `created_at`, `updated_at`, `deleted_at`) VALUES
(1995, 1016, 1016, 611, 'course', 0, 'Become-a-Product-Manager', NULL, 150, 'America/New_York', '/store/1016/1.jpg', '/store/1016/1_c.jpg', '/store/1016/Become A Product Manager.mp4', 'upload', '/store/1/default_images/courses/icons/course_icon20.svg', NULL, NULL, NULL, NULL, 1, 0, 1, 0, 0, 0, 0, NULL, NULL, NULL, 'active', 1624867858, 1751704110, NULL),
(1996, 1015, 1015, 606, 'webinar', 0, 'Learn-Linux-in-5-Days', 1625859000, 450, 'America/New_York', '/store/1015/hero (6).jpg', '/store/1015/6.jpg', '/store/1015/Learn Linux In 5 Days.mp4', 'upload', '/store/1/default_images/courses/icons/course_icon28.svg', 10, NULL, NULL, NULL, 1, 0, 0, 0, 0, 0, 0, NULL, NULL, 'Can I add a new session to my class after it is published?', 'active', 1624943782, 1751704077, NULL),
(1997, 934, 934, 606, 'text_lesson', 0, 'Learn-Python-Programming', NULL, 35, 'America/New_York', '/store/934/Python for Beginners.jpg', '/store/934/hero (4).jpg', '/store/934/Python for Beginners.mp4', 'upload', '/store/1/default_images/courses/icons/course_icon29.svg', NULL, NULL, NULL, NULL, 1, 1, 0, 0, 0, 0, 0, NULL, NULL, 'thank you .', 'active', 1624954285, 1751703473, NULL),
(1998, 1015, 1015, 609, 'webinar', 0, 'Excel-from-Beginner-to-Advanced', 1773952200, 100, 'America/New_York', '/store/1015/Excel from Beginner to Advanced.jpg', '/store/1015/11.jpg', '/store/1015/Microsoft Excel - Excel from Beginner to Advanced.mkv', 'upload', '/store/1/default_images/courses/icons/course_icon27.svg', 50, NULL, 100.00, NULL, 1, 0, 0, 1, 1, 0, 0, NULL, NULL, 'thank you.', 'active', 1624965321, 1751704084, NULL),
(1999, 929, 929, 610, 'course', 0, 'How-to-Manage-Your-Virtual-Team', NULL, 90, 'America/New_York', '/store/929/How to Manage & Influence Your Virtual Team.jpg', '/store/929/How to Manage & Influence Your Virtual Team_c.jpg.png', '/store/929/How To Manage & Influence Your Virtual Team.mkv', 'upload', '/store/1/default_images/courses/icons/course_icon19.svg', NULL, NULL, 50.00, NULL, 0, 1, 1, 0, 1, 0, 0, NULL, 500, 'I solved the problems you mentioned', 'active', 1625037906, 1751704103, NULL),
(2000, 923, 867, 609, 'webinar', 0, 'Effective-Time-Management', 1690846200, 90, 'America/New_York', '/store/867/Effective Time Management.jpg', '/store/867/Effective Time Management_c.png', '/store/867/Effective Time Management.mkv', 'upload', '/store/1/default_images/courses/icons/course_icon26.svg', 10, NULL, 30.00, NULL, 0, 1, 0, 0, 0, 0, 0, NULL, NULL, NULL, 'active', 1625044975, 1751703312, NULL),
(2001, 3, 3, 606, 'webinar', 0, 'Learn-and-Understand-AngularJS', 1702153800, 60, 'America/New_York', '/store/3/Learn and Understand AngularJS.jpg', '/store/3/Learn and Understand AngularJS_c.png', '/store/3/Learn and Understand AngularJS.mkv', 'upload', '/store/1/default_images/courses/icons/course_icon25.svg', 10, NULL, 20.00, NULL, 1, 1, 0, 0, 0, 0, 0, NULL, NULL, 'I corrected the session dates. Thanks', 'active', 1625074163, 1751704097, NULL),
(2002, 870, 863, 523, 'webinar', 0, 'Health-And-Fitness-Masterclass', 1625081400, 60, 'America/New_York', '/store/863/Health And Fitness Masterclass Beginner To Advanced.jpg', '/store/863/Health And Fitness Masterclass Beginner To Advanced_c.png', '/store/863/Health And Fitness Masterclass- Beginner To Advanced.mkv', 'upload', '/store/1/default_images/courses/icons/course_icon24.svg', 5, NULL, 20.00, NULL, 1, 1, 0, 0, 1, 0, 0, NULL, NULL, 'Thank you for your good services.', 'active', 1625122618, 1751703241, NULL),
(2003, 3, 864, 610, 'webinar', 0, 'Active-Listening-You-Can-Be-a-Great-Listener', 1696105800, 75, 'America/New_York', '/store/864/couple-listening-music.jpg', '/store/864/Active Listening You Can Be a Great Listener_c.png', '/store/864/Active Listening- You Can Be a Great Listener.mkv', 'upload', '/store/1/default_images/courses/icons/course_icon23.svg', 10, NULL, 40.00, NULL, 1, 1, 0, 0, 0, 0, 0, NULL, NULL, 'I modified the files again. Thanks', 'active', 1625299225, 1751704090, NULL),
(2004, 929, 929, 602, 'course', 0, 'The-Future-of-Energy', NULL, 70, 'America/New_York', '/store/929/The Future of Energy.jpg', '/store/929/The Future of Energy_c.jpg', '/store/929/The Future of Energy.mkv', 'upload', '/store/1/default_images/courses/icons/course_icon18.svg', NULL, NULL, 60.00, NULL, 1, 0, 1, 0, 1, 0, 0, NULL, 600, NULL, 'active', 1625685324, 1751701500, NULL),
(2005, 934, 4, 520, 'course', 0, 'Web-Design-for-Beginners', NULL, 105, 'America/New_York', '/store/4/Web Design for Beginners.jpg', '/store/4/Web Design for Beginners_c.jpg', '/store/4/Web Designing for Beginners.mkv', 'upload', '/store/1/default_images/courses/icons/course_icon17.svg', NULL, NULL, 10.00, NULL, 1, 0, 0, 1, 1, 0, 0, NULL, 200, 'thank you', 'active', 1625689958, 1751701491, NULL),
(2006, 923, 867, 604, 'webinar', 0, 'How-to-Travel-Around-the-World', 1646197200, 150, 'America/New_York', '/store/867/How to Travel Around the World on a Budget.jpg', '/store/867/How to Travel Around the World on a Budget_c.jpg', '/store/867/How to Travel Around the World on a Budget.mkv', 'upload', '/store/1/default_images/courses/icons/course_icon22.svg', 5, NULL, 25.00, NULL, 1, 1, 1, 0, 1, 0, 0, NULL, NULL, 'I edited the text of the course. Thank', 'active', 1625693895, 1751703153, NULL),
(2007, 1015, 867, 604, 'course', 1, 'Travel-Management-Course', NULL, 60, 'America/New_York', '/store/867/Travel Management Course.jpg', '/store/867/Travel Management Course_c.jpg', '/store/867/How to Travel Around the World on a Budget.mkv', 'upload', '/store/1/default_images/courses/icons/course_icon16.svg', NULL, NULL, NULL, NULL, 1, 1, 1, 0, 0, 0, 0, NULL, NULL, NULL, 'active', 1626207424, 1751701485, NULL),
(2008, 1015, 1015, 604, 'course', 0, 'New-Learning-Page', NULL, 210, 'America/New_York', '/store/1015/The Professional Guitar Masterclass.jpg', '/store/1015/The Professional Guitar Masterclass_c.jpg', 'https://youtu.be/6Vo2v7WCyTs', 'youtube', '/store/1/default_images/courses/icons/course_icon15.svg', NULL, NULL, NULL, NULL, 1, 1, 1, 1, 1, 1, 0, NULL, NULL, NULL, 'active', 1646118189, 1751704049, NULL),
(2009, 1015, 1015, 610, 'webinar', 0, 'New-in-App-Live-System', 1772348400, 150, 'America/New_York', '/store/1015/new_live_system.jpg', '/store/1015/new_live_system_c.jpg', '/store/1015/Learn Linux In 5 Days.mp4', 'upload', '/store/1/default_images/courses/icons/course_icon21.svg', 10, NULL, 10.00, NULL, 1, 0, 0, 0, 0, 0, 1, NULL, 200, NULL, 'active', 1646171664, 1751703147, NULL),
(2010, 929, 929, 603, 'course', 0, 'New-Update-Features', NULL, 90, 'America/New_York', '/store/929/update_1.6.jpg', '/store/929/update_1.6_c.jpg', NULL, NULL, '/store/1/default_images/courses/icons/course_icon14.svg', NULL, NULL, NULL, NULL, 1, 1, 1, 1, 0, 1, 0, 365, NULL, 'Thank you.', 'active', 1655799277, 1751701374, NULL),
(2022, 870, 870, 611, 'course', 0, 'Installment-feature', NULL, 90, 'America/New_York', '/store/870/Installment.jpg', '/store/870/Installment_c.jpg', NULL, NULL, '/store/1/default_images/courses/icons/course_icon13.svg', NULL, NULL, 100.00, NULL, 1, 1, 1, 0, 0, 1, 0, 365, NULL, 'Thank you for reviewing.', 'active', 1678910860, 1751701348, NULL),
(2050, 1015, 1015, 520, 'course', 0, 'UI-UX-Design-Fundamentals', NULL, 180, 'America/New_York', '/store/1/default_images/courses/course1.jpg', '/store/1015/Excel from Beginner to Advanced.jpg', '/store/1015/Learn Linux In 5 Days.mp4', 'upload', '/store/1/default_images/courses/icons/course_icon12.svg', NULL, NULL, 40.00, NULL, 1, 1, 1, 0, 0, 1, 0, 365, 300, NULL, 'active', 1710000000, 1751701316, NULL),
(2051, 934, 934, 520, 'course', 0, 'Advanced-UI-Design-Masterclass', NULL, 210, 'America/New_York', '/store/1/default_images/courses/course2.jpg', '/store/934/hero (4).jpg', '/store/934/Python for Beginners.mp4', 'upload', '/store/1/default_images/courses/icons/course_icon11.svg', NULL, NULL, 79.99, NULL, 1, 1, 1, 0, 0, 1, 0, 365, 400, NULL, 'active', 1710010000, 1751701308, NULL),
(2052, 929, 929, 520, 'course', 0, 'UX-Research-and-User-Testing', NULL, 150, 'America/New_York', '/store/1/default_images/courses/course3.jpg', '/store/929/How to Manage & Influence Your Virtual Team_c.jpg.png', '/store/929/How To Manage & Influence Your Virtual Team.mkv', 'upload', '/store/1/default_images/courses/icons/course_icon10.svg', NULL, NULL, 60.00, NULL, 1, 1, 1, 0, 0, 1, 0, 365, 350, NULL, 'active', 1710020000, 1751701298, NULL),
(2053, 923, 923, 520, 'course', 0, 'Mobile-UI-Design-Patterns', NULL, 180, 'America/New_York', '/store/1/default_images/courses/course4.jpg', '/store/867/Effective Time Management_c.png', '/store/867/Effective Time Management.mkv', 'upload', '/store/1/default_images/courses/icons/course_icon9.svg', NULL, NULL, 70.00, NULL, 1, 1, 1, 0, 0, 1, 0, 365, 375, NULL, 'active', 1710030000, 1751701290, NULL),
(2054, 3, 3, 520, 'course', 0, 'Design-Systems-Workshop', NULL, 160, 'America/New_York', '/store/1/default_images/courses/course5.jpg', '/store/3/Learn and Understand AngularJS_c.png', '/store/3/Learn and Understand AngularJS.mkv', 'upload', '/store/1/default_images/courses/icons/course_icon8.svg', NULL, NULL, 110.00, NULL, 1, 1, 1, 0, 0, 1, 0, NULL, 425, NULL, 'active', 1710040000, 1751701282, NULL),
(2055, 870, 870, 520, 'course', 0, 'UI-Animation-and-Micro-interactions', NULL, 140, 'America/New_York', '/store/1/default_images/courses/course6.jpg', '/store/863/Health And Fitness Masterclass Beginner To Advanced_c.png', '/store/863/Health And Fitness Masterclass- Beginner To Advanced.mkv', 'upload', '/store/1/default_images/courses/icons/course_icon7.svg', NULL, NULL, 25.00, NULL, 1, 1, 1, 0, 0, 1, 0, 365, 380, NULL, 'active', 1710050000, 1751701274, NULL),
(2056, 864, 864, 520, 'course', 0, 'Figma-for-UI-UX-Designers', NULL, 190, 'America/New_York', '/store/1/default_images/courses/course7.jpg', '/store/864/Active Listening You Can Be a Great Listener_c.png', '/store/864/Active Listening- You Can Be a Great Listener.mkv', 'upload', '/store/1/default_images/courses/icons/course_icon6.svg', NULL, NULL, 65.00, NULL, 1, 1, 1, 0, 0, 1, 0, 365, 360, NULL, 'active', 1710060000, 1751701264, NULL),
(2057, 1016, 1016, 520, 'course', 0, 'Accessibility-in-UI-UX-Design', NULL, 170, 'America/New_York', '/store/1/default_images/courses/course8.jpg', '/store/1016/1_c.jpg', '/store/1016/Become A Product Manager.mp4', 'upload', '/store/1/default_images/courses/icons/course_icon5.svg', NULL, NULL, 55.00, NULL, 1, 1, 1, 0, 0, 1, 0, 365, 330, NULL, 'active', 1710070000, 1751701253, NULL),
(2058, 3, 3, 606, 'course', 0, 'Full-Stack-JavaScript-Development', NULL, 220, 'America/New_York', '/store/1/default_images/courses/course9.jpg', '/store/3/Learn and Understand AngularJS_c.png', '/store/3/Learn and Understand AngularJS.mkv', 'upload', '/store/1/default_images/courses/icons/course_icon4.svg', NULL, NULL, 80.00, NULL, 1, 1, 1, 0, 0, 1, 0, NULL, 450, NULL, 'active', 1710080000, 1751701234, NULL),
(2059, 934, 934, 606, 'course', 0, 'Python-for-Data-Science', NULL, 200, 'America/New_York', '/store/1/default_images/courses/course10.jpg', '/store/934/hero (4).jpg', '/store/934/Python for Beginners.mp4', 'upload', '/store/1/default_images/courses/icons/course_icon3.svg', NULL, NULL, 10.00, NULL, 1, 1, 1, 0, 0, 1, 0, NULL, 425, NULL, 'active', 1710090000, 1751701223, NULL),
(2060, 1015, 1015, 606, 'course', 0, 'Mobile-App-Development-with-React-Native', NULL, 210, 'America/New_York', '/store/1/default_images/courses/course11.jpg', '/store/1015/Excel from Beginner to Advanced.jpg', '/store/1015/Learn Linux In 5 Days.mp4', 'upload', '/store/1/default_images/courses/icons/course_icon2.svg', NULL, NULL, 30.00, NULL, 1, 1, 1, 0, 0, 1, 0, 365, 440, NULL, 'active', 1710100000, 1751701212, NULL),
(2061, 929, 929, 606, 'course', 0, 'Backend-Development-with-Node-js', NULL, 190, 'America/New_York', '/store/1/default_images/courses/course12.jpg', '/store/929/How to Manage & Influence Your Virtual Team_c.jpg.png', '/store/929/How To Manage & Influence Your Virtual Team.mkv', 'upload', '/store/1/default_images/courses/icons/course_icon1.svg', NULL, NULL, 25.00, NULL, 1, 1, 1, 0, 0, 1, 0, 180, 410, NULL, 'active', 1710110000, 1751701125, NULL);

-- --------------------------------------------------------

--
-- Table structure for table `webinar_assignments`
--

CREATE TABLE `webinar_assignments` (
  `id` int(10) UNSIGNED NOT NULL,
  `creator_id` int(10) UNSIGNED NOT NULL,
  `webinar_id` int(10) UNSIGNED NOT NULL,
  `chapter_id` int(10) UNSIGNED NOT NULL,
  `grade` int(10) UNSIGNED DEFAULT NULL,
  `pass_grade` int(10) UNSIGNED DEFAULT NULL,
  `deadline` int(10) UNSIGNED DEFAULT NULL,
  `attempts` int(10) UNSIGNED DEFAULT NULL,
  `check_previous_parts` tinyint(1) NOT NULL DEFAULT 0,
  `access_after_day` int(10) UNSIGNED DEFAULT NULL,
  `status` enum('active','inactive') NOT NULL,
  `created_at` bigint(20) UNSIGNED NOT NULL
) ENGINE=InnoDB DEFAULT CHARSET=utf8mb4 COLLATE=utf8mb4_unicode_ci;

--
-- Dumping data for table `webinar_assignments`
--

INSERT INTO `webinar_assignments` (`id`, `creator_id`, `webinar_id`, `chapter_id`, `grade`, `pass_grade`, `deadline`, `attempts`, `check_previous_parts`, `access_after_day`, `status`, `created_at`) VALUES
(1, 929, 2010, 31, 100, 70, 180, 5, 0, NULL, 'active', 1655801119),
(2, 1015, 2008, 34, 100, 75, 250, 1, 0, NULL, 'active', 1656407252);

-- --------------------------------------------------------

--
-- Table structure for table `webinar_assignment_attachments`
--

CREATE TABLE `webinar_assignment_attachments` (
  `id` bigint(20) UNSIGNED NOT NULL,
  `creator_id` int(10) UNSIGNED NOT NULL,
  `assignment_id` int(10) UNSIGNED NOT NULL,
  `title` varchar(255) NOT NULL,
  `attach` varchar(255) NOT NULL
) ENGINE=InnoDB DEFAULT CHARSET=utf8mb4 COLLATE=utf8mb4_unicode_ci;

--
-- Dumping data for table `webinar_assignment_attachments`
--

INSERT INTO `webinar_assignment_attachments` (`id`, `creator_id`, `assignment_id`, `title`, `attach`) VALUES
(3, 929, 1, 'Assignment File', '/store/929/Sample_PDF.pdf'),
(4, 1015, 2, 'Homework File', '/store/1015/Documentation.pdf');

-- --------------------------------------------------------

--
-- Table structure for table `webinar_assignment_history`
--

CREATE TABLE `webinar_assignment_history` (
  `id` int(10) UNSIGNED NOT NULL,
  `instructor_id` int(10) UNSIGNED NOT NULL,
  `student_id` int(10) UNSIGNED NOT NULL,
  `assignment_id` int(10) UNSIGNED NOT NULL,
  `grade` int(10) UNSIGNED DEFAULT NULL,
  `status` enum('pending','passed','not_passed','not_submitted') NOT NULL,
  `created_at` bigint(20) UNSIGNED NOT NULL
) ENGINE=InnoDB DEFAULT CHARSET=utf8mb4 COLLATE=utf8mb4_unicode_ci;

--
-- Dumping data for table `webinar_assignment_history`
--

INSERT INTO `webinar_assignment_history` (`id`, `instructor_id`, `student_id`, `assignment_id`, `grade`, `status`, `created_at`) VALUES
(1, 929, 995, 1, 80, 'passed', 1655872680),
(2, 929, 930, 1, 75, 'passed', 1655877115),
(3, 929, 996, 1, 50, 'not_passed', 1656219608),
(4, 1015, 996, 2, 60, 'not_passed', 1656407301),
(10, 1015, 995, 2, NULL, 'not_submitted', 1750162430);

-- --------------------------------------------------------

--
-- Table structure for table `webinar_assignment_history_messages`
--

CREATE TABLE `webinar_assignment_history_messages` (
  `id` int(10) UNSIGNED NOT NULL,
  `assignment_history_id` int(10) UNSIGNED NOT NULL,
  `sender_id` int(10) UNSIGNED NOT NULL,
  `message` text NOT NULL,
  `file_title` varchar(255) DEFAULT NULL,
  `file_path` varchar(255) DEFAULT NULL,
  `created_at` bigint(20) UNSIGNED NOT NULL
) ENGINE=InnoDB DEFAULT CHARSET=utf8mb4 COLLATE=utf8mb4_unicode_ci;

--
-- Dumping data for table `webinar_assignment_history_messages`
--

INSERT INTO `webinar_assignment_history_messages` (`id`, `assignment_history_id`, `sender_id`, `message`, `file_title`, `file_path`, `created_at`) VALUES
(1, 2, 930, 'Hi,\r\nI attached my homework.\r\nPlease review it and inform me if it has a problem.\r\nRegards.', 'Jade Harrison Homework', '/store/930/homework.docx', 1655877736),
(2, 2, 929, 'Hi,\r\nThank you for your answers.\r\nHave a good day.', NULL, NULL, 1655877887),
(3, 1, 995, 'Hi, I attached my homework. Please review it and inform me if it has a problem. Regards.', 'Cameron Schofield Homework', '/store/995/homework.docx', 1655878091),
(4, 1, 929, 'Hi,\r\nI reviewed your answers.\r\nPlease check the attached file and solve the problems.\r\nRegards.', 'Cameron Schofield Homework problems', '/store/929/Sample_PDF.pdf', 1655878235),
(5, 1, 995, 'Hi, Thank you.\r\nI attached it again.\r\nPlease recheck it.\r\nRegards.', 'Cameron Schofield Homework fixed', '/store/995/homework.docx', 1655878364),
(6, 1, 929, 'Thank you.', NULL, NULL, 1655878537),
(7, 3, 996, 'Hi,\r\nI attached my answers.\r\nRegards.', 'Robert B. Gray Assignment', '/store/996/lmX4K.png', 1656219737),
(8, 4, 996, 'Hi,\r\nI attached my homework.\r\nPlease review it.\r\nRegards.', 'my first submit', '/store/996/lmX4K.png', 1656407360);

-- --------------------------------------------------------

--
-- Table structure for table `webinar_assignment_translations`
--

CREATE TABLE `webinar_assignment_translations` (
  `id` bigint(20) UNSIGNED NOT NULL,
  `locale` varchar(255) NOT NULL,
  `webinar_assignment_id` int(10) UNSIGNED NOT NULL,
  `title` text NOT NULL,
  `description` text NOT NULL
) ENGINE=InnoDB DEFAULT CHARSET=utf8mb4 COLLATE=utf8mb4_unicode_ci;

--
-- Dumping data for table `webinar_assignment_translations`
--

INSERT INTO `webinar_assignment_translations` (`id`, `locale`, `webinar_assignment_id`, `title`, `description`) VALUES
(1, 'en', 1, 'Students Assignment', 'Homework, or a homework assignment, is a set of tasks assigned to students by their teachers to be completed outside the classroom.\r\nThe effects of homework are debated. Generally speaking, homework does not improve academic performance among young children. Homework may improve academic skills among older students, especially lower-achieving students. However, homework also creates stress for students and parents and reduces the amount of time that students can spend on other activities.\r\n\r\nPlease send the assignments within the specified deadline.'),
(2, 'en', 2, 'Mid-term Homework', 'A  Homework to test yourself on your grasp of CSS and reassure yourself that you\'ve got this!\r\nPlease send your homework as soon as possible.\r\nRegards.');

-- --------------------------------------------------------

--
-- Table structure for table `webinar_chapters`
--

CREATE TABLE `webinar_chapters` (
  `id` int(10) UNSIGNED NOT NULL,
  `user_id` int(10) UNSIGNED NOT NULL,
  `webinar_id` int(10) UNSIGNED NOT NULL,
  `order` int(10) UNSIGNED DEFAULT NULL,
  `check_all_contents_pass` tinyint(1) NOT NULL DEFAULT 0,
  `status` enum('active','inactive') NOT NULL DEFAULT 'active',
  `created_at` int(10) UNSIGNED NOT NULL
) ENGINE=InnoDB DEFAULT CHARSET=utf8mb4 COLLATE=utf8mb4_unicode_ci;

--
-- Dumping data for table `webinar_chapters`
--

INSERT INTO `webinar_chapters` (`id`, `user_id`, `webinar_id`, `order`, `check_all_contents_pass`, `status`, `created_at`) VALUES
(2, 1015, 2007, NULL, 0, 'active', 1635407804),
(3, 867, 2007, NULL, 0, 'active', 1635407977),
(4, 1016, 1995, NULL, 0, 'active', 1635410840),
(5, 867, 2006, NULL, 0, 'active', 1635412019),
(6, 867, 2006, NULL, 0, 'active', 1635412070),
(7, 4, 2005, NULL, 0, 'active', 1635412460),
(8, 929, 2004, NULL, 0, 'active', 1635412622),
(9, 929, 1999, NULL, 0, 'active', 1635412731),
(10, 929, 1999, NULL, 0, 'active', 1635414134),
(11, 1016, 1995, NULL, 0, 'active', 1635416511),
(12, 864, 2003, NULL, 0, 'active', 1635416675),
(13, 864, 2003, NULL, 0, 'active', 1635416784),
(14, 863, 2002, NULL, 0, 'active', 1635416977),
(15, 863, 2002, NULL, 0, 'active', 1635417025),
(16, 3, 2001, NULL, 0, 'active', 1635417112),
(17, 3, 2001, NULL, 0, 'active', 1635417172),
(18, 867, 2000, NULL, 0, 'active', 1635417285),
(19, 867, 2000, NULL, 0, 'active', 1635417326),
(20, 1015, 1998, NULL, 0, 'active', 1635417480),
(21, 1015, 1998, NULL, 0, 'active', 1635417524),
(22, 1015, 1996, NULL, 0, 'active', 1635417655),
(23, 1015, 1996, NULL, 0, 'active', 1635417695),
(24, 934, 1997, NULL, 0, 'active', 1635417828),
(26, 934, 1997, NULL, 0, 'active', 1635417896),
(28, 1015, 2008, NULL, 0, 'active', 1646118899),
(29, 1015, 2008, NULL, 0, 'active', 1646119712),
(30, 1015, 2009, NULL, 0, 'active', 1646171933),
(31, 929, 2010, NULL, 0, 'active', 1655799483),
(32, 929, 2010, NULL, 1, 'active', 1655801203),
(33, 929, 2010, NULL, 0, 'active', 1655801453),
(34, 1015, 2008, NULL, 0, 'active', 1655975170),
(41, 870, 2022, NULL, 0, 'active', 1678911205),
(100, 1015, 2050, 1, 0, 'active', 1710000100),
(101, 1015, 2050, 2, 0, 'active', 1710000200),
(102, 1015, 2050, 3, 0, 'active', 1710000300),
(103, 1015, 2050, 4, 0, 'active', 1710000400),
(104, 934, 2051, 1, 0, 'active', 1710010100),
(105, 934, 2051, 2, 0, 'active', 1710010200),
(106, 934, 2051, 3, 0, 'active', 1710010300),
(107, 934, 2051, 4, 0, 'active', 1710010400),
(108, 929, 2052, 1, 0, 'active', 1710020100),
(109, 929, 2052, 2, 0, 'active', 1710020200),
(110, 929, 2052, 3, 0, 'active', 1710020300),
(111, 929, 2052, 4, 0, 'active', 1710020400),
(112, 923, 2053, 1, 0, 'active', 1710030100),
(113, 923, 2053, 2, 0, 'active', 1710030200),
(114, 923, 2053, 3, 0, 'active', 1710030300),
(115, 923, 2053, 4, 0, 'active', 1710030400),
(116, 3, 2054, 1, 0, 'active', 1710040100),
(117, 3, 2054, 2, 0, 'active', 1710040200),
(118, 3, 2054, 3, 0, 'active', 1710040300),
(119, 3, 2054, 4, 0, 'active', 1710040400),
(120, 870, 2055, 1, 0, 'active', 1710050100),
(121, 870, 2055, 2, 0, 'active', 1710050200),
(122, 870, 2055, 3, 0, 'active', 1710050300),
(123, 870, 2055, 4, 0, 'active', 1710050400),
(124, 864, 2056, 1, 0, 'active', 1710060100),
(125, 864, 2056, 2, 0, 'active', 1710060200),
(126, 864, 2056, 3, 0, 'active', 1710060300),
(127, 864, 2056, 4, 0, 'active', 1710060400),
(128, 1016, 2057, 1, 0, 'active', 1710070100),
(129, 1016, 2057, 2, 0, 'active', 1710070200),
(130, 1016, 2057, 3, 0, 'active', 1710070300),
(131, 1016, 2057, 4, 0, 'active', 1710070400),
(132, 3, 2058, 1, 0, 'active', 1710080100),
(133, 3, 2058, 2, 0, 'active', 1710080200),
(134, 3, 2058, 3, 0, 'active', 1710080300),
(135, 3, 2058, 4, 0, 'active', 1710080400),
(136, 934, 2059, 1, 0, 'active', 1710090100),
(137, 934, 2059, 2, 0, 'active', 1710090200),
(138, 934, 2059, 3, 0, 'active', 1710090300),
(139, 934, 2059, 4, 0, 'active', 1710090400),
(140, 1015, 2060, 1, 0, 'active', 1710100100),
(141, 1015, 2060, 2, 0, 'active', 1710100200),
(142, 1015, 2060, 3, 0, 'active', 1710100300),
(143, 1015, 2060, 4, 0, 'active', 1710100400),
(144, 929, 2061, 1, 0, 'active', 1710110100),
(145, 929, 2061, 2, 0, 'active', 1710110200),
(146, 929, 2061, 3, 0, 'active', 1710110300),
(147, 929, 2061, 4, 0, 'active', 1710110400);

-- --------------------------------------------------------

--
-- Table structure for table `webinar_chapter_items`
--

CREATE TABLE `webinar_chapter_items` (
  `id` bigint(20) UNSIGNED NOT NULL,
  `user_id` int(10) UNSIGNED NOT NULL,
  `chapter_id` int(10) UNSIGNED NOT NULL,
  `item_id` int(10) UNSIGNED NOT NULL,
  `type` enum('file','session','text_lesson','quiz','assignment') NOT NULL,
  `order` int(10) UNSIGNED DEFAULT NULL,
  `created_at` bigint(20) UNSIGNED NOT NULL
) ENGINE=InnoDB DEFAULT CHARSET=utf8mb4 COLLATE=utf8mb4_unicode_ci;

--
-- Dumping data for table `webinar_chapter_items`
--

INSERT INTO `webinar_chapter_items` (`id`, `user_id`, `chapter_id`, `item_id`, `type`, `order`, `created_at`) VALUES
(1, 1016, 4, 31, 'file', 1, 1624869878),
(2, 1016, 4, 32, 'file', 2, 1624870086),
(3, 1016, 11, 33, 'file', 1, 1624871143),
(4, 1016, 4, 34, 'file', 3, 1624942577),
(5, 934, 24, 35, 'file', 1, 1624956937),
(6, 1015, 20, 36, 'file', 1, 1624966718),
(7, 929, 9, 37, 'file', 1, 1625038371),
(8, 929, 9, 38, 'file', 2, 1625038447),
(9, 929, 10, 39, 'file', 4, 1625038633),
(10, 929, 10, 40, 'file', 1, 1625039003),
(11, 929, 10, 41, 'file', 3, 1625039096),
(12, 929, 10, 42, 'file', 2, 1625039180),
(13, 867, 18, 43, 'file', 1, 1625045148),
(14, 863, 14, 44, 'file', 1, 1625123527),
(15, 864, 12, 45, 'file', 1, 1625300200),
(16, 929, 8, 46, 'file', 2, 1625685492),
(17, 929, 8, 47, 'file', 1, 1625685578),
(18, 929, 8, 48, 'file', 3, 1625685691),
(19, 4, 7, 49, 'file', 1, 1625690308),
(20, 4, 7, 50, 'file', 2, 1625690699),
(21, 4, 7, 51, 'file', 3, 1625690835),
(22, 867, 5, 52, 'file', 1, 1625694176),
(23, 867, 5, 53, 'file', 2, 1625694214),
(24, 867, 6, 54, 'file', 2, 1625694330),
(25, 867, 6, 55, 'file', 1, 1625694401),
(26, 867, 2, 56, 'file', 1, 1626234339),
(27, 867, 2, 57, 'file', 2, 1626234398),
(28, 867, 3, 58, 'file', 1, 1626234448),
(29, 867, 3, 59, 'file', 2, 1626234512),
(30, 1015, 28, 60, 'file', 1, 1646119189),
(31, 1015, 28, 61, 'file', 2, 1646119460),
(32, 1015, 28, 62, 'file', 3, 1646119651),
(33, 1015, 29, 63, 'file', 1, 1646120871),
(34, 1015, 29, 64, 'file', 2, 1646124099),
(35, 1015, 29, 65, 'file', 3, 1646124765),
(36, 1015, 29, 66, 'file', 4, 1646124966),
(37, 1015, 29, 67, 'file', 5, 1646125437),
(38, 1015, 29, 68, 'file', 6, 1646126002),
(39, 1015, 29, 69, 'file', 7, 1646126305),
(40, 1015, 29, 70, 'file', 8, 1646126442),
(41, 1015, 29, 71, 'file', 9, 1646127121),
(42, 1015, 29, 72, 'file', 10, 1646130252),
(43, 1015, 29, 73, 'file', 11, 1646130397),
(44, 1015, 22, 52, 'session', 1, 1624944778),
(45, 1015, 23, 53, 'session', 1, 1624944860),
(46, 1015, 23, 54, 'session', 2, 1624944947),
(47, 1015, 23, 55, 'session', 3, 1624944997),
(48, 1015, 23, 56, 'session', 4, 1624945056),
(49, 1015, 21, 59, 'session', 1, 1624966322),
(50, 1015, 21, 60, 'session', 2, 1624966428),
(51, 1015, 21, 61, 'session', 3, 1624966659),
(52, 867, 19, 62, 'session', 1, 1625045297),
(53, 867, 19, 63, 'session', 2, 1625045392),
(54, 867, 19, 64, 'session', 3, 1625045465),
(55, 3, 16, 65, 'session', 1, 1625078642),
(56, 3, 17, 66, 'session', 1, 1625078804),
(57, 3, 17, 67, 'session', 2, 1625079005),
(58, 863, 15, 68, 'session', 1, 1625122908),
(59, 863, 15, 69, 'session', 2, 1625122957),
(60, 863, 15, 70, 'session', 3, 1625123036),
(61, 864, 13, 71, 'session', 1, 1625299964),
(62, 864, 13, 72, 'session', 2, 1625300053),
(63, 864, 13, 73, 'session', 3, 1625300165),
(64, 1015, 30, 74, 'session', 1, 1646172799),
(65, 1015, 30, 75, 'session', 2, 1646172930),
(66, 1015, 30, 76, 'session', 3, 1646391211),
(67, 934, 26, 13, 'text_lesson', 1, 1624954655),
(68, 934, 26, 14, 'text_lesson', 2, 1624954929),
(69, 934, 26, 15, 'text_lesson', 3, 1624956733),
(70, 1016, 4, 28, 'quiz', 4, 1624872015),
(72, 3, 16, 31, 'quiz', 2, 1625079329),
(75, 1015, 22, 34, 'quiz', 2, 1625951477),
(77, 929, 31, 74, 'file', 1, 1655799640),
(78, 929, 31, 75, 'file', 3, 1655799735),
(79, 929, 31, 76, 'file', 4, 1655800074),
(80, 929, 31, 1, 'assignment', 2, 1655801119),
(81, 929, 32, 77, 'file', 1, 1655801400),
(82, 929, 33, 78, 'file', 1, 1655801529),
(83, 1015, 34, 2, 'assignment', 1, 1656407252),
(209, 870, 41, 94, 'file', 1, 1678911505),
(210, 870, 41, 95, 'file', 2, 1678911686),
(211, 1015, 34, 35, 'quiz', 2, 1751668872),
(212, 1015, 20, 33, 'quiz', 2, 1751668970),
(214, 929, 9, 30, 'quiz', 3, 1751669119),
(215, 3, 13, 32, 'quiz', 4, 1751698765);

-- --------------------------------------------------------

--
-- Table structure for table `webinar_chapter_translations`
--

CREATE TABLE `webinar_chapter_translations` (
  `id` bigint(20) UNSIGNED NOT NULL,
  `webinar_chapter_id` int(10) UNSIGNED NOT NULL,
  `locale` varchar(255) NOT NULL,
  `title` varchar(255) NOT NULL
) ENGINE=InnoDB DEFAULT CHARSET=utf8mb4 COLLATE=utf8mb4_unicode_ci;

--
-- Dumping data for table `webinar_chapter_translations`
--

INSERT INTO `webinar_chapter_translations` (`id`, `webinar_chapter_id`, `locale`, `title`) VALUES
(2, 2, 'en', 'Introduction'),
(3, 3, 'en', 'General Advice & Tips'),
(4, 4, 'en', 'Before Starting the Course'),
(5, 5, 'en', 'Let\'s Start!'),
(6, 6, 'en', 'Ready to go?'),
(7, 7, 'en', 'Essentials'),
(8, 8, 'en', 'Exponential'),
(9, 9, 'en', 'Introduction'),
(10, 10, 'en', 'Tactics of Influence & Persuasion'),
(11, 11, 'en', 'Ideas and User Needs'),
(12, 12, 'en', 'Introduction'),
(13, 13, 'en', 'Why Active Listening?'),
(14, 14, 'en', 'Introduction'),
(15, 15, 'en', 'Setting Up Your Fitness Diet'),
(16, 16, 'en', 'Getting Started'),
(17, 17, 'en', 'Model, View, Whatever...'),
(18, 18, 'en', 'Introduction'),
(19, 19, 'en', 'Effective Time Management'),
(20, 20, 'en', 'Introduction'),
(21, 21, 'en', 'Microsoft Excel Fundamentals'),
(22, 22, 'en', 'Overview'),
(23, 23, 'en', 'Start learning'),
(24, 24, 'en', 'Introduction'),
(26, 26, 'en', 'Stepping into the World of Python'),
(28, 28, 'en', 'SCORM Files'),
(29, 29, 'en', 'Different File Types'),
(30, 30, 'en', 'Introduction'),
(31, 31, 'en', 'First Chapter'),
(32, 32, 'en', 'Second Chapter'),
(33, 33, 'en', 'Final Chapter'),
(34, 34, 'en', 'Assignments'),
(42, 41, 'en', 'Section 1: Introduction to Secure Host'),
(43, 100, 'en', 'Introduction to UI/UX'),
(44, 100, 'ar', 'مقدمة في تصميم واجهة وتجربة المستخدم'),
(45, 100, 'es', 'Introducción al Diseño UI/UX'),
(46, 101, 'en', 'User Research & Personas'),
(47, 101, 'ar', 'بحث المستخدم والشخصيات الافتراضية'),
(48, 101, 'es', 'Investigación de Usuarios y Personas'),
(49, 102, 'en', 'Wireframing & Prototyping'),
(50, 102, 'ar', 'التخطيط السلكي والنمذجة الأولية'),
(51, 102, 'es', 'Wireframing y Prototipado'),
(52, 103, 'en', 'Usability Testing & Iteration'),
(53, 103, 'ar', 'اختبار قابلية الاستخدام والتكرار'),
(54, 103, 'es', 'Pruebas de Usabilidad e Iteración'),
(55, 104, 'en', 'Advanced Visual Design'),
(56, 104, 'ar', 'التصميم البصري المتقدم'),
(57, 104, 'es', 'Diseño Visual Avanzado'),
(58, 105, 'en', 'Complex Interaction Patterns'),
(59, 105, 'ar', 'أنماط التفاعل المعقدة'),
(60, 105, 'es', 'Patrones de Interacción Complejos'),
(61, 106, 'en', 'Design Systems & Consistency'),
(62, 106, 'ar', 'أنظمة التصميم والاتساق'),
(63, 106, 'es', 'Sistemas de Diseño y Consistencia'),
(64, 107, 'en', 'Scalable UI Projects'),
(65, 107, 'ar', 'مشاريع واجهة مستخدم قابلة للتوسع'),
(66, 107, 'es', 'Proyectos de UI Escalables'),
(67, 108, 'en', 'Introduction to UX Research'),
(68, 108, 'ar', 'مقدمة في أبحاث تجربة المستخدم'),
(69, 108, 'es', 'Introducción a la Investigación UX'),
(70, 109, 'en', 'User Interviews & Surveys'),
(71, 109, 'ar', 'مقابلات المستخدم والاستبيانات'),
(72, 109, 'es', 'Entrevistas y Encuestas a Usuarios'),
(73, 110, 'en', 'Usability & A/B Testing'),
(74, 110, 'ar', 'اختبار قابلية الاستخدام واختبار A/B'),
(75, 110, 'es', 'Pruebas de Usabilidad y A/B'),
(76, 111, 'en', 'Data Analysis & Design Decisions'),
(77, 111, 'ar', 'تحليل البيانات وقرارات التصميم'),
(78, 111, 'es', 'Análisis de Datos y Decisiones de Diseño'),
(79, 112, 'en', 'Mobile UI Fundamentals'),
(80, 112, 'ar', 'أساسيات تصميم واجهة الجوال'),
(81, 112, 'es', 'Fundamentos de UI Móvil'),
(82, 113, 'en', 'Navigation & Content Organization'),
(83, 113, 'ar', 'التنقل وتنظيم المحتوى'),
(84, 113, 'es', 'Navegación y Organización de Contenido'),
(85, 114, 'en', 'Touch Interactions & Gestures'),
(86, 114, 'ar', 'التفاعلات اللمسية والإيماءات'),
(87, 114, 'es', 'Interacciones Táctiles y Gestos'),
(88, 115, 'en', 'Platform Guidelines (iOS & Android)'),
(89, 115, 'ar', 'إرشادات المنصات (iOS و Android)'),
(90, 115, 'es', 'Guías de Plataforma (iOS y Android)'),
(91, 116, 'en', 'Design System Basics'),
(92, 116, 'ar', 'أساسيات أنظمة التصميم'),
(93, 116, 'es', 'Fundamentos de Sistemas de Diseño'),
(94, 117, 'en', 'Component Libraries'),
(95, 117, 'ar', 'مكتبات المكونات'),
(96, 117, 'es', 'Bibliotecas de Componentes'),
(97, 118, 'en', 'Documentation & Guidelines'),
(98, 118, 'ar', 'التوثيق والإرشادات'),
(99, 118, 'es', 'Documentación y Guías'),
(100, 119, 'en', 'Adoption & Maintenance'),
(101, 119, 'ar', 'التبني والصيانة'),
(102, 119, 'es', 'Adopción y Mantenimiento'),
(103, 120, 'en', 'UI Animation Principles'),
(104, 120, 'ar', 'مبادئ تحريك واجهة المستخدم'),
(105, 120, 'es', 'Principios de Animación UI'),
(106, 121, 'en', 'Micro-interactions Design'),
(107, 121, 'ar', 'تصميم التفاعلات الصغيرة'),
(108, 121, 'es', 'Diseño de Microinteracciones'),
(109, 122, 'en', 'Tools & Techniques'),
(110, 122, 'ar', 'الأدوات والتقنيات'),
(111, 122, 'es', 'Herramientas y Técnicas'),
(112, 123, 'en', 'Practical Animation Projects'),
(113, 123, 'ar', 'مشاريع تحريك عملية'),
(114, 123, 'es', 'Proyectos Prácticos de Animación'),
(115, 124, 'en', 'Getting Started with Figma'),
(116, 124, 'ar', 'البدء مع فيجما'),
(117, 124, 'es', 'Comenzando con Figma'),
(118, 125, 'en', 'UI Components in Figma'),
(119, 125, 'ar', 'مكونات واجهة المستخدم في فيجما'),
(120, 125, 'es', 'Componentes UI en Figma'),
(121, 126, 'en', 'Prototyping & Collaboration'),
(122, 126, 'ar', 'النمذجة الأولية والتعاون'),
(123, 126, 'es', 'Prototipado y Colaboración'),
(124, 127, 'en', 'Design Handoff & Export'),
(125, 127, 'ar', 'تسليم التصميم والتصدير'),
(126, 127, 'es', 'Entrega y Exportación de Diseño'),
(127, 128, 'en', 'Accessibility Basics'),
(128, 128, 'ar', 'أساسيات الوصول الرقمي'),
(129, 128, 'es', 'Fundamentos de Accesibilidad'),
(130, 129, 'en', 'Designing for All Users'),
(131, 129, 'ar', 'التصميم لجميع المستخدمين'),
(132, 129, 'es', 'Diseño para Todos los Usuarios'),
(133, 130, 'en', 'Testing Accessibility'),
(134, 130, 'ar', 'اختبار الوصول'),
(135, 130, 'es', 'Pruebas de Accesibilidad'),
(136, 131, 'en', 'Accessible UI Patterns'),
(137, 131, 'ar', 'أنماط واجهة مستخدم قابلة للوصول'),
(138, 131, 'es', 'Patrones de UI Accesibles'),
(139, 132, 'en', 'Full Stack Overview'),
(140, 132, 'ar', 'نظرة عامة على الفول ستاك'),
(141, 132, 'es', 'Visión General Full Stack'),
(142, 133, 'en', 'Frontend with React'),
(143, 133, 'ar', 'الواجهة الأمامية مع React'),
(144, 133, 'es', 'Frontend con React'),
(145, 134, 'en', 'Backend with Node.js'),
(146, 134, 'ar', 'الواجهة الخلفية مع Node.js'),
(147, 134, 'es', 'Backend con Node.js'),
(148, 135, 'en', 'Deployment & Testing'),
(149, 135, 'ar', 'النشر والاختبار'),
(150, 135, 'es', 'Despliegue y Pruebas'),
(151, 136, 'en', 'Python for Data Science'),
(152, 136, 'ar', 'بايثون لعلوم البيانات'),
(153, 136, 'es', 'Python para Ciencia de Datos'),
(154, 137, 'en', 'Data Analysis with Pandas'),
(155, 137, 'ar', 'تحليل البيانات باستخدام Pandas'),
(156, 137, 'es', 'Análisis de Datos con Pandas'),
(157, 138, 'en', 'Visualization & Matplotlib'),
(158, 138, 'ar', 'التصور البياني وMatplotlib'),
(159, 138, 'es', 'Visualización y Matplotlib'),
(160, 139, 'en', 'Machine Learning Basics'),
(161, 139, 'ar', 'أساسيات تعلم الآلة'),
(162, 139, 'es', 'Fundamentos de Machine Learning'),
(163, 140, 'en', 'React Native Fundamentals'),
(164, 140, 'ar', 'أساسيات React Native'),
(165, 140, 'es', 'Fundamentos de React Native'),
(166, 141, 'en', 'Navigation & State Management'),
(167, 141, 'ar', 'التنقل وإدارة الحالة'),
(168, 141, 'es', 'Navegación y Gestión de Estado'),
(169, 142, 'en', 'Native APIs & Device Features'),
(170, 142, 'ar', 'واجهات برمجة التطبيقات الأصلية وميزات الجهاز'),
(171, 142, 'es', 'APIs Nativas y Funciones del Dispositivo'),
(172, 143, 'en', 'Publishing & Optimization'),
(173, 143, 'ar', 'النشر والتحسين'),
(174, 143, 'es', 'Publicación y Optimización'),
(175, 144, 'en', 'Node.js Backend Basics'),
(176, 144, 'ar', 'أساسيات Node.js Backend'),
(177, 144, 'es', 'Fundamentos de Node.js Backend'),
(178, 145, 'en', 'RESTful APIs & Databases'),
(179, 145, 'ar', 'واجهات برمجة التطبيقات RESTful وقواعد البيانات'),
(180, 145, 'es', 'APIs RESTful y Bases de Datos'),
(181, 146, 'en', 'Authentication & Security'),
(182, 146, 'ar', 'المصادقة والأمان'),
(183, 146, 'es', 'Autenticación y Seguridad'),
(184, 147, 'en', 'Deployment & Real-time Features'),
(185, 147, 'ar', 'النشر والميزات اللحظية'),
(186, 147, 'es', 'Despliegue y Funciones en Tiempo Real');

-- --------------------------------------------------------

--
-- Table structure for table `webinar_extra_descriptions`
--

CREATE TABLE `webinar_extra_descriptions` (
  `id` int(10) UNSIGNED NOT NULL,
  `creator_id` int(10) UNSIGNED NOT NULL,
  `webinar_id` int(10) UNSIGNED DEFAULT NULL,
  `upcoming_course_id` int(10) UNSIGNED DEFAULT NULL,
  `type` enum('learning_materials','company_logos','requirements') NOT NULL,
  `order` int(10) UNSIGNED DEFAULT NULL,
  `created_at` bigint(20) UNSIGNED NOT NULL
) ENGINE=InnoDB DEFAULT CHARSET=utf8mb4 COLLATE=utf8mb4_unicode_ci;

--
-- Dumping data for table `webinar_extra_descriptions`
--

INSERT INTO `webinar_extra_descriptions` (`id`, `creator_id`, `webinar_id`, `upcoming_course_id`, `type`, `order`, `created_at`) VALUES
(1, 929, 2010, NULL, 'learning_materials', NULL, 1655803120),
(2, 929, 2010, NULL, 'learning_materials', NULL, 1655803131),
(3, 929, 2010, NULL, 'learning_materials', NULL, 1655803150),
(4, 929, 2010, NULL, 'learning_materials', NULL, 1655803174),
(9, 929, 2010, NULL, 'requirements', NULL, 1655804489),
(10, 929, 2010, NULL, 'requirements', NULL, 1655804502),
(11, 929, 2010, NULL, 'requirements', NULL, 1655804514),
(12, 929, 2010, NULL, 'requirements', NULL, 1655804529),
(13, 929, 2010, NULL, 'company_logos', NULL, 1655871591),
(14, 929, 2010, NULL, 'company_logos', NULL, 1655871600),
(15, 929, 2010, NULL, 'company_logos', NULL, 1655871608),
(16, 929, 2010, NULL, 'company_logos', NULL, 1655871622),
(17, 1015, 2008, NULL, 'company_logos', NULL, 1656220273),
(18, 1015, 2008, NULL, 'company_logos', NULL, 1656220284),
(19, 1015, 2008, NULL, 'company_logos', NULL, 1656220295),
(20, 1015, 2008, NULL, 'company_logos', NULL, 1656220306),
(21, 1015, 2008, NULL, 'requirements', NULL, 1656220352),
(22, 1015, 2008, NULL, 'requirements', NULL, 1656220362),
(23, 1015, 2008, NULL, 'requirements', NULL, 1656220373),
(24, 1015, 2008, NULL, 'learning_materials', NULL, 1656220401),
(25, 1015, 2008, NULL, 'learning_materials', NULL, 1656220412),
(26, 1015, 2008, NULL, 'learning_materials', NULL, 1656220456),
(27, 1015, 2008, NULL, 'learning_materials', NULL, 1656220468),
(28, 1015, 2008, NULL, 'learning_materials', NULL, 1656220486),
(29, 1015, NULL, 3, 'learning_materials', 1, 1678876303),
(30, 1015, NULL, 3, 'learning_materials', 2, 1678876310),
(31, 1015, NULL, 3, 'requirements', 1, 1678876326),
(32, 1016, NULL, 4, 'requirements', 1, 1678877156),
(33, 1016, NULL, 4, 'requirements', 2, 1678877166),
(34, 1016, NULL, 4, 'learning_materials', 1, 1678877190),
(35, 1016, NULL, 4, 'learning_materials', 2, 1678877203),
(36, 1016, NULL, 4, 'learning_materials', 3, 1678877219),
(37, 1016, NULL, 4, 'learning_materials', 4, 1678877230),
(38, 934, NULL, 5, 'learning_materials', 1, 1678878141),
(39, 934, NULL, 5, 'learning_materials', 2, 1678878149),
(40, 934, NULL, 5, 'learning_materials', 3, 1678878157),
(41, 934, NULL, 5, 'requirements', 1, 1678878173),
(42, 934, NULL, 5, 'requirements', 2, 1678878189),
(43, 1016, 1995, NULL, 'company_logos', NULL, 1751622963),
(44, 1016, 1995, NULL, 'company_logos', NULL, 1751622963),
(45, 1016, 1995, NULL, 'company_logos', NULL, 1751622963),
(46, 1016, 1995, NULL, 'company_logos', NULL, 1751622963),
(47, 1016, 1995, NULL, 'company_logos', NULL, 1751622963),
(48, 1016, 1995, NULL, 'company_logos', NULL, 1751622963),
(49, 1016, 1995, NULL, 'company_logos', NULL, 1751622963),
(50, 1016, 1995, NULL, 'company_logos', NULL, 1751622963),
(51, 1016, 1995, NULL, 'company_logos', NULL, 1751622963),
(52, 1016, 1995, NULL, 'company_logos', NULL, 1751622963),
(53, 1016, 1995, NULL, 'requirements', NULL, 1751622963),
(54, 1016, 1995, NULL, 'requirements', NULL, 1751622963),
(55, 1016, 1995, NULL, 'requirements', NULL, 1751622963),
(56, 1016, 1995, NULL, 'requirements', NULL, 1751622963),
(57, 1016, 1995, NULL, 'requirements', NULL, 1751622963),
(58, 1016, 1995, NULL, 'learning_materials', NULL, 1751622963),
(59, 1016, 1995, NULL, 'learning_materials', NULL, 1751622963),
(60, 1016, 1995, NULL, 'learning_materials', NULL, 1751622963),
(61, 1016, 1995, NULL, 'learning_materials', NULL, 1751622963),
(62, 1016, 1995, NULL, 'learning_materials', NULL, 1751622963),
(63, 1016, 1995, NULL, 'learning_materials', NULL, 1751622963),
(64, 1016, 1995, NULL, 'learning_materials', NULL, 1751622963),
(65, 1016, 1995, NULL, 'learning_materials', NULL, 1751622963),
(66, 1016, 1995, NULL, 'learning_materials', NULL, 1751622963),
(67, 1016, 1995, NULL, 'learning_materials', NULL, 1751622963),
(68, 1015, 1996, NULL, 'company_logos', NULL, 1751622963),
(69, 1015, 1996, NULL, 'company_logos', NULL, 1751622963),
(70, 1015, 1996, NULL, 'company_logos', NULL, 1751622963),
(71, 1015, 1996, NULL, 'company_logos', NULL, 1751622963),
(72, 1015, 1996, NULL, 'company_logos', NULL, 1751622963),
(73, 1015, 1996, NULL, 'company_logos', NULL, 1751622963),
(74, 1015, 1996, NULL, 'company_logos', NULL, 1751622963),
(75, 1015, 1996, NULL, 'company_logos', NULL, 1751622963),
(76, 1015, 1996, NULL, 'company_logos', NULL, 1751622963),
(77, 1015, 1996, NULL, 'company_logos', NULL, 1751622963),
(78, 1015, 1996, NULL, 'requirements', NULL, 1751622963),
(79, 1015, 1996, NULL, 'requirements', NULL, 1751622963),
(80, 1015, 1996, NULL, 'requirements', NULL, 1751622963),
(81, 1015, 1996, NULL, 'requirements', NULL, 1751622963),
(82, 1015, 1996, NULL, 'requirements', NULL, 1751622963),
(83, 1015, 1996, NULL, 'learning_materials', NULL, 1751622963),
(84, 1015, 1996, NULL, 'learning_materials', NULL, 1751622963),
(85, 1015, 1996, NULL, 'learning_materials', NULL, 1751622963),
(86, 1015, 1996, NULL, 'learning_materials', NULL, 1751622963),
(87, 1015, 1996, NULL, 'learning_materials', NULL, 1751622963),
(88, 1015, 1996, NULL, 'learning_materials', NULL, 1751622963),
(89, 1015, 1996, NULL, 'learning_materials', NULL, 1751622963),
(90, 1015, 1996, NULL, 'learning_materials', NULL, 1751622963),
(91, 1015, 1996, NULL, 'learning_materials', NULL, 1751622963),
(92, 1015, 1996, NULL, 'learning_materials', NULL, 1751622963),
(93, 934, 1997, NULL, 'company_logos', NULL, 1751622963),
(94, 934, 1997, NULL, 'company_logos', NULL, 1751622963),
(95, 934, 1997, NULL, 'company_logos', NULL, 1751622963),
(96, 934, 1997, NULL, 'company_logos', NULL, 1751622963),
(97, 934, 1997, NULL, 'company_logos', NULL, 1751622963),
(98, 934, 1997, NULL, 'company_logos', NULL, 1751622963),
(99, 934, 1997, NULL, 'company_logos', NULL, 1751622963),
(100, 934, 1997, NULL, 'company_logos', NULL, 1751622963),
(101, 934, 1997, NULL, 'company_logos', NULL, 1751622963),
(102, 934, 1997, NULL, 'company_logos', NULL, 1751622963),
(103, 934, 1997, NULL, 'requirements', NULL, 1751622963),
(104, 934, 1997, NULL, 'requirements', NULL, 1751622963),
(105, 934, 1997, NULL, 'requirements', NULL, 1751622963),
(106, 934, 1997, NULL, 'requirements', NULL, 1751622963),
(107, 934, 1997, NULL, 'requirements', NULL, 1751622963),
(108, 934, 1997, NULL, 'learning_materials', NULL, 1751622963),
(109, 934, 1997, NULL, 'learning_materials', NULL, 1751622963),
(110, 934, 1997, NULL, 'learning_materials', NULL, 1751622963),
(111, 934, 1997, NULL, 'learning_materials', NULL, 1751622963),
(112, 934, 1997, NULL, 'learning_materials', NULL, 1751622963),
(113, 934, 1997, NULL, 'learning_materials', NULL, 1751622963),
(114, 934, 1997, NULL, 'learning_materials', NULL, 1751622963),
(115, 934, 1997, NULL, 'learning_materials', NULL, 1751622963),
(116, 934, 1997, NULL, 'learning_materials', NULL, 1751622963),
(117, 934, 1997, NULL, 'learning_materials', NULL, 1751622963),
(118, 1015, 1998, NULL, 'company_logos', NULL, 1751622963),
(119, 1015, 1998, NULL, 'company_logos', NULL, 1751622963),
(120, 1015, 1998, NULL, 'company_logos', NULL, 1751622963),
(121, 1015, 1998, NULL, 'company_logos', NULL, 1751622963),
(122, 1015, 1998, NULL, 'company_logos', NULL, 1751622963),
(123, 1015, 1998, NULL, 'company_logos', NULL, 1751622963),
(124, 1015, 1998, NULL, 'company_logos', NULL, 1751622963),
(125, 1015, 1998, NULL, 'company_logos', NULL, 1751622963),
(126, 1015, 1998, NULL, 'company_logos', NULL, 1751622963),
(127, 1015, 1998, NULL, 'company_logos', NULL, 1751622963),
(128, 1015, 1998, NULL, 'requirements', NULL, 1751622963),
(129, 1015, 1998, NULL, 'requirements', NULL, 1751622963),
(130, 1015, 1998, NULL, 'requirements', NULL, 1751622963),
(131, 1015, 1998, NULL, 'requirements', NULL, 1751622963),
(132, 1015, 1998, NULL, 'requirements', NULL, 1751622963),
(133, 1015, 1998, NULL, 'learning_materials', NULL, 1751622963),
(134, 1015, 1998, NULL, 'learning_materials', NULL, 1751622963),
(135, 1015, 1998, NULL, 'learning_materials', NULL, 1751622963),
(136, 1015, 1998, NULL, 'learning_materials', NULL, 1751622963),
(137, 1015, 1998, NULL, 'learning_materials', NULL, 1751622963),
(138, 1015, 1998, NULL, 'learning_materials', NULL, 1751622963),
(139, 1015, 1998, NULL, 'learning_materials', NULL, 1751622963),
(140, 1015, 1998, NULL, 'learning_materials', NULL, 1751622963),
(141, 1015, 1998, NULL, 'learning_materials', NULL, 1751622963),
(142, 1015, 1998, NULL, 'learning_materials', NULL, 1751622963),
(143, 929, 1999, NULL, 'company_logos', NULL, 1751622963),
(144, 929, 1999, NULL, 'company_logos', NULL, 1751622963),
(145, 929, 1999, NULL, 'company_logos', NULL, 1751622963),
(146, 929, 1999, NULL, 'company_logos', NULL, 1751622963),
(147, 929, 1999, NULL, 'company_logos', NULL, 1751622963),
(148, 929, 1999, NULL, 'company_logos', NULL, 1751622963),
(149, 929, 1999, NULL, 'company_logos', NULL, 1751622963),
(150, 929, 1999, NULL, 'company_logos', NULL, 1751622963),
(151, 929, 1999, NULL, 'company_logos', NULL, 1751622963),
(152, 929, 1999, NULL, 'company_logos', NULL, 1751622963),
(153, 929, 1999, NULL, 'requirements', NULL, 1751622963),
(154, 929, 1999, NULL, 'requirements', NULL, 1751622963),
(155, 929, 1999, NULL, 'requirements', NULL, 1751622963),
(156, 929, 1999, NULL, 'requirements', NULL, 1751622963),
(157, 929, 1999, NULL, 'requirements', NULL, 1751622963),
(158, 929, 1999, NULL, 'learning_materials', NULL, 1751622963),
(159, 929, 1999, NULL, 'learning_materials', NULL, 1751622963),
(160, 929, 1999, NULL, 'learning_materials', NULL, 1751622963),
(161, 929, 1999, NULL, 'learning_materials', NULL, 1751622963),
(162, 929, 1999, NULL, 'learning_materials', NULL, 1751622963),
(163, 929, 1999, NULL, 'learning_materials', NULL, 1751622963),
(164, 929, 1999, NULL, 'learning_materials', NULL, 1751622963),
(165, 929, 1999, NULL, 'learning_materials', NULL, 1751622963),
(166, 929, 1999, NULL, 'learning_materials', NULL, 1751622963),
(167, 929, 1999, NULL, 'learning_materials', NULL, 1751622963),
(168, 867, 2000, NULL, 'company_logos', NULL, 1751622963),
(169, 867, 2000, NULL, 'company_logos', NULL, 1751622963),
(170, 867, 2000, NULL, 'company_logos', NULL, 1751622963),
(171, 867, 2000, NULL, 'company_logos', NULL, 1751622963),
(172, 867, 2000, NULL, 'company_logos', NULL, 1751622963),
(173, 867, 2000, NULL, 'company_logos', NULL, 1751622963),
(174, 867, 2000, NULL, 'company_logos', NULL, 1751622963),
(175, 867, 2000, NULL, 'company_logos', NULL, 1751622963),
(176, 867, 2000, NULL, 'company_logos', NULL, 1751622963),
(177, 867, 2000, NULL, 'company_logos', NULL, 1751622963),
(178, 867, 2000, NULL, 'requirements', NULL, 1751622963),
(179, 867, 2000, NULL, 'requirements', NULL, 1751622963),
(180, 867, 2000, NULL, 'requirements', NULL, 1751622963),
(181, 867, 2000, NULL, 'requirements', NULL, 1751622963),
(182, 867, 2000, NULL, 'requirements', NULL, 1751622963),
(183, 867, 2000, NULL, 'learning_materials', NULL, 1751622963),
(184, 867, 2000, NULL, 'learning_materials', NULL, 1751622963),
(185, 867, 2000, NULL, 'learning_materials', NULL, 1751622963),
(186, 867, 2000, NULL, 'learning_materials', NULL, 1751622963),
(187, 867, 2000, NULL, 'learning_materials', NULL, 1751622963),
(188, 867, 2000, NULL, 'learning_materials', NULL, 1751622963),
(189, 867, 2000, NULL, 'learning_materials', NULL, 1751622963),
(190, 867, 2000, NULL, 'learning_materials', NULL, 1751622963),
(191, 867, 2000, NULL, 'learning_materials', NULL, 1751622963),
(192, 867, 2000, NULL, 'learning_materials', NULL, 1751622963),
(193, 3, 2001, NULL, 'company_logos', NULL, 1751622963),
(194, 3, 2001, NULL, 'company_logos', NULL, 1751622963),
(195, 3, 2001, NULL, 'company_logos', NULL, 1751622963),
(196, 3, 2001, NULL, 'company_logos', NULL, 1751622963),
(197, 3, 2001, NULL, 'company_logos', NULL, 1751622963),
(198, 3, 2001, NULL, 'company_logos', NULL, 1751622963),
(199, 3, 2001, NULL, 'company_logos', NULL, 1751622963),
(200, 3, 2001, NULL, 'company_logos', NULL, 1751622963),
(201, 3, 2001, NULL, 'company_logos', NULL, 1751622963),
(202, 3, 2001, NULL, 'company_logos', NULL, 1751622963),
(203, 3, 2001, NULL, 'requirements', NULL, 1751622963),
(204, 3, 2001, NULL, 'requirements', NULL, 1751622963),
(205, 3, 2001, NULL, 'requirements', NULL, 1751622963),
(206, 3, 2001, NULL, 'requirements', NULL, 1751622963),
(207, 3, 2001, NULL, 'requirements', NULL, 1751622963),
(208, 3, 2001, NULL, 'learning_materials', NULL, 1751622963),
(209, 3, 2001, NULL, 'learning_materials', NULL, 1751622963),
(210, 3, 2001, NULL, 'learning_materials', NULL, 1751622963),
(211, 3, 2001, NULL, 'learning_materials', NULL, 1751622963),
(212, 3, 2001, NULL, 'learning_materials', NULL, 1751622963),
(213, 3, 2001, NULL, 'learning_materials', NULL, 1751622963),
(214, 3, 2001, NULL, 'learning_materials', NULL, 1751622963),
(215, 3, 2001, NULL, 'learning_materials', NULL, 1751622963),
(216, 3, 2001, NULL, 'learning_materials', NULL, 1751622963),
(217, 3, 2001, NULL, 'learning_materials', NULL, 1751622963),
(218, 863, 2002, NULL, 'company_logos', NULL, 1751622963),
(219, 863, 2002, NULL, 'company_logos', NULL, 1751622963),
(220, 863, 2002, NULL, 'company_logos', NULL, 1751622963),
(221, 863, 2002, NULL, 'company_logos', NULL, 1751622963),
(222, 863, 2002, NULL, 'company_logos', NULL, 1751622963),
(223, 863, 2002, NULL, 'company_logos', NULL, 1751622963),
(224, 863, 2002, NULL, 'company_logos', NULL, 1751622963),
(225, 863, 2002, NULL, 'company_logos', NULL, 1751622963),
(226, 863, 2002, NULL, 'company_logos', NULL, 1751622963),
(227, 863, 2002, NULL, 'company_logos', NULL, 1751622963),
(228, 863, 2002, NULL, 'requirements', NULL, 1751622963),
(229, 863, 2002, NULL, 'requirements', NULL, 1751622963),
(230, 863, 2002, NULL, 'requirements', NULL, 1751622963),
(231, 863, 2002, NULL, 'requirements', NULL, 1751622963),
(232, 863, 2002, NULL, 'requirements', NULL, 1751622963),
(233, 863, 2002, NULL, 'learning_materials', NULL, 1751622963),
(234, 863, 2002, NULL, 'learning_materials', NULL, 1751622963),
(235, 863, 2002, NULL, 'learning_materials', NULL, 1751622963),
(236, 863, 2002, NULL, 'learning_materials', NULL, 1751622963),
(237, 863, 2002, NULL, 'learning_materials', NULL, 1751622963),
(238, 863, 2002, NULL, 'learning_materials', NULL, 1751622963),
(239, 863, 2002, NULL, 'learning_materials', NULL, 1751622963),
(240, 863, 2002, NULL, 'learning_materials', NULL, 1751622963),
(241, 863, 2002, NULL, 'learning_materials', NULL, 1751622963),
(242, 863, 2002, NULL, 'learning_materials', NULL, 1751622963),
(243, 864, 2003, NULL, 'company_logos', NULL, 1751622963),
(244, 864, 2003, NULL, 'company_logos', NULL, 1751622963),
(245, 864, 2003, NULL, 'company_logos', NULL, 1751622963),
(246, 864, 2003, NULL, 'company_logos', NULL, 1751622963),
(247, 864, 2003, NULL, 'company_logos', NULL, 1751622963),
(248, 864, 2003, NULL, 'company_logos', NULL, 1751622963),
(249, 864, 2003, NULL, 'company_logos', NULL, 1751622963),
(250, 864, 2003, NULL, 'company_logos', NULL, 1751622963),
(251, 864, 2003, NULL, 'company_logos', NULL, 1751622963),
(252, 864, 2003, NULL, 'company_logos', NULL, 1751622963),
(253, 864, 2003, NULL, 'requirements', NULL, 1751622963),
(254, 864, 2003, NULL, 'requirements', NULL, 1751622963),
(255, 864, 2003, NULL, 'requirements', NULL, 1751622963),
(256, 864, 2003, NULL, 'requirements', NULL, 1751622963),
(257, 864, 2003, NULL, 'requirements', NULL, 1751622963),
(258, 864, 2003, NULL, 'learning_materials', NULL, 1751622963),
(259, 864, 2003, NULL, 'learning_materials', NULL, 1751622963),
(260, 864, 2003, NULL, 'learning_materials', NULL, 1751622963),
(261, 864, 2003, NULL, 'learning_materials', NULL, 1751622963),
(262, 864, 2003, NULL, 'learning_materials', NULL, 1751622963),
(263, 864, 2003, NULL, 'learning_materials', NULL, 1751622963),
(264, 864, 2003, NULL, 'learning_materials', NULL, 1751622963),
(265, 864, 2003, NULL, 'learning_materials', NULL, 1751622963),
(266, 864, 2003, NULL, 'learning_materials', NULL, 1751622963),
(267, 864, 2003, NULL, 'learning_materials', NULL, 1751622963),
(268, 929, 2004, NULL, 'company_logos', NULL, 1751622963),
(269, 929, 2004, NULL, 'company_logos', NULL, 1751622963),
(270, 929, 2004, NULL, 'company_logos', NULL, 1751622963),
(271, 929, 2004, NULL, 'company_logos', NULL, 1751622963),
(272, 929, 2004, NULL, 'company_logos', NULL, 1751622963),
(273, 929, 2004, NULL, 'company_logos', NULL, 1751622963),
(274, 929, 2004, NULL, 'company_logos', NULL, 1751622963),
(275, 929, 2004, NULL, 'company_logos', NULL, 1751622963),
(276, 929, 2004, NULL, 'company_logos', NULL, 1751622963),
(277, 929, 2004, NULL, 'company_logos', NULL, 1751622963),
(278, 929, 2004, NULL, 'requirements', NULL, 1751622963),
(279, 929, 2004, NULL, 'requirements', NULL, 1751622963),
(280, 929, 2004, NULL, 'requirements', NULL, 1751622963),
(281, 929, 2004, NULL, 'requirements', NULL, 1751622963),
(282, 929, 2004, NULL, 'requirements', NULL, 1751622963),
(283, 929, 2004, NULL, 'learning_materials', NULL, 1751622963),
(284, 929, 2004, NULL, 'learning_materials', NULL, 1751622963),
(285, 929, 2004, NULL, 'learning_materials', NULL, 1751622963),
(286, 929, 2004, NULL, 'learning_materials', NULL, 1751622963),
(287, 929, 2004, NULL, 'learning_materials', NULL, 1751622963),
(288, 929, 2004, NULL, 'learning_materials', NULL, 1751622963),
(289, 929, 2004, NULL, 'learning_materials', NULL, 1751622963),
(290, 929, 2004, NULL, 'learning_materials', NULL, 1751622963),
(291, 929, 2004, NULL, 'learning_materials', NULL, 1751622963),
(292, 929, 2004, NULL, 'learning_materials', NULL, 1751622963),
(293, 4, 2005, NULL, 'company_logos', NULL, 1751622963),
(294, 4, 2005, NULL, 'company_logos', NULL, 1751622963),
(295, 4, 2005, NULL, 'company_logos', NULL, 1751622963),
(296, 4, 2005, NULL, 'company_logos', NULL, 1751622963),
(297, 4, 2005, NULL, 'company_logos', NULL, 1751622963),
(298, 4, 2005, NULL, 'company_logos', NULL, 1751622963),
(299, 4, 2005, NULL, 'company_logos', NULL, 1751622963),
(300, 4, 2005, NULL, 'company_logos', NULL, 1751622963),
(301, 4, 2005, NULL, 'company_logos', NULL, 1751622963),
(302, 4, 2005, NULL, 'company_logos', NULL, 1751622963),
(303, 4, 2005, NULL, 'requirements', NULL, 1751622963),
(304, 4, 2005, NULL, 'requirements', NULL, 1751622963),
(305, 4, 2005, NULL, 'requirements', NULL, 1751622963),
(306, 4, 2005, NULL, 'requirements', NULL, 1751622963),
(307, 4, 2005, NULL, 'requirements', NULL, 1751622963),
(308, 4, 2005, NULL, 'learning_materials', NULL, 1751622963),
(309, 4, 2005, NULL, 'learning_materials', NULL, 1751622963),
(310, 4, 2005, NULL, 'learning_materials', NULL, 1751622963),
(311, 4, 2005, NULL, 'learning_materials', NULL, 1751622963),
(312, 4, 2005, NULL, 'learning_materials', NULL, 1751622963),
(313, 4, 2005, NULL, 'learning_materials', NULL, 1751622963),
(314, 4, 2005, NULL, 'learning_materials', NULL, 1751622963),
(315, 4, 2005, NULL, 'learning_materials', NULL, 1751622963),
(316, 4, 2005, NULL, 'learning_materials', NULL, 1751622963),
(317, 4, 2005, NULL, 'learning_materials', NULL, 1751622963),
(318, 867, 2006, NULL, 'company_logos', NULL, 1751622963),
(319, 867, 2006, NULL, 'company_logos', NULL, 1751622963),
(320, 867, 2006, NULL, 'company_logos', NULL, 1751622963),
(321, 867, 2006, NULL, 'company_logos', NULL, 1751622963),
(322, 867, 2006, NULL, 'company_logos', NULL, 1751622963),
(323, 867, 2006, NULL, 'company_logos', NULL, 1751622963),
(324, 867, 2006, NULL, 'company_logos', NULL, 1751622963),
(325, 867, 2006, NULL, 'company_logos', NULL, 1751622963),
(326, 867, 2006, NULL, 'company_logos', NULL, 1751622963),
(327, 867, 2006, NULL, 'company_logos', NULL, 1751622963),
(328, 867, 2006, NULL, 'requirements', NULL, 1751622963),
(329, 867, 2006, NULL, 'requirements', NULL, 1751622963),
(330, 867, 2006, NULL, 'requirements', NULL, 1751622963),
(331, 867, 2006, NULL, 'requirements', NULL, 1751622963),
(332, 867, 2006, NULL, 'requirements', NULL, 1751622963),
(333, 867, 2006, NULL, 'learning_materials', NULL, 1751622963),
(334, 867, 2006, NULL, 'learning_materials', NULL, 1751622963),
(335, 867, 2006, NULL, 'learning_materials', NULL, 1751622963),
(336, 867, 2006, NULL, 'learning_materials', NULL, 1751622963),
(337, 867, 2006, NULL, 'learning_materials', NULL, 1751622963),
(338, 867, 2006, NULL, 'learning_materials', NULL, 1751622963),
(339, 867, 2006, NULL, 'learning_materials', NULL, 1751622963),
(340, 867, 2006, NULL, 'learning_materials', NULL, 1751622963),
(341, 867, 2006, NULL, 'learning_materials', NULL, 1751622963),
(342, 867, 2006, NULL, 'learning_materials', NULL, 1751622963),
(343, 867, 2007, NULL, 'company_logos', NULL, 1751622963),
(344, 867, 2007, NULL, 'company_logos', NULL, 1751622963),
(345, 867, 2007, NULL, 'company_logos', NULL, 1751622963),
(346, 867, 2007, NULL, 'company_logos', NULL, 1751622963),
(347, 867, 2007, NULL, 'company_logos', NULL, 1751622963),
(348, 867, 2007, NULL, 'company_logos', NULL, 1751622963),
(349, 867, 2007, NULL, 'company_logos', NULL, 1751622963),
(350, 867, 2007, NULL, 'company_logos', NULL, 1751622963),
(351, 867, 2007, NULL, 'company_logos', NULL, 1751622963),
(352, 867, 2007, NULL, 'company_logos', NULL, 1751622963),
(353, 867, 2007, NULL, 'requirements', NULL, 1751622963),
(354, 867, 2007, NULL, 'requirements', NULL, 1751622963),
(355, 867, 2007, NULL, 'requirements', NULL, 1751622963),
(356, 867, 2007, NULL, 'requirements', NULL, 1751622963),
(357, 867, 2007, NULL, 'requirements', NULL, 1751622963),
(358, 867, 2007, NULL, 'learning_materials', NULL, 1751622963),
(359, 867, 2007, NULL, 'learning_materials', NULL, 1751622963),
(360, 867, 2007, NULL, 'learning_materials', NULL, 1751622963),
(361, 867, 2007, NULL, 'learning_materials', NULL, 1751622963),
(362, 867, 2007, NULL, 'learning_materials', NULL, 1751622963),
(363, 867, 2007, NULL, 'learning_materials', NULL, 1751622963),
(364, 867, 2007, NULL, 'learning_materials', NULL, 1751622963),
(365, 867, 2007, NULL, 'learning_materials', NULL, 1751622963),
(366, 867, 2007, NULL, 'learning_materials', NULL, 1751622963),
(367, 867, 2007, NULL, 'learning_materials', NULL, 1751622963),
(368, 870, 2022, NULL, 'company_logos', NULL, 1751623004),
(369, 870, 2022, NULL, 'company_logos', NULL, 1751623004),
(370, 870, 2022, NULL, 'company_logos', NULL, 1751623004),
(371, 870, 2022, NULL, 'company_logos', NULL, 1751623004),
(372, 870, 2022, NULL, 'company_logos', NULL, 1751623004),
(373, 870, 2022, NULL, 'company_logos', NULL, 1751623004),
(374, 870, 2022, NULL, 'company_logos', NULL, 1751623004),
(375, 870, 2022, NULL, 'company_logos', NULL, 1751623004),
(376, 870, 2022, NULL, 'company_logos', NULL, 1751623004),
(377, 870, 2022, NULL, 'company_logos', NULL, 1751623004),
(378, 870, 2022, NULL, 'requirements', NULL, 1751623004),
(379, 870, 2022, NULL, 'requirements', NULL, 1751623004),
(380, 870, 2022, NULL, 'requirements', NULL, 1751623004),
(381, 870, 2022, NULL, 'requirements', NULL, 1751623004),
(382, 870, 2022, NULL, 'requirements', NULL, 1751623004),
(383, 870, 2022, NULL, 'learning_materials', NULL, 1751623004),
(384, 870, 2022, NULL, 'learning_materials', NULL, 1751623004),
(385, 870, 2022, NULL, 'learning_materials', NULL, 1751623004),
(386, 870, 2022, NULL, 'learning_materials', NULL, 1751623004),
(387, 870, 2022, NULL, 'learning_materials', NULL, 1751623004),
(388, 870, 2022, NULL, 'learning_materials', NULL, 1751623004),
(389, 870, 2022, NULL, 'learning_materials', NULL, 1751623004),
(390, 870, 2022, NULL, 'learning_materials', NULL, 1751623004),
(391, 870, 2022, NULL, 'learning_materials', NULL, 1751623004),
(392, 870, 2022, NULL, 'learning_materials', NULL, 1751623004),
(393, 1015, 2050, NULL, 'company_logos', NULL, 1751623004),
(394, 1015, 2050, NULL, 'company_logos', NULL, 1751623004),
(395, 1015, 2050, NULL, 'company_logos', NULL, 1751623004),
(396, 1015, 2050, NULL, 'company_logos', NULL, 1751623004),
(397, 1015, 2050, NULL, 'company_logos', NULL, 1751623004),
(398, 1015, 2050, NULL, 'company_logos', NULL, 1751623004),
(399, 1015, 2050, NULL, 'company_logos', NULL, 1751623004),
(400, 1015, 2050, NULL, 'company_logos', NULL, 1751623004),
(401, 1015, 2050, NULL, 'company_logos', NULL, 1751623004),
(402, 1015, 2050, NULL, 'company_logos', NULL, 1751623004),
(403, 1015, 2050, NULL, 'requirements', NULL, 1751623004),
(404, 1015, 2050, NULL, 'requirements', NULL, 1751623004),
(405, 1015, 2050, NULL, 'requirements', NULL, 1751623004),
(406, 1015, 2050, NULL, 'requirements', NULL, 1751623004),
(407, 1015, 2050, NULL, 'requirements', NULL, 1751623004),
(408, 1015, 2050, NULL, 'learning_materials', NULL, 1751623004),
(409, 1015, 2050, NULL, 'learning_materials', NULL, 1751623004),
(410, 1015, 2050, NULL, 'learning_materials', NULL, 1751623004),
(411, 1015, 2050, NULL, 'learning_materials', NULL, 1751623004),
(412, 1015, 2050, NULL, 'learning_materials', NULL, 1751623004),
(413, 1015, 2050, NULL, 'learning_materials', NULL, 1751623004),
(414, 1015, 2050, NULL, 'learning_materials', NULL, 1751623004),
(415, 1015, 2050, NULL, 'learning_materials', NULL, 1751623004),
(416, 1015, 2050, NULL, 'learning_materials', NULL, 1751623004),
(417, 1015, 2050, NULL, 'learning_materials', NULL, 1751623004),
(418, 934, 2051, NULL, 'company_logos', NULL, 1751623004),
(419, 934, 2051, NULL, 'company_logos', NULL, 1751623004),
(420, 934, 2051, NULL, 'company_logos', NULL, 1751623004),
(421, 934, 2051, NULL, 'company_logos', NULL, 1751623004),
(422, 934, 2051, NULL, 'company_logos', NULL, 1751623004),
(423, 934, 2051, NULL, 'company_logos', NULL, 1751623004),
(424, 934, 2051, NULL, 'company_logos', NULL, 1751623004),
(425, 934, 2051, NULL, 'company_logos', NULL, 1751623004),
(426, 934, 2051, NULL, 'company_logos', NULL, 1751623004),
(427, 934, 2051, NULL, 'company_logos', NULL, 1751623004),
(428, 934, 2051, NULL, 'requirements', NULL, 1751623004),
(429, 934, 2051, NULL, 'requirements', NULL, 1751623004),
(430, 934, 2051, NULL, 'requirements', NULL, 1751623004),
(431, 934, 2051, NULL, 'requirements', NULL, 1751623004),
(432, 934, 2051, NULL, 'requirements', NULL, 1751623004),
(433, 934, 2051, NULL, 'learning_materials', NULL, 1751623004),
(434, 934, 2051, NULL, 'learning_materials', NULL, 1751623004),
(435, 934, 2051, NULL, 'learning_materials', NULL, 1751623004),
(436, 934, 2051, NULL, 'learning_materials', NULL, 1751623004),
(437, 934, 2051, NULL, 'learning_materials', NULL, 1751623004),
(438, 934, 2051, NULL, 'learning_materials', NULL, 1751623004),
(439, 934, 2051, NULL, 'learning_materials', NULL, 1751623004),
(440, 934, 2051, NULL, 'learning_materials', NULL, 1751623004),
(441, 934, 2051, NULL, 'learning_materials', NULL, 1751623004),
(442, 934, 2051, NULL, 'learning_materials', NULL, 1751623004),
(443, 929, 2052, NULL, 'company_logos', NULL, 1751623004),
(444, 929, 2052, NULL, 'company_logos', NULL, 1751623004),
(445, 929, 2052, NULL, 'company_logos', NULL, 1751623004),
(446, 929, 2052, NULL, 'company_logos', NULL, 1751623004),
(447, 929, 2052, NULL, 'company_logos', NULL, 1751623004),
(448, 929, 2052, NULL, 'company_logos', NULL, 1751623004),
(449, 929, 2052, NULL, 'company_logos', NULL, 1751623004),
(450, 929, 2052, NULL, 'company_logos', NULL, 1751623004),
(451, 929, 2052, NULL, 'company_logos', NULL, 1751623004),
(452, 929, 2052, NULL, 'company_logos', NULL, 1751623004),
(453, 929, 2052, NULL, 'requirements', NULL, 1751623004),
(454, 929, 2052, NULL, 'requirements', NULL, 1751623004),
(455, 929, 2052, NULL, 'requirements', NULL, 1751623004),
(456, 929, 2052, NULL, 'requirements', NULL, 1751623004),
(457, 929, 2052, NULL, 'requirements', NULL, 1751623004),
(458, 929, 2052, NULL, 'learning_materials', NULL, 1751623004),
(459, 929, 2052, NULL, 'learning_materials', NULL, 1751623004),
(460, 929, 2052, NULL, 'learning_materials', NULL, 1751623004),
(461, 929, 2052, NULL, 'learning_materials', NULL, 1751623004),
(462, 929, 2052, NULL, 'learning_materials', NULL, 1751623004),
(463, 929, 2052, NULL, 'learning_materials', NULL, 1751623004),
(464, 929, 2052, NULL, 'learning_materials', NULL, 1751623004),
(465, 929, 2052, NULL, 'learning_materials', NULL, 1751623004),
(466, 929, 2052, NULL, 'learning_materials', NULL, 1751623004),
(467, 929, 2052, NULL, 'learning_materials', NULL, 1751623004),
(468, 923, 2053, NULL, 'company_logos', NULL, 1751623004),
(469, 923, 2053, NULL, 'company_logos', NULL, 1751623004),
(470, 923, 2053, NULL, 'company_logos', NULL, 1751623004),
(471, 923, 2053, NULL, 'company_logos', NULL, 1751623004),
(472, 923, 2053, NULL, 'company_logos', NULL, 1751623004),
(473, 923, 2053, NULL, 'company_logos', NULL, 1751623004),
(474, 923, 2053, NULL, 'company_logos', NULL, 1751623004),
(475, 923, 2053, NULL, 'company_logos', NULL, 1751623004),
(476, 923, 2053, NULL, 'company_logos', NULL, 1751623004),
(477, 923, 2053, NULL, 'company_logos', NULL, 1751623004),
(478, 923, 2053, NULL, 'requirements', NULL, 1751623004),
(479, 923, 2053, NULL, 'requirements', NULL, 1751623004),
(480, 923, 2053, NULL, 'requirements', NULL, 1751623004),
(481, 923, 2053, NULL, 'requirements', NULL, 1751623004),
(482, 923, 2053, NULL, 'requirements', NULL, 1751623004),
(483, 923, 2053, NULL, 'learning_materials', NULL, 1751623004),
(484, 923, 2053, NULL, 'learning_materials', NULL, 1751623004),
(485, 923, 2053, NULL, 'learning_materials', NULL, 1751623004),
(486, 923, 2053, NULL, 'learning_materials', NULL, 1751623004),
(487, 923, 2053, NULL, 'learning_materials', NULL, 1751623004),
(488, 923, 2053, NULL, 'learning_materials', NULL, 1751623004),
(489, 923, 2053, NULL, 'learning_materials', NULL, 1751623004),
(490, 923, 2053, NULL, 'learning_materials', NULL, 1751623004),
(491, 923, 2053, NULL, 'learning_materials', NULL, 1751623004),
(492, 923, 2053, NULL, 'learning_materials', NULL, 1751623004),
(493, 3, 2054, NULL, 'company_logos', NULL, 1751623004),
(494, 3, 2054, NULL, 'company_logos', NULL, 1751623004),
(495, 3, 2054, NULL, 'company_logos', NULL, 1751623004),
(496, 3, 2054, NULL, 'company_logos', NULL, 1751623004),
(497, 3, 2054, NULL, 'company_logos', NULL, 1751623004),
(498, 3, 2054, NULL, 'company_logos', NULL, 1751623004),
(499, 3, 2054, NULL, 'company_logos', NULL, 1751623004),
(500, 3, 2054, NULL, 'company_logos', NULL, 1751623004),
(501, 3, 2054, NULL, 'company_logos', NULL, 1751623004),
(502, 3, 2054, NULL, 'company_logos', NULL, 1751623004),
(503, 3, 2054, NULL, 'requirements', NULL, 1751623004),
(504, 3, 2054, NULL, 'requirements', NULL, 1751623004),
(505, 3, 2054, NULL, 'requirements', NULL, 1751623004),
(506, 3, 2054, NULL, 'requirements', NULL, 1751623004),
(507, 3, 2054, NULL, 'requirements', NULL, 1751623004),
(508, 3, 2054, NULL, 'learning_materials', NULL, 1751623004),
(509, 3, 2054, NULL, 'learning_materials', NULL, 1751623004),
(510, 3, 2054, NULL, 'learning_materials', NULL, 1751623004),
(511, 3, 2054, NULL, 'learning_materials', NULL, 1751623004),
(512, 3, 2054, NULL, 'learning_materials', NULL, 1751623004),
(513, 3, 2054, NULL, 'learning_materials', NULL, 1751623004),
(514, 3, 2054, NULL, 'learning_materials', NULL, 1751623004),
(515, 3, 2054, NULL, 'learning_materials', NULL, 1751623004),
(516, 3, 2054, NULL, 'learning_materials', NULL, 1751623004),
(517, 3, 2054, NULL, 'learning_materials', NULL, 1751623004),
(518, 870, 2055, NULL, 'company_logos', NULL, 1751623004),
(519, 870, 2055, NULL, 'company_logos', NULL, 1751623004),
(520, 870, 2055, NULL, 'company_logos', NULL, 1751623004),
(521, 870, 2055, NULL, 'company_logos', NULL, 1751623004),
(522, 870, 2055, NULL, 'company_logos', NULL, 1751623004),
(523, 870, 2055, NULL, 'company_logos', NULL, 1751623004),
(524, 870, 2055, NULL, 'company_logos', NULL, 1751623004),
(525, 870, 2055, NULL, 'company_logos', NULL, 1751623004),
(526, 870, 2055, NULL, 'company_logos', NULL, 1751623004),
(527, 870, 2055, NULL, 'company_logos', NULL, 1751623004),
(528, 870, 2055, NULL, 'requirements', NULL, 1751623004),
(529, 870, 2055, NULL, 'requirements', NULL, 1751623004),
(530, 870, 2055, NULL, 'requirements', NULL, 1751623004),
(531, 870, 2055, NULL, 'requirements', NULL, 1751623004),
(532, 870, 2055, NULL, 'requirements', NULL, 1751623004),
(533, 870, 2055, NULL, 'learning_materials', NULL, 1751623004),
(534, 870, 2055, NULL, 'learning_materials', NULL, 1751623004),
(535, 870, 2055, NULL, 'learning_materials', NULL, 1751623004),
(536, 870, 2055, NULL, 'learning_materials', NULL, 1751623004),
(537, 870, 2055, NULL, 'learning_materials', NULL, 1751623004),
(538, 870, 2055, NULL, 'learning_materials', NULL, 1751623004),
(539, 870, 2055, NULL, 'learning_materials', NULL, 1751623004),
(540, 870, 2055, NULL, 'learning_materials', NULL, 1751623004),
(541, 870, 2055, NULL, 'learning_materials', NULL, 1751623004),
(542, 870, 2055, NULL, 'learning_materials', NULL, 1751623004),
(543, 864, 2056, NULL, 'company_logos', NULL, 1751623004),
(544, 864, 2056, NULL, 'company_logos', NULL, 1751623004),
(545, 864, 2056, NULL, 'company_logos', NULL, 1751623004),
(546, 864, 2056, NULL, 'company_logos', NULL, 1751623004),
(547, 864, 2056, NULL, 'company_logos', NULL, 1751623004),
(548, 864, 2056, NULL, 'company_logos', NULL, 1751623004),
(549, 864, 2056, NULL, 'company_logos', NULL, 1751623004),
(550, 864, 2056, NULL, 'company_logos', NULL, 1751623004),
(551, 864, 2056, NULL, 'company_logos', NULL, 1751623004),
(552, 864, 2056, NULL, 'company_logos', NULL, 1751623004),
(553, 864, 2056, NULL, 'requirements', NULL, 1751623004),
(554, 864, 2056, NULL, 'requirements', NULL, 1751623004),
(555, 864, 2056, NULL, 'requirements', NULL, 1751623004),
(556, 864, 2056, NULL, 'requirements', NULL, 1751623004),
(557, 864, 2056, NULL, 'requirements', NULL, 1751623004),
(558, 864, 2056, NULL, 'learning_materials', NULL, 1751623004),
(559, 864, 2056, NULL, 'learning_materials', NULL, 1751623004),
(560, 864, 2056, NULL, 'learning_materials', NULL, 1751623004),
(561, 864, 2056, NULL, 'learning_materials', NULL, 1751623004),
(562, 864, 2056, NULL, 'learning_materials', NULL, 1751623004),
(563, 864, 2056, NULL, 'learning_materials', NULL, 1751623004),
(564, 864, 2056, NULL, 'learning_materials', NULL, 1751623004),
(565, 864, 2056, NULL, 'learning_materials', NULL, 1751623004),
(566, 864, 2056, NULL, 'learning_materials', NULL, 1751623004),
(567, 864, 2056, NULL, 'learning_materials', NULL, 1751623004),
(568, 1016, 2057, NULL, 'company_logos', NULL, 1751623004),
(569, 1016, 2057, NULL, 'company_logos', NULL, 1751623004),
(570, 1016, 2057, NULL, 'company_logos', NULL, 1751623004),
(571, 1016, 2057, NULL, 'company_logos', NULL, 1751623004),
(572, 1016, 2057, NULL, 'company_logos', NULL, 1751623004),
(573, 1016, 2057, NULL, 'company_logos', NULL, 1751623004),
(574, 1016, 2057, NULL, 'company_logos', NULL, 1751623004),
(575, 1016, 2057, NULL, 'company_logos', NULL, 1751623004),
(576, 1016, 2057, NULL, 'company_logos', NULL, 1751623004),
(577, 1016, 2057, NULL, 'company_logos', NULL, 1751623004),
(578, 1016, 2057, NULL, 'requirements', NULL, 1751623004),
(579, 1016, 2057, NULL, 'requirements', NULL, 1751623004),
(580, 1016, 2057, NULL, 'requirements', NULL, 1751623004),
(581, 1016, 2057, NULL, 'requirements', NULL, 1751623004),
(582, 1016, 2057, NULL, 'requirements', NULL, 1751623004),
(583, 1016, 2057, NULL, 'learning_materials', NULL, 1751623004),
(584, 1016, 2057, NULL, 'learning_materials', NULL, 1751623004),
(585, 1016, 2057, NULL, 'learning_materials', NULL, 1751623004),
(586, 1016, 2057, NULL, 'learning_materials', NULL, 1751623004),
(587, 1016, 2057, NULL, 'learning_materials', NULL, 1751623004),
(588, 1016, 2057, NULL, 'learning_materials', NULL, 1751623004),
(589, 1016, 2057, NULL, 'learning_materials', NULL, 1751623004),
(590, 1016, 2057, NULL, 'learning_materials', NULL, 1751623004),
(591, 1016, 2057, NULL, 'learning_materials', NULL, 1751623004),
(592, 1016, 2057, NULL, 'learning_materials', NULL, 1751623004),
(593, 3, 2058, NULL, 'company_logos', NULL, 1751623004),
(594, 3, 2058, NULL, 'company_logos', NULL, 1751623004),
(595, 3, 2058, NULL, 'company_logos', NULL, 1751623004),
(596, 3, 2058, NULL, 'company_logos', NULL, 1751623004),
(597, 3, 2058, NULL, 'company_logos', NULL, 1751623004),
(598, 3, 2058, NULL, 'company_logos', NULL, 1751623004),
(599, 3, 2058, NULL, 'company_logos', NULL, 1751623004),
(600, 3, 2058, NULL, 'company_logos', NULL, 1751623004),
(601, 3, 2058, NULL, 'company_logos', NULL, 1751623004),
(602, 3, 2058, NULL, 'company_logos', NULL, 1751623004),
(603, 3, 2058, NULL, 'requirements', NULL, 1751623004),
(604, 3, 2058, NULL, 'requirements', NULL, 1751623004),
(605, 3, 2058, NULL, 'requirements', NULL, 1751623004),
(606, 3, 2058, NULL, 'requirements', NULL, 1751623004),
(607, 3, 2058, NULL, 'requirements', NULL, 1751623004),
(608, 3, 2058, NULL, 'learning_materials', NULL, 1751623004),
(609, 3, 2058, NULL, 'learning_materials', NULL, 1751623004),
(610, 3, 2058, NULL, 'learning_materials', NULL, 1751623004),
(611, 3, 2058, NULL, 'learning_materials', NULL, 1751623004),
(612, 3, 2058, NULL, 'learning_materials', NULL, 1751623004),
(613, 3, 2058, NULL, 'learning_materials', NULL, 1751623004),
(614, 3, 2058, NULL, 'learning_materials', NULL, 1751623004),
(615, 3, 2058, NULL, 'learning_materials', NULL, 1751623004),
(616, 3, 2058, NULL, 'learning_materials', NULL, 1751623004),
(617, 3, 2058, NULL, 'learning_materials', NULL, 1751623004),
(618, 934, 2059, NULL, 'company_logos', NULL, 1751623004),
(619, 934, 2059, NULL, 'company_logos', NULL, 1751623004),
(620, 934, 2059, NULL, 'company_logos', NULL, 1751623004),
(621, 934, 2059, NULL, 'company_logos', NULL, 1751623004),
(622, 934, 2059, NULL, 'company_logos', NULL, 1751623004),
(623, 934, 2059, NULL, 'company_logos', NULL, 1751623004),
(624, 934, 2059, NULL, 'company_logos', NULL, 1751623004),
(625, 934, 2059, NULL, 'company_logos', NULL, 1751623004),
(626, 934, 2059, NULL, 'company_logos', NULL, 1751623004),
(627, 934, 2059, NULL, 'company_logos', NULL, 1751623004),
(628, 934, 2059, NULL, 'requirements', NULL, 1751623004),
(629, 934, 2059, NULL, 'requirements', NULL, 1751623004),
(630, 934, 2059, NULL, 'requirements', NULL, 1751623004),
(631, 934, 2059, NULL, 'requirements', NULL, 1751623004),
(632, 934, 2059, NULL, 'requirements', NULL, 1751623004),
(633, 934, 2059, NULL, 'learning_materials', NULL, 1751623004),
(634, 934, 2059, NULL, 'learning_materials', NULL, 1751623004),
(635, 934, 2059, NULL, 'learning_materials', NULL, 1751623004),
(636, 934, 2059, NULL, 'learning_materials', NULL, 1751623004),
(637, 934, 2059, NULL, 'learning_materials', NULL, 1751623004),
(638, 934, 2059, NULL, 'learning_materials', NULL, 1751623004),
(639, 934, 2059, NULL, 'learning_materials', NULL, 1751623004),
(640, 934, 2059, NULL, 'learning_materials', NULL, 1751623004),
(641, 934, 2059, NULL, 'learning_materials', NULL, 1751623004),
(642, 934, 2059, NULL, 'learning_materials', NULL, 1751623004),
(643, 1015, 2060, NULL, 'company_logos', NULL, 1751623004),
(644, 1015, 2060, NULL, 'company_logos', NULL, 1751623004),
(645, 1015, 2060, NULL, 'company_logos', NULL, 1751623004),
(646, 1015, 2060, NULL, 'company_logos', NULL, 1751623004),
(647, 1015, 2060, NULL, 'company_logos', NULL, 1751623004),
(648, 1015, 2060, NULL, 'company_logos', NULL, 1751623004),
(649, 1015, 2060, NULL, 'company_logos', NULL, 1751623004),
(650, 1015, 2060, NULL, 'company_logos', NULL, 1751623004),
(651, 1015, 2060, NULL, 'company_logos', NULL, 1751623004),
(652, 1015, 2060, NULL, 'company_logos', NULL, 1751623004),
(653, 1015, 2060, NULL, 'requirements', NULL, 1751623004),
(654, 1015, 2060, NULL, 'requirements', NULL, 1751623004),
(655, 1015, 2060, NULL, 'requirements', NULL, 1751623004),
(656, 1015, 2060, NULL, 'requirements', NULL, 1751623004),
(657, 1015, 2060, NULL, 'requirements', NULL, 1751623004),
(658, 1015, 2060, NULL, 'learning_materials', NULL, 1751623004),
(659, 1015, 2060, NULL, 'learning_materials', NULL, 1751623004),
(660, 1015, 2060, NULL, 'learning_materials', NULL, 1751623004),
(661, 1015, 2060, NULL, 'learning_materials', NULL, 1751623004),
(662, 1015, 2060, NULL, 'learning_materials', NULL, 1751623004),
(663, 1015, 2060, NULL, 'learning_materials', NULL, 1751623004),
(664, 1015, 2060, NULL, 'learning_materials', NULL, 1751623004),
(665, 1015, 2060, NULL, 'learning_materials', NULL, 1751623004),
(666, 1015, 2060, NULL, 'learning_materials', NULL, 1751623004),
(667, 1015, 2060, NULL, 'learning_materials', NULL, 1751623004),
(668, 929, 2061, NULL, 'company_logos', NULL, 1751623004),
(669, 929, 2061, NULL, 'company_logos', NULL, 1751623004),
(670, 929, 2061, NULL, 'company_logos', NULL, 1751623004),
(671, 929, 2061, NULL, 'company_logos', NULL, 1751623004),
(672, 929, 2061, NULL, 'company_logos', NULL, 1751623004),
(673, 929, 2061, NULL, 'company_logos', NULL, 1751623004),
(674, 929, 2061, NULL, 'company_logos', NULL, 1751623004),
(675, 929, 2061, NULL, 'company_logos', NULL, 1751623004),
(676, 929, 2061, NULL, 'company_logos', NULL, 1751623004),
(677, 929, 2061, NULL, 'company_logos', NULL, 1751623004),
(678, 929, 2061, NULL, 'requirements', NULL, 1751623004),
(679, 929, 2061, NULL, 'requirements', NULL, 1751623004),
(680, 929, 2061, NULL, 'requirements', NULL, 1751623004),
(681, 929, 2061, NULL, 'requirements', NULL, 1751623004),
(682, 929, 2061, NULL, 'requirements', NULL, 1751623004),
(683, 929, 2061, NULL, 'learning_materials', NULL, 1751623004),
(684, 929, 2061, NULL, 'learning_materials', NULL, 1751623004),
(685, 929, 2061, NULL, 'learning_materials', NULL, 1751623004),
(686, 929, 2061, NULL, 'learning_materials', NULL, 1751623004),
(687, 929, 2061, NULL, 'learning_materials', NULL, 1751623004),
(688, 929, 2061, NULL, 'learning_materials', NULL, 1751623004),
(689, 929, 2061, NULL, 'learning_materials', NULL, 1751623004),
(690, 929, 2061, NULL, 'learning_materials', NULL, 1751623004),
(691, 929, 2061, NULL, 'learning_materials', NULL, 1751623004),
(692, 929, 2061, NULL, 'learning_materials', NULL, 1751623004);

-- --------------------------------------------------------

--
-- Table structure for table `webinar_extra_description_translations`
--

CREATE TABLE `webinar_extra_description_translations` (
  `id` bigint(20) UNSIGNED NOT NULL,
  `webinar_extra_description_id` int(10) UNSIGNED NOT NULL,
  `locale` varchar(255) NOT NULL,
  `value` text NOT NULL
) ENGINE=InnoDB DEFAULT CHARSET=utf8mb4 COLLATE=utf8mb4_unicode_ci;

--
-- Dumping data for table `webinar_extra_description_translations`
--

INSERT INTO `webinar_extra_description_translations` (`id`, `webinar_extra_description_id`, `locale`, `value`) VALUES
(1, 1, 'en', 'Have a greater understanding of your life\'s greater purpose'),
(2, 2, 'en', 'Find greater meaning and purpose in your current career'),
(3, 3, 'en', 'See the greater meaning in the experiences in your life'),
(4, 4, 'en', 'Replace limiting beliefs with empowering beliefs'),
(9, 9, 'en', 'A computer (Windows/Mac/Linux). That\'s it!'),
(10, 10, 'en', 'No previous coding experience is needed'),
(11, 11, 'en', 'All tools and software used in this course will be free'),
(12, 12, 'en', 'Prepare to learn real life skills and build real web apps that will get you hired!'),
(13, 13, 'en', '/store/929/logo/logo (1).png'),
(14, 14, 'en', '/store/929/logo/logo (2).png'),
(15, 15, 'en', '/store/929/logo/logo (3).png'),
(16, 16, 'en', '/store/929/logo/logo (4).png'),
(17, 17, 'en', '/store/1015/logo_files/logo (1).png'),
(18, 18, 'en', '/store/1015/logo_files/logo (2).png'),
(19, 19, 'en', '/store/1015/logo_files/logo (3).png'),
(20, 20, 'en', '/store/1015/logo_files/logo (4).png'),
(21, 21, 'en', 'Have a computer with Internet'),
(22, 22, 'en', 'Be ready to learn an insane amount of awesome stuff'),
(23, 23, 'en', 'Prepare to build real web apps!'),
(24, 24, 'en', 'Create a complicated yelp-like application from scratch'),
(25, 25, 'en', 'Make REAL web applications using cutting-edge technologies'),
(26, 26, 'en', 'Create your own Node modules'),
(27, 27, 'en', 'Create a beautiful animated todo list application'),
(28, 28, 'en', 'Understand the ins and outs of HTTP requests'),
(29, 29, 'en', 'To learn the python language'),
(30, 30, 'en', 'To learn the CORE skills to understand any programming language'),
(31, 31, 'en', 'NO programming knowledge required'),
(32, 32, 'en', 'You need a Canon or Nikon DSLR camera (the kind that has interchangable lenses) - any model will do.'),
(33, 33, 'en', 'You don\'t need any prior photographic experience.'),
(34, 34, 'en', 'How to hold your camera correctly, which helps you to get sharp photos every time.'),
(35, 35, 'en', 'Which lenses to use for which photos, so that you can best capture a specific subject or scene.'),
(36, 36, 'en', 'Why and when you should support your camera on tripods and bean bags.'),
(37, 37, 'en', 'How to take photos in diffused light on overcast days.'),
(38, 38, 'en', 'Create any website layout you can imagine'),
(39, 39, 'en', 'Support any device size with Responsive (mobile-friendly) Design'),
(40, 40, 'en', 'Add tasteful animations and effects with CSS3'),
(41, 41, 'en', 'No prerequisite knowledge required'),
(42, 42, 'en', 'No special software required'),
(43, 43, 'en', '/store/1015/logo_files/logo (1).png'),
(44, 44, 'en', '/store/1015/logo_files/logo (2).png'),
(45, 45, 'en', '/store/1015/logo_files/logo (3).png'),
(46, 46, 'en', '/store/1015/logo_files/logo (4).png'),
(47, 47, 'en', '/store/929/logo/logo (1).png'),
(48, 48, 'en', '/store/929/logo/logo (2).png'),
(49, 49, 'en', '/store/929/logo/logo (3).png'),
(50, 50, 'en', '/store/929/logo/logo (4).png'),
(51, 51, 'en', '/store/1015/logo_files/logo (1).png'),
(52, 52, 'en', '/store/1015/logo_files/logo (2).png'),
(53, 53, 'en', 'Basic understanding of business concepts'),
(54, 54, 'en', 'No prior product management experience needed'),
(55, 55, 'en', 'Computer with internet access'),
(56, 56, 'en', 'Willingness to learn new methodologies'),
(57, 57, 'en', 'Interest in technology products'),
(58, 58, 'en', 'Master product roadmapping techniques'),
(59, 59, 'en', 'Learn agile development processes'),
(60, 60, 'en', 'Understand customer needs analysis'),
(61, 61, 'en', 'Develop MVP strategies'),
(62, 62, 'en', 'Learn stakeholder management'),
(63, 63, 'en', 'Master product launch techniques'),
(64, 64, 'en', 'Understand pricing strategies'),
(65, 65, 'en', 'Learn analytics for product decisions'),
(66, 66, 'en', 'Develop competitive analysis skills'),
(67, 67, 'en', 'Understand user experience principles'),
(68, 68, 'en', '/store/1015/logo_files/logo (1).png'),
(69, 69, 'en', '/store/1015/logo_files/logo (2).png'),
(70, 70, 'en', '/store/1015/logo_files/logo (3).png'),
(71, 71, 'en', '/store/1015/logo_files/logo (4).png'),
(72, 72, 'en', '/store/929/logo/logo (1).png'),
(73, 73, 'en', '/store/929/logo/logo (2).png'),
(74, 74, 'en', '/store/929/logo/logo (3).png'),
(75, 75, 'en', '/store/929/logo/logo (4).png'),
(76, 76, 'en', '/store/1015/logo_files/logo (1).png'),
(77, 77, 'en', '/store/1015/logo_files/logo (2).png'),
(78, 78, 'en', 'A computer to install Linux on'),
(79, 79, 'en', 'No prior Linux experience required'),
(80, 80, 'en', 'Basic computer literacy'),
(81, 81, 'en', 'USB drive for live boot (optional)'),
(82, 82, 'en', 'Willingness to learn command line'),
(83, 83, 'en', 'Install and configure Linux distributions'),
(84, 84, 'en', 'Master essential command line skills'),
(85, 85, 'en', 'Learn file system navigation'),
(86, 86, 'en', 'Understand user permissions'),
(87, 87, 'en', 'Configure network settings'),
(88, 88, 'en', 'Install and manage software packages'),
(89, 89, 'en', 'Create and manage users/groups'),
(90, 90, 'en', 'Automate tasks with scripts'),
(91, 91, 'en', 'Troubleshoot common issues'),
(92, 92, 'en', 'Secure your Linux system'),
(93, 93, 'en', '/store/1015/logo_files/logo (1).png'),
(94, 94, 'en', '/store/1015/logo_files/logo (2).png'),
(95, 95, 'en', '/store/1015/logo_files/logo (3).png'),
(96, 96, 'en', '/store/1015/logo_files/logo (4).png'),
(97, 97, 'en', '/store/929/logo/logo (1).png'),
(98, 98, 'en', '/store/929/logo/logo (2).png'),
(99, 99, 'en', '/store/929/logo/logo (3).png'),
(100, 100, 'en', '/store/929/logo/logo (4).png'),
(101, 101, 'en', '/store/1015/logo_files/logo (1).png'),
(102, 102, 'en', '/store/1015/logo_files/logo (2).png'),
(103, 103, 'en', 'Computer with Python installed'),
(104, 104, 'en', 'No prior coding experience needed'),
(105, 105, 'en', 'Basic math understanding'),
(106, 106, 'en', 'Text editor or IDE'),
(107, 107, 'en', 'Curiosity to solve problems'),
(108, 108, 'en', 'Python syntax fundamentals'),
(109, 109, 'en', 'Variables and data types'),
(110, 110, 'en', 'Control flow with loops'),
(111, 111, 'en', 'Functions and modules'),
(112, 112, 'en', 'Working with lists and dictionaries'),
(113, 113, 'en', 'File handling operations'),
(114, 114, 'en', 'Error handling techniques'),
(115, 115, 'en', 'Object-oriented programming'),
(116, 116, 'en', 'Basic algorithms'),
(117, 117, 'en', 'Simple project development'),
(118, 118, 'en', '/store/1015/logo_files/logo (1).png'),
(119, 119, 'en', '/store/1015/logo_files/logo (2).png'),
(120, 120, 'en', '/store/1015/logo_files/logo (3).png'),
(121, 121, 'en', '/store/1015/logo_files/logo (4).png'),
(122, 122, 'en', '/store/929/logo/logo (1).png'),
(123, 123, 'en', '/store/929/logo/logo (2).png'),
(124, 124, 'en', '/store/929/logo/logo (3).png'),
(125, 125, 'en', '/store/929/logo/logo (4).png'),
(126, 126, 'en', '/store/1015/logo_files/logo (1).png'),
(127, 127, 'en', '/store/1015/logo_files/logo (2).png'),
(128, 128, 'en', 'Microsoft Excel installed'),
(129, 129, 'en', 'Basic computer skills'),
(130, 130, 'en', 'No prior Excel knowledge needed'),
(131, 131, 'en', 'Windows or Mac computer'),
(132, 132, 'en', 'Sample data files provided'),
(133, 133, 'en', 'Excel interface navigation'),
(134, 134, 'en', 'Formulas and functions'),
(135, 135, 'en', 'Data formatting techniques'),
(136, 136, 'en', 'Charts and graphs creation'),
(137, 137, 'en', 'Pivot tables mastery'),
(138, 138, 'en', 'Data analysis tools'),
(139, 139, 'en', 'Macros and automation'),
(140, 140, 'en', 'Advanced formulas'),
(141, 141, 'en', 'Data validation'),
(142, 142, 'en', 'Dashboard creation'),
(143, 143, 'en', '/store/1015/logo_files/logo (1).png'),
(144, 144, 'en', '/store/1015/logo_files/logo (2).png'),
(145, 145, 'en', '/store/1015/logo_files/logo (3).png'),
(146, 146, 'en', '/store/1015/logo_files/logo (4).png'),
(147, 147, 'en', '/store/929/logo/logo (1).png'),
(148, 148, 'en', '/store/929/logo/logo (2).png'),
(149, 149, 'en', '/store/929/logo/logo (3).png'),
(150, 150, 'en', '/store/929/logo/logo (4).png'),
(151, 151, 'en', '/store/1015/logo_files/logo (1).png'),
(152, 152, 'en', '/store/1015/logo_files/logo (2).png'),
(153, 153, 'en', 'Experience managing people'),
(154, 154, 'en', 'Internet connection'),
(155, 155, 'en', 'Webcam for video calls'),
(156, 156, 'en', 'Collaboration tools access'),
(157, 157, 'en', 'Openness to new methods'),
(158, 158, 'en', 'Virtual team building'),
(159, 159, 'en', 'Remote communication tools'),
(160, 160, 'en', 'Performance tracking'),
(161, 161, 'en', 'Conflict resolution'),
(162, 162, 'en', 'Time zone management'),
(163, 163, 'en', 'Productivity measurement'),
(164, 164, 'en', 'Cultural awareness'),
(165, 165, 'en', 'Security protocols'),
(166, 166, 'en', 'Engagement strategies'),
(167, 167, 'en', 'Hybrid work models'),
(168, 168, 'en', '/store/1015/logo_files/logo (1).png'),
(169, 169, 'en', '/store/1015/logo_files/logo (2).png'),
(170, 170, 'en', '/store/1015/logo_files/logo (3).png'),
(171, 171, 'en', '/store/1015/logo_files/logo (4).png'),
(172, 172, 'en', '/store/929/logo/logo (1).png'),
(173, 173, 'en', '/store/929/logo/logo (2).png'),
(174, 174, 'en', '/store/929/logo/logo (3).png'),
(175, 175, 'en', '/store/929/logo/logo (4).png'),
(176, 176, 'en', '/store/1015/logo_files/logo (1).png'),
(177, 177, 'en', '/store/1015/logo_files/logo (2).png'),
(178, 178, 'en', 'Desire to improve productivity'),
(179, 179, 'en', 'Notebook for planning'),
(180, 180, 'en', 'Calendar access'),
(181, 181, 'en', 'Basic computer skills'),
(182, 182, 'en', 'Willingness to change habits'),
(183, 183, 'en', 'Priority setting methods'),
(184, 184, 'en', 'Task batching techniques'),
(185, 185, 'en', 'Delegation strategies'),
(186, 186, 'en', 'Meeting efficiency'),
(187, 187, 'en', 'Digital tools overview'),
(188, 188, 'en', 'Email management'),
(189, 189, 'en', 'Focus techniques'),
(190, 190, 'en', 'Work-life balance'),
(191, 191, 'en', 'Goal setting frameworks'),
(192, 192, 'en', 'Procrastination solutions'),
(193, 193, 'en', '/store/1015/logo_files/logo (1).png'),
(194, 194, 'en', '/store/1015/logo_files/logo (2).png'),
(195, 195, 'en', '/store/1015/logo_files/logo (3).png'),
(196, 196, 'en', '/store/1015/logo_files/logo (4).png'),
(197, 197, 'en', '/store/929/logo/logo (1).png'),
(198, 198, 'en', '/store/929/logo/logo (2).png'),
(199, 199, 'en', '/store/929/logo/logo (3).png'),
(200, 200, 'en', '/store/929/logo/logo (4).png'),
(201, 201, 'en', '/store/1015/logo_files/logo (1).png'),
(202, 202, 'en', '/store/1015/logo_files/logo (2).png'),
(203, 203, 'en', 'Basic HTML/CSS knowledge'),
(204, 204, 'en', 'JavaScript fundamentals'),
(205, 205, 'en', 'Node.js installed'),
(206, 206, 'en', 'Text editor or IDE'),
(207, 207, 'en', 'Modern web browser'),
(208, 208, 'en', 'AngularJS architecture'),
(209, 209, 'en', 'Directives creation'),
(210, 210, 'en', 'Data binding techniques'),
(211, 211, 'en', 'Dependency injection'),
(212, 212, 'en', 'Routing implementation'),
(213, 213, 'en', 'Services development'),
(214, 214, 'en', 'Form validation'),
(215, 215, 'en', 'Testing strategies'),
(216, 216, 'en', 'Performance optimization'),
(217, 217, 'en', 'Real-world applications'),
(218, 218, 'en', '/store/1015/logo_files/logo (1).png'),
(219, 219, 'en', '/store/1015/logo_files/logo (2).png'),
(220, 220, 'en', '/store/1015/logo_files/logo (3).png'),
(221, 221, 'en', '/store/1015/logo_files/logo (4).png'),
(222, 222, 'en', '/store/929/logo/logo (1).png'),
(223, 223, 'en', '/store/929/logo/logo (2).png'),
(224, 224, 'en', '/store/929/logo/logo (3).png'),
(225, 225, 'en', '/store/929/logo/logo (4).png'),
(226, 226, 'en', '/store/1015/logo_files/logo (1).png'),
(227, 227, 'en', '/store/1015/logo_files/logo (2).png'),
(228, 228, 'en', 'Comfortable workout clothes'),
(229, 229, 'en', 'Water bottle'),
(230, 230, 'en', 'Yoga mat (optional)'),
(231, 231, 'en', 'No prior fitness experience'),
(232, 232, 'en', 'Doctor clearance if needed'),
(233, 233, 'en', 'Nutrition fundamentals'),
(234, 234, 'en', 'Strength training basics'),
(235, 235, 'en', 'Cardio workouts'),
(236, 236, 'en', 'Flexibility exercises'),
(237, 237, 'en', 'Mindfulness techniques'),
(238, 238, 'en', 'Meal planning'),
(239, 239, 'en', 'Recovery methods'),
(240, 240, 'en', 'Injury prevention'),
(241, 241, 'en', 'Progress tracking'),
(242, 242, 'en', 'Sustainable habits'),
(243, 243, 'en', '/store/1015/logo_files/logo (1).png'),
(244, 244, 'en', '/store/1015/logo_files/logo (2).png'),
(245, 245, 'en', '/store/1015/logo_files/logo (3).png'),
(246, 246, 'en', '/store/1015/logo_files/logo (4).png'),
(247, 247, 'en', '/store/929/logo/logo (1).png'),
(248, 248, 'en', '/store/929/logo/logo (2).png'),
(249, 249, 'en', '/store/929/logo/logo (3).png'),
(250, 250, 'en', '/store/929/logo/logo (4).png'),
(251, 251, 'en', '/store/1015/logo_files/logo (1).png'),
(252, 252, 'en', '/store/1015/logo_files/logo (2).png'),
(253, 253, 'en', 'Open mind to learn'),
(254, 254, 'en', 'Note-taking materials'),
(255, 255, 'en', 'Quiet space to practice'),
(256, 256, 'en', 'Willingness to improve'),
(257, 257, 'en', 'Patience with self'),
(258, 258, 'en', 'Listening barriers'),
(259, 259, 'en', 'Empathy development'),
(260, 260, 'en', 'Body language awareness'),
(261, 261, 'en', 'Questioning techniques'),
(262, 262, 'en', 'Feedback methods'),
(263, 263, 'en', 'Paraphrasing skills'),
(264, 264, 'en', 'Conflict resolution'),
(265, 265, 'en', 'Cultural differences'),
(266, 266, 'en', 'Active listening exercises'),
(267, 267, 'en', 'Real-world applications'),
(268, 268, 'en', '/store/1015/logo_files/logo (1).png'),
(269, 269, 'en', '/store/1015/logo_files/logo (2).png'),
(270, 270, 'en', '/store/1015/logo_files/logo (3).png'),
(271, 271, 'en', '/store/1015/logo_files/logo (4).png'),
(272, 272, 'en', '/store/929/logo/logo (1).png'),
(273, 273, 'en', '/store/929/logo/logo (2).png'),
(274, 274, 'en', '/store/929/logo/logo (3).png'),
(275, 275, 'en', '/store/929/logo/logo (4).png'),
(276, 276, 'en', '/store/1015/logo_files/logo (1).png'),
(277, 277, 'en', '/store/1015/logo_files/logo (2).png'),
(278, 278, 'en', 'Interest in energy topics'),
(279, 279, 'en', 'Basic science understanding'),
(280, 280, 'en', 'No technical background needed'),
(281, 281, 'en', 'Curiosity about future tech'),
(282, 282, 'en', 'Openness to new ideas'),
(283, 283, 'en', 'Renewable energy sources'),
(284, 284, 'en', 'Energy storage solutions'),
(285, 285, 'en', 'Smart grid technology'),
(286, 286, 'en', 'Policy implications'),
(287, 287, 'en', 'Emerging technologies'),
(288, 288, 'en', 'Economic considerations'),
(289, 289, 'en', 'Environmental impacts'),
(290, 290, 'en', 'Global energy trends'),
(291, 291, 'en', 'Career opportunities'),
(292, 292, 'en', 'Personal energy choices'),
(293, 293, 'en', '/store/1015/logo_files/logo (1).png'),
(294, 294, 'en', '/store/1015/logo_files/logo (2).png'),
(295, 295, 'en', '/store/1015/logo_files/logo (3).png'),
(296, 296, 'en', '/store/1015/logo_files/logo (4).png'),
(297, 297, 'en', '/store/929/logo/logo (1).png'),
(298, 298, 'en', '/store/929/logo/logo (2).png'),
(299, 299, 'en', '/store/929/logo/logo (3).png'),
(300, 300, 'en', '/store/929/logo/logo (4).png'),
(301, 301, 'en', '/store/1015/logo_files/logo (1).png'),
(302, 302, 'en', '/store/1015/logo_files/logo (2).png'),
(303, 303, 'en', 'Computer with internet'),
(304, 304, 'en', 'Text editor (free options)'),
(305, 305, 'en', 'Modern web browser'),
(306, 306, 'en', 'No prior experience needed'),
(307, 307, 'en', 'Creative mindset'),
(308, 308, 'en', 'HTML fundamentals'),
(309, 309, 'en', 'CSS styling basics'),
(310, 310, 'en', 'Color theory principles'),
(311, 311, 'en', 'Typography basics'),
(312, 312, 'en', 'Layout techniques'),
(313, 313, 'en', 'Responsive design'),
(314, 314, 'en', 'User experience basics'),
(315, 315, 'en', 'Design tools overview'),
(316, 316, 'en', 'Project workflow'),
(317, 317, 'en', 'Portfolio creation'),
(318, 318, 'en', '/store/1015/logo_files/logo (1).png'),
(319, 319, 'en', '/store/1015/logo_files/logo (2).png'),
(320, 320, 'en', '/store/1015/logo_files/logo (3).png'),
(321, 321, 'en', '/store/1015/logo_files/logo (4).png'),
(322, 322, 'en', '/store/929/logo/logo (1).png'),
(323, 323, 'en', '/store/929/logo/logo (2).png'),
(324, 324, 'en', '/store/929/logo/logo (3).png'),
(325, 325, 'en', '/store/929/logo/logo (4).png'),
(326, 326, 'en', '/store/1015/logo_files/logo (1).png'),
(327, 327, 'en', '/store/1015/logo_files/logo (2).png'),
(328, 328, 'en', 'Passport (or plan to get one)'),
(329, 329, 'en', 'Desire to travel'),
(330, 330, 'en', 'Openness to new cultures'),
(331, 331, 'en', 'Budgeting mindset'),
(332, 332, 'en', 'Flexible attitude'),
(333, 333, 'en', 'Budget travel planning'),
(334, 334, 'en', 'Accommodation options'),
(335, 335, 'en', 'Transportation hacks'),
(336, 336, 'en', 'Packing efficiently'),
(337, 337, 'en', 'Safety considerations'),
(338, 338, 'en', 'Cultural sensitivity'),
(339, 339, 'en', 'Money saving tips'),
(340, 340, 'en', 'Travel insurance'),
(341, 341, 'en', 'Working abroad options'),
(342, 342, 'en', 'Sustainable travel'),
(343, 343, 'en', '/store/1015/logo_files/logo (1).png'),
(344, 344, 'en', '/store/1015/logo_files/logo (2).png'),
(345, 345, 'en', '/store/1015/logo_files/logo (3).png'),
(346, 346, 'en', '/store/1015/logo_files/logo (4).png'),
(347, 347, 'en', '/store/929/logo/logo (1).png'),
(348, 348, 'en', '/store/929/logo/logo (2).png'),
(349, 349, 'en', '/store/929/logo/logo (3).png'),
(350, 350, 'en', '/store/929/logo/logo (4).png'),
(351, 351, 'en', '/store/1015/logo_files/logo (1).png'),
(352, 352, 'en', '/store/1015/logo_files/logo (2).png'),
(353, 353, 'en', 'Interest in travel industry'),
(354, 354, 'en', 'Basic computer skills'),
(355, 355, 'en', 'Customer service mindset'),
(356, 356, 'en', 'Organizational skills'),
(357, 357, 'en', 'Multitasking ability'),
(358, 358, 'en', 'Travel booking systems'),
(359, 359, 'en', 'Itinerary planning'),
(360, 360, 'en', 'Visa requirements'),
(361, 361, 'en', 'Crisis management'),
(362, 362, 'en', 'Supplier negotiations'),
(363, 363, 'en', 'Travel policy creation'),
(364, 364, 'en', 'Expense management'),
(365, 365, 'en', 'Group travel planning'),
(366, 366, 'en', 'Technology tools'),
(367, 367, 'en', 'Industry trends'),
(368, 368, 'en', '/store/1015/logo_files/logo (1).png'),
(369, 369, 'en', '/store/1015/logo_files/logo (2).png'),
(370, 370, 'en', '/store/1015/logo_files/logo (3).png'),
(371, 371, 'en', '/store/1015/logo_files/logo (4).png'),
(372, 372, 'en', '/store/929/logo/logo (1).png'),
(373, 373, 'en', '/store/929/logo/logo (2).png'),
(374, 374, 'en', '/store/929/logo/logo (3).png'),
(375, 375, 'en', '/store/929/logo/logo (4).png'),
(376, 376, 'en', '/store/1015/logo_files/logo (1).png'),
(377, 377, 'en', '/store/1015/logo_files/logo (2).png'),
(378, 378, 'en', 'Basic financial knowledge'),
(379, 379, 'en', 'Understanding of payment systems'),
(380, 380, 'en', 'Interest in fintech solutions'),
(381, 381, 'en', 'Computer with internet access'),
(382, 382, 'en', 'No prior banking experience needed'),
(383, 383, 'en', 'Installment payment models'),
(384, 384, 'en', 'Credit risk assessment'),
(385, 385, 'en', 'Payment gateway integration'),
(386, 386, 'en', 'Customer segmentation'),
(387, 387, 'en', 'Regulatory compliance'),
(388, 388, 'en', 'Interest calculation methods'),
(389, 389, 'en', 'Default management'),
(390, 390, 'en', 'User experience for payments'),
(391, 391, 'en', 'API integration techniques'),
(392, 392, 'en', 'Case studies analysis'),
(393, 393, 'en', '/store/1015/logo_files/logo (1).png'),
(394, 394, 'en', '/store/1015/logo_files/logo (2).png'),
(395, 395, 'en', '/store/1015/logo_files/logo (3).png'),
(396, 396, 'en', '/store/1015/logo_files/logo (4).png'),
(397, 397, 'en', '/store/929/logo/logo (1).png'),
(398, 398, 'en', '/store/929/logo/logo (2).png'),
(399, 399, 'en', '/store/929/logo/logo (3).png'),
(400, 400, 'en', '/store/929/logo/logo (4).png'),
(401, 401, 'en', '/store/1015/logo_files/logo (1).png'),
(402, 402, 'en', '/store/1015/logo_files/logo (2).png'),
(403, 403, 'en', 'Basic computer skills'),
(404, 404, 'en', 'Interest in design'),
(405, 405, 'en', 'No prior experience needed'),
(406, 406, 'en', 'Creative mindset'),
(407, 407, 'en', 'Design software (free options available)'),
(408, 408, 'en', 'UI design principles'),
(409, 409, 'en', 'User research methods'),
(410, 410, 'en', 'Wireframing techniques'),
(411, 411, 'en', 'Prototyping tools'),
(412, 412, 'en', 'Color theory basics'),
(413, 413, 'en', 'Typography fundamentals'),
(414, 414, 'en', 'Design systems introduction'),
(415, 415, 'en', 'Accessibility guidelines'),
(416, 416, 'en', 'Portfolio building tips'),
(417, 417, 'en', 'Industry best practices'),
(418, 418, 'en', '/store/1015/logo_files/logo (1).png'),
(419, 419, 'en', '/store/1015/logo_files/logo (2).png'),
(420, 420, 'en', '/store/1015/logo_files/logo (3).png'),
(421, 421, 'en', '/store/1015/logo_files/logo (4).png'),
(422, 422, 'en', '/store/929/logo/logo (1).png'),
(423, 423, 'en', '/store/929/logo/logo (2).png'),
(424, 424, 'en', '/store/929/logo/logo (3).png'),
(425, 425, 'en', '/store/929/logo/logo (4).png'),
(426, 426, 'en', '/store/1015/logo_files/logo (1).png'),
(427, 427, 'en', '/store/1015/logo_files/logo (2).png'),
(428, 428, 'en', 'Basic UI design knowledge'),
(429, 429, 'en', 'Design software experience'),
(430, 430, 'en', 'Portfolio of previous work'),
(431, 431, 'en', 'Understanding of design principles'),
(432, 432, 'en', 'Willingness to learn advanced techniques'),
(433, 433, 'en', 'Advanced prototyping methods'),
(434, 434, 'en', 'Micro-interactions design'),
(435, 435, 'en', 'Design system creation'),
(436, 436, 'en', 'Advanced animation techniques'),
(437, 437, 'en', '3D elements in UI'),
(438, 438, 'en', 'Complex layout design'),
(439, 439, 'en', 'Design for multiple platforms'),
(440, 440, 'en', 'Advanced color theory'),
(441, 441, 'en', 'Design handoff to developers'),
(442, 442, 'en', 'Industry case studies'),
(443, 443, 'en', '/store/1015/logo_files/logo (1).png'),
(444, 444, 'en', '/store/1015/logo_files/logo (2).png'),
(445, 445, 'en', '/store/1015/logo_files/logo (3).png'),
(446, 446, 'en', '/store/1015/logo_files/logo (4).png'),
(447, 447, 'en', '/store/929/logo/logo (1).png'),
(448, 448, 'en', '/store/929/logo/logo (2).png'),
(449, 449, 'en', '/store/929/logo/logo (3).png'),
(450, 450, 'en', '/store/929/logo/logo (4).png'),
(451, 451, 'en', '/store/1015/logo_files/logo (1).png'),
(452, 452, 'en', '/store/1015/logo_files/logo (2).png'),
(453, 453, 'en', 'Basic UX knowledge'),
(454, 454, 'en', 'Interest in user behavior'),
(455, 455, 'en', 'Note-taking skills'),
(456, 456, 'en', 'Analytical thinking'),
(457, 457, 'en', 'No prior research experience needed'),
(458, 458, 'en', 'User research methodologies'),
(459, 459, 'en', 'Interview techniques'),
(460, 460, 'en', 'Survey design'),
(461, 461, 'en', 'Usability testing'),
(462, 462, 'en', 'Data analysis methods'),
(463, 463, 'en', 'Persona creation'),
(464, 464, 'en', 'Journey mapping'),
(465, 465, 'en', 'Research synthesis'),
(466, 466, 'en', 'Reporting findings'),
(467, 467, 'en', 'Ethical considerations'),
(468, 468, 'en', '/store/1015/logo_files/logo (1).png'),
(469, 469, 'en', '/store/1015/logo_files/logo (2).png'),
(470, 470, 'en', '/store/1015/logo_files/logo (3).png'),
(471, 471, 'en', '/store/1015/logo_files/logo (4).png'),
(472, 472, 'en', '/store/929/logo/logo (1).png'),
(473, 473, 'en', '/store/929/logo/logo (2).png'),
(474, 474, 'en', '/store/929/logo/logo (3).png'),
(475, 475, 'en', '/store/929/logo/logo (4).png'),
(476, 476, 'en', '/store/1015/logo_files/logo (1).png'),
(477, 477, 'en', '/store/1015/logo_files/logo (2).png'),
(478, 478, 'en', 'UI design basics'),
(479, 479, 'en', 'Mobile device familiarity'),
(480, 480, 'en', 'Design software experience'),
(481, 481, 'en', 'Understanding of user flows'),
(482, 482, 'en', 'Interest in mobile trends'),
(483, 483, 'en', 'iOS design guidelines'),
(484, 484, 'en', 'Material Design principles'),
(485, 485, 'en', 'Navigation patterns'),
(486, 486, 'en', 'Gesture-based interfaces'),
(487, 487, 'en', 'Mobile form design'),
(488, 488, 'en', 'Onboarding flows'),
(489, 489, 'en', 'Accessibility for mobile'),
(490, 490, 'en', 'Performance considerations'),
(491, 491, 'en', 'Platform differences'),
(492, 492, 'en', 'Emerging patterns'),
(493, 493, 'en', '/store/1015/logo_files/logo (1).png'),
(494, 494, 'en', '/store/1015/logo_files/logo (2).png'),
(495, 495, 'en', '/store/1015/logo_files/logo (3).png'),
(496, 496, 'en', '/store/1015/logo_files/logo (4).png'),
(497, 497, 'en', '/store/929/logo/logo (1).png'),
(498, 498, 'en', '/store/929/logo/logo (2).png'),
(499, 499, 'en', '/store/929/logo/logo (3).png'),
(500, 500, 'en', '/store/929/logo/logo (4).png'),
(501, 501, 'en', '/store/1015/logo_files/logo (1).png'),
(502, 502, 'en', '/store/1015/logo_files/logo (2).png'),
(503, 503, 'en', 'UI/UX design experience'),
(504, 504, 'en', 'Design software proficiency'),
(505, 505, 'en', 'Understanding of components'),
(506, 506, 'en', 'Basic coding knowledge helpful'),
(507, 507, 'en', 'Interest in scalable design'),
(508, 508, 'en', 'Design system architecture'),
(509, 509, 'en', 'Component library creation'),
(510, 510, 'en', 'Documentation strategies'),
(511, 511, 'en', 'Version control for design'),
(512, 512, 'en', 'Collaboration workflows'),
(513, 513, 'en', 'Design tokens implementation'),
(514, 514, 'en', 'Accessibility integration'),
(515, 515, 'en', 'Cross-platform consistency'),
(516, 516, 'en', 'Maintenance best practices'),
(517, 517, 'en', 'Team adoption strategies'),
(518, 518, 'en', '/store/1015/logo_files/logo (1).png'),
(519, 519, 'en', '/store/1015/logo_files/logo (2).png'),
(520, 520, 'en', '/store/1015/logo_files/logo (3).png'),
(521, 521, 'en', '/store/1015/logo_files/logo (4).png'),
(522, 522, 'en', '/store/929/logo/logo (1).png'),
(523, 523, 'en', '/store/929/logo/logo (2).png'),
(524, 524, 'en', '/store/929/logo/logo (3).png'),
(525, 525, 'en', '/store/929/logo/logo (4).png'),
(526, 526, 'en', '/store/1015/logo_files/logo (1).png'),
(527, 527, 'en', '/store/1015/logo_files/logo (2).png'),
(528, 528, 'en', 'UI design fundamentals'),
(529, 529, 'en', 'Animation software basics'),
(530, 530, 'en', 'Understanding of motion principles'),
(531, 531, 'en', 'Creative thinking'),
(532, 532, 'en', 'Interest in interactive design'),
(533, 533, 'en', 'Animation principles for UI'),
(534, 534, 'en', 'Micro-interaction patterns'),
(535, 535, 'en', 'Prototyping tools for animation'),
(536, 536, 'en', 'Timing and easing techniques'),
(537, 537, 'en', 'Feedback mechanisms'),
(538, 538, 'en', 'Loading animations'),
(539, 539, 'en', 'Transition design'),
(540, 540, 'en', 'Performance optimization'),
(541, 541, 'en', 'Storytelling through motion'),
(542, 542, 'en', 'Case studies analysis'),
(543, 543, 'en', '/store/1015/logo_files/logo (1).png'),
(544, 544, 'en', '/store/1015/logo_files/logo (2).png'),
(545, 545, 'en', '/store/1015/logo_files/logo (3).png'),
(546, 546, 'en', '/store/1015/logo_files/logo (4).png'),
(547, 547, 'en', '/store/929/logo/logo (1).png'),
(548, 548, 'en', '/store/929/logo/logo (2).png'),
(549, 549, 'en', '/store/929/logo/logo (3).png'),
(550, 550, 'en', '/store/929/logo/logo (4).png'),
(551, 551, 'en', '/store/1015/logo_files/logo (1).png'),
(552, 552, 'en', '/store/1015/logo_files/logo (2).png'),
(553, 553, 'en', 'Figma account (free)'),
(554, 554, 'en', 'Basic design knowledge'),
(555, 555, 'en', 'Computer with internet'),
(556, 556, 'en', 'No prior Figma experience needed'),
(557, 557, 'en', 'Willingness to learn new tools'),
(558, 558, 'en', 'Figma interface overview'),
(559, 559, 'en', 'Component creation'),
(560, 560, 'en', 'Auto layout techniques'),
(561, 561, 'en', 'Prototyping workflows'),
(562, 562, 'en', 'Collaboration features'),
(563, 563, 'en', 'Design system setup'),
(564, 564, 'en', 'Plugins usage'),
(565, 565, 'en', 'Handoff to developers'),
(566, 566, 'en', 'Keyboard shortcuts'),
(567, 567, 'en', 'Best practices'),
(568, 568, 'en', '/store/1015/logo_files/logo (1).png'),
(569, 569, 'en', '/store/1015/logo_files/logo (2).png'),
(570, 570, 'en', '/store/1015/logo_files/logo (3).png'),
(571, 571, 'en', '/store/1015/logo_files/logo (4).png'),
(572, 572, 'en', '/store/929/logo/logo (1).png'),
(573, 573, 'en', '/store/929/logo/logo (2).png'),
(574, 574, 'en', '/store/929/logo/logo (3).png'),
(575, 575, 'en', '/store/929/logo/logo (4).png'),
(576, 576, 'en', '/store/1015/logo_files/logo (1).png'),
(577, 577, 'en', '/store/1015/logo_files/logo (2).png'),
(578, 578, 'en', 'Basic UI/UX knowledge'),
(579, 579, 'en', 'Empathy for diverse users'),
(580, 580, 'en', 'Interest in inclusive design'),
(581, 581, 'en', 'No prior accessibility experience'),
(582, 582, 'en', 'Willingness to learn guidelines'),
(583, 583, 'en', 'WCAG standards overview'),
(584, 584, 'en', 'Color contrast techniques'),
(585, 585, 'en', 'Keyboard navigation design'),
(586, 586, 'en', 'Screen reader compatibility'),
(587, 587, 'en', 'Accessible form design'),
(588, 588, 'en', 'ARIA implementation'),
(589, 589, 'en', 'Cognitive accessibility'),
(590, 590, 'en', 'Testing methodologies'),
(591, 591, 'en', 'Legal requirements'),
(592, 592, 'en', 'Inclusive design process'),
(593, 593, 'en', '/store/1015/logo_files/logo (1).png'),
(594, 594, 'en', '/store/1015/logo_files/logo (2).png'),
(595, 595, 'en', '/store/1015/logo_files/logo (3).png'),
(596, 596, 'en', '/store/1015/logo_files/logo (4).png'),
(597, 597, 'en', '/store/929/logo/logo (1).png'),
(598, 598, 'en', '/store/929/logo/logo (2).png'),
(599, 599, 'en', '/store/929/logo/logo (3).png'),
(600, 600, 'en', '/store/929/logo/logo (4).png'),
(601, 601, 'en', '/store/1015/logo_files/logo (1).png'),
(602, 602, 'en', '/store/1015/logo_files/logo (2).png'),
(603, 603, 'en', 'JavaScript fundamentals'),
(604, 604, 'en', 'Basic HTML/CSS knowledge'),
(605, 605, 'en', 'Node.js installed'),
(606, 606, 'en', 'Text editor or IDE'),
(607, 607, 'en', 'Modern web browser'),
(608, 608, 'en', 'Frontend frameworks overview'),
(609, 609, 'en', 'Backend development with Node.js'),
(610, 610, 'en', 'Database integration'),
(611, 611, 'en', 'API development'),
(612, 612, 'en', 'Authentication methods'),
(613, 613, 'en', 'Deployment strategies'),
(614, 614, 'en', 'Performance optimization'),
(615, 615, 'en', 'Testing approaches'),
(616, 616, 'en', 'Security best practices'),
(617, 617, 'en', 'Full project development'),
(618, 618, 'en', '/store/1015/logo_files/logo (1).png'),
(619, 619, 'en', '/store/1015/logo_files/logo (2).png'),
(620, 620, 'en', '/store/1015/logo_files/logo (3).png'),
(621, 621, 'en', '/store/1015/logo_files/logo (4).png'),
(622, 622, 'en', '/store/929/logo/logo (1).png'),
(623, 623, 'en', '/store/929/logo/logo (2).png'),
(624, 624, 'en', '/store/929/logo/logo (3).png'),
(625, 625, 'en', '/store/929/logo/logo (4).png'),
(626, 626, 'en', '/store/1015/logo_files/logo (1).png'),
(627, 627, 'en', '/store/1015/logo_files/logo (2).png'),
(628, 628, 'en', 'Basic Python knowledge'),
(629, 629, 'en', 'Understanding of math concepts'),
(630, 630, 'en', 'Jupyter Notebook installed'),
(631, 631, 'en', 'No prior data science experience'),
(632, 632, 'en', 'Curiosity about data analysis'),
(633, 633, 'en', 'NumPy fundamentals'),
(634, 634, 'en', 'Pandas for data manipulation'),
(635, 635, 'en', 'Data visualization techniques'),
(636, 636, 'en', 'Statistical analysis basics'),
(637, 637, 'en', 'Machine learning introduction'),
(638, 638, 'en', 'Data cleaning methods'),
(639, 639, 'en', 'Feature engineering'),
(640, 640, 'en', 'Model evaluation'),
(641, 641, 'en', 'Real-world datasets'),
(642, 642, 'en', 'Project workflow'),
(643, 643, 'en', '/store/1015/logo_files/logo (1).png'),
(644, 644, 'en', '/store/1015/logo_files/logo (2).png'),
(645, 645, 'en', '/store/1015/logo_files/logo (3).png'),
(646, 646, 'en', '/store/1015/logo_files/logo (4).png'),
(647, 647, 'en', '/store/929/logo/logo (1).png'),
(648, 648, 'en', '/store/929/logo/logo (2).png'),
(649, 649, 'en', '/store/929/logo/logo (3).png'),
(650, 650, 'en', '/store/929/logo/logo (4).png'),
(651, 651, 'en', '/store/1015/logo_files/logo (1).png'),
(652, 652, 'en', '/store/1015/logo_files/logo (2).png'),
(653, 653, 'en', 'JavaScript experience'),
(654, 654, 'en', 'React basics helpful'),
(655, 655, 'en', 'Node.js installed'),
(656, 656, 'en', 'Mobile device for testing'),
(657, 657, 'en', 'Development environment setup'),
(658, 658, 'en', 'React Native fundamentals'),
(659, 659, 'en', 'Component architecture'),
(660, 660, 'en', 'Navigation patterns'),
(661, 661, 'en', 'State management'),
(662, 662, 'en', 'Native modules usage'),
(663, 663, 'en', 'Performance optimization'),
(664, 664, 'en', 'Debugging techniques'),
(665, 665, 'en', 'App store deployment'),
(666, 666, 'en', 'Cross-platform considerations'),
(667, 667, 'en', 'Real-world app development'),
(668, 668, 'en', '/store/1015/logo_files/logo (1).png'),
(669, 669, 'en', '/store/1015/logo_files/logo (2).png'),
(670, 670, 'en', '/store/1015/logo_files/logo (3).png'),
(671, 671, 'en', '/store/1015/logo_files/logo (4).png'),
(672, 672, 'en', '/store/929/logo/logo (1).png'),
(673, 673, 'en', '/store/929/logo/logo (2).png'),
(674, 674, 'en', '/store/929/logo/logo (3).png'),
(675, 675, 'en', '/store/929/logo/logo (4).png'),
(676, 676, 'en', '/store/1015/logo_files/logo (1).png'),
(677, 677, 'en', '/store/1015/logo_files/logo (2).png'),
(678, 678, 'en', 'JavaScript proficiency'),
(679, 679, 'en', 'Basic command line knowledge'),
(680, 680, 'en', 'Node.js installed'),
(681, 681, 'en', 'Text editor or IDE'),
(682, 682, 'en', 'Understanding of web concepts'),
(683, 683, 'en', 'Express framework fundamentals'),
(684, 684, 'en', 'REST API design'),
(685, 685, 'en', 'Database integration'),
(686, 686, 'en', 'Authentication strategies'),
(687, 687, 'en', 'Error handling techniques'),
(688, 688, 'en', 'Middleware usage'),
(689, 689, 'en', 'Performance optimization'),
(690, 690, 'en', 'Testing approaches'),
(691, 691, 'en', 'Security best practices'),
(692, 692, 'en', 'Deployment strategies');

-- --------------------------------------------------------

--
