-- Table structure for table `follows`
--

CREATE TABLE `follows` (
  `id` int(10) UNSIGNED NOT NULL,
  `follower` int(10) UNSIGNED NOT NULL,
  `user_id` int(10) UNSIGNED NOT NULL,
  `status` enum('requested','accepted','rejected') NOT NULL
) ENGINE=InnoDB DEFAULT CHARSET=utf8mb4 COLLATE=utf8mb4_unicode_ci ROW_FORMAT=DYNAMIC;

-- --------------------------------------------------------

--
-- Table structure for table `forms`
--

CREATE TABLE `forms` (
  `id` int(10) UNSIGNED NOT NULL,
  `url` varchar(255) NOT NULL,
  `cover` varchar(255) DEFAULT NULL,
  `image` varchar(255) DEFAULT NULL,
  `header_icon` varchar(255) DEFAULT NULL,
  `header_overlay_image` varchar(255) DEFAULT NULL,
  `enable_login` tinyint(1) NOT NULL DEFAULT 0,
  `enable_resubmission` tinyint(1) NOT NULL DEFAULT 0,
  `enable_welcome_message` tinyint(1) NOT NULL DEFAULT 0,
  `enable_tank_you_message` tinyint(1) NOT NULL DEFAULT 0,
  `welcome_message_image` varchar(255) DEFAULT NULL,
  `tank_you_message_image` varchar(255) DEFAULT NULL,
  `start_date` bigint(20) UNSIGNED DEFAULT NULL,
  `end_date` bigint(20) UNSIGNED DEFAULT NULL,
  `enable` tinyint(1) NOT NULL DEFAULT 0,
  `created_at` bigint(20) UNSIGNED NOT NULL
) ENGINE=InnoDB DEFAULT CHARSET=utf8mb4 COLLATE=utf8mb4_unicode_ci;

--
-- Dumping data for table `forms`
--

INSERT INTO `forms` (`id`, `url`, `cover`, `image`, `header_icon`, `header_overlay_image`, `enable_login`, `enable_resubmission`, `enable_welcome_message`, `enable_tank_you_message`, `welcome_message_image`, `tank_you_message_image`, `start_date`, `end_date`, `enable`, `created_at`) VALUES
(2, 'teacher_form', '/store/1/default_images/16.jpg', '/store/1/default_images/about.png', NULL, NULL, 1, 1, 1, 1, '/store/1/default_images/welcome.jpg', '/store/1/default_images/thank_you.jpg', 1694894400, 1789592400, 1, 1694945521);

-- --------------------------------------------------------

--
-- Table structure for table `form_fields`
--

CREATE TABLE `form_fields` (
  `id` int(10) UNSIGNED NOT NULL,
  `form_id` int(10) UNSIGNED NOT NULL,
  `type` enum('input','number','upload','date_picker','toggle','textarea','dropdown','checkbox','radio') NOT NULL,
  `order` int(11) DEFAULT NULL,
  `required` tinyint(1) NOT NULL DEFAULT 0
) ENGINE=InnoDB DEFAULT CHARSET=utf8mb4 COLLATE=utf8mb4_unicode_ci;

--
-- Dumping data for table `form_fields`
--

INSERT INTO `form_fields` (`id`, `form_id`, `type`, `order`, `required`) VALUES
(1, 2, 'input', 1, 1),
(2, 2, 'input', 2, 1),
(3, 2, 'number', 4, 1),
(4, 2, 'date_picker', 5, 1),
(5, 2, 'input', 6, 1),
(6, 2, 'number', 7, 0),
(7, 2, 'radio', 3, 1),
(8, 2, 'textarea', 8, 0),
(9, 2, 'dropdown', 9, 1),
(10, 2, 'checkbox', 10, 0),
(11, 2, 'toggle', 12, 1),
(12, 2, 'upload', 11, 1);

-- --------------------------------------------------------

--
-- Table structure for table `form_field_options`
--

CREATE TABLE `form_field_options` (
  `id` int(10) UNSIGNED NOT NULL,
  `form_field_id` int(10) UNSIGNED NOT NULL,
  `order` int(11) DEFAULT NULL
) ENGINE=InnoDB DEFAULT CHARSET=utf8mb4 COLLATE=utf8mb4_unicode_ci;

--
-- Dumping data for table `form_field_options`
--

INSERT INTO `form_field_options` (`id`, `form_field_id`, `order`) VALUES
(1, 7, NULL),
(2, 7, NULL),
(3, 9, NULL),
(4, 9, NULL),
(5, 10, NULL),
(6, 10, NULL),
(7, 10, NULL),
(8, 10, NULL),
(9, 10, NULL),
(10, 10, NULL);

-- --------------------------------------------------------

--
-- Table structure for table `form_field_option_translations`
--

CREATE TABLE `form_field_option_translations` (
  `id` int(10) UNSIGNED NOT NULL,
  `form_field_option_id` int(10) UNSIGNED NOT NULL,
  `locale` varchar(255) NOT NULL,
  `title` varchar(255) NOT NULL
) ENGINE=InnoDB DEFAULT CHARSET=utf8mb4 COLLATE=utf8mb4_unicode_ci;

--
-- Dumping data for table `form_field_option_translations`
--

INSERT INTO `form_field_option_translations` (`id`, `form_field_option_id`, `locale`, `title`) VALUES
(1, 1, 'en', 'Male'),
(2, 2, 'en', 'Female'),
(3, 3, 'en', 'YES'),
(4, 4, 'en', 'NO'),
(5, 5, 'en', 'Benefits'),
(6, 6, 'en', 'Company reputation'),
(7, 7, 'en', 'Location'),
(8, 8, 'en', 'Salary'),
(9, 9, 'en', 'To gain experience'),
(10, 10, 'en', 'Other');

-- --------------------------------------------------------

--
-- Table structure for table `form_field_translations`
--

CREATE TABLE `form_field_translations` (
  `id` int(10) UNSIGNED NOT NULL,
  `form_field_id` int(10) UNSIGNED NOT NULL,
  `locale` varchar(255) NOT NULL,
  `title` varchar(255) NOT NULL
) ENGINE=InnoDB DEFAULT CHARSET=utf8mb4 COLLATE=utf8mb4_unicode_ci;

--
-- Dumping data for table `form_field_translations`
--

INSERT INTO `form_field_translations` (`id`, `form_field_id`, `locale`, `title`) VALUES
(1, 1, 'en', 'First Name'),
(2, 2, 'en', 'Last Name'),
(3, 3, 'en', 'Age'),
(4, 4, 'en', 'Date of Birth'),
(5, 5, 'en', 'Address'),
(6, 6, 'en', 'Mobile Number'),
(7, 7, 'en', 'Gender'),
(8, 8, 'en', 'Educational Background'),
(9, 9, 'en', 'Have you had any previous experience with teaching?'),
(10, 10, 'en', 'What determined you to apply for this position?'),
(11, 11, 'en', 'I accept the terms and rules'),
(12, 12, 'en', 'ID Card Image');

-- --------------------------------------------------------

--
-- Table structure for table `form_roles_users_groups`
--

CREATE TABLE `form_roles_users_groups` (
  `id` int(10) UNSIGNED NOT NULL,
  `form_id` int(10) UNSIGNED NOT NULL,
  `role_id` int(10) UNSIGNED DEFAULT NULL,
  `user_id` int(10) UNSIGNED DEFAULT NULL,
  `group_id` int(10) UNSIGNED DEFAULT NULL
) ENGINE=InnoDB DEFAULT CHARSET=utf8mb4 COLLATE=utf8mb4_unicode_ci;

--
-- Dumping data for table `form_roles_users_groups`
--

INSERT INTO `form_roles_users_groups` (`id`, `form_id`, `role_id`, `user_id`, `group_id`) VALUES
(14, 2, 2, NULL, NULL),
(15, 2, 3, NULL, NULL),
(16, 2, 4, NULL, NULL);

-- --------------------------------------------------------

--
-- Table structure for table `form_submissions`
--

CREATE TABLE `form_submissions` (
  `id` int(10) UNSIGNED NOT NULL,
  `user_id` int(10) UNSIGNED DEFAULT NULL,
  `form_id` int(10) UNSIGNED NOT NULL,
  `created_at` bigint(20) UNSIGNED NOT NULL
) ENGINE=InnoDB DEFAULT CHARSET=utf8mb4 COLLATE=utf8mb4_unicode_ci;

--
-- Dumping data for table `form_submissions`
--

INSERT INTO `form_submissions` (`id`, `user_id`, `form_id`, `created_at`) VALUES
(1, 923, 2, 1694963232),
(2, 870, 2, 1694965076),
(3, 3, 2, 1694970500);

-- --------------------------------------------------------

--
-- Table structure for table `form_submission_items`
--

CREATE TABLE `form_submission_items` (
  `id` int(10) UNSIGNED NOT NULL,
  `submission_id` int(10) UNSIGNED NOT NULL,
  `form_field_id` int(10) UNSIGNED NOT NULL,
  `value` text DEFAULT NULL
) ENGINE=InnoDB DEFAULT CHARSET=utf8mb4 COLLATE=utf8mb4_unicode_ci;

--
-- Dumping data for table `form_submission_items`
--

INSERT INTO `form_submission_items` (`id`, `submission_id`, `form_field_id`, `value`) VALUES
(1, 1, 1, 'John'),
(2, 1, 2, 'Powe'),
(3, 1, 7, '1'),
(4, 1, 3, '34'),
(5, 1, 4, '1990-09-15 00:00'),
(6, 1, 5, '645-2366 Aliquam Street'),
(7, 1, 6, '4467867995'),
(8, 1, 8, 'Associate of Business Administration from Imperial College London\r\nBachelor of International Business Economics from the University of Cambridge\r\nMaster of Business Administration from King\'s College London'),
(9, 1, 9, '3'),
(10, 1, 10, '[\"9\"]'),
(11, 1, 11, 'on'),
(12, 2, 1, 'Jessica'),
(13, 2, 2, 'Wray'),
(14, 2, 7, '2'),
(15, 2, 3, '29'),
(16, 2, 4, '1994-07-20 00:00'),
(17, 2, 5, '100 Cove Harbor S'),
(18, 2, 6, '1365758544'),
(19, 2, 8, 'I’m a certified coach and author. Over the years I\'ve worked with and coached 100,000 students from all over the world.\r\nMy expertise includes science-based personal development, health & fitness advice in the following areas:\r\n- Self Improvement\r\n- Life Coaching\r\n- Stress Management\r\n- Muscle Growth & Fat Loss\r\n- Healthy Living & Meal Planning\r\n- Gym Workouts & Bodybuilding'),
(20, 2, 9, '3'),
(21, 2, 10, '[\"9\",\"8\"]'),
(22, 2, 11, 'on'),
(23, 2, 12, '/store/1015/passport.jpg'),
(24, 1, 12, '/store/1015/passport.jpg'),
(25, 3, 1, 'James'),
(26, 3, 2, 'Kong'),
(27, 3, 7, '1'),
(28, 3, 3, '20'),
(29, 3, 4, '2003-08-13'),
(30, 3, 5, '522 Broadway WIGAN WN75 9RV'),
(31, 3, 6, '12085141324'),
(32, 3, 8, 'Associate of Applied Business from Stanford University\r\nBachelor of Science in Business from Harvard University\r\nMaster of Computational Finance from University of Chicago'),
(33, 3, 9, '4'),
(34, 3, 10, '[\"9\"]'),
(35, 3, 12, '/store/3/passport.jpg'),
(36, 3, 11, 'on');

-- --------------------------------------------------------

--
-- Table structure for table `form_translations`
--

CREATE TABLE `form_translations` (
  `id` int(10) UNSIGNED NOT NULL,
  `form_id` int(10) UNSIGNED NOT NULL,
  `locale` varchar(255) NOT NULL,
  `title` varchar(255) NOT NULL,
  `subtitle` text DEFAULT NULL,
  `heading_title` varchar(255) DEFAULT NULL,
  `description` text DEFAULT NULL,
  `welcome_message_title` varchar(255) DEFAULT NULL,
  `welcome_message_description` text DEFAULT NULL,
  `tank_you_message_title` varchar(255) DEFAULT NULL,
  `tank_you_message_description` text DEFAULT NULL
) ENGINE=InnoDB DEFAULT CHARSET=utf8mb4 COLLATE=utf8mb4_unicode_ci;

--
-- Dumping data for table `form_translations`
--

INSERT INTO `form_translations` (`id`, `form_id`, `locale`, `title`, `subtitle`, `heading_title`, `description`, `welcome_message_title`, `welcome_message_description`, `tank_you_message_title`, `tank_you_message_description`) VALUES
(2, 2, 'en', 'Teacher Registration Form', NULL, 'Teacher Registration Form', '<div>We appreciate your interest in becoming a part of our dedicated team of educators. As a teacher, you play a crucial role in shaping the future and empowering the next generation with knowledge and skills.</div><div><br></div><div>This registration form is designed to collect essential information about your qualifications and background. Your input will help us assess your suitability for a teaching position within our institution. Please take your time to complete the form accurately, as it will serve as the foundation of our evaluation process.</div><div><br></div><div>If you encounter any questions or need assistance while filling out this form, our support team is readily available to provide guidance and address your queries.</div><div><br></div><div>Thank you for considering us as the platform for your teaching journey. We believe in the power of education to transform lives, and we look forward to the possibility of having you on board to make a positive impact on our students.</div><div><br></div><div>Let\'s begin the registration process, and we wish you the best of luck in your pursuit of a fulfilling teaching career with us!</div>', 'Welcome To Rocket LMS', 'We are delighted that you have chosen to join our esteemed educational institution. Your commitment to education is greatly appreciated, and we look forward to having you as part of our team.\r\n\r\nThis registration form is the first step in the process of becoming a valued member of our teaching staff. Your expertise and passion for teaching are integral to our mission of providing a high-quality education to our students.\r\n\r\nPlease complete this form with accuracy and detail, as it will help us better understand your qualifications and preferences. If you have any questions or require assistance during the registration process, our dedicated support team is here to help.\r\n\r\nThank you for choosing to embark on this journey with us. Together, we can make a positive impact on the lives of our students and inspire them to achieve their full potential.\r\n\r\nLet\'s get started with your registration, and once again, welcome aboard!', 'Thank you for your submission', 'Your interest in joining our educational institution as a teacher is greatly appreciated. We value your dedication to the field of education and your willingness to be a part of our team.\r\n\r\nYour registration is an important step in our selection process, and we will carefully review the information you\'ve provided. Should we require any further details or have additional questions, our team will reach out to you promptly.\r\n\r\nWe understand that becoming a teacher is a significant commitment, and we are excited about the potential you bring to our institution. Your passion and expertise will undoubtedly contribute to the growth and success of our students.\r\n\r\nOnce again, thank you for taking the time to register with us. We will be in touch soon with updates on your application status. We look forward to the possibility of working together to create a positive and inspiring educational experience for all.');

-- --------------------------------------------------------

--
-- Table structure for table `forums`
--

CREATE TABLE `forums` (
  `id` int(10) UNSIGNED NOT NULL,
  `slug` varchar(255) NOT NULL,
  `role_id` int(10) UNSIGNED DEFAULT NULL,
  `group_id` int(10) UNSIGNED DEFAULT NULL,
  `parent_id` int(10) UNSIGNED DEFAULT NULL,
  `icon` varchar(255) DEFAULT NULL,
  `cover` varchar(255) DEFAULT NULL,
  `status` enum('disabled','active') DEFAULT NULL,
  `close` tinyint(1) NOT NULL DEFAULT 0,
  `order` int(11) DEFAULT NULL
) ENGINE=InnoDB DEFAULT CHARSET=utf8mb4 COLLATE=utf8mb4_unicode_ci;

--
-- Dumping data for table `forums`
--

INSERT INTO `forums` (`id`, `slug`, `role_id`, `group_id`, `parent_id`, `icon`, `cover`, `status`, `close`, `order`) VALUES
(1, 'Lifestyle', NULL, NULL, NULL, '/store/1/default_images/forums/icons/makeup.png', NULL, 'active', 0, NULL),
(2, 'Beauty-Makeup', NULL, NULL, 1, '/store/1/default_images/forums/icons/makeup.png', NULL, 'active', 0, 1),
(3, 'Food-Beverage', NULL, NULL, 1, '/store/1/default_images/forums/icons/donut.png', NULL, 'active', 0, 2),
(4, 'Travel', NULL, NULL, 1, '/store/1/default_images/forums/icons/airplane.png', NULL, 'active', 0, 3),
(5, 'Music', NULL, NULL, NULL, '/store/1/default_images/forums/icons/love-song.png', NULL, 'active', 0, NULL),
(6, 'Marketing', NULL, NULL, NULL, '/store/1/default_images/forums/icons/advertising.png', NULL, 'active', 0, NULL),
(7, 'Digital-Marketing', NULL, NULL, 6, '/store/1/default_images/forums/icons/digital-marketing.png', NULL, 'active', 0, 1),
(8, 'Public-Relations', NULL, NULL, 6, '/store/1/default_images/forums/icons/security.png', NULL, 'active', 0, 2),
(9, 'Advertising', NULL, NULL, 6, '/store/1/default_images/forums/icons/ads.png', NULL, 'active', 0, 3),
(10, 'Social-Media', NULL, NULL, 6, '/store/1/default_images/forums/icons/twitter.png', NULL, 'active', 0, 4);

-- --------------------------------------------------------

--
-- Table structure for table `forum_featured_topics`
--

CREATE TABLE `forum_featured_topics` (
  `id` int(10) UNSIGNED NOT NULL,
  `topic_id` int(10) UNSIGNED NOT NULL,
  `icon` varchar(255) NOT NULL,
  `created_at` bigint(20) UNSIGNED NOT NULL
) ENGINE=InnoDB DEFAULT CHARSET=utf8mb4 COLLATE=utf8mb4_unicode_ci;

--
-- Dumping data for table `forum_featured_topics`
--

INSERT INTO `forum_featured_topics` (`id`, `topic_id`, `icon`, `created_at`) VALUES
(1, 9, '/store/1/default_images/forums/icons/featured_forum4.svg', 1655791906),
(2, 8, '/store/1/default_images/forums/icons/featured_forum3.svg', 1655793090),
(3, 5, '/store/1/default_images/forums/icons/featured_forum2.svg', 1655793433),
(4, 10, '/store/1/default_images/forums/icons/featured_forum1.svg', 1656100506);

-- --------------------------------------------------------

--
-- Table structure for table `forum_recommended_topics`
--

CREATE TABLE `forum_recommended_topics` (
  `id` int(10) UNSIGNED NOT NULL,
  `icon` varchar(255) NOT NULL,
  `created_at` bigint(20) UNSIGNED NOT NULL
) ENGINE=InnoDB DEFAULT CHARSET=utf8mb4 COLLATE=utf8mb4_unicode_ci;

--
-- Dumping data for table `forum_recommended_topics`
--

INSERT INTO `forum_recommended_topics` (`id`, `icon`, `created_at`) VALUES
(1, '/store/1/default_images/forums/icons/recommended_topic_4.png', 1655794486),
(2, '/store/1/default_images/forums/icons/recommended_topic_3.png', 1655796024),
(3, '/store/1/default_images/forums/icons/recommended_topic_2.png', 1655796482),
(4, '/store/1/default_images/forums/icons/recommended_topic_1.png', 1655796824);

-- --------------------------------------------------------

--
-- Table structure for table `forum_recommended_topic_items`
--

CREATE TABLE `forum_recommended_topic_items` (
  `id` int(10) UNSIGNED NOT NULL,
  `recommended_topic_id` int(10) UNSIGNED NOT NULL,
  `topic_id` int(10) UNSIGNED NOT NULL,
  `created_at` bigint(20) UNSIGNED NOT NULL
) ENGINE=InnoDB DEFAULT CHARSET=utf8mb4 COLLATE=utf8mb4_unicode_ci;

--
-- Dumping data for table `forum_recommended_topic_items`
--

INSERT INTO `forum_recommended_topic_items` (`id`, `recommended_topic_id`, `topic_id`, `created_at`) VALUES
(55, 4, 2, 1749370032),
(56, 4, 3, 1749370032),
(57, 4, 7, 1749370032),
(58, 4, 9, 1749370032),
(59, 4, 10, 1749370032),
(60, 3, 7, 1749370199),
(61, 3, 9, 1749370199),
(62, 3, 4, 1749370199),
(63, 3, 2, 1749370199),
(64, 3, 10, 1749370199),
(65, 2, 4, 1749370273),
(66, 2, 7, 1749370273),
(67, 2, 8, 1749370273),
(68, 2, 9, 1749370273),
(69, 2, 10, 1749370273),
(70, 1, 9, 1749370346),
(71, 1, 8, 1749370346),
(72, 1, 7, 1749370346),
(73, 1, 3, 1749370346),
(74, 1, 10, 1749370346);

-- --------------------------------------------------------

--
-- Table structure for table `forum_recommended_topic_translations`
--

CREATE TABLE `forum_recommended_topic_translations` (
  `id` bigint(20) UNSIGNED NOT NULL,
  `forum_recommended_topic_id` int(10) UNSIGNED NOT NULL,
  `locale` varchar(191) NOT NULL,
  `title` varchar(255) NOT NULL,
  `subtitle` text NOT NULL
) ENGINE=InnoDB DEFAULT CHARSET=utf8mb4 COLLATE=utf8mb4_general_ci;

--
-- Dumping data for table `forum_recommended_topic_translations`
--

INSERT INTO `forum_recommended_topic_translations` (`id`, `forum_recommended_topic_id`, `locale`, `title`, `subtitle`) VALUES
(1, 4, 'en', 'Time Management', 'Learn to prioritize tasks, set goals, and boost productivity daily'),
(2, 3, 'en', 'Financial Management', 'Master budgeting, saving, and investing to manage money wisely'),
(3, 2, 'en', 'Marketing Strategy', 'Learn to plan, execute, and optimize campaigns for business growth'),
(4, 1, 'en', 'Task Management', 'Organize, prioritize, and track tasks to boost daily productivity efficiently');

-- --------------------------------------------------------

--
-- Table structure for table `forum_topic_attachments`
--

CREATE TABLE `forum_topic_attachments` (
  `id` int(10) UNSIGNED NOT NULL,
  `creator_id` int(10) UNSIGNED NOT NULL,
  `topic_id` int(10) UNSIGNED NOT NULL,
  `path` varchar(255) NOT NULL
) ENGINE=InnoDB DEFAULT CHARSET=utf8mb4 COLLATE=utf8mb4_unicode_ci;

--
-- Dumping data for table `forum_topic_attachments`
--

INSERT INTO `forum_topic_attachments` (`id`, `creator_id`, `topic_id`, `path`) VALUES
(1, 1017, 3, '/store/1017/background-sea-water.jpg');

-- --------------------------------------------------------

--
-- Table structure for table `forum_topic_bookmarks`
--

CREATE TABLE `forum_topic_bookmarks` (
  `id` int(10) UNSIGNED NOT NULL,
  `user_id` int(10) UNSIGNED NOT NULL,
  `topic_id` int(10) UNSIGNED NOT NULL,
  `created_at` bigint(20) UNSIGNED NOT NULL
) ENGINE=InnoDB DEFAULT CHARSET=utf8mb4 COLLATE=utf8mb4_unicode_ci;

-- --------------------------------------------------------

--
-- Table structure for table `forum_topic_likes`
--

CREATE TABLE `forum_topic_likes` (
  `id` int(10) UNSIGNED NOT NULL,
  `user_id` int(10) UNSIGNED NOT NULL,
  `topic_id` int(10) UNSIGNED DEFAULT NULL,
  `topic_post_id` int(10) UNSIGNED DEFAULT NULL
) ENGINE=InnoDB DEFAULT CHARSET=utf8mb4 COLLATE=utf8mb4_unicode_ci;

-- --------------------------------------------------------

--
-- Table structure for table `forum_topic_reports`
--

CREATE TABLE `forum_topic_reports` (
  `id` int(10) UNSIGNED NOT NULL,
  `user_id` int(10) UNSIGNED NOT NULL,
  `topic_id` int(10) UNSIGNED DEFAULT NULL,
  `topic_post_id` int(10) UNSIGNED DEFAULT NULL,
  `message` text NOT NULL,
  `created_at` bigint(20) UNSIGNED NOT NULL
) ENGINE=InnoDB DEFAULT CHARSET=utf8mb4 COLLATE=utf8mb4_unicode_ci;

--
-- Dumping data for table `forum_topic_reports`
--

INSERT INTO `forum_topic_reports` (`id`, `user_id`, `topic_id`, `topic_post_id`, `message`, `created_at`) VALUES
(1, 996, NULL, 18, 'This is a spam comment.', 1656323052);

-- --------------------------------------------------------

--
-- Table structure for table `forum_topic_visits`
--

CREATE TABLE `forum_topic_visits` (
  `id` int(10) UNSIGNED NOT NULL,
  `forum_id` int(10) UNSIGNED DEFAULT NULL,
  `topic_id` int(10) UNSIGNED DEFAULT NULL,
  `user_id` int(10) UNSIGNED DEFAULT NULL,
  `uid` varchar(255) DEFAULT NULL,
  `created_at` bigint(20) UNSIGNED NOT NULL
) ENGINE=InnoDB DEFAULT CHARSET=utf8mb4 COLLATE=utf8mb4_general_ci;

-- --------------------------------------------------------

--
-- Table structure for table `forum_translations`
--

CREATE TABLE `forum_translations` (
  `id` bigint(20) UNSIGNED NOT NULL,
  `forum_id` int(10) UNSIGNED NOT NULL,
  `locale` varchar(255) NOT NULL,
  `title` varchar(255) NOT NULL,
  `description` text DEFAULT NULL
) ENGINE=InnoDB DEFAULT CHARSET=utf8mb4 COLLATE=utf8mb4_unicode_ci;

--
-- Dumping data for table `forum_translations`
--

INSERT INTO `forum_translations` (`id`, `forum_id`, `locale`, `title`, `description`) VALUES
(1, 1, 'en', 'Lifestyle', 'Lifestyle is the interests, opinions, behaviours, and behavioural orientations of an individual, group, or culture. The term was introduced by Austrian psychologist Alfred Adler in his 1929 book, The Case of Miss R., with the meaning of \"a person\'s basic character as established early in childhood\".'),
(2, 2, 'en', 'Beauty & Makeup', 'How to create your natural skincare perfect'),
(3, 3, 'en', 'Food & Beverage', 'A practical forum to take your cooking skills from dull to delicious'),
(4, 4, 'en', 'Travel', 'How You Can Afford a Life of Travel and Adventure!'),
(5, 5, 'en', 'Music', 'Discuss music with The World\'s Top instructors'),
(6, 6, 'en', 'Marketing', 'Marketing is the process of exploring.'),
(7, 7, 'en', 'Digital Marketing', 'Master Digital Marketing Strategy'),
(8, 8, 'en', 'Public Relations', 'Everything you need to know to be successful at PR'),
(9, 9, 'en', 'Advertising', 'Learn the inner workings of a massive digital industry'),
(10, 10, 'en', 'Social Media', 'MASTER online marketing on Twitter, Pinterest, Instagram');

-- --------------------------------------------------------

--
-- Table structure for table `front_themes`
--

CREATE TABLE `front_themes` (
  `id` int(10) UNSIGNED NOT NULL,
  `section` enum('headers','footers') NOT NULL,
  `name` varchar(255) NOT NULL,
  `created_at` bigint(20) UNSIGNED NOT NULL
) ENGINE=InnoDB DEFAULT CHARSET=utf8mb4 COLLATE=utf8mb4_general_ci;

-- --------------------------------------------------------

--
-- Table structure for table `front_theme_translations`
--

CREATE TABLE `front_theme_translations` (
  `id` bigint(20) UNSIGNED NOT NULL,
  `front_theme_id` int(10) UNSIGNED NOT NULL,
  `locale` varchar(191) NOT NULL,
  `content` longtext DEFAULT NULL
) ENGINE=InnoDB DEFAULT CHARSET=utf8mb4 COLLATE=utf8mb4_general_ci;

-- --------------------------------------------------------

--
-- Table structure for table `gifts`
--

CREATE TABLE `gifts` (
  `id` int(10) UNSIGNED NOT NULL,
  `user_id` int(10) UNSIGNED NOT NULL,
  `webinar_id` int(10) UNSIGNED DEFAULT NULL,
  `bundle_id` int(10) UNSIGNED DEFAULT NULL,
  `product_id` int(10) UNSIGNED DEFAULT NULL,
  `name` varchar(255) NOT NULL,
  `email` varchar(255) NOT NULL,
  `date` bigint(20) UNSIGNED DEFAULT NULL,
  `description` text DEFAULT NULL,
  `viewed` tinyint(1) NOT NULL DEFAULT 0 COMMENT 'for show modal in recipient user panel',
  `status` enum('active','pending','cancel') DEFAULT 'pending',
  `created_at` bigint(20) UNSIGNED NOT NULL
) ENGINE=InnoDB DEFAULT CHARSET=utf8mb4 COLLATE=utf8mb4_unicode_ci;

--
-- Dumping data for table `gifts`
--

INSERT INTO `gifts` (`id`, `user_id`, `webinar_id`, `bundle_id`, `product_id`, `name`, `email`, `date`, `description`, `viewed`, `status`, `created_at`) VALUES
(6, 979, 2004, NULL, NULL, 'Cameron Schofield', 'student@demo.com', 1678890600, 'Hi, Dear Cameron.\r\nI hope to this course be helpful for you.\r\nFrom Morgan.', 1, 'active', 1678919415);

-- --------------------------------------------------------

--
-- Table structure for table `groups`
--

CREATE TABLE `groups` (
  `id` int(10) UNSIGNED NOT NULL,
  `creator_id` int(10) UNSIGNED NOT NULL,
  `name` varchar(64) DEFAULT NULL,
  `discount` int(11) DEFAULT NULL,
  `status` enum('active','inactive') NOT NULL DEFAULT 'inactive',
  `created_at` int(10) UNSIGNED NOT NULL
) ENGINE=InnoDB DEFAULT CHARSET=utf8mb4 COLLATE=utf8mb4_unicode_ci ROW_FORMAT=DYNAMIC;

--
-- Dumping data for table `groups`
--

INSERT INTO `groups` (`id`, `creator_id`, `name`, `discount`, `status`, `created_at`) VALUES
(2, 1, 'Vip Instructors', 20, 'active', 1613379096),
(3, 1, 'Special Students', 10, 'active', 1614530208);

-- --------------------------------------------------------

--
-- Table structure for table `groups_registration_packages`
--

CREATE TABLE `groups_registration_packages` (
  `id` bigint(20) UNSIGNED NOT NULL,
  `group_id` int(10) UNSIGNED NOT NULL,
  `instructors_count` int(11) DEFAULT NULL,
  `students_count` int(11) DEFAULT NULL,
  `courses_capacity` int(11) DEFAULT NULL,
  `courses_count` int(11) DEFAULT NULL,
  `meeting_count` int(11) DEFAULT NULL,
  `status` enum('disabled','active') NOT NULL,
  `created_at` int(10) UNSIGNED NOT NULL
) ENGINE=InnoDB DEFAULT CHARSET=utf8mb4 COLLATE=utf8mb4_unicode_ci;

-- --------------------------------------------------------

--
-- Table structure for table `group_users`
--

CREATE TABLE `group_users` (
  `id` int(10) UNSIGNED NOT NULL,
  `group_id` int(10) UNSIGNED NOT NULL,
  `user_id` int(10) UNSIGNED NOT NULL,
  `created_at` int(10) UNSIGNED NOT NULL
) ENGINE=InnoDB DEFAULT CHARSET=utf8mb4 COLLATE=utf8mb4_unicode_ci ROW_FORMAT=DYNAMIC;

--
-- Dumping data for table `group_users`
--

INSERT INTO `group_users` (`id`, `group_id`, `user_id`, `created_at`) VALUES
(64, 3, 996, 1625974235),
(65, 2, 3, 1625974258),
(66, 2, 1016, 1625974260);

-- --------------------------------------------------------

--
-- Table structure for table `home_page_statistics`
--

CREATE TABLE `home_page_statistics` (
  `id` int(10) UNSIGNED NOT NULL,
  `icon` varchar(255) NOT NULL,
  `color` varchar(255) NOT NULL,
  `count` int(10) UNSIGNED NOT NULL,
  `order` int(10) UNSIGNED DEFAULT NULL,
  `created_at` bigint(20) UNSIGNED NOT NULL
) ENGINE=InnoDB DEFAULT CHARSET=utf8mb4 COLLATE=utf8mb4_unicode_ci;

--
-- Dumping data for table `home_page_statistics`
--

INSERT INTO `home_page_statistics` (`id`, `icon`, `color`, `count`, `order`, `created_at`) VALUES
(2, '/store/1/default_images/trend_categories_icons/chess.png', '#c95d63', 20, 1, 1675870234),
(3, '/store/1/default_images/trend_categories_icons/palette.png', '#496ddb', 12, 4, 1675870276),
(4, '/store/1/default_images/trend_categories_icons/connection.png', '#717ec3', 16, 3, 1675870320),
(5, '/store/1/default_images/trend_categories_icons/family.png', '#ae8799', 78, 2, 1675870418);

-- --------------------------------------------------------

--
-- Table structure for table `home_page_statistic_translations`
--

CREATE TABLE `home_page_statistic_translations` (
  `id` int(10) UNSIGNED NOT NULL,
  `home_page_statistic_id` int(10) UNSIGNED NOT NULL,
  `locale` varchar(255) NOT NULL,
  `title` varchar(255) NOT NULL,
  `description` text NOT NULL
) ENGINE=InnoDB DEFAULT CHARSET=utf8mb4 COLLATE=utf8mb4_unicode_ci;

--
-- Dumping data for table `home_page_statistic_translations`
--

INSERT INTO `home_page_statistic_translations` (`id`, `home_page_statistic_id`, `locale`, `title`, `description`) VALUES
(2, 2, 'en', 'Skillful Instructors', 'Start learning from experienced instructors.'),
(3, 3, 'en', 'Video Courses', 'Learn without any geographical & time limitations.'),
(4, 4, 'en', 'Live Classes', 'Improve your skills using live knowledge flow.'),
(5, 5, 'en', 'Happy Students', 'are available to help you by their knowledge');

-- --------------------------------------------------------

--
-- Table structure for table `home_sections`
--

CREATE TABLE `home_sections` (
  `id` int(10) UNSIGNED NOT NULL,
  `name` enum('featured_classes','latest_bundles','latest_classes','best_rates','trend_categories','full_advertising_banner','best_sellers','discount_classes','free_classes','store_products','testimonials','subscribes','find_instructors','reward_program','become_instructor','forum_section','video_or_image_section','instructors','half_advertising_banner','organizations','blog','upcoming_courses') NOT NULL,
  `order` int(10) UNSIGNED NOT NULL
) ENGINE=InnoDB DEFAULT CHARSET=utf8mb4 COLLATE=utf8mb4_unicode_ci;

--
-- Dumping data for table `home_sections`
--

INSERT INTO `home_sections` (`id`, `name`, `order`) VALUES
(1, 'latest_classes', 2),
(2, 'featured_classes', 1),
(3, 'latest_bundles', 3),
(4, 'best_rates', 5),
(5, 'best_sellers', 7),
(6, 'free_classes', 8),
(7, 'trend_categories', 6),
(8, 'full_advertising_banner', 9),
(9, 'discount_classes', 10),
(10, 'store_products', 11),
(11, 'subscribes', 12),
(12, 'become_instructor', 13),
(13, 'forum_section', 14),
(14, 'find_instructors', 15),
(15, 'reward_program', 17),
(16, 'instructors', 18),
(17, 'video_or_image_section', 16),
(18, 'testimonials', 20),
(19, 'half_advertising_banner', 19),
(20, 'organizations', 21),
(21, 'blog', 22),
(31, 'upcoming_courses', 4);

-- --------------------------------------------------------

--
-- Table structure for table `installments`
--

CREATE TABLE `installments` (
  `id` int(10) UNSIGNED NOT NULL,
  `target_type` enum('all','courses','store_products','bundles','meetings','registration_packages','subscription_packages') NOT NULL,
  `target` varchar(255) DEFAULT NULL,
  `capacity` int(10) UNSIGNED DEFAULT NULL,
  `start_date` bigint(20) UNSIGNED DEFAULT NULL,
  `end_date` bigint(20) UNSIGNED DEFAULT NULL,
  `verification` tinyint(1) NOT NULL DEFAULT 0,
  `request_uploads` tinyint(1) NOT NULL DEFAULT 0,
  `bypass_verification_for_verified_users` tinyint(1) NOT NULL DEFAULT 0,
  `upfront` double(15,2) DEFAULT NULL,
  `upfront_type` enum('fixed_amount','percent') DEFAULT NULL,
  `enable` tinyint(1) NOT NULL DEFAULT 0,
  `created_at` bigint(20) UNSIGNED NOT NULL
) ENGINE=InnoDB DEFAULT CHARSET=utf8mb4 COLLATE=utf8mb4_unicode_ci;

--
-- Dumping data for table `installments`
--

INSERT INTO `installments` (`id`, `target_type`, `target`, `capacity`, `start_date`, `end_date`, `verification`, `request_uploads`, `bypass_verification_for_verified_users`, `upfront`, `upfront_type`, `enable`, `created_at`) VALUES
(1, 'courses', 'specific_courses', 10, 1672549200, NULL, 1, 1, 0, 30.00, 'percent', 1, 1678904056);

-- --------------------------------------------------------

--
-- Table structure for table `installment_orders`
--

CREATE TABLE `installment_orders` (
  `id` int(10) UNSIGNED NOT NULL,
  `installment_id` int(10) UNSIGNED NOT NULL,
  `user_id` int(10) UNSIGNED NOT NULL,
  `webinar_id` int(10) UNSIGNED DEFAULT NULL,
  `product_id` int(10) UNSIGNED DEFAULT NULL,
  `bundle_id` int(10) UNSIGNED DEFAULT NULL,
  `subscribe_id` int(10) UNSIGNED DEFAULT NULL,
  `registration_package_id` int(10) UNSIGNED DEFAULT NULL,
  `product_order_id` int(10) UNSIGNED DEFAULT NULL,
  `item_price` double(15,2) NOT NULL DEFAULT 0.00,
  `status` enum('paying','open','rejected','pending_verification','canceled','refunded') NOT NULL DEFAULT 'paying',
  `created_at` bigint(20) UNSIGNED NOT NULL,
  `refund_at` bigint(20) UNSIGNED DEFAULT NULL
) ENGINE=InnoDB DEFAULT CHARSET=utf8mb4 COLLATE=utf8mb4_unicode_ci;

--
-- Dumping data for table `installment_orders`
--

INSERT INTO `installment_orders` (`id`, `installment_id`, `user_id`, `webinar_id`, `product_id`, `bundle_id`, `subscribe_id`, `registration_package_id`, `product_order_id`, `item_price`, `status`, `created_at`, `refund_at`) VALUES
(1, 1, 995, 2022, NULL, NULL, NULL, NULL, NULL, 100.00, 'open', 1685783030, NULL),
(2, 1, 930, 2022, NULL, NULL, NULL, NULL, NULL, 100.00, 'pending_verification', 1685783144, NULL);

-- --------------------------------------------------------

--
-- Table structure for table `installment_order_attachments`
--

CREATE TABLE `installment_order_attachments` (
  `id` int(10) UNSIGNED NOT NULL,
  `installment_order_id` int(10) UNSIGNED NOT NULL,
  `title` varchar(255) NOT NULL,
  `file` varchar(255) NOT NULL
) ENGINE=InnoDB DEFAULT CHARSET=utf8mb4 COLLATE=utf8mb4_unicode_ci;

--
-- Dumping data for table `installment_order_attachments`
--

INSERT INTO `installment_order_attachments` (`id`, `installment_order_id`, `title`, `file`) VALUES
(1, 1, 'ID Card', '/store/995/passport.jpg'),
(2, 2, 'Passport', '/store/930/passport.jpg');

-- --------------------------------------------------------

--
-- Table structure for table `installment_order_payments`
--

CREATE TABLE `installment_order_payments` (
  `id` int(10) UNSIGNED NOT NULL,
  `installment_order_id` int(10) UNSIGNED NOT NULL,
  `sale_id` int(10) UNSIGNED DEFAULT NULL,
  `type` enum('upfront','step') NOT NULL,
  `selected_installment_step_id` int(10) UNSIGNED DEFAULT NULL,
  `amount` double(15,2) NOT NULL,
  `status` enum('paying','paid','canceled','refunded') NOT NULL DEFAULT 'paying',
  `created_at` bigint(20) UNSIGNED NOT NULL
) ENGINE=InnoDB DEFAULT CHARSET=utf8mb4 COLLATE=utf8mb4_unicode_ci;

--
-- Dumping data for table `installment_order_payments`
--

INSERT INTO `installment_order_payments` (`id`, `installment_order_id`, `sale_id`, `type`, `selected_installment_step_id`, `amount`, `status`, `created_at`) VALUES
(1, 1, 281, 'upfront', NULL, 30.00, 'paid', 1685783030),
(2, 2, 282, 'upfront', NULL, 30.00, 'paid', 1685783144);

-- --------------------------------------------------------

--
-- Table structure for table `installment_reminders`
--

CREATE TABLE `installment_reminders` (
  `id` int(10) UNSIGNED NOT NULL,
  `user_id` int(10) UNSIGNED NOT NULL,
  `installment_order_id` int(10) UNSIGNED NOT NULL,
  `installment_step_id` int(10) UNSIGNED NOT NULL,
  `type` enum('before_due','due','after_due') NOT NULL,
  `created_at` bigint(20) UNSIGNED NOT NULL
) ENGINE=InnoDB DEFAULT CHARSET=utf8mb4 COLLATE=utf8mb4_unicode_ci;

-- --------------------------------------------------------

--
-- Table structure for table `installment_specification_items`
--

CREATE TABLE `installment_specification_items` (
  `id` int(10) UNSIGNED NOT NULL,
  `installment_id` int(10) UNSIGNED NOT NULL,
  `category_id` int(10) UNSIGNED DEFAULT NULL,
  `instructor_id` int(10) UNSIGNED DEFAULT NULL,
  `seller_id` int(10) UNSIGNED DEFAULT NULL,
  `webinar_id` int(10) UNSIGNED DEFAULT NULL,
  `product_id` int(10) UNSIGNED DEFAULT NULL,
  `bundle_id` int(10) UNSIGNED DEFAULT NULL,
  `subscribe_id` int(10) UNSIGNED DEFAULT NULL,
  `registration_package_id` int(10) UNSIGNED DEFAULT NULL
) ENGINE=InnoDB DEFAULT CHARSET=utf8mb4 COLLATE=utf8mb4_unicode_ci;

--
-- Dumping data for table `installment_specification_items`
--

INSERT INTO `installment_specification_items` (`id`, `installment_id`, `category_id`, `instructor_id`, `seller_id`, `webinar_id`, `product_id`, `bundle_id`, `subscribe_id`, `registration_package_id`) VALUES
(15, 1, NULL, NULL, NULL, 2022, NULL, NULL, NULL, NULL);

-- --------------------------------------------------------

--
-- Table structure for table `installment_steps`
--

CREATE TABLE `installment_steps` (
  `id` int(10) UNSIGNED NOT NULL,
  `installment_id` int(10) UNSIGNED NOT NULL,
  `deadline` int(10) UNSIGNED DEFAULT NULL,
  `amount` double(15,2) DEFAULT NULL,
  `amount_type` enum('fixed_amount','percent') DEFAULT NULL,
  `order` int(10) UNSIGNED DEFAULT NULL
) ENGINE=InnoDB DEFAULT CHARSET=utf8mb4 COLLATE=utf8mb4_unicode_ci;

--
-- Dumping data for table `installment_steps`
--

INSERT INTO `installment_steps` (`id`, `installment_id`, `deadline`, `amount`, `amount_type`, `order`) VALUES
(1, 1, 90, 20.00, 'percent', 0),
(2, 1, 180, 30.00, 'percent', 1),
(3, 1, 270, 30.00, 'percent', 2);

-- --------------------------------------------------------

--
-- Table structure for table `installment_step_translations`
--

CREATE TABLE `installment_step_translations` (
  `id` int(10) UNSIGNED NOT NULL,
  `installment_step_id` int(10) UNSIGNED NOT NULL,
  `locale` varchar(255) NOT NULL,
  `title` varchar(255) NOT NULL
) ENGINE=InnoDB DEFAULT CHARSET=utf8mb4 COLLATE=utf8mb4_unicode_ci;

--
-- Dumping data for table `installment_step_translations`
--

INSERT INTO `installment_step_translations` (`id`, `installment_step_id`, `locale`, `title`) VALUES
(1, 1, 'en', 'First Installment'),
(2, 2, 'en', 'Second Installment'),
(3, 3, 'en', 'Third Installment');

-- --------------------------------------------------------

--
-- Table structure for table `installment_translations`
--

CREATE TABLE `installment_translations` (
  `id` int(10) UNSIGNED NOT NULL,
  `installment_id` int(10) UNSIGNED NOT NULL,
  `locale` varchar(255) NOT NULL,
  `title` varchar(255) NOT NULL,
  `main_title` varchar(255) NOT NULL,
  `description` text NOT NULL,
  `banner` varchar(255) DEFAULT NULL,
  `options` text DEFAULT NULL,
  `verification_description` text DEFAULT NULL,
  `verification_banner` varchar(255) DEFAULT NULL,
  `verification_video` varchar(255) DEFAULT NULL
) ENGINE=InnoDB DEFAULT CHARSET=utf8mb4 COLLATE=utf8mb4_unicode_ci;

--
-- Dumping data for table `installment_translations`
--

INSERT INTO `installment_translations` (`id`, `installment_id`, `locale`, `title`, `main_title`, `description`, `banner`, `options`, `verification_description`, `verification_banner`, `verification_video`) VALUES
(1, 1, 'en', 'Christmas installment plan', 'Installment payment On Christmas', 'Buy your courses in installments.', '/store/1/default_images/Installments/installment_banner.png', 'Instant access to course files88889 months payment duration8888No price difference with cash payments8888Get points after finalizing installments', '<p>To use this installment plan, you should attach a picture of your ID card and your 3-month bank account statement.</p><p>We will try to review your request as soon as possible.</p>', '/store/1/default_images/Installments/verification_image.png', NULL);

-- --------------------------------------------------------

--
-- Table structure for table `installment_user_groups`
--

CREATE TABLE `installment_user_groups` (
  `id` int(10) UNSIGNED NOT NULL,
  `installment_id` int(10) UNSIGNED NOT NULL,
  `group_id` int(10) UNSIGNED DEFAULT NULL
) ENGINE=InnoDB DEFAULT CHARSET=utf8mb4 COLLATE=utf8mb4_unicode_ci;

-- --------------------------------------------------------

--
-- Table structure for table `ip_restrictions`
--

CREATE TABLE `ip_restrictions` (
  `id` int(10) UNSIGNED NOT NULL,
  `type` enum('full_ip','ip_range','country') NOT NULL,
  `value` varchar(255) NOT NULL COMMENT 'full ip or ip range or country name',
  `reason` text NOT NULL,
  `created_at` bigint(20) UNSIGNED NOT NULL
) ENGINE=InnoDB DEFAULT CHARSET=utf8mb4 COLLATE=utf8mb4_general_ci;

--
-- Dumping data for table `ip_restrictions`
--

INSERT INTO `ip_restrictions` (`id`, `type`, `value`, `reason`, `created_at`) VALUES
(1, 'full_ip', '139.10.13.206', 'Spammer', 1709534805),
(3, 'country', 'CK', 'Testing Country Restriction', 1709534952);

-- --------------------------------------------------------

--
-- Table structure for table `jazzcash_transactions`
--

CREATE TABLE `jazzcash_transactions` (
  `id` bigint(20) UNSIGNED NOT NULL,
  `txn_ref_no` varchar(255) NOT NULL,
  `order` longtext CHARACTER SET utf8mb4 COLLATE utf8mb4_bin NOT NULL COMMENT 'Order data fields and values',
  `request` longtext CHARACTER SET utf8mb4 COLLATE utf8mb4_bin NOT NULL COMMENT 'Jazzcash request data fields and values',
  `response` longtext CHARACTER SET utf8mb4 COLLATE utf8mb4_bin DEFAULT NULL COMMENT 'Jazzcash response data fields and values',
  `status` enum('pending','error','completed') NOT NULL DEFAULT 'pending',
  `created_at` timestamp NULL DEFAULT NULL,
  `updated_at` timestamp NULL DEFAULT NULL
) ENGINE=InnoDB DEFAULT CHARSET=utf8mb4 COLLATE=utf8mb4_unicode_ci;

-- --------------------------------------------------------

--
-- Table structure for table `landings`
--

CREATE TABLE `landings` (
  `id` int(10) UNSIGNED NOT NULL,
  `url` varchar(255) NOT NULL,
  `preview_img` varchar(255) DEFAULT NULL,
  `enable` tinyint(1) NOT NULL DEFAULT 0,
  `created_at` bigint(20) UNSIGNED NOT NULL
) ENGINE=InnoDB DEFAULT CHARSET=utf8mb4 COLLATE=utf8mb4_general_ci;

--
-- Dumping data for table `landings`
--

INSERT INTO `landings` (`id`, `url`, `preview_img`, `enable`, `created_at`) VALUES
(1, 'default', '/store/landing_builder/landing_1//preview_img.jpg', 1, 1748938121),
(2, 'marketplace', '/store/landing_builder/landing_2//preview_img.jpg', 1, 1750002219),
(4, 'single', '/store/landing_builder/landing_4//preview_img.jpg', 1, 1750090889),
(5, 'organization', '/store/landing_builder/landing_5//preview_img.jpg', 1, 1750230270),
(6, 'meeting', '/store/landing_builder/landing_6//preview_img.jpg', 1, 1750513253),
(7, 'instructor', '/store/landing_builder/landing_7//preview_img.jpg', 1, 1750571508),
(8, 'recruitment', '/store/landing_builder/landing_8//preview_img.jpg', 1, 1750604459),
(9, 'category', '/store/landing_builder/landing_9//preview_img.jpg', 1, 1750673976),
(10, 'course', '/store/landing_builder/landing_10//preview_img.jpg', 1, 1750754252),
(11, 'blackfriday', '/store/landing_builder/landing_11//preview_img.jpg', 1, 1750785784),
(12, 'learningpath', '/store/landing_builder/landing_12//preview_img.jpg', 1, 1750945794),
(13, 'universal', '/store/landing_builder/landing_13//preview_img.jpg', 1, 1751087733);

-- --------------------------------------------------------

--
-- Table structure for table `landing_builder_components`
--

CREATE TABLE `landing_builder_components` (
  `id` int(10) UNSIGNED NOT NULL,
  `name` varchar(255) NOT NULL,
  `category` enum('hero','banners','courses','categories','upcoming_courses','logos','bundles','faq','store_products','video','blog_posts','features','subscription','cards','testimonials','information','call_to_action','statistics','meeting_booking','miscellaneous','instructors','text','organizations') NOT NULL
) ENGINE=InnoDB DEFAULT CHARSET=utf8mb4 COLLATE=utf8mb4_general_ci;

--
-- Dumping data for table `landing_builder_components`
--

INSERT INTO `landing_builder_components` (`id`, `name`, `category`) VALUES
(1, 'two_columns_hero', 'hero'),
(2, 'full_width_hero', 'hero'),
(3, 'single_instructor_hero', 'hero'),
(4, 'statistics', 'statistics'),
(5, 'featured_courses', 'courses'),
(6, 'links_and_titles_slider_2_rows', 'miscellaneous'),
(7, 'information_cards', 'cards'),
(8, 'trending_categories', 'categories'),
(9, 'newest_courses', 'courses'),
(10, 'best_selling_courses', 'courses'),
(11, 'best_rated_courses', 'courses'),
(12, 'discounted_courses', 'courses'),
(13, 'free_courses', 'courses'),
(14, 'upcoming_courses', 'upcoming_courses'),
(15, 'course_bundles', 'bundles'),
(16, 'store_products', 'store_products'),
(17, 'hybrid_information_section_2_images_check_items_text', 'information'),
(18, 'hybrid_information_section_2_images_text', 'information'),
(19, 'hybrid_information_section_2_images_text_2', 'information'),
(20, 'hybrid_information_section_3_images_text', 'information'),
(21, 'hybrid_information_section_4_images_text', 'information'),
(22, 'company_logos', 'logos'),
(23, 'full_width_bar_cta', 'call_to_action'),
(24, 'faq_6_col', 'faq'),
(25, 'features_4x', 'features'),
(26, 'banners_grid_3_in_different_sizes', 'banners'),
(27, 'meeting_booking_list', 'meeting_booking'),
(28, 'subscription_plans', 'subscription'),
(29, 'single_video_section', 'video'),
(30, 'sliding_testimonials_2_rows', 'testimonials'),
(31, 'cta_card_8_columns', 'call_to_action'),
(32, 'organizations', 'organizations'),
(33, 'instructors', 'instructors'),
(34, 'blog', 'blog_posts'),
(35, 'cta_section_full_width', 'call_to_action'),
(36, 'banner_full_width', 'banners'),
(37, 'banner_3_items_per_row', 'banners'),
(38, 'banner_2_items_per_row', 'banners'),
(39, 'banner_4_items_per_row', 'banners'),
(40, 'boxed_cta_full_width', 'call_to_action'),
(41, 'cta_and_information_hybrid', 'information'),
(42, 'hybrid_information_section_full_width', 'information'),
(43, 'links_and_images_6_items_per_row', 'miscellaneous'),
(44, 'video_and_image_slider_full_width', 'video'),
(45, 'information_card_full_width', 'cards'),
(46, 'information_card_full_width_2', 'cards'),
(47, 'full_width_image_and_video_cta', 'information'),
(48, 'image_information_cards_3x', 'banners'),
(49, 'two_sided_information_images_and_cards', 'information'),
(50, 'linked_images_3x', 'banners'),
(51, 'big_call_to_action_cards_2x', 'call_to_action'),
(52, 'custom_courses_grid', 'courses'),
(53, 'links_and_titles_slider_1_row', 'miscellaneous'),
(54, 'center_text', 'text'),
(55, 'vertical_spacer', 'miscellaneous');

-- --------------------------------------------------------

--
-- Table structure for table `landing_components`
--

CREATE TABLE `landing_components` (
  `id` int(10) UNSIGNED NOT NULL,
  `landing_id` int(10) UNSIGNED NOT NULL,
  `component_id` int(10) UNSIGNED NOT NULL,
  `preview` varchar(255) DEFAULT NULL,
  `enable` tinyint(1) NOT NULL DEFAULT 0,
  `order` int(10) UNSIGNED DEFAULT NULL
) ENGINE=InnoDB DEFAULT CHARSET=utf8mb4 COLLATE=utf8mb4_general_ci;

--
-- Dumping data for table `landing_components`
--

INSERT INTO `landing_components` (`id`, `landing_id`, `component_id`, `preview`, `enable`, `order`) VALUES
(1, 1, 1, NULL, 1, 0),
(2, 1, 4, NULL, 1, 1),
(3, 1, 5, NULL, 1, 3),
(4, 1, 8, NULL, 1, 5),
(5, 1, 10, NULL, 1, 7),
(6, 1, 55, NULL, 1, 2),
(7, 1, 55, NULL, 1, 4),
(8, 1, 55, NULL, 1, 6),
(9, 1, 11, NULL, 1, 9),
(10, 1, 55, NULL, 1, 8),
(11, 1, 55, NULL, 1, 10),
(12, 1, 33, NULL, 1, 11),
(13, 1, 34, NULL, 1, 13),
(17, 2, 5, NULL, 1, 4),
(19, 2, 10, NULL, 1, 12),
(20, 2, 55, NULL, 1, 1),
(21, 2, 55, NULL, 1, 5),
(22, 2, 55, NULL, 1, 11),
(23, 2, 11, NULL, 1, 14),
(24, 2, 55, NULL, 1, 13),
(25, 2, 55, NULL, 1, 15),
(26, 2, 33, NULL, 1, 24),
(27, 2, 34, NULL, 1, 29),
(28, 2, 2, NULL, 1, 0),
(29, 2, 6, NULL, 1, 2),
(30, 2, 55, NULL, 1, 3),
(31, 2, 43, NULL, 1, 6),
(32, 2, 54, NULL, 1, 8),
(33, 2, 7, NULL, 1, 10),
(34, 2, 55, NULL, 1, 7),
(35, 2, 55, NULL, 1, 9),
(36, 2, 15, NULL, 1, 16),
(37, 2, 55, NULL, 1, 17),
(38, 2, 52, NULL, 1, 18),
(39, 2, 55, NULL, 1, 19),
(40, 2, 16, NULL, 1, 20),
(41, 2, 41, NULL, 1, 22),
(42, 2, 55, NULL, 1, 21),
(43, 2, 55, NULL, 1, 23),
(44, 2, 17, NULL, 1, 25),
(45, 2, 18, NULL, 1, 27),
(46, 2, 55, NULL, 1, 26),
(47, 2, 55, NULL, 1, 28),
(50, 4, 55, NULL, 1, 1),
(51, 4, 55, NULL, 1, 13),
(57, 4, 34, NULL, 1, 24),
(60, 4, 55, NULL, 1, 7),
(64, 4, 55, NULL, 1, 15),
(65, 4, 55, NULL, 1, 21),
(67, 4, 55, NULL, 1, 23),
(77, 4, 55, NULL, 1, 17),
(78, 4, 3, NULL, 1, 0),
(79, 4, 7, NULL, 1, 4),
(80, 4, 54, NULL, 1, 2),
(81, 4, 55, NULL, 1, 3),
(82, 4, 46, NULL, 1, 8),
(83, 4, 55, NULL, 1, 5),
(84, 4, 54, NULL, 1, 6),
(85, 4, 46, NULL, 1, 10),
(86, 4, 55, NULL, 1, 9),
(87, 4, 44, NULL, 1, 12),
(88, 4, 55, NULL, 1, 11),
(89, 4, 52, NULL, 1, 14),
(91, 4, 21, NULL, 1, 16),
(92, 4, 30, NULL, 1, 18),
(93, 4, 48, NULL, 1, 20),
(94, 4, 23, NULL, 1, 22),
(95, 4, 55, NULL, 1, 19),
(96, 5, 1, NULL, 1, 0),
(97, 5, 4, NULL, 1, 1),
(101, 5, 55, NULL, 1, 2),
(102, 5, 55, NULL, 1, 4),
(103, 5, 55, NULL, 1, 18),
(105, 5, 55, NULL, 1, 10),
(106, 5, 55, NULL, 1, 12),
(109, 5, 54, NULL, 1, 3),
(110, 5, 55, NULL, 1, 8),
(111, 5, 7, NULL, 1, 5),
(112, 5, 55, NULL, 1, 6),
(113, 5, 26, NULL, 1, 7),
(114, 5, 54, NULL, 1, 9),
(115, 5, 45, NULL, 1, 11),
(116, 5, 45, NULL, 1, 13),
(117, 5, 55, NULL, 1, 14),
(118, 5, 45, NULL, 1, 15),
(119, 5, 53, NULL, 1, 17),
(120, 5, 28, NULL, 1, 19),
(121, 5, 55, NULL, 1, 20),
(122, 5, 32, NULL, 1, 21),
(123, 5, 55, NULL, 1, 22),
(124, 5, 22, NULL, 1, 23),
(125, 5, 24, NULL, 1, 24),
(126, 5, 55, NULL, 1, 25),
(127, 5, 40, NULL, 1, 26),
(129, 5, 55, NULL, 1, 27),
(130, 5, 21, NULL, 1, 28),
(131, 6, 1, NULL, 1, 0),
(132, 6, 4, NULL, 1, 1),
(133, 6, 55, NULL, 1, 2),
(134, 6, 55, NULL, 1, 4),
(136, 6, 55, NULL, 1, 17),
(137, 6, 55, NULL, 1, 19),
(138, 6, 54, NULL, 1, 6),
(139, 6, 55, NULL, 1, 7),
(141, 6, 55, NULL, 1, 9),
(159, 6, 25, NULL, 1, 3),
(160, 6, 50, NULL, 1, 5),
(161, 6, 17, NULL, 1, 8),
(162, 6, 18, NULL, 1, 10),
(163, 6, 55, NULL, 1, 11),
(164, 6, 17, NULL, 1, 12),
(165, 6, 55, NULL, 1, 15),
(166, 6, 55, NULL, 1, 13),
(167, 6, 18, NULL, 1, 14),
(168, 6, 27, NULL, 1, 16),
(169, 6, 30, NULL, 1, 18),
(170, 6, 35, NULL, 1, 20),
(172, 7, 1, NULL, 1, 0),
(174, 7, 55, NULL, 1, 2),
(175, 7, 55, NULL, 1, 4),
(177, 7, 55, NULL, 1, 10),
(178, 7, 55, NULL, 1, 16),
(180, 7, 55, NULL, 1, 6),
(182, 7, 55, NULL, 1, 14),
(185, 7, 45, NULL, 1, 5),
(194, 7, 22, NULL, 1, 15),
(200, 7, 6, NULL, 1, 1),
(201, 7, 21, NULL, 1, 3),
(202, 7, 52, NULL, 1, 7),
(203, 7, 55, NULL, 1, 8),
(204, 7, 49, NULL, 1, 9),
(205, 7, 30, NULL, 1, 11),
(206, 7, 55, NULL, 1, 12),
(207, 7, 29, NULL, 1, 13),
(208, 7, 51, NULL, 1, 17),
(209, 8, 55, NULL, 1, 4),
(212, 8, 55, NULL, 1, 8),
(218, 8, 7, NULL, 1, 11),
(219, 8, 54, NULL, 1, 9),
(220, 8, 55, NULL, 1, 10),
(222, 8, 55, NULL, 1, 6),
(226, 8, 44, NULL, 1, 5),
(227, 8, 55, NULL, 1, 12),
(232, 8, 23, NULL, 1, 1),
(234, 8, 1, NULL, 1, 0),
(236, 8, 25, NULL, 1, 3),
(237, 8, 55, NULL, 1, 2),
(238, 8, 41, NULL, 1, 7),
(239, 8, 31, NULL, 1, 13),
(240, 8, 24, NULL, 1, 14),
(241, 8, 23, NULL, 1, 16),
(242, 8, 55, NULL, 1, 15),
(243, 9, 55, NULL, 1, 1),
(244, 9, 55, NULL, 1, 13),
(246, 9, 55, NULL, 1, 7),
(254, 9, 55, NULL, 1, 3),
(256, 9, 55, NULL, 1, 5),
(259, 9, 55, NULL, 1, 9),
(260, 9, 44, NULL, 1, 4),
(261, 9, 55, NULL, 1, 11),
(262, 9, 52, NULL, 1, 6),
(264, 9, 30, NULL, 1, 10),
(265, 9, 48, NULL, 1, 14),
(267, 9, 55, NULL, 1, 17),
(268, 9, 1, NULL, 1, 0),
(269, 9, 50, NULL, 1, 2),
(270, 9, 41, NULL, 1, 8),
(271, 9, 47, NULL, 1, 12),
(272, 10, 1, NULL, 1, 0),
(275, 10, 55, NULL, 1, 2),
(276, 10, 55, NULL, 1, 16),
(277, 10, 55, NULL, 1, 14),
(278, 10, 54, NULL, 1, 7),
(279, 10, 55, NULL, 1, 8),
(280, 10, 55, NULL, 1, 4),
(283, 10, 17, NULL, 1, 3),
(285, 10, 55, NULL, 1, 6),
(287, 10, 55, NULL, 1, 12),
(288, 10, 55, NULL, 1, 10),
(291, 10, 30, NULL, 1, 19),
(293, 10, 21, NULL, 1, 1),
(294, 10, 20, NULL, 1, 5),
(295, 10, 45, NULL, 1, 9),
(296, 10, 45, NULL, 1, 11),
(297, 10, 45, NULL, 1, 15),
(298, 10, 45, NULL, 1, 13),
(299, 10, 49, NULL, 1, 17),
(300, 10, 55, NULL, 1, 18),
(301, 10, 55, NULL, 1, 20),
(302, 10, 42, NULL, 1, 21),
(304, 10, 24, NULL, 1, 23),
(305, 10, 55, NULL, 1, 24),
(306, 11, 55, NULL, 1, 1),
(307, 11, 55, NULL, 1, 11),
(310, 11, 55, NULL, 1, 15),
(311, 11, 55, NULL, 1, 19),
(312, 11, 55, NULL, 1, 7),
(313, 11, 55, NULL, 1, 9),
(316, 11, 54, NULL, 1, 2),
(317, 11, 55, NULL, 1, 3),
(318, 11, 46, NULL, 1, 4),
(321, 11, 46, NULL, 1, 6),
(322, 11, 55, NULL, 1, 5),
(325, 11, 52, NULL, 1, 14),
(331, 11, 1, NULL, 1, 0),
(332, 11, 5, NULL, 1, 8),
(333, 11, 54, NULL, 1, 10),
(334, 11, 26, NULL, 1, 12),
(335, 11, 55, NULL, 1, 13),
(337, 11, 40, NULL, 1, 16),
(338, 11, 24, NULL, 1, 18),
(340, 12, 55, NULL, 1, 3),
(341, 12, 55, NULL, 1, 15),
(342, 12, 55, NULL, 1, 13),
(343, 12, 54, NULL, 1, 10),
(344, 12, 55, NULL, 1, 7),
(345, 12, 55, NULL, 1, 5),
(347, 12, 55, NULL, 1, 1),
(348, 12, 55, NULL, 1, 11),
(349, 12, 55, NULL, 1, 9),
(351, 12, 21, NULL, 1, 4),
(362, 12, 55, NULL, 1, 27),
(363, 12, 2, NULL, 1, 0),
(364, 12, 21, NULL, 1, 2),
(365, 12, 43, NULL, 1, 6),
(367, 12, 42, NULL, 1, 8),
(368, 12, 7, NULL, 1, 12),
(369, 12, 52, NULL, 1, 14),
(370, 12, 35, NULL, 1, 16),
(371, 13, 1, NULL, 1, 0),
(372, 13, 4, NULL, 1, 1),
(373, 13, 5, NULL, 1, 5),
(374, 13, 8, NULL, 1, 7),
(375, 13, 10, NULL, 1, 9),
(376, 13, 55, NULL, 1, 2),
(377, 13, 55, NULL, 1, 6),
(378, 13, 55, NULL, 1, 8),
(379, 13, 11, NULL, 1, 11),
(380, 13, 55, NULL, 1, 10),
(381, 13, 55, NULL, 1, 12),
(382, 13, 33, NULL, 1, 34),
(383, 13, 34, NULL, 1, 40),
(384, 13, 25, NULL, 1, 3),
(385, 13, 55, NULL, 1, 4),
(386, 13, 15, NULL, 1, 13),
(387, 13, 55, NULL, 1, 15),
(388, 13, 53, NULL, 1, 14),
(389, 13, 14, NULL, 1, 16),
(390, 13, 55, NULL, 1, 17),
(391, 13, 12, NULL, 1, 18),
(392, 13, 13, NULL, 1, 20),
(393, 13, 55, NULL, 1, 19),
(394, 13, 16, NULL, 1, 22),
(395, 13, 55, NULL, 1, 21),
(396, 13, 28, NULL, 1, 23),
(397, 13, 17, NULL, 1, 25),
(398, 13, 55, NULL, 1, 24),
(399, 13, 55, NULL, 1, 26),
(400, 13, 18, NULL, 1, 27),
(401, 13, 31, NULL, 1, 29),
(402, 13, 55, NULL, 1, 28),
(403, 13, 55, NULL, 1, 30),
(404, 13, 21, NULL, 1, 33),
(405, 13, 29, NULL, 1, 31),
(406, 13, 55, NULL, 1, 32),
(407, 13, 32, NULL, 1, 35),
(408, 13, 27, NULL, 1, 37),
(409, 13, 55, NULL, 1, 36),
(410, 13, 55, NULL, 1, 38),
(411, 13, 30, NULL, 1, 39),
(412, 13, 55, NULL, 1, 42),
(414, 8, 55, NULL, 1, 18),
(415, 7, 55, NULL, 1, 19),
(416, 6, 55, NULL, 1, 22),
(417, 5, 55, NULL, 1, 29),
(418, 4, 55, NULL, 1, 26),
(419, 1, 55, NULL, 1, 14),
(420, 2, 55, NULL, 1, 31),
(421, 11, 55, NULL, 1, 20),
(422, 5, 55, NULL, 1, 16);

-- --------------------------------------------------------

--
-- Table structure for table `landing_component_translations`
--

CREATE TABLE `landing_component_translations` (
  `id` int(10) UNSIGNED NOT NULL,
  `landing_component_id` int(10) UNSIGNED NOT NULL,
  `locale` varchar(191) NOT NULL,
  `content` longtext NOT NULL
) ENGINE=InnoDB DEFAULT CHARSET=utf8mb4 COLLATE=utf8mb4_general_ci;

--
-- Dumping data for table `landing_component_translations`
--

INSERT INTO `landing_component_translations` (`id`, `landing_component_id`, `locale`, `content`) VALUES
(1, 1, 'en', '{\"upper_cta\":{\"badge_text\":\"New\",\"main_text\":\"Our Design Course Released!\",\"icon\":\"bol-video-circle\",\"url\":\"\\/classes\"},\"main_content\":{\"title_line_1\":\"Learn\",\"title_line_2\":\"and Build Your Expertise\",\"description\":\"Gain practical, real-world knowledge in different subjects, guided by expert instructors. Whether you\'re a beginner or upskilling, our courses help you grow with confidence and unlock your creative potential.\",\"primary_button\":{\"label\":\"Explore Courses\",\"icon\":\"bul-video-horizontal\",\"url\":\"\\/classes\"},\"secondary_button\":{\"label\":\"Book a Meeting\",\"icon\":\"bul-video\",\"url\":\"\\/instructor-finder\"},\"highlight_words\":{\"pPFcH\":\"Design\",\"fLaeR\":\"Marketing\",\"JETPX\":\"Development\",\"DlVgr\":\"UI\\/UX\"}},\"students_widget\":{\"title\":\"Loved by 2,500+ Happy Learners\",\"url\":\"\\/login\"},\"image_content\":{\"type\":\"image\",\"image\":\"\\/store\\/landing_builder\\/landing_1\\/1\\/hero_image_Tz0.jpg\",\"overlay_image\":\"\\/store\\/landing_builder\\/landing_1\\/1\\/hero_overlay_FMv.png\",\"spinning_image\":\"\\/store\\/landing_builder\\/landing_1\\/1\\/revolverimage_Fdv.svg\"},\"background\":\"\\/store\\/landing_builder\\/landing_1\\/1\\/hero_background_xfq.svg\",\"students_widget_avatars\":{\"GKpNG\":\"\\/store\\/landing_builder\\/landing_1\\/1\\/ZNzOr_Group_2038.png\",\"SXayp\":\"\\/store\\/landing_builder\\/landing_1\\/1\\/MB7pW_Group_2039.png\",\"AlqmP\":\"\\/store\\/landing_builder\\/landing_1\\/1\\/boqCl_Group_2044.png\",\"fQZwb\":\"\\/store\\/landing_builder\\/landing_1\\/1\\/U70f5_Group_2045.png\",\"iliIZ\":\"\\/store\\/landing_builder\\/landing_1\\/1\\/5bLDZ_Group_2046.png\"}}'),
(2, 2, 'en', '{\"statistics\":{\"QbGNb\":{\"title\":\"Skillful Instructors\",\"icon\":\"bul-briefcase\",\"data_type\":\"semi_real\",\"data_source\":\"number_of_instructors\",\"start_from\":\"250\",\"manual_data\":null},\"YOFAm\":{\"title\":\"Happy Students\",\"icon\":\"bul-teacher\",\"data_type\":\"semi_real\",\"data_source\":\"number_of_students\",\"start_from\":\"500\",\"manual_data\":null},\"repCq\":{\"title\":\"Professional Courses\",\"icon\":\"bul-video-play\",\"data_type\":\"real\",\"data_source\":\"number_of_courses\",\"start_from\":null,\"manual_data\":null},\"JLmBF\":{\"title\":\"Official Organizations\",\"icon\":\"bul-building\",\"data_type\":\"real\",\"data_source\":\"number_of_organizations\",\"start_from\":null,\"manual_data\":null},\"record\":{\"title\":null,\"icon\":null,\"data_type\":\"real\",\"data_source\":\"number_of_instructors\",\"start_from\":null,\"manual_data\":null}},\"background\":\"\\/store\\/landing_builder\\/landing_1\\/2\\/stats_bg_5uH.png\",\"background_color\":\"secondary\"}'),
(3, 3, 'en', '{\"enable_slider\":\"on\",\"main_content\":{\"pre_title\":\"Featured\",\"title\":\"Featured Courses\",\"description\":\"Explore our top-rated courses, handpicked to boost your skills and accelerate your learning journey\"},\"featured_courses\":{\"Kblmv\":{\"course\":\"2002\",\"cover_image\":\"\\/store\\/landing_builder\\/landing_1\\/3\\/workout_G7j.jpg\",\"checked_items\":{\"nPSgK\":\"Personalized workout plans\",\"TANBG\":\"Nutrition and meal guidance\",\"KhFGP\":\"Daily fitness challenges\",\"WQFEG\":\"Expert wellness coaching\",\"dujOQ\":\"Progress tracking tools\"}},\"tmlrR\":{\"course\":\"1995\",\"cover_image\":\"\\/store\\/landing_builder\\/landing_1\\/3\\/product_aF5.jpg\",\"checked_items\":{\"syJFo\":\"Product lifecycle management essentials\",\"lKkYJ\":\"Building effective product roadmaps\",\"UjxDt\":\"Conducting user and market research\",\"pKvxh\":\"Leading cross-functional product teams\",\"CaNKi\":\"Defining and prioritizing product features\"}}}}'),
(4, 4, 'en', '{\"main_content\":{\"pre_title\":\"Trending\",\"title\":\"Trending Categories\"},\"trending_categories\":{\"rBvHd\":{\"category\":\"1\"},\"kGpzO\":{\"category\":\"2\"},\"KEfio\":{\"category\":\"3\"},\"jQlOz\":{\"category\":\"4\"},\"Plypb\":{\"category\":\"5\"},\"vZcWP\":{\"category\":\"6\"},\"qVbwr\":{\"category\":\"10\"},\"xBoLW\":{\"category\":\"11\"},\"record\":{\"category\":null}},\"floating_background\":\"\\/store\\/landing_builder\\/landing_1\\/4\\/trending_floating_M8H.svg\"}'),
(5, 5, 'en', '{\"main_content\":{\"title\":\"Bestsellers Chosen by Our Students\",\"subtitle\":\"Explore our top-selling courses, chosen by thousands of learners who\\u2019ve enrolled and benefited. These bestsellers reflect what\\u2019s most in-demand and valuable across our platform.\",\"icon\":\"\\/store\\/landing_builder\\/landing_1\\/5\\/topselling_overlay_Z8L.png\"},\"background\":\"\\/store\\/landing_builder\\/landing_1\\/5\\/topselling_background_pVh.png\"}'),
(6, 6, 'en', '{\"space_number\":\"80\"}'),
(7, 7, 'en', '{\"space_number\":\"80\"}'),
(8, 8, 'en', '{\"space_number\":\"100\"}'),
(9, 10, 'en', '{\"space_number\":\"100\"}'),
(10, 9, 'en', '{\"main_content\":{\"title\":\"Top Rated by Our Students\",\"subtitle\":\"Discover the most highly rated courses, trusted by learners for quality content, expert instruction, and outstanding learning experiences across a wide range of topics.\",\"icon\":\"\\/store\\/landing_builder\\/landing_1\\/9\\/bestrated_overlay_4Ss.png\"},\"background\":\"\\/store\\/landing_builder\\/landing_1\\/9\\/topselling_background_xZD.png\"}'),
(11, 11, 'en', '{\"space_number\":\"60\"}'),
(12, 12, 'en', '{\"main_content\":{\"pre_title\":\"Instructors\",\"title\":\"Expert Instructors\",\"description\":\"Learn from experienced instructors dedicated to delivering practical knowledge, guidance, and real-world expertise\",\"button\":{\"label\":\"All Instructors\",\"icon\":\"bul-teacher\",\"url\":\"\\/instructors\"}},\"cta_section\":{\"title_bold_text\":\"400+ skilled instructors\",\"title_regular_text\":\"available to assist you every step of the way\",\"description\":\"Quickly find your ideal instructor with our intuitive Instructor Finder feature\",\"icon\":\"bul-verify\"},\"specific_instructors\":{\"zVjfh\":{\"instructor_id\":\"3\"},\"lNgbZ\":{\"instructor_id\":\"870\"},\"rBoFe\":{\"instructor_id\":\"923\"},\"URpzu\":{\"instructor_id\":\"929\"},\"bDOON\":{\"instructor_id\":\"934\"},\"SXDzy\":{\"instructor_id\":\"1015\"},\"record\":{\"instructor_id\":null}},\"background\":\"\\/store\\/landing_builder\\/landing_1\\/12\\/instructors_background_Wuk.png\"}'),
(14, 13, 'en', '{\"main_content\":{\"pre_title\":\"Read More\",\"title\":\"Blog and Articles\",\"description\":\"Stay informed with expert-written articles, tips, and insights to support your learning journey daily\",\"button\":{\"label\":\"Blog Posts\",\"icon\":\"bul-note-2\",\"url\":\"\\/blog\"}},\"background\":\"\\/store\\/landing_builder\\/landing_1\\/13\\/blog_background_e5l.png\"}'),
(17, 17, 'en', '{\"enable_slider\":\"on\",\"main_content\":{\"pre_title\":\"Featured\",\"title\":\"Featured Courses\",\"description\":\"Explore our top-rated courses, handpicked to boost your skills and accelerate your learning journey\"},\"featured_courses\":{\"Kblmv\":{\"course\":\"2002\",\"cover_image\":\"\\/store\\/landing_builder\\/landing_1\\/3\\/workout_G7j.jpg\",\"checked_items\":{\"nPSgK\":\"Personalized workout plans\",\"TANBG\":\"Nutrition and meal guidance\",\"KhFGP\":\"Daily fitness challenges\",\"WQFEG\":\"Expert wellness coaching\",\"dujOQ\":\"Progress tracking tools\"}},\"tmlrR\":{\"course\":\"1995\",\"cover_image\":\"\\/store\\/landing_builder\\/landing_1\\/3\\/product_aF5.jpg\",\"checked_items\":{\"syJFo\":\"Product lifecycle management essentials\",\"lKkYJ\":\"Building effective product roadmaps\",\"UjxDt\":\"Conducting user and market research\",\"pKvxh\":\"Leading cross-functional product teams\",\"CaNKi\":\"Defining and prioritizing product features\"}}}}'),
(19, 19, 'en', '{\"main_content\":{\"title\":\"Bestsellers Chosen by Our Students\",\"subtitle\":\"Explore our top-selling courses, chosen by thousands of learners who\\u2019ve enrolled and benefited. These bestsellers reflect what\\u2019s most in-demand and valuable across our platform.\",\"icon\":\"\\/store\\/landing_builder\\/landing_2\\/19\\/bestselling_fRg.png\"},\"background\":\"\\/store\\/landing_builder\\/landing_2\\/19\\/bestselling-bg_ISf.svg\"}'),
(20, 20, 'en', '{\"space_number\":\"80\"}'),
(21, 21, 'en', '{\"space_number\":\"80\"}'),
(22, 22, 'en', '{\"space_number\":\"100\"}'),
(23, 23, 'en', '{\"main_content\":{\"title\":\"Top Rated by Our Students\",\"subtitle\":\"Discover the most highly rated courses, trusted by learners for quality content, expert instruction, and outstanding learning experiences across a wide range of topics.\",\"icon\":\"\\/store\\/landing_builder\\/landing_2\\/23\\/bestrated_9Zc.png\"},\"background\":\"\\/store\\/landing_builder\\/landing_2\\/23\\/bestselling-bg_Ioy.svg\"}'),
(24, 24, 'en', '{\"space_number\":\"100\"}'),
(25, 25, 'en', '{\"space_number\":\"60\"}'),
(26, 26, 'en', '{\"main_content\":{\"pre_title\":\"Instructors\",\"title\":\"Expert Instructors\",\"description\":\"Learn from experienced instructors dedicated to delivering practical knowledge, guidance, and real-world expertise\",\"button\":{\"label\":\"All Instructors\",\"icon\":\"bul-teacher\",\"url\":\"\\/instructors\"}},\"cta_section\":{\"title_bold_text\":\"400+ skilled instructors\",\"title_regular_text\":\"available to assist you every step of the way\",\"description\":\"Quickly find your ideal instructor with our intuitive Instructor Finder feature\",\"icon\":\"bul-verify\"},\"specific_instructors\":{\"zVjfh\":{\"instructor_id\":\"3\"},\"lNgbZ\":{\"instructor_id\":\"870\"},\"rBoFe\":{\"instructor_id\":\"923\"},\"URpzu\":{\"instructor_id\":\"929\"},\"bDOON\":{\"instructor_id\":\"934\"},\"SXDzy\":{\"instructor_id\":\"1015\"},\"record\":{\"instructor_id\":null}},\"background\":\"\\/store\\/landing_builder\\/landing_1\\/12\\/instructors_background_Wuk.png\"}'),
(27, 27, 'en', '{\"main_content\":{\"pre_title\":\"Read More\",\"title\":\"Blog and Articles\",\"description\":\"Stay informed with expert-written articles, tips, and insights to support your learning journey daily\",\"button\":{\"label\":\"Blog Posts\",\"icon\":\"bul-note-2\",\"url\":\"\\/blog\"}},\"background\":\"\\/store\\/landing_builder\\/landing_2\\/27\\/blog_bg_8SC.svg\"}'),
(28, 28, 'en', '{\"upper_cta\":{\"badge_text\":\"Free\",\"main_text\":\"Start Free Learning Now\",\"icon\":\"bul-play-circle\",\"url\":\"\\/classes?free=on\"},\"main_content\":{\"title_line_1\":\"Start Learning\",\"title_line_2\":\"With Leading Experts Today\",\"description\":\"Join thousands of learners gaining in-demand skills through expert-led courses. Learn at your own pace, earn certificates, and take the next step in your personal or professional growth.\",\"badge_text\":\"Start Now!\",\"primary_button\":{\"label\":\"Start Learning\",\"icon\":\"bul-teacher\",\"url\":\"\\/classes?sort=newest\"},\"secondary_button\":{\"label\":\"Book a Meeting\",\"icon\":\"bul-video\",\"url\":\"\\/instructor-finder\"}},\"image_content\":{\"type\":\"image\",\"image\":\"\\/store\\/landing_builder\\/landing_2\\/28\\/hero_main_image_5NU.png\",\"overlay_image_1\":\"\\/store\\/landing_builder\\/landing_2\\/28\\/hero_overlay_1_mz0.png\",\"overlay_image_2\":\"\\/store\\/landing_builder\\/landing_2\\/28\\/hero_overlay_2_XTB.png\"},\"background\":\"\\/store\\/landing_builder\\/landing_2\\/28\\/hero_background_IdZ.jpg\",\"checked_items\":{\"CdITn\":\"Affordable Pricing\",\"sRNdQ\":\"Self-Paced Courses\",\"dmKDY\":\"Career-Focused Content\"},\"dark_mode_background\":\"\\/store\\/landing_builder\\/landing_2\\/28\\/hero_background_dark_d0U.jpg\"}'),
(29, 29, 'en', '{\"separator_icon\":\"bul-triangle\",\"card_style\":\"normal\",\"title_items\":{\"qrRZk\":{\"title\":\"Web Development\",\"url\":\"\\/categories\\/Development\\/Web-Development\"},\"rQgay\":{\"title\":\"App Development\",\"url\":\"\\/categories\\/Development\\/Mobile-Development\"},\"MXWfZ\":{\"title\":\"Management\",\"url\":\"\\/categories\\/Business\\/Management\"},\"byeCz\":{\"title\":\"Lifestlye\",\"url\":\"\\/categories\\/Lifestyles\\/Lifestyle\"},\"EFJpH\":{\"title\":\"Marketing\",\"url\":\"\\/categories\\/Marketing\"},\"eiLav\":{\"title\":\"Business\",\"url\":\"\\/categories\\/Business\\/Business-Strategy\"},\"ZVGnN\":{\"title\":\"Fitness\",\"url\":\"\\/categories\\/Health-and-Fitness\"},\"YPlnB\":{\"title\":\"Design\",\"url\":\"\\/categories\\/Design\"},\"record\":{\"title\":null,\"url\":null}}}'),
(30, 30, 'en', '{\"space_number\":\"60\"}'),
(31, 31, 'en', '{\"main_content\":{\"pre_title\":\"Popular\",\"title\":\"Explore Popular Subjects\",\"description\":\"Browse top-rated subjects and discover trending courses designed to boost your skills and career growth\"},\"specific_links\":{\"tFcBM\":{\"title\":\"Robotic\",\"image\":\"\\/store\\/landing_builder\\/landing_2\\/31\\/electronics_psj.svg\",\"url\":\"\\/categories\\/Development\\/Game-Development\",\"enable\":\"on\"},\"Xefqy\":{\"title\":\"UI\\/UX Design\",\"url\":\"\\/categories\\/Development\\/Game-Development\",\"enable\":\"on\",\"image\":\"\\/store\\/landing_builder\\/landing_2\\/31\\/uxdesign_YHJ.svg\"},\"YvljI\":{\"title\":\"Web Development\",\"url\":\"\\/categories\\/Development\\/Web-Development\",\"enable\":\"on\",\"image\":\"\\/store\\/landing_builder\\/landing_2\\/31\\/web_development_kaw.svg\"},\"mGPRR\":{\"title\":\"Mobile Development\",\"url\":\"\\/categories\\/Development\\/Mobile-Development\",\"enable\":\"on\",\"image\":\"\\/store\\/landing_builder\\/landing_2\\/31\\/mobile_development_rVx.svg\"},\"MZwGz\":{\"title\":\"Management\",\"url\":\"\\/categories\\/Business\\/Management\",\"enable\":\"on\",\"image\":\"\\/store\\/landing_builder\\/landing_2\\/31\\/management_BQR.svg\"},\"iexAz\":{\"title\":\"Strategy\",\"url\":\"\\/categories\\/Business\\/Business-Strategy\",\"enable\":\"on\",\"image\":\"\\/store\\/landing_builder\\/landing_2\\/31\\/strategy_RVN.svg\"},\"TlFiO\":{\"title\":\"Marketing\",\"url\":\"\\/categories\\/Marketing\",\"enable\":\"on\",\"image\":\"\\/store\\/landing_builder\\/landing_2\\/31\\/marketing_qF9.svg\"},\"DMwZx\":{\"title\":\"Social Media\",\"url\":\"\\/categories\\/Marketing\",\"enable\":\"on\",\"image\":\"\\/store\\/landing_builder\\/landing_2\\/31\\/social_media_f19.svg\"},\"iOiTJ\":{\"title\":\"Communications\",\"url\":\"\\/categories\\/Business\\/Communications\",\"enable\":\"on\",\"image\":\"\\/store\\/landing_builder\\/landing_2\\/31\\/communications_r86.svg\"},\"uVcJL\":{\"title\":\"Lifestyle\",\"url\":\"\\/categories\\/Lifestyles\\/Lifestyle\",\"enable\":\"on\",\"image\":\"\\/store\\/landing_builder\\/landing_2\\/31\\/lifestyle_HOE.svg\"},\"AGlOk\":{\"title\":\"Health\",\"url\":\"\\/categories\\/Health-and-Fitness\",\"enable\":\"on\",\"image\":\"\\/store\\/landing_builder\\/landing_2\\/31\\/health_uGh.svg\"},\"buAwR\":{\"title\":\"Profession\",\"url\":\"\\/categories\\/Academics\\/Language\",\"enable\":\"on\",\"image\":\"\\/store\\/landing_builder\\/landing_2\\/31\\/profession_kFu.svg\"},\"record\":{\"title\":null,\"url\":null,\"enable\":\"0\"}}}'),
(32, 32, 'en', '{\"main_content\":{\"pre_title\":\"Features\",\"title\":\"Platform Key Features\",\"description\":\"Discover powerful features designed to enhance your learning experience and support your educational journey\"}}'),
(33, 33, 'en', '{\"information_cards\":{\"AbPjX\":{\"title\":\"Professional Quizzes\",\"subtitle\":\"Challenge your knowledge with expertly crafted quizzes designed to reinforce key concepts\",\"image\":\"\\/store\\/landing_builder\\/landing_2\\/33\\/feature1_NMx.png\",\"url\":null,\"enable_image_padding\":\"on\"},\"GaruA\":{\"title\":\"Top Level Instructors\",\"subtitle\":\"Learn from industry-leading experts with real-world experience and a passion for teaching\",\"url\":null,\"enable_image_padding\":\"on\",\"image\":\"\\/store\\/landing_builder\\/landing_2\\/33\\/feature2_RWr.png\"},\"EtgdD\":{\"title\":\"Professional Courses\",\"subtitle\":\"Access high-quality, career-focused courses built to help you achieve your goals\",\"url\":null,\"enable_image_padding\":\"on\",\"image\":\"\\/store\\/landing_builder\\/landing_2\\/33\\/feature3_Fqv.png\"},\"record\":{\"title\":null,\"subtitle\":null,\"url\":null,\"enable_image_padding\":\"0\"}}}'),
(34, 34, 'en', '{\"space_number\":\"20\"}'),
(35, 35, 'en', '{\"space_number\":\"20\"}'),
(36, 36, 'en', '{\"main_content\":{\"pre_title\":\"Bundles\",\"title\":\"Top Course Bundles\",\"subtitle\":\"Get more for less with expertly curated course bundles. Learn multiple skills in one package, save money, and accelerate your growth with structured, high-value learning paths\",\"button\":{\"label\":\"Explore Bundles\",\"icon\":\"bul-box-1\",\"url\":\"\\/classes?type[]=bundle\"}},\"statistics\":{\"title\":\"4K+\",\"subtitle\":\"Bundle Students\"},\"background\":\"\\/store\\/landing_builder\\/landing_2\\/36\\/bundles_bg_TSd.svg\",\"floating_icon_2\":\"\\/store\\/landing_builder\\/landing_2\\/36\\/bundles_YEq.png\"}'),
(37, 37, 'en', '{\"space_number\":\"40\"}'),
(38, 38, 'en', '{\"main_content\":{\"pre_title\":\"Hot\",\"title\":\"Highly Recommended Courses\",\"description\":\"Explore expert-approved courses trusted by learners worldwide to gain practical skills and achieve real success\",\"button\":{\"label\":\"Explore More\",\"icon\":\"bul-video-square\",\"url\":\"\\/classes\"}},\"floating_images\":{\"image_1\":\"\\/store\\/landing_builder\\/landing_2\\/38\\/courses_overlay_2_gQH.png\",\"image_2\":\"\\/store\\/landing_builder\\/landing_2\\/38\\/courses_overlay_1_En3.png\"},\"background\":\"\\/store\\/landing_builder\\/landing_2\\/38\\/custom_bg_INe.svg\",\"featured_courses\":{\"EKxRp\":{\"course\":\"2022\"},\"BPDfF\":{\"course\":\"2010\"},\"ikErz\":{\"course\":\"2009\"},\"NlCmM\":{\"course\":\"2008\"},\"GWdCS\":{\"course\":\"2006\"},\"dbGmb\":{\"course\":\"2005\"},\"VfVZQ\":{\"course\":\"2002\"},\"KlwYV\":{\"course\":\"1999\"}}}'),
(39, 39, 'en', '{\"space_number\":\"40\"}'),
(40, 40, 'en', '{\"main_content\":{\"pre_title\":\"Store\",\"title\":\"Explore Store Products\",\"subtitle\":\"Explore our range of physical and virtual products designed to enhance your learning journey and support your skills development\",\"button\":{\"label\":\"All Products\",\"icon\":\"bul-bag\",\"url\":\"\\/products\"}},\"background\":\"\\/store\\/landing_builder\\/landing_2\\/40\\/store_bg_HLM.png\"}'),
(41, 41, 'en', '{\"main_content\":{\"pre_title\":\"Join Us\",\"title\":\"Earn by Teaching Online Today\",\"description\":\"Share your expertise, reach global learners, and earn income by creating and teaching online courses today\",\"button\":{\"label\":\"Become Instructor\",\"icon\":\"bul-teacher\",\"url\":\"\\/become-instructor\"},\"icon\":\"\\/store\\/landing_builder\\/landing_2\\/41\\/instructor_image_DHl.png\"},\"specific_information\":{\"UZjpA\":{\"title\":\"Global Student Reach\",\"description\":\"Teach thousands of learners worldwide and build your personal brand on a trusted platform\"},\"tzmAA\":{\"title\":\"Flexible Schedule\",\"description\":\"Create and manage your courses anytime, anywhere, with complete control over your teaching hours\"},\"UZPij\":{\"title\":\"Earn Extra Income\",\"description\":\"Monetize your knowledge by earning revenue from every course enrollment and student interaction\"},\"LXnfj\":{\"title\":\"Powerful Course Tools\",\"description\":\"Access user-friendly tools to design engaging lessons, quizzes, certificates, and track student progress easily\"},\"record\":{\"title\":null,\"description\":null}},\"background\":\"\\/store\\/landing_builder\\/landing_2\\/41\\/become_instructor_bg_e0A.svg\",\"background_color\":\"secondary\"}'),
(42, 42, 'en', '{\"space_number\":\"40\"}'),
(43, 43, 'en', '{\"space_number\":\"40\"}'),
(44, 44, 'en', '{\"reverse_direction\":null,\"main_content\":{\"pre_title\":\"Forums\",\"title\":\"Communicate With Other Users in Forums\",\"description\":\"Join active discussions, ask questions, share knowledge, and connect with learners and instructors in course forums\",\"button\":{\"label\":\"Explore Forums\",\"icon\":\"bul-messages-1\",\"url\":\"\\/forums\"}},\"image_content\":{\"main_image\":\"\\/store\\/landing_builder\\/landing_2\\/44\\/forums_image_KYk.png\"},\"checked_items\":{\"eUiFU\":\"Share Learning Experiences\",\"LwtSZ\":\"Collaborate With Peers\",\"KpqoM\":\"Engage in Conversations\",\"uoAjg\":\"Explore Student Insights\",\"YEaKM\":\"Discuss Course Topics\"}}'),
(45, 45, 'en', '{\"reverse_direction\":null,\"main_content\":{\"pre_title\":\"Tutor Finder\",\"title\":\"Discover the Right Tutor Using Personalized Filters\",\"description\":\"Effortlessly find top tutors by filtering subject, availability, location, and more to match your learning goals and book sessions instantly on the platform\",\"button\":{\"label\":\"Explore Tutors\",\"icon\":\"bul-profile-2user\",\"url\":\"https:\\/\\/lms.rocket-soft.org\\/instructor-finder\"}},\"statistic_1\":{\"title\":\"5K\",\"subtitle\":\"Instructors\",\"description\":\"Available to help you\"},\"statistic_2\":{\"title\":\"7.5K+\",\"subtitle\":\"Meetings Conducted\",\"description\":\"Directly on the platform\"},\"image_content\":{\"main_image\":\"\\/store\\/landing_builder\\/landing_2\\/45\\/instructor_finder_AYk.png\",\"overlay_image\":\"\\/store\\/landing_builder\\/landing_2\\/45\\/meeting_overlay_B36.png\"}}'),
(46, 46, 'en', '{\"space_number\":\"40\"}'),
(47, 47, 'en', '{\"space_number\":\"40\"}'),
(50, 50, 'en', '{\"space_number\":\"80\"}'),
(51, 51, 'en', '{\"space_number\":\"80\"}'),
(57, 57, 'en', '{\"main_content\":{\"pre_title\":\"Read More\",\"title\":\"Blog and Articles\",\"description\":\"Stay informed with expert-written articles, tips, and insights to support your learning journey daily\",\"button\":{\"label\":\"Blog Posts\",\"icon\":\"bul-note-2\",\"url\":\"\\/blog\"}},\"background\":\"\\/store\\/landing_builder\\/landing_1\\/13\\/blog_background_e5l.png\"}'),
(60, 60, 'en', '{\"space_number\":\"24\"}'),
(64, 64, 'en', '{\"space_number\":\"80\"}'),
(65, 65, 'en', '{\"space_number\":\"40\"}'),
(67, 67, 'en', '{\"space_number\":\"40\"}'),
(77, 77, 'en', '{\"space_number\":\"80\"}'),
(78, 78, 'en', '{\"upper_cta\":{\"badge_text\":\"Hot\",\"icon\":\"bul-camera\",\"main_text\":\"Join March Photography Bootcamp\",\"url\":\"\\/classes\"},\"main_content\":{\"welcome_text\":\"Hi, I\\u2019m Robert Ransdell\",\"title_line_1\":\"Interested in\",\"title_line_2\":\"Photography\",\"description\":\"Master the art of photography with expert-led lessons, hands-on techniques, and creative insights to capture stunning photos in any setting or skill level\",\"primary_button\":{\"label\":\"Start Learning\",\"icon\":\"bul-play-circle\",\"url\":\"\\/classes?sort=newest\"},\"secondary_button\":{\"label\":\"Book a Meeting\",\"icon\":\"bul-video\",\"url\":\"\\/users\\/robert-ransdell\\/meetings\"},\"highlight_words\":{\"JNddJ\":\"Basics?\",\"NJffb\":\"Techniques?\",\"MPFFC\":\"Skills?\",\"CFnTi\":\"Lighting?\"},\"welcome_icon\":\"\\/store\\/landing_builder\\/landing_4\\/78\\/handshake_0ZM.svg\"},\"students_widget\":{\"title\":\"2500+\",\"subtitle\":\"Successful Students\"},\"companies_widget\":{\"title\":\"50+\",\"subtitle\":\"Companies Have Collaborated With Me\",\"icon\":\"bul-shield-tick\"},\"students_widget_avatars\":{\"IBdSL\":\"\\/store\\/landing_builder\\/landing_4\\/78\\/Group_2038_z0q.png\",\"WbjdS\":\"\\/store\\/landing_builder\\/landing_4\\/78\\/Group_2041_AQs.png\",\"BcNwd\":\"\\/store\\/landing_builder\\/landing_4\\/78\\/Group_2043_GhG.png\",\"kBJAo\":\"\\/store\\/landing_builder\\/landing_4\\/78\\/Group_2046_62T.png\",\"JwJgy\":\"\\/store\\/landing_builder\\/landing_4\\/78\\/Group_2053_IQx.png\"},\"companies_widget_logos\":{\"hLVak\":\"\\/store\\/landing_builder\\/landing_4\\/78\\/company1_QhA.svg\",\"eBcca\":\"\\/store\\/landing_builder\\/landing_4\\/78\\/company2_3Oc.svg\",\"jZSze\":\"\\/store\\/landing_builder\\/landing_4\\/78\\/company3_Ney.svg\",\"xsVJV\":\"\\/store\\/landing_builder\\/landing_4\\/78\\/company4_Kpq.svg\",\"SlahH\":\"\\/store\\/landing_builder\\/landing_4\\/78\\/company5_txn.svg\",\"zrcmS\":\"\\/store\\/landing_builder\\/landing_4\\/78\\/company6_xXa.svg\"},\"background\":\"\\/store\\/landing_builder\\/landing_4\\/78\\/hero-bg_red.svg\",\"image_content\":{\"main_image\":\"\\/store\\/landing_builder\\/landing_4\\/78\\/instructor_ame.png\",\"spinning_image\":\"\\/store\\/landing_builder\\/landing_4\\/78\\/revolver-icon_BQg.svg\"}}'),
(79, 80, 'en', '{\"main_content\":{\"pre_title\":\"Start with Me\",\"title\":\"Begin Your Learning Journey\",\"description\":\"Unlock your potential with expert guidance, hands-on learning, and personalized support every step of the way\"}}'),
(80, 79, 'en', '{\"information_cards\":{\"nLfwT\":{\"title\":\"Portrait Photography\",\"subtitle\":\"Capture expressive, authentic moments with techniques that highlight personality beautifully\",\"image\":\"\\/store\\/landing_builder\\/landing_4\\/79\\/option1_Cw8.png\",\"url\":null,\"enable_image_padding\":\"on\"},\"kDwZL\":{\"title\":\"Adventure Photography\",\"subtitle\":\"Document thrilling outdoor experiences with dynamic compositions and bold visual\",\"image\":\"\\/store\\/landing_builder\\/landing_4\\/79\\/option2_b3h.png\",\"url\":null,\"enable_image_padding\":\"on\"},\"dEIIC\":{\"title\":\"Industrial Photography\",\"subtitle\":\"Showcase machinery and workspaces with precision and clarity composition\",\"image\":\"\\/store\\/landing_builder\\/landing_4\\/79\\/option3_DaB.png\",\"url\":null,\"enable_image_padding\":\"on\"},\"record\":{\"title\":null,\"subtitle\":null,\"url\":null,\"enable_image_padding\":\"0\"}}}'),
(81, 81, 'en', '{\"space_number\":\"24\"}'),
(82, 83, 'en', '{\"space_number\":\"80\"}'),
(83, 84, 'en', '{\"main_content\":{\"pre_title\":\"Top\",\"title\":\"Hot Course Picks\",\"description\":\"Discover our most popular courses, trusted by thousands, to boost your skills and career growth\"}}'),
(84, 82, 'en', '{\"reverse_direction\":null,\"main_content\":{\"pre_title_icon\":\"bul-sun-1\",\"title\":\"Mastering Natural Light Portrait Photography\",\"description\":\"Learn how to use natural light creatively to capture stunning portraits in any setting. This course covers light direction, shadows, positioning, and enhancing mood without artificial gear. Ideal for aspiring portrait photographers seeking professional results with minimal equipment.\",\"button\":{\"label\":\"View Course\",\"icon\":null,\"url\":\"\\/course\\/Installment-feature\"}},\"checked_items\":{\"AbqnM\":\"Portrait\",\"VDZfx\":\"Light\",\"HNOVZ\":\"Outdoor\",\"FBCph\":\"Shadows\",\"ZVopN\":\"Expression\",\"VSWCN\":\"Posing\",\"knrqe\":\"Natural\",\"alCwb\":\"Mood\",\"aHjin\":\"Focus\",\"SGHwM\":\"Depth\"},\"images\":{\"main_image\":\"\\/store\\/landing_builder\\/landing_4\\/82\\/course1_Kc1.jpg\"}}'),
(85, 85, 'en', '{\"reverse_direction\":\"on\",\"main_content\":{\"pre_title_icon\":\"bul-image\",\"title\":\"Adventure Photography: Capturing Action and Landscape Moments\",\"description\":\"Explore techniques to shoot breathtaking action shots and scenic landscapes on your travels. Learn how to work in dynamic environments, manage gear, compose fast-paced scenes, and tell compelling visual stories through your adventure photography skills.\",\"button\":{\"label\":\"View Course\",\"icon\":null,\"url\":\"\\/course\\/New-Update-Features\"}},\"checked_items\":{\"AbqnM\":\"Adventure\",\"VDZfx\":\"Travel\",\"HNOVZ\":\"Action\",\"FBCph\":\"Landscape\",\"ZVopN\":\"Gear\",\"VSWCN\":\"Movement\",\"knrqe\":\"Composition\",\"alCwb\":\"Exposure\",\"aHjin\":\"Nature\",\"SGHwM\":\"Speed\"},\"images\":{\"main_image\":\"\\/store\\/landing_builder\\/landing_4\\/85\\/course2_yGq.jpg\"}}'),
(86, 86, 'en', '{\"space_number\":\"16\"}'),
(87, 87, 'en', '{\"enable_slider\":\"on\",\"main_content\":{\"pre_title\":\"Free\",\"title\":\"Free Mini Courses\",\"description\":\"Boost your knowledge with quick, free mini courses designed to teach practical skills anytime, anywhere\"},\"specific_sliders\":{\"HsKkS\":{\"pre_title\":\"Composition\",\"title\":\"Creative Composition: Framing Better Photos Every Time\",\"description\":\"Discover composition techniques to turn ordinary scenes into striking, story-driven photographs\",\"image\":\"\\/store\\/landing_builder\\/landing_4\\/87\\/mini-course-1_XxM.jpg\",\"content_type\":\"image\",\"url\":\"\\/course\\/New-in-App-Live-System\",\"video_source\":\"youtube\",\"video_path\":null,\"enable\":\"on\"},\"fdhSH\":{\"pre_title\":\"LowLight\",\"title\":\"Low Light Photography: Mastering Night and Indoor Scenes\",\"description\":\"Learn how to shoot clear, compelling images in dim environments using exposure settings\",\"image\":\"\\/store\\/landing_builder\\/landing_4\\/87\\/mini-course-2_Hy8.jpg\",\"content_type\":\"image\",\"url\":\"\\/course\\/New-Learning-Page\",\"video_source\":\"youtube\",\"video_path\":null,\"enable\":\"on\"},\"PXomd\":{\"pre_title\":\"Industrial\",\"title\":\"Industrial Photography: Showcasing Machines, Tools, and Workspaces\",\"description\":\"Learn to Highlight industrial scenes with strong composition and lighting\",\"image\":\"\\/store\\/landing_builder\\/landing_4\\/87\\/mini-course-3_Jdd.jpg\",\"content_type\":\"image\",\"url\":\"\\/course\\/How-to-Travel-Around-the-World\",\"video_source\":\"youtube\",\"video_path\":null,\"enable\":\"on\"},\"record\":{\"pre_title\":null,\"title\":null,\"description\":null,\"content_type\":\"image\",\"url\":null,\"video_source\":\"youtube\",\"video_path\":null,\"enable\":\"0\"}}}'),
(88, 88, 'en', '{\"space_number\":\"80\"}'),
(89, 89, 'en', '{\"main_content\":{\"pre_title\":\"Courses\",\"title\":\"Photography Skills You Need\",\"description\":\"Unlock essential photography skills to capture stunning images with confidence, creativity, and professional-level techniques\",\"button\":{\"label\":\"Explore Courses\",\"icon\":\"bul-teacher\",\"url\":\"\\/classes?sort=newest\"}},\"featured_courses\":{\"tvmnt\":{\"course\":\"2008\"},\"xnHuk\":{\"course\":\"2022\"},\"JeIWg\":{\"course\":\"2010\"},\"tRaYZ\":{\"course\":\"2009\"},\"WLyGm\":{\"course\":\"2006\"},\"DNziL\":{\"course\":\"2005\"},\"RfWIh\":{\"course\":\"2004\"},\"JycMZ\":{\"course\":\"2003\"}},\"floating_images\":{\"image_2\":\"\\/store\\/landing_builder\\/landing_4\\/89\\/cameraicon_SMm.png\"},\"background\":\"\\/store\\/landing_builder\\/landing_4\\/89\\/coursesgrid-bg_thv.svg\"}'),
(90, 91, 'en', '{\"reverse_direction\":null,\"main_content\":{\"pre_title\":\"VIP Courses\",\"title\":\"Why Learners Prefer My Photography Courses\",\"description\":\"Gain hands-on skills, real-world tips, and personal guidance that help you capture, edit, and showcase professional-quality photos confidently.\",\"button\":{\"label\":\"Start Now\",\"icon\":\"bul-video-circle\",\"url\":\"\\/classes?sort=newest\"}},\"statistic_1\":{\"title\":\"2.5K\",\"subtitle\":\"Successful Students\",\"description\":\"Started their career with my courses\"},\"statistic_2\":{\"title\":\"4.93\",\"subtitle\":\"Average Course Rating\",\"description\":\"Over 1000 students rated us\"},\"image_content\":{\"main_image\":\"\\/store\\/landing_builder\\/landing_4\\/91\\/mycourses_fRV.png\",\"overlay_image_1\":\"\\/store\\/landing_builder\\/landing_4\\/91\\/section_overlay_KSd.png\",\"overlay_image_2\":\"\\/store\\/landing_builder\\/landing_4\\/91\\/section_overlay2_NPG.png\"}}'),
(91, 92, 'en', '{\"main_content\":{\"pre_title\":\"Testimonials\",\"title\":\"What Students Say\",\"description\":\"Hear real stories from students who improved their photography skills and built creative confidence\"},\"cta_section\":{\"title_bold_text\":\"Over 2,500 happy students\",\"title_regular_text\":\"have shared their experiences with my courses\",\"floating_image\":\"\\/store\\/landing_builder\\/landing_4\\/92\\/testimonials_R7z.png\"},\"testimonials\":{\"ibxdn\":{\"testimonial_id\":\"2\"},\"bkvhs\":{\"testimonial_id\":\"3\"},\"gNRTb\":{\"testimonial_id\":\"4\"},\"FkhZz\":{\"testimonial_id\":\"5\"},\"AapjR\":{\"testimonial_id\":\"6\"},\"rQIbl\":{\"testimonial_id\":\"7\"},\"PAgmZ\":{\"testimonial_id\":\"8\"},\"KhfJe\":{\"testimonial_id\":\"9\"},\"Fleqg\":{\"testimonial_id\":\"10\"},\"FIGvH\":{\"testimonial_id\":\"11\"},\"record\":{\"testimonial_id\":null}}}'),
(92, 93, 'en', '{\"main_content\":{\"pre_title\":\"Students\",\"title\":\"Students Wall of Fame\",\"description\":\"Celebrate standout learners who excelled in their photography journey and proudly earned a spot on our wall\"},\"specific_information\":{\"mOdbL\":{\"title\":\"Liam Carter\",\"subtitle\":\"Freelance Photographer capturing urban life and portraits professionally\",\"image\":\"\\/store\\/landing_builder\\/landing_4\\/93\\/wall1_wXy.jpg\",\"url\":\"\\/users\\/robert-ransdell\\/profile\",\"enable\":\"on\"},\"wBEEw\":{\"title\":\"Olivia Turner\",\"subtitle\":\"Fashion Photographer creating bold, editorial-style visual stories daily\",\"image\":\"\\/store\\/landing_builder\\/landing_4\\/93\\/wall2_3Jl.jpg\",\"url\":\"\\/users\\/robert-ransdell\\/profile\",\"enable\":\"on\"},\"IOoOB\":{\"title\":\"Noah Bennett\",\"subtitle\":\"Wildlife Photographer with a passion for nature storytelling\",\"image\":\"\\/store\\/landing_builder\\/landing_4\\/93\\/wall3_mQO.jpg\",\"url\":\"\\/users\\/robert-ransdell\\/profile\",\"enable\":\"on\"},\"MYGES\":{\"title\":\"Emma Hayes\",\"subtitle\":\"Wedding Photographer blending emotions with timeless, elegant frames\",\"image\":\"\\/store\\/landing_builder\\/landing_4\\/93\\/wall4_dsm.jpg\",\"url\":\"\\/users\\/robert-ransdell\\/profile\",\"enable\":\"on\"},\"JiCIx\":{\"title\":\"Ethan Brooks\",\"subtitle\":\"Industrial Photography Specialist focused on technical and commercial shoots\",\"image\":\"\\/store\\/landing_builder\\/landing_4\\/93\\/wall5_USd.jpg\",\"url\":\"\\/users\\/robert-ransdell\\/profile\",\"enable\":\"on\"},\"OFOtT\":{\"title\":\"Ava Mitchell\",\"subtitle\":\"Travel Photographer documenting cultures with vibrant, authentic imagery\",\"url\":\"\\/users\\/robert-ransdell\\/profile\",\"enable\":\"on\",\"image\":\"\\/store\\/landing_builder\\/landing_4\\/93\\/wall6_J99.jpg\"},\"record\":{\"title\":null,\"subtitle\":null,\"url\":null,\"enable\":\"0\"}}}'),
(93, 94, 'en', '{\"main_content\":{\"title\":\"Reserve Your Free Meeting\",\"subtitle\":\"Get expert guidance and personalized advice to boost your skills\",\"icon\":\"bul-calendar-2\",\"button\":{\"label\":\"Book a Meeting\",\"icon\":\"bul-video\",\"url\":\"\\/users\\/robert-ransdell\\/meetings\"}},\"background\":\"\\/store\\/landing_builder\\/landing_4\\/94\\/reserve-bg_1u8.png\"}'),
(94, 95, 'en', '{\"space_number\":\"40\"}'),
(95, 96, 'en', '{\"upper_cta\":{\"badge_text\":\"New\",\"main_text\":\"Our Management E-book Released!\",\"icon\":\"bul-book\",\"url\":\"\\/classes\"},\"main_content\":{\"title_line_1\":\"Corporate\",\"title_line_2\":\"That Drives Results\",\"description\":\"Equip your workforce with targeted, impactful training programs designed to improve performance, boost engagement, and align learning outcomes with business goals\\u2014delivered seamlessly through a scalable digital platform\",\"primary_button\":{\"label\":\"Explore Courses\",\"icon\":\"bul-video-circle\",\"url\":\"\\/classes\"},\"secondary_button\":{\"label\":\"Book a Meeting\",\"icon\":\"bul-video\",\"url\":\"\\/instructor-finder\"},\"highlight_words\":{\"pPFcH\":\"Learning\"}},\"students_widget\":{\"title\":\"Loved by 2,500+ Organizations\",\"url\":null},\"image_content\":{\"type\":\"image\",\"image\":\"\\/store\\/landing_builder\\/landing_5\\/96\\/heroimage_vKw.png\",\"overlay_image\":null,\"spinning_image\":null},\"background\":\"\\/store\\/landing_builder\\/landing_5\\/96\\/hero_bg_b2E.svg\",\"students_widget_avatars\":{\"pUPyA\":\"\\/store\\/landing_builder\\/landing_5\\/96\\/organization1_CCl.jpg\",\"XDqDr\":\"\\/store\\/landing_builder\\/landing_5\\/96\\/organization2_WrK.jpg\",\"syuMD\":\"\\/store\\/landing_builder\\/landing_5\\/96\\/organization3_bBN.jpg\",\"pFZpm\":\"\\/store\\/landing_builder\\/landing_5\\/96\\/organization5_wQJ.jpg\",\"OuTPn\":\"\\/store\\/landing_builder\\/landing_5\\/96\\/organization6_eiP.jpg\"}}'),
(96, 97, 'en', '{\"statistics\":{\"QbGNb\":{\"title\":\"Skillful Instructors\",\"icon\":\"bul-briefcase\",\"data_type\":\"semi_real\",\"data_source\":\"number_of_instructors\",\"start_from\":\"250\",\"manual_data\":null},\"YOFAm\":{\"title\":\"Happy Students\",\"icon\":\"bul-teacher\",\"data_type\":\"semi_real\",\"data_source\":\"number_of_students\",\"start_from\":\"500\",\"manual_data\":null},\"repCq\":{\"title\":\"Professional Courses\",\"icon\":\"bul-video-play\",\"data_type\":\"real\",\"data_source\":\"number_of_courses\",\"start_from\":null,\"manual_data\":null},\"JLmBF\":{\"title\":\"Official Organizations\",\"icon\":\"bul-building\",\"data_type\":\"real\",\"data_source\":\"number_of_organizations\",\"start_from\":null,\"manual_data\":null},\"record\":{\"title\":null,\"icon\":null,\"data_type\":\"real\",\"data_source\":\"number_of_instructors\",\"start_from\":null,\"manual_data\":null}},\"background\":\"\\/store\\/landing_builder\\/landing_5\\/97\\/stats_bg_o4y.svg\",\"background_color\":\"secondary\"}'),
(100, 101, 'en', '{\"space_number\":\"80\"}'),
(101, 102, 'en', '{\"space_number\":\"24\"}'),
(102, 103, 'en', '{\"space_number\":\"80\"}'),
(104, 105, 'en', '{\"space_number\":\"24\"}'),
(105, 106, 'en', '{\"space_number\":\"24\"}'),
(108, 109, 'en', '{\"main_content\":{\"pre_title\":\"Services\",\"title\":\"Why Organizations Trust Our Training\",\"description\":\"Proven methods, measurable outcomes, and tailored programs that align learning with your organization\'s unique goals\"}}'),
(109, 110, 'en', '{\"space_number\":\"80\"}'),
(110, 111, 'en', '{\"information_cards\":{\"MnXzE\":{\"title\":\"Engagement Growth\",\"subtitle\":\"Increase participation and motivation with interactive, relevant, and user-friendly programs\",\"image\":\"\\/store\\/landing_builder\\/landing_5\\/111\\/benefit1_nkv.png\",\"url\":null,\"enable_image_padding\":\"0\"},\"ErlFq\":{\"title\":\"Scalable Solutions\",\"subtitle\":\"Easily adapt training to fit any team size, department, or organizational structure\",\"image\":\"\\/store\\/landing_builder\\/landing_5\\/111\\/benefit2_6cn.png\",\"url\":null,\"enable_image_padding\":\"0\"},\"CMgxL\":{\"title\":\"Performance Boost\",\"subtitle\":\"Improve employee efficiency and productivity through outcome-focused learning experiences\",\"url\":null,\"enable_image_padding\":\"0\",\"image\":\"\\/store\\/landing_builder\\/landing_5\\/111\\/benefit3_MKx.png\"},\"record\":{\"title\":null,\"subtitle\":null,\"url\":null,\"enable_image_padding\":\"0\"}}}'),
(111, 112, 'en', '{\"space_number\":\"80\"}'),
(112, 113, 'en', '{\"banner_1\":{\"title\":\"Leadership & Management\",\"subtitle\":\"Develop confident, effective organizational leaders\",\"url\":\"\\/course\\/How-to-Manage-Your-Virtual-Team\",\"image\":\"\\/store\\/landing_builder\\/landing_5\\/113\\/service1_1mo.jpg\"},\"banner_2\":{\"title\":\"Communication & Collaboration\",\"subtitle\":\"Strengthen teamwork through better communication\",\"url\":\"\\/course\\/Active-Listening-You-Can-Be-a-Great-Listener\",\"image\":\"\\/store\\/landing_builder\\/landing_5\\/113\\/service2_XDe.jpg\"},\"banner_3\":{\"title\":\"Workplace Ethics\",\"subtitle\":\"Promote integrity, safety, and compliance\",\"url\":\"\\/course\\/Effective-Time-Management\",\"image\":\"\\/store\\/landing_builder\\/landing_5\\/113\\/service3_Tkm.jpg\"},\"cta_section\":{\"title\":\"500+ Expert-Led Courses In Key Topics\",\"subtitle\":\"Access a wide range of professionally developed courses designed to enhance skills across business-critical disciplines\",\"url\":\"\\/classes?sort=newest\",\"background\":\"\\/store\\/landing_builder\\/landing_5\\/113\\/services_bg_PCc.svg\"}}'),
(113, 114, 'en', '{\"main_content\":{\"pre_title\":\"Courses\",\"title\":\"Organizational Growth Courses\",\"description\":\"Empower teams with curated courses designed to strengthen capabilities, drive growth, and support organizational goals\"}}'),
(114, 115, 'en', '{\"component_image_style\":\"top_margin\",\"reverse_direction\":null,\"main_content\":{\"pre_title_icon\":\"bul-briefcase\",\"title\":\"Mastering Team Management: Build Stronger Teams\",\"description\":\"Learn essential team management skills to lead with confidence, enhance collaboration, resolve conflicts, and boost overall team performance in dynamic, fast-paced organizational environments.\",\"badge_title\":\"MasterClass\",\"button\":{\"label\":\"View Course\",\"icon\":\"bul-teacher\",\"url\":\"\\/course\\/Effective-Time-Management\"}},\"checked_items\":{\"mBVZa\":\"Leadership Fundamentals\",\"EvwgP\":\"Team Dynamics\",\"bHmJT\":\"Conflict Resolution\",\"HhItd\":\"Delegation Techniques\",\"wvtxY\":\"Motivating Teams\",\"MCmKK\":\"Effective Communication\",\"lUfnY\":\"Performance Monitoring\",\"MfpMg\":\"Goal Setting\"},\"images\":{\"main_image\":\"\\/store\\/landing_builder\\/landing_5\\/115\\/course1_Lvw.png\",\"overlay_image\":\"\\/store\\/landing_builder\\/landing_5\\/115\\/course_overlay_1_T6J.png\"}}'),
(115, 116, 'en', '{\"component_image_style\":\"top_margin\",\"reverse_direction\":null,\"main_content\":{\"pre_title_icon\":\"bul-award\",\"title\":\"Strategic Business Planning: Achieve Competitive Advantage\",\"description\":\"Gain practical skills to develop, implement, and adapt business strategies that align with goals, respond to market shifts, and ensure sustainable competitive advantage in any industry.\",\"badge_title\":\"Bootcamp\",\"button\":{\"label\":\"View Course\",\"icon\":\"bul-teacher\",\"url\":\"\\/course\\/How-to-Manage-Your-Virtual-Team\"}},\"checked_items\":{\"mBVZa\":\"Strategic Planning\",\"EvwgP\":\"Market Analysis\",\"bHmJT\":\"Competitive Positioning\",\"HhItd\":\"SWOT Analysis\",\"wvtxY\":\"Business Model Design\",\"MCmKK\":\"Growth Strategies\",\"lUfnY\":\"Risk Management\",\"MfpMg\":\"Value Proposition\"},\"images\":{\"main_image\":\"\\/store\\/landing_builder\\/landing_5\\/116\\/course2_DSb.png\",\"overlay_image\":\"\\/store\\/landing_builder\\/landing_5\\/116\\/course_overlay_2_Zft.png\"}}'),
(116, 117, 'en', '{\"space_number\":\"24\"}'),
(117, 118, 'en', '{\"component_image_style\":\"top_margin\",\"reverse_direction\":null,\"main_content\":{\"pre_title_icon\":\"bul-money-4\",\"title\":\"Financial Management: Powerful Financial Performance\",\"description\":\"Learn core financial management skills to plan budgets, analyze costs, manage cash flow, and make informed decisions that support organizational stability, growth, and long-term profitability.\",\"badge_title\":\"Course\",\"button\":{\"label\":\"View Course\",\"icon\":\"bul-teacher\",\"url\":\"\\/course\\/Excel-from-Beginner-to-Advanced\"}},\"checked_items\":{\"mBVZa\":\"Budget Planning\",\"EvwgP\":\"Cost Analysis\",\"bHmJT\":\"Cash Flow Management\",\"HhItd\":\"Financial Forecasting\",\"wvtxY\":\"Profitability Assessment\",\"MCmKK\":\"Expense Tracking\",\"lUfnY\":\"Break-Even Analysis\",\"MfpMg\":\"Financial Reporting\"},\"images\":{\"main_image\":\"\\/store\\/landing_builder\\/landing_5\\/118\\/course3_L7N.png\",\"overlay_image\":\"\\/store\\/landing_builder\\/landing_5\\/118\\/course_overlay_3_G4m.png\"}}'),
(118, 119, 'en', '{\"separator_icon\":\"bul-triangle\",\"card_style\":\"normal\",\"card_color\":\"primary\",\"title_items\":{\"kjkgj\":{\"title\":\"Coaching\",\"url\":\"\\/categories\\/Development\\/Web-Development\"},\"qGLVV\":{\"title\":\"Communication\",\"url\":\"\\/categories\\/Development\\/Mobile-Development\"},\"TGHuL\":{\"title\":\"Leadership\",\"url\":\"\\/categories\\/Business\\/Management\"},\"DfNGo\":{\"title\":\"Negotiation\",\"url\":\"\\/categories\\/Business\\/Communications\"},\"rVDct\":{\"title\":\"Sales\",\"url\":\"\\/categories\\/Business\\/Business-Strategy\"},\"PPVlQ\":{\"title\":\"Marketing\",\"url\":\"\\/categories\\/Business\"},\"eMjQx\":{\"title\":\"Strategy\",\"url\":\"\\/categories\\/Marketing\"},\"uvFaj\":{\"title\":\"Cybersecurity\",\"url\":\"\\/categories\\/Design\"},\"yBlrk\":{\"title\":\"Remote Coordination\",\"url\":\"\\/categories\\/Health-and-Fitness\"},\"hZTRm\":{\"title\":\"Prioritization\",\"url\":\"\\/categories\\/Lifestyles\\/Lifestyle\"},\"fdMCm\":{\"title\":\"Customer Experience\",\"url\":\"\\/categories\\/Lifestyles\\/Beauty-and-Makeup\"},\"cdVTr\":{\"title\":\"Workplace Efficiency\",\"url\":\"\\/categories\\/Academics\\/Science\"},\"record\":{\"title\":null,\"url\":null}}}'),
(119, 120, 'en', '{\"main_content\":{\"title\":\"Flexible Plans for Teams\",\"description\":\"Explore flexible subscription plans tailored to team size, training goals, and your organization\\u2019s evolving needs.\",\"button\":{\"label\":\"Subscription Plans\",\"icon\":\"bul-cup\",\"url\":\"\\/panel\\/financial\\/subscribes\"},\"floating_image\":\"\\/store\\/landing_builder\\/landing_5\\/120\\/subscription_overlay_XZu.png\"},\"subscriptions_plans\":{\"DRiMR\":{\"plan_id\":\"3\"},\"ZfFOm\":{\"plan_id\":\"4\"},\"uyLhI\":{\"plan_id\":\"5\"},\"record\":{\"plan_id\":null}},\"checked_items\":{\"nHjNX\":\"Unlimited Course Access\",\"RICIj\":\"Custom Learning Paths\",\"pYuIm\":\"Scalable User Seats\",\"CeEef\":\"Flexible Plan Upgrades\"}}'),
(120, 121, 'en', '{\"space_number\":\"80\"}'),
(121, 123, 'en', '{\"space_number\":\"80\"}'),
(122, 122, 'en', '{\"main_content\":{\"pre_title\":\"Customers\",\"title\":\"Organizations We\'ve Trained\",\"description\":\"Discover some of the forward-thinking organizations that trust our platform to develop and upskill their teams.\",\"button\":{\"label\":\"Organizations\",\"icon\":\"bul-briefcase\",\"url\":\"\\/organizations\"}},\"specific_organizations\":{\"ZCxso\":{\"organization_id\":\"4\"},\"NAPuw\":{\"organization_id\":\"859\"},\"wUjnc\":{\"organization_id\":\"863\"},\"sCvOk\":{\"organization_id\":\"864\"},\"bRimm\":{\"organization_id\":\"867\"},\"GefGT\":{\"organization_id\":\"868\"},\"record\":{\"organization_id\":null}},\"background\":\"\\/store\\/landing_builder\\/landing_5\\/122\\/organizations_bg_oga.svg\"}'),
(123, 124, 'en', '{\"main_content\":{\"pre_title\":\"Trusted Services\",\"title\":\"Trusted by Leading Brands Around the World\",\"description\":\"Our platform is proudly trusted by renowned global brands, showcasing reliability, quality, and consistent results across diverse industries worldwide.\",\"button\":{\"label\":\"Try our Services\",\"icon\":\"bul-box-1\",\"url\":\"\\/classes\"}},\"companies_widget_logos\":{\"zdBeQ\":\"\\/store\\/landing_builder\\/landing_5\\/124\\/logo1_vme.png\",\"MjaRj\":\"\\/store\\/landing_builder\\/landing_5\\/124\\/logo2_9Mn.png\",\"Qeklc\":\"\\/store\\/landing_builder\\/landing_5\\/124\\/logo3_pNg.png\",\"zMjpQ\":\"\\/store\\/landing_builder\\/landing_5\\/124\\/logo4_CJi.png\",\"umsVi\":\"\\/store\\/landing_builder\\/landing_5\\/124\\/logo5_9gq.png\",\"xgCyt\":\"\\/store\\/landing_builder\\/landing_5\\/124\\/logo6_UDn.png\",\"SIfbh\":\"\\/store\\/landing_builder\\/landing_5\\/124\\/logo7_Qx3.png\",\"jNmUa\":\"\\/store\\/landing_builder\\/landing_5\\/124\\/logo8_Iom.png\",\"pmZZd\":\"\\/store\\/landing_builder\\/landing_5\\/124\\/logo9_HwP.png\"}}');
INSERT INTO `landing_component_translations` (`id`, `landing_component_id`, `locale`, `content`) VALUES
(124, 125, 'en', '{\"additional_information\":{\"pre_title\":\"FAQ\",\"title\":\"Explore Common Questions and Smart Solutions\",\"description\":\"Find clear answers to the most frequently asked questions about our platform, services, and features to help you get started with confidence and ease.\",\"button\":{\"label\":\"Contact Us\",\"icon\":\"bul-message\",\"url\":\"\\/contact\"}},\"faq_items\":{\"YHDtK\":{\"title\":\"What is organizational training exactly about?\",\"description\":\"Organizational training focuses on improving employee skills, knowledge, and performance to meet company goals. It includes tailored courses, workshops, and hands-on activities that align with industry needs. This type of training boosts productivity, fosters teamwork, and ensures staff stays updated with the latest trends, technologies, and compliance standards in their specific fields.\",\"icon\":\"bul-message-question\",\"enable\":\"on\"},\"mLenn\":{\"title\":\"How can this benefit my organization?\",\"description\":\"Organizational training enhances employee efficiency, reduces errors, and improves morale. It helps teams work more effectively, adapt to change, and align with strategic goals. Companies that invest in training often see higher retention rates and stronger employee engagement, which translates into improved performance and long-term success across departments.\",\"icon\":\"bul-teacher\",\"enable\":\"on\"},\"RCvaf\":{\"title\":\"Can we customize the training content?\",\"description\":\"Yes, all training programs can be customized to suit your organization\\u2019s industry, goals, and workforce needs. Whether you require leadership development, compliance training, technical skills, or soft skills, content can be tailored to address specific challenges and objectives. This ensures your employees gain relevant, practical knowledge they can apply immediately.\",\"icon\":\"bul-video\",\"enable\":\"on\"},\"vZmJR\":{\"title\":\"Is the training available online or onsite?\",\"description\":\"We offer flexible delivery options: online, onsite, or blended. Online training allows employees to learn anytime, anywhere, while onsite sessions provide hands-on guidance and immediate interaction. You can choose the format that best fits your team&amp;amp;#039;s schedule, learning style, and operational requirements to maximize participation and effectiveness.\",\"icon\":\"bul-monitor\",\"enable\":\"on\"},\"fbktG\":{\"title\":\"How do we measure training success?\",\"description\":\"Training success is measured through assessments, feedback, performance tracking, and KPI alignment. Post-training evaluations, quizzes, and surveys help identify knowledge retention and skill improvements. You can also monitor real-world application of skills on the job and track improvements in productivity, quality, and team collaboration over time.\",\"icon\":\"bul-chart-square\",\"enable\":\"on\"},\"record\":{\"title\":null,\"description\":null,\"icon\":null,\"enable\":\"0\"}},\"background\":\"\\/store\\/landing_builder\\/landing_5\\/125\\/faq_bg_z4q.svg\",\"floating_image\":\"\\/store\\/landing_builder\\/landing_5\\/125\\/faq_overlay_ZvS.png\"}'),
(125, 126, 'en', '{\"space_number\":\"80\"}'),
(126, 127, 'en', '{\"main_content\":{\"pre_title_icon\":null,\"pre_title\":\"Looking for Effective Education?\",\"main_title_line_1\":\"Transform Performance\",\"main_title_line_2\":\"With Targeted Pro Education\",\"badge_title\":\"PRO!\",\"description\":\"Enhance your organization\\u2019s capabilities with our tailored tutoring services. Partner with industry experts to provide impactful training that improves team long-term professional growth.\",\"primary_button\":{\"label\":\"Join Us Now\",\"icon\":\"bul-teacher\",\"url\":\"\\/classes\"},\"secondary_button\":{\"label\":\"Book a Meeting\",\"icon\":\"bul-video\",\"url\":\"\\/users\\/robert-ransdell\\/meetings\"}},\"specific_links\":{\"sogIg\":{\"title\":\"Communications\",\"url\":\"\\/categories\\/Business\\/Communications\"},\"npvIM\":{\"title\":\"Management\",\"url\":\"\\/categories\\/Business\\/Management\"},\"FRYxh\":{\"title\":\"Marketing\",\"url\":\"\\/categories\\/Marketing\"},\"record\":{\"title\":null,\"url\":null}},\"background\":\"\\/store\\/landing_builder\\/landing_5\\/127\\/cta_bg_JWS.jpg\",\"dark_mode_background\":\"\\/store\\/landing_builder\\/landing_5\\/127\\/cta_bg_dark_gl8.jpg\"}'),
(127, 129, 'en', '{\"space_number\":\"80\"}'),
(128, 130, 'en', '{\"reverse_direction\":null,\"main_content\":{\"pre_title\":\"Join Us\",\"title\":\"Unlock Growth, Join Our Learning Platform\",\"description\":\"Unlock your organization\\u2019s full potential through expert-led training, skill development, and continuous growth with our platform.\",\"button\":{\"label\":\"Register Now!\",\"icon\":\"bul-add-circle\",\"url\":\"\\/login\"}},\"statistic_1\":{\"title\":\"2.5K\",\"subtitle\":\"Successful Organizations\",\"description\":\"Used our training services\"},\"statistic_2\":{\"title\":\"15K\",\"subtitle\":\"Professional Employees\",\"description\":\"Trained using our services\"},\"image_content\":{\"main_image\":\"\\/store\\/landing_builder\\/landing_5\\/130\\/cta_section_P36.png\",\"overlay_image_1\":null,\"overlay_image_2\":\"\\/store\\/landing_builder\\/landing_5\\/130\\/money_KIF.png\"}}'),
(129, 131, 'en', '{\"upper_cta\":{\"badge_text\":\"Book Now\",\"main_text\":\"Enjoy a Complimentary First Meeting\",\"icon\":\"bul-discount-shape\",\"url\":\"\\/classes\"},\"main_content\":{\"title_line_1\":\"Reserve\",\"title_line_2\":\"Meeting Session\",\"description\":\"Get personalized education experience by booking a one-on-one study session with expert tutors. Ask questions, review topics, and boost your confidence\\u2014right when you need it.\",\"primary_button\":{\"label\":\"Find a Tutor\",\"icon\":\"bul-teacher\",\"url\":\"\\/instructor-finder\\/wizard\"},\"secondary_button\":{\"label\":\"Explore Tutors\",\"icon\":\"bul-profile-2user\",\"url\":\"\\/instructor-finder\"},\"highlight_words\":{\"pPFcH\":\"Online\",\"cjGUm\":\"Local\",\"btZtB\":\"Group\",\"DVEWc\":\"1-to-1\"}},\"students_widget\":{\"title\":\"5K+ Learning Sessions Booked\",\"url\":null},\"image_content\":{\"type\":\"lottie_json\",\"image\":null,\"overlay_image\":null,\"spinning_image\":null,\"lottie_json\":\"\\/store\\/landing_builder\\/landing_6\\/131\\/hero_illustration_jXr.json\"},\"background\":\"\\/store\\/landing_builder\\/landing_5\\/96\\/hero_bg_b2E.svg\",\"students_widget_avatars\":{\"pUPyA\":\"\\/store\\/landing_builder\\/landing_6\\/131\\/student3_k3m.jpg\",\"XDqDr\":\"\\/store\\/landing_builder\\/landing_6\\/131\\/student4_8Yc.jpg\",\"syuMD\":\"\\/store\\/landing_builder\\/landing_6\\/131\\/student5_j9a.jpg\",\"pFZpm\":\"\\/store\\/landing_builder\\/landing_6\\/131\\/student8_gix.jpg\",\"OuTPn\":\"\\/store\\/landing_builder\\/landing_6\\/131\\/student2_SnM.jpg\"}}'),
(130, 132, 'en', '{\"statistics\":{\"QbGNb\":{\"title\":\"Skillful Instructors\",\"icon\":\"bul-briefcase\",\"data_type\":\"semi_real\",\"data_source\":\"number_of_instructors\",\"start_from\":\"250\",\"manual_data\":null},\"YOFAm\":{\"title\":\"Happy Students\",\"icon\":\"bul-teacher\",\"data_type\":\"semi_real\",\"data_source\":\"number_of_students\",\"start_from\":\"500\",\"manual_data\":null},\"repCq\":{\"title\":\"Official Organizations\",\"icon\":\"bul-building\",\"data_type\":\"semi_real\",\"data_source\":\"number_of_organizations\",\"start_from\":\"50\",\"manual_data\":null},\"JLmBF\":{\"title\":\"Meetings Conducted\",\"icon\":\"bul-video\",\"data_type\":\"semi_real\",\"data_source\":\"number_of_sales\",\"start_from\":\"300\",\"manual_data\":null},\"record\":{\"title\":null,\"icon\":null,\"data_type\":\"real\",\"data_source\":\"number_of_instructors\",\"start_from\":null,\"manual_data\":null}},\"background\":\"\\/store\\/landing_builder\\/landing_6\\/132\\/stats_bg_jIX.svg\",\"background_color\":\"secondary\"}'),
(131, 133, 'en', '{\"space_number\":\"80\"}'),
(132, 134, 'en', '{\"space_number\":\"80\"}'),
(134, 136, 'en', '{\"space_number\":\"80\"}'),
(135, 137, 'en', '{\"space_number\":\"80\"}'),
(136, 138, 'en', '{\"main_content\":{\"pre_title\":\"Process\",\"title\":\"How to Book Meetings\",\"description\":\"Easily find your ideal tutor, choose a time, and book personalized sessions in just minutes\"}}'),
(137, 139, 'en', '{\"space_number\":\"24\"}'),
(139, 141, 'en', '{\"space_number\":\"60\"}'),
(157, 159, 'en', '{\"main_content\":{\"pre_title\":\"Features\",\"title\":\"Essential Tools For Seamless Meeting Booking\",\"description\":\"Discover essential tools designed to simplify scheduling, managing, and joining tutoring sessions effortlessly, ensuring seamless communication and enhanced learning experiences.\",\"button\":{\"label\":\"Explore More\",\"icon\":\"bul-box-tick\",\"url\":\"\\/blog\\/How-To-Teach-Your-Kid-Anything-Easily-3\"}},\"features_cards\":{\"qKLlu\":{\"title\":\"Interactive Video Meetings\",\"description\":\"Engage in high-quality video calls with screen sharing, chat, and collaborative whiteboard tools.\",\"icon\":\"bul-monitor-recorder\",\"url\":null},\"jkmWO\":{\"title\":\"Student-Instructor Matching\",\"description\":\"et matched with ideal instructors using intelligent filters based on subject, level, and availability.\",\"icon\":\"bul-teacher\",\"url\":null},\"jsPAn\":{\"title\":\"Seamless Calendar Integration\",\"description\":\"Sync sessions with your favorite calendar apps and receive automatic updates for schedule changes.\",\"icon\":\"bul-calendar-2\",\"url\":null},\"VdkzH\":{\"title\":\"Flexible Payment Options\",\"description\":\"Pay securely using multiple methods with support for discounts, subscriptions, and wallet-based payments.\",\"icon\":\"bul-money-2\",\"url\":null},\"record\":{\"title\":null,\"description\":null,\"icon\":null,\"url\":null}},\"checked_items\":{\"MnOjo\":\"Flexible Time Slots\",\"tlpDs\":\"Instant Meeting Links\",\"FauIw\":\"Progress Tracking\",\"FnFFu\":\"Reminders & Alerts\"}}'),
(158, 160, 'en', '{\"enable_overlay\":\"on\",\"main_content\":{\"pre_title\":\"Featured\",\"title\":\"Top Featured Instructors\",\"description\":\"Meet our most trusted educators, handpicked for their expertise, teaching quality, and student satisfaction\"},\"specific_banners\":{\"fscWd\":{\"title\":\"Robert Ransdell\",\"image\":\"\\/store\\/landing_builder\\/landing_6\\/160\\/instructor1_naM.jpg\",\"url\":\"\\/users\\/robert-ransdell\\/meetings\",\"enable\":\"on\"},\"VdMuz\":{\"title\":\"Ricardo Dave\",\"url\":\"\\/users\\/ricardo-dave\\/meetings\",\"enable\":\"on\",\"image\":\"\\/store\\/landing_builder\\/landing_6\\/160\\/instructor2_dbf.jpg\"},\"opTsl\":{\"title\":\"John Powe\",\"url\":\"\\/users\\/john-powe\\/meetings\",\"enable\":\"on\",\"image\":\"\\/store\\/landing_builder\\/landing_6\\/160\\/instructor3_8Ye.jpg\"},\"WHerv\":{\"title\":\"James Kong\",\"url\":\"\\/users\\/james-kong\\/meetings\",\"enable\":\"on\",\"image\":\"\\/store\\/landing_builder\\/landing_6\\/160\\/instructor4_H7w.jpg\"},\"cvByD\":{\"title\":\"Jessica Wray\",\"url\":\"\\/users\\/jessica-wray\\/meetings\",\"enable\":\"on\",\"image\":\"\\/store\\/landing_builder\\/landing_6\\/160\\/instructor6_coZ.jpg\"},\"IjHfi\":{\"title\":\"Adrian Anderson\",\"url\":\"users\\/linda-anderson\\/meetings\",\"enable\":\"on\",\"image\":\"\\/store\\/landing_builder\\/landing_6\\/160\\/instructor5_cUV.jpg\"},\"record\":{\"title\":null,\"url\":null,\"enable\":\"0\"}}}'),
(159, 161, 'en', '{\"reverse_direction\":null,\"main_content\":{\"pre_title\":\"Step 1\",\"title\":\"Search and Choose Your Ideal Instructor\",\"description\":\"Browse instructor profiles, compare expertise, and choose the perfect match for your learning goals according to different parameters\",\"button\":{\"label\":\"Tutor Finder\",\"icon\":\"bul-search-status-1\",\"url\":\"\\/instructor-finder\\/wizard\"}},\"checked_items\":{\"nZHzk\":\"Tutoring Category\",\"BfqgY\":\"Skill Level\",\"GKDpL\":\"Meeting Type\",\"OzMyc\":\"Meeting Timeframe\"},\"image_content\":{\"main_image\":\"\\/store\\/landing_builder\\/landing_6\\/161\\/meeting1_X1J.png\"}}'),
(160, 162, 'en', '{\"reverse_direction\":null,\"main_content\":{\"pre_title\":\"Step 2\",\"title\":\"Choose Your Preferred Date and Time\",\"description\":\"Select the best date and time that suits your schedule for a personalized tutoring session. Select the best date and time according to your availability.\",\"button\":{\"label\":\"Book a Meeting\",\"icon\":\"bul-calendar-2\",\"url\":\"\\/instructor-finder\"}},\"statistic_1\":{\"title\":\"724\",\"subtitle\":\"Weekly Time Slots\",\"description\":\"Are available on the platform\"},\"statistic_2\":{\"title\":\"50K\",\"subtitle\":\"Meeting Hours\",\"description\":\"Conducted successfully\"},\"image_content\":{\"main_image\":\"\\/store\\/landing_builder\\/landing_6\\/162\\/meeting2_aaw.png\"}}'),
(161, 163, 'en', '{\"space_number\":\"60\"}'),
(162, 164, 'en', '{\"reverse_direction\":null,\"main_content\":{\"pre_title\":\"Step 3\",\"title\":\"Join Meeting, Experience Seamless Learning\",\"description\":\"Join your scheduled session with ease and enjoy smooth, interactive learning from expert instructors in real time.\",\"button\":{\"label\":\"Supported Platforms\",\"icon\":\"bul-video\",\"url\":\"\\/blog\\/How-To-Teach-Your-Kid-Anything-Easily-2\"}},\"checked_items\":{\"nZHzk\":\"Zoom\",\"BfqgY\":\"Agora (In-app)\",\"GKDpL\":\"Bigbluebutton\",\"OzMyc\":\"Jitsi Meet\",\"QmomF\":\"+ All Other Platforms\"},\"image_content\":{\"main_image\":\"\\/store\\/landing_builder\\/landing_6\\/164\\/meeting3_ZY3.png\"}}'),
(163, 165, 'en', '{\"space_number\":\"80\"}'),
(164, 166, 'en', '{\"space_number\":\"60\"}'),
(165, 167, 'en', '{\"reverse_direction\":null,\"main_content\":{\"pre_title\":\"Step 4\",\"title\":\"Achieve Learning Goals Through Expert-Led Live Education\",\"description\":\"Experience engaging, results-driven education through interactive sessions, expert guidance, and personalized support designed to help you achieve your learning goals faster.\",\"button\":{\"label\":\"Check Results\",\"icon\":\"bul-cup\",\"url\":\"\\/blog\\/3-Laws-to-Become-a-Straight-A-Student\"}},\"statistic_1\":{\"title\":\"50K+\",\"subtitle\":\"Online Meetings\",\"description\":\"Conducted on the platform\"},\"statistic_2\":{\"title\":\"15K+\",\"subtitle\":\"In-Person Meetings\",\"description\":\"Held by our users localy\"},\"image_content\":{\"main_image\":\"\\/store\\/landing_builder\\/landing_6\\/167\\/meeting4_c8a.png\"}}'),
(166, 168, 'en', '{\"main_content\":{\"pre_title\":\"Book Now\",\"title\":\"Schedule Your Meeting Right Now\",\"description\":\"Book personalized sessions with top instructors, choose your time, and start learning with expert guidance instantly\"},\"cta_section\":{\"title\":\"Looking for the perfect tutor?\",\"description\":\"Easily discover the perfect instructor by using smart filters like expertise, availability, etc., tailored to your goals.\",\"link_title\":\"Instructor Finder\",\"url\":\"\\/instructor-finder\\/wizard\",\"image\":\"\\/store\\/landing_builder\\/landing_6\\/168\\/finder_cta_Ny5.png\"},\"meeting_instructors\":{\"hSeQo\":{\"instructor\":\"923\"},\"SdEVi\":{\"instructor\":\"1015\"},\"bwJgC\":{\"instructor\":\"934\"},\"unWuZ\":{\"instructor\":\"929\"},\"ljxyU\":{\"instructor\":\"870\"},\"atklE\":{\"instructor\":\"1016\"},\"record\":{\"instructor\":null}},\"background\":\"\\/store\\/landing_builder\\/landing_6\\/168\\/booking_bg_kVY.svg\",\"background_color\":\"secondary\"}'),
(167, 169, 'en', '{\"main_content\":{\"pre_title\":\"Testimonials\",\"title\":\"Discover What Learners Really Think\",\"description\":\"Read honest feedback from real students who experienced our courses and achieved their learning goals successfully.\"},\"cta_section\":{\"title_bold_text\":\"Over 2,500 happy students\",\"title_regular_text\":\"have shared their experiences with my courses\",\"floating_image\":\"\\/store\\/landing_builder\\/landing_6\\/169\\/testimonials_jx4.png\"},\"testimonials\":{\"bfTOY\":{\"testimonial_id\":\"2\"},\"JzjuH\":{\"testimonial_id\":\"3\"},\"SmNmW\":{\"testimonial_id\":\"4\"},\"BleDu\":{\"testimonial_id\":\"5\"},\"WneMB\":{\"testimonial_id\":\"6\"},\"GiiSv\":{\"testimonial_id\":\"7\"},\"mHmJS\":{\"testimonial_id\":\"8\"},\"nJiEZ\":{\"testimonial_id\":\"9\"},\"KCQlo\":{\"testimonial_id\":\"10\"},\"Hpbyr\":{\"testimonial_id\":\"11\"},\"record\":{\"testimonial_id\":null}}}'),
(168, 170, 'en', '{\"first_line\":{\"text_1\":\"Discover the right\",\"text_2\":\"instructor\",\"image_1\":\"\\/store\\/landing_builder\\/landing_6\\/170\\/cta_image_ZQ2.png\"},\"second_line\":{\"text_1\":\"and book\",\"text_2\":\"your meeting!\",\"image_1\":\"\\/store\\/landing_builder\\/landing_6\\/170\\/avatar1_Hqn.png\",\"image_2\":\"\\/store\\/landing_builder\\/landing_6\\/170\\/avatar2_ILx.png\"},\"additional_information\":{\"text_1\":\"Easily find the perfect instructor tailored to your needs and conveniently book a meeting to start learning without any hassle\"},\"primary_button\":{\"label\":\"Tutor Finder\",\"icon\":\"bul-teacher\",\"url\":\"\\/instructor-finder\\/wizard\"},\"secondary_button\":{\"label\":\"Tutors List\",\"icon\":\"bul-profile-2user\",\"url\":\"\\/instructor-finder\"},\"background\":\"\\/store\\/landing_builder\\/landing_6\\/170\\/cta_bg_cjl.svg\",\"floating_images\":{\"image_1\":\"\\/store\\/landing_builder\\/landing_6\\/170\\/floating1_pMQ.svg\",\"image_2\":\"\\/store\\/landing_builder\\/landing_6\\/170\\/floating2_30w.svg\"},\"side_images\":{\"image_1\":\"\\/store\\/landing_builder\\/landing_6\\/170\\/side1_xue.svg\",\"image_2\":\"\\/store\\/landing_builder\\/landing_6\\/170\\/side2_tvM.svg\"}}'),
(170, 172, 'en', '{\"upper_cta\":{\"badge_text\":\"Level Up\",\"main_text\":\"UX Design Bootcamp Now Open\",\"icon\":\"bul-play-circle\",\"url\":\"\\/classes\"},\"main_content\":{\"title_line_1\":\"I\'m\",\"title_line_2\":\"UI\\/UX Designer\",\"description\":\"I\\u2019m John Powe, a passionate UI\\/UX Designer helping brands create intuitive, user-centered digital experiences that look great and perform even better across platforms.\",\"primary_button\":{\"label\":\"Explore Courses\",\"icon\":\"bul-video-circle\",\"url\":\"\\/classes\"},\"secondary_button\":{\"label\":\"Book a Meeting\",\"icon\":\"bul-video\",\"url\":\"\\/users\\/john-powe\\/meetings\"},\"highlight_words\":{\"pPFcH\":\"John Powe\"}},\"students_widget\":{\"title\":\"Over 5K Students Trained\",\"url\":null},\"image_content\":{\"type\":\"image\",\"image\":\"\\/store\\/landing_builder\\/landing_7\\/172\\/hero_image_aRf.png\",\"overlay_image\":null,\"spinning_image\":\"\\/store\\/landing_builder\\/landing_7\\/172\\/revolver_QPK.svg\"},\"background\":\"\\/store\\/landing_builder\\/landing_5\\/96\\/hero_bg_b2E.svg\",\"students_widget_avatars\":{\"pUPyA\":\"\\/store\\/landing_builder\\/landing_7\\/172\\/Group_2038_p7C.png\",\"XDqDr\":\"\\/store\\/landing_builder\\/landing_7\\/172\\/Group_2043_Kbm.png\",\"syuMD\":\"\\/store\\/landing_builder\\/landing_7\\/172\\/Group_2045_9R5.png\",\"pFZpm\":\"\\/store\\/landing_builder\\/landing_7\\/172\\/Group_2047_b2v.png\",\"OuTPn\":\"\\/store\\/landing_builder\\/landing_7\\/172\\/Group_2053_qEQ.png\"}}'),
(172, 174, 'en', '{\"space_number\":\"80\"}'),
(173, 175, 'en', '{\"space_number\":\"80\"}'),
(175, 177, 'en', '{\"space_number\":\"80\"}'),
(176, 178, 'en', '{\"space_number\":\"80\"}'),
(178, 180, 'en', '{\"space_number\":\"80\"}'),
(180, 182, 'en', '{\"space_number\":\"80\"}'),
(183, 185, 'en', '{\"component_image_style\":\"all_sides_margin\",\"reverse_direction\":null,\"main_content\":{\"pre_title_icon\":\"bul-designtools\",\"title\":\"Specialization: Mastering Tools and UI\\/UX Techniques\",\"description\":\"I specialize in modern UI\\/UX design using tools like Figma, Framer, Webflow, and Miro to craft engaging, user-centered digital experiences with precision and creativity.\",\"badge_title\":\"Expertise\",\"button\":{\"label\":\"My Courses\",\"icon\":\"bul-teacher\",\"url\":\"\\/classes?sort=newest\"}},\"checked_items\":{\"mBVZa\":\"Figma Prototyping\",\"EvwgP\":\"Framer Animation\",\"bHmJT\":\"Webflow Development\",\"HhItd\":\"Miro Mapping\",\"wvtxY\":\"Wireframe Design\",\"MCmKK\":\"User Research\",\"lUfnY\":\"Design Systems\",\"MfpMg\":\"Responsive Layouts\"},\"images\":{\"main_image\":\"\\/store\\/landing_builder\\/landing_7\\/185\\/about_7ok.jpg\",\"overlay_image\":\"\\/store\\/landing_builder\\/landing_7\\/185\\/expertise_overlay_YVo.png\"}}'),
(192, 194, 'en', '{\"main_content\":{\"pre_title\":\"Companies\",\"title\":\"Proud Collaborations with Leading Global Design Companies\",\"description\":\"I have partnered with top global design companies, delivering innovative solutions that enhance user experience and drive business success across diverse industries worldwide.\",\"button\":{\"label\":\"Explore Courses\",\"icon\":\"bul-video-play\",\"url\":\"\\/classes\"}},\"companies_widget_logos\":{\"zdBeQ\":\"\\/store\\/landing_builder\\/landing_5\\/124\\/logo1_vme.png\",\"MjaRj\":\"\\/store\\/landing_builder\\/landing_5\\/124\\/logo2_9Mn.png\",\"Qeklc\":\"\\/store\\/landing_builder\\/landing_5\\/124\\/logo3_pNg.png\",\"zMjpQ\":\"\\/store\\/landing_builder\\/landing_5\\/124\\/logo4_CJi.png\",\"umsVi\":\"\\/store\\/landing_builder\\/landing_5\\/124\\/logo5_9gq.png\",\"xgCyt\":\"\\/store\\/landing_builder\\/landing_5\\/124\\/logo6_UDn.png\",\"SIfbh\":\"\\/store\\/landing_builder\\/landing_5\\/124\\/logo7_Qx3.png\",\"jNmUa\":\"\\/store\\/landing_builder\\/landing_5\\/124\\/logo8_Iom.png\",\"pmZZd\":\"\\/store\\/landing_builder\\/landing_5\\/124\\/logo9_HwP.png\"}}'),
(198, 200, 'en', '{\"separator_icon\":\"bul-shapes\",\"card_style\":\"normal\",\"title_items\":{\"WSGFq\":{\"title\":\"Wireframe\",\"url\":\"\\/categories\\/Development\\/Web-Development\"},\"VWGwj\":{\"title\":\"Prototype\",\"url\":\"\\/categories\\/Development\\/Web-Development\"},\"DsGYY\":{\"title\":\"User Flow\",\"url\":\"\\/categories\\/Development\\/Web-Development\"},\"HWueP\":{\"title\":\"Persona\",\"url\":\"\\/categories\\/Development\\/Web-Development\"},\"ysnnV\":{\"title\":\"Accessibility\",\"url\":\"\\/categories\\/Development\\/Web-Development\"},\"xMMvz\":{\"title\":\"Usability\",\"url\":\"\\/categories\\/Development\\/Web-Development\"},\"KYyQL\":{\"title\":\"Information Architecture\",\"url\":\"\\/categories\\/Development\\/Web-Development\"},\"GWKdQ\":{\"title\":\"Interaction Design\",\"url\":\"\\/categories\\/Development\\/Web-Development\"},\"ouKgT\":{\"title\":\"Responsive Design\",\"url\":\"\\/categories\\/Development\\/Web-Development\"},\"sMaGF\":{\"title\":\"Design System\",\"url\":\"\\/categories\\/Development\\/Web-Development\"},\"AHMKE\":{\"title\":\"User Journey\",\"url\":\"\\/categories\\/Development\\/Web-Development\"},\"mjNSx\":{\"title\":\"Microinteractions\",\"url\":\"\\/categories\\/Development\\/Web-Development\"},\"VljiZ\":{\"title\":\"Visual Hierarchy\",\"url\":\"\\/categories\\/Development\\/Web-Development\"},\"xhImI\":{\"title\":\"Heuristic Evaluation\",\"url\":\"\\/categories\\/Development\\/Web-Development\"},\"rabMB\":{\"title\":\"A\\/B Testing\",\"url\":\"\\/categories\\/Development\\/Web-Development\"},\"record\":{\"title\":null,\"url\":null}}}'),
(199, 201, 'en', '{\"reverse_direction\":\"on\",\"main_content\":{\"pre_title\":\"About\",\"title\":\"Explore My Background, Skills, and Story\",\"description\":\"I\\u2019m a passionate UI\\/UX designer with years of experience crafting intuitive, user-centered interfaces that solve real problems. Discover my journey, skills, and design approach that drives results.\",\"button\":{\"label\":\"Check Profile\",\"icon\":\"bul-user\",\"url\":\"\\/users\\/john-powe\\/profile\"}},\"statistic_1\":{\"title\":\"240\",\"subtitle\":\"Case Studies\",\"description\":\"In-depth project breakdowns\"},\"statistic_2\":{\"title\":\"10+\",\"subtitle\":\"Years Experience\",\"description\":\"Designing since 2015\"},\"image_content\":{\"main_image\":\"\\/store\\/landing_builder\\/landing_7\\/201\\/instructor_5QG.png\",\"overlay_image_1\":\"\\/store\\/landing_builder\\/landing_7\\/201\\/overlay1_bFN.png\",\"overlay_image_2\":\"\\/store\\/landing_builder\\/landing_7\\/201\\/overlay2_fjp.png\"}}'),
(200, 202, 'en', '{\"main_content\":{\"pre_title\":\"My Courses\",\"title\":\"Explore My Most Popular Courses\",\"description\":\"Explore my most popular courses designed to boost your UI\\/UX skills and practical design expertise\",\"button\":{\"label\":\"Explore More\",\"icon\":\"bul-video-play\",\"url\":\"\\/classes\"}},\"featured_courses\":{\"bwwtM\":{\"course\":\"2050\"},\"QYwyT\":{\"course\":\"2051\"},\"lRpbl\":{\"course\":\"2052\"},\"bSCtV\":{\"course\":\"2053\"},\"PdTUU\":{\"course\":\"2054\"},\"tkxjs\":{\"course\":\"2055\"},\"cyphq\":{\"course\":\"2056\"},\"TSEgd\":{\"course\":\"2057\"}},\"background\":\"\\/store\\/landing_builder\\/landing_7\\/202\\/custom_courses_bg_Dko.svg\",\"floating_images\":{\"image_1\":\"\\/store\\/landing_builder\\/landing_7\\/202\\/section_overlay_1_yBd.png\",\"image_2\":\"\\/store\\/landing_builder\\/landing_7\\/202\\/section_overlay_2_fcL.png\"}}'),
(201, 203, 'en', '{\"space_number\":\"120\"}'),
(202, 204, 'en', '{\"main_content\":{\"pre_title\":\"Awards\",\"title\":\"Achievements Earned Through Creative Expertise\",\"image\":\"\\/store\\/landing_builder\\/landing_7\\/204\\/awards_lwL.png\"},\"specific_information\":{\"gUXhe\":{\"title\":\"Dribbble Best Designer\",\"subtitle\":\"Nov 2024\",\"description\":\"Recognized for user-centered design that significantly enhanced digital experiences and increased engagement across multiple platforms and devices.\",\"icon\":\"\\/store\\/landing_builder\\/landing_7\\/204\\/dribbble_fVL.svg\",\"link_title\":\"More Information\",\"url\":\"\\/users\\/john-powe\\/profile\",\"enable\":\"on\"},\"RGASb\":{\"title\":\"Behance Design Award\",\"subtitle\":\"Dec 2023\",\"description\":\"Awarded for pioneering innovative UX strategies that redefined interface usability, enhanced user satisfaction, and set new industry standards.\",\"icon\":\"\\/store\\/landing_builder\\/landing_7\\/204\\/behance_znJ.svg\",\"link_title\":\"More Information\",\"url\":\"\\/users\\/john-powe\\/profile\",\"enable\":\"on\"},\"azlFI\":{\"title\":\"Top Interface Innovator\",\"subtitle\":\"Jan 2025\",\"description\":\"Honored for creating clean, functional interface designs that seamlessly blend creativity, clarity, and exceptional user interaction experiences.\",\"icon\":\"\\/store\\/landing_builder\\/landing_7\\/204\\/evernote_Baj.svg\",\"link_title\":\"More Information\",\"url\":\"\\/users\\/john-powe\\/profile\",\"enable\":\"on\"},\"YfMqo\":{\"title\":\"Creative UI Champion\",\"subtitle\":\"Feb 2025\",\"description\":\"Recognized for delivering bold and creative UI concepts that enhanced visual appeal and elevated overall user interaction and experience quality.\",\"link_title\":\"More Information\",\"url\":\"\\/users\\/john-powe\\/profile\",\"enable\":\"on\",\"icon\":\"\\/store\\/landing_builder\\/landing_7\\/204\\/blogger_OPn.svg\"},\"record\":{\"title\":null,\"subtitle\":null,\"description\":null,\"link_title\":null,\"url\":null,\"enable\":\"0\"}},\"background\":\"\\/store\\/landing_builder\\/landing_7\\/204\\/awards_bg_ixK.svg\"}'),
(203, 205, 'en', '{\"main_content\":{\"pre_title\":\"Testimonials\",\"title\":\"Real Feedback from My Students\",\"description\":\"Honest reviews and experiences shared by students who\\u2019ve grown through my UI\\/UX design courses\"},\"cta_section\":{\"title_bold_text\":\"2.5K Happy customers\",\"title_regular_text\":\"shared their experience with others\",\"floating_image\":\"\\/store\\/landing_builder\\/landing_7\\/205\\/testimonials_RSm.png\"},\"testimonials\":{\"deEPo\":{\"testimonial_id\":\"2\"},\"JxsqL\":{\"testimonial_id\":\"3\"},\"yIyzU\":{\"testimonial_id\":\"4\"},\"gmijN\":{\"testimonial_id\":\"5\"},\"orCIA\":{\"testimonial_id\":\"6\"},\"xfiQx\":{\"testimonial_id\":\"7\"},\"ZtCAB\":{\"testimonial_id\":\"8\"},\"xzcvi\":{\"testimonial_id\":\"9\"},\"VxQNg\":{\"testimonial_id\":\"10\"},\"nuRsx\":{\"testimonial_id\":\"11\"},\"record\":{\"testimonial_id\":null}}}'),
(204, 206, 'en', '{\"space_number\":\"80\"}'),
(205, 207, 'en', '{\"main_content\":{\"pre_title\":\"Team\",\"title\":\"Our Team, Your Design Partners\",\"description\":\"Dedicated creatives collaborating to craft exceptional user experiences through design, innovation, and deep industry insight\",\"badge_title\":\"Meet My Team!\",\"back_image\":\"\\/store\\/landing_builder\\/landing_7\\/207\\/team_bg_qNm.svg\"},\"video_content\":{\"display_play_button\":\"on\",\"video_file\":\"\\/store\\/landing_builder\\/landing_7\\/207\\/team_Dc8.mp4\",\"revolver_icon\":\"\\/store\\/landing_builder\\/landing_7\\/207\\/video_revolver_CgV.svg\"}}'),
(206, 208, 'en', '{\"main_content\":{\"pre_title\":\"Start Now!\",\"title\":\"Begin Learning, Start Connecting Now\",\"description\":\"Unlock new skills with expert-led courses or connect directly for personalized one-on-one learning experiences today\"},\"cta_1\":{\"title\":\"Enroll on Courses\",\"description\":\"Browse expertly crafted lessons and build strong skills at your own pace anytime, anywhere, with high-quality content\",\"icon\":\"bul-teacher\",\"link_title\":\"Explore Courses\",\"url\":\"\\/classes\"},\"cta_1_confirmation_section\":{\"title\":null,\"subtitle\":null},\"cta_2\":{\"title\":\"Book a Meeting\",\"description\":\"Connect with me for more personalized guidance tailored to your learning goals and interests for free\",\"icon\":\"bul-calendar-2\",\"link_title\":\"Pick a Time\",\"url\":\"\\/users\\/john-powe\\/meetings\"},\"cta_2_confirmation_section\":{\"title\":null,\"subtitle\":null}}'),
(207, 209, 'en', '{\"space_number\":\"80\"}'),
(210, 212, 'en', '{\"space_number\":\"80\"}'),
(216, 218, 'en', '{\"information_cards\":{\"nLfwT\":{\"title\":\"Interactive Quizzes\",\"subtitle\":\"Test student understanding and reinforce learning through engaging assessments\",\"image\":\"\\/store\\/landing_builder\\/landing_8\\/218\\/quiz_oea.png\",\"url\":\"\\/blog\",\"enable_image_padding\":\"on\"},\"kDwZL\":{\"title\":\"Official Certificates\",\"subtitle\":\"Reward course completion with professional certificates that boost learner credibility\",\"image\":\"\\/store\\/landing_builder\\/landing_8\\/218\\/certificate_Pft.png\",\"url\":\"\\/blog\",\"enable_image_padding\":\"on\"},\"dEIIC\":{\"title\":\"Live Sessions\",\"subtitle\":\"Connect in real time, answer questions, and deliver impactful lessons through live streaming\",\"image\":\"\\/store\\/landing_builder\\/landing_8\\/218\\/live_aqL.png\",\"url\":\"\\/blog\",\"enable_image_padding\":\"on\"},\"xUzRw\":{\"title\":\"Practical Assignments\",\"subtitle\":\"Encourage hands-on learning and skill application with structured assignments\",\"url\":\"\\/blog\",\"enable_image_padding\":\"on\",\"image\":\"\\/store\\/landing_builder\\/landing_8\\/218\\/assignments_4A9.png\"},\"JTlQc\":{\"title\":\"Course Support\",\"subtitle\":\"Offer continuous help and guidance to ensure learners stay motivated and on track\",\"url\":\"\\/blog\",\"enable_image_padding\":\"on\",\"image\":\"\\/store\\/landing_builder\\/landing_8\\/218\\/support_Qni.png\"},\"jJXqX\":{\"title\":\"Text Lessons\",\"subtitle\":\"Deliver content clearly with organized, easy-to-follow text lessons for every topic\",\"url\":\"\\/blog\",\"enable_image_padding\":\"on\",\"image\":\"\\/store\\/landing_builder\\/landing_8\\/218\\/textcourses_CJa.png\"},\"record\":{\"title\":null,\"subtitle\":null,\"url\":null,\"enable_image_padding\":\"0\"}}}'),
(217, 219, 'en', '{\"main_content\":{\"pre_title\":\"Features\",\"title\":\"Efficient Tools for Seamless Teaching\",\"description\":\"Access powerful tools that streamline course creation, student engagement, and performance tracking with ease\"}}'),
(218, 220, 'en', '{\"space_number\":\"24\"}'),
(220, 222, 'en', '{\"space_number\":\"80\"}'),
(224, 226, 'en', '{\"enable_slider\":\"on\",\"main_content\":{\"pre_title\":\"Stories\",\"title\":\"Real Journeys of Teaching Success\",\"description\":\"Discover inspiring stories from real instructors who turned their knowledge into rewarding and successful teaching careers\"},\"specific_sliders\":{\"HsKkS\":{\"pre_title\":\"Linda Anderson\",\"title\":\"From Passionate Learner to Renowned User Experience Design Instructor\",\"description\":\"Emily transformed her design passion into a thriving online teaching career.\",\"image\":\"\\/store\\/landing_builder\\/landing_8\\/226\\/story1_DCF.jpg\",\"content_type\":\"image\",\"url\":\"\\/users\\/linda-anderson\\/profile\",\"video_source\":\"youtube\",\"video_path\":null,\"enable\":\"on\"},\"fdhSH\":{\"pre_title\":\"John Powe\",\"title\":\"Tech Expert Building a Successful Tutoring Business Online\",\"description\":\"Michael leveraged his tech skills to create engaging, profitable courses\",\"image\":\"\\/store\\/landing_builder\\/landing_8\\/226\\/story2_9Yu.jpg\",\"content_type\":\"image\",\"url\":\"\\/users\\/john-powe\\/profile\",\"video_source\":\"youtube\",\"video_path\":null,\"enable\":\"on\"},\"PXomd\":{\"pre_title\":\"Ricardo Dave\",\"title\":\"Empowering Students Worldwide Through Creative Photography Lessons\",\"description\":\"Sophia\\u2019s photography expertise inspires and educates learners around the globe.\",\"image\":\"\\/store\\/landing_builder\\/landing_8\\/226\\/story3_T8V.jpg\",\"content_type\":\"image\",\"url\":\"\\/users\\/ricardo-dave\\/profile\",\"video_source\":\"youtube\",\"video_path\":null,\"enable\":\"on\"},\"record\":{\"pre_title\":null,\"title\":null,\"description\":null,\"content_type\":\"image\",\"url\":null,\"video_source\":\"youtube\",\"video_path\":null,\"enable\":\"0\"}}}'),
(225, 227, 'en', '{\"space_number\":\"80\"}'),
(230, 232, 'en', '{\"main_content\":{\"title\":\"June Bonus for New Instructors\",\"subtitle\":\"Start teaching this June and enjoy an exclusive 10% commission boost\",\"icon\":\"bul-percentage-circle\",\"button\":{\"label\":\"Register Now!\",\"icon\":\"bul-arrow-right\",\"url\":\"\\/register\"}},\"background\":\"\\/store\\/landing_builder\\/landing_4\\/94\\/reserve-bg_1u8.png\"}'),
(232, 234, 'en', '{\"upper_cta\":{\"badge_text\":\"Join Now\",\"main_text\":\"Receive a $50 Welcome Reward\",\"icon\":\"bul-gift\",\"url\":\"\\/register\"},\"main_content\":{\"title_line_1\":\"Share\",\"highlight_words\":{\"GeHzP\":\"Knowledge\"},\"title_line_2\":\"Earn Income\",\"description\":\"Turn your expertise into a rewarding career by teaching online. Reach eager learners worldwide, build your brand, and earn income\\u2014all while doing what you love from anywhere.\",\"primary_button\":{\"label\":\"Join Us Now\",\"icon\":\"bul-teacher\",\"url\":\"\\/register\"},\"secondary_button\":{\"label\":\"How to Join?\",\"icon\":\"bul-arrow-right\",\"url\":\"\\/blog\\/How-To-Teach-Your-Kid-Anything-Easily-3\"}},\"students_widget\":{\"title\":\"5K Expert Instructors Joined\",\"url\":\"\\/instructors\"},\"image_content\":{\"type\":\"image\",\"image\":\"\\/store\\/landing_builder\\/landing_8\\/234\\/hero_image_jjh.png\",\"overlay_image\":\"\\/store\\/landing_builder\\/landing_8\\/234\\/hero_overlay_aX8.png\"},\"background\":\"\\/store\\/landing_builder\\/landing_8\\/234\\/hero_bg_Sst.svg\",\"students_widget_avatars\":{\"AfOuq\":\"\\/store\\/landing_builder\\/landing_8\\/234\\/instructor1_y8V.jpg\",\"kKAGN\":\"\\/store\\/landing_builder\\/landing_8\\/234\\/instructor2_855.jpg\",\"tiRBk\":\"\\/store\\/landing_builder\\/landing_8\\/234\\/instructor4_HOo.jpg\",\"OIVog\":\"\\/store\\/landing_builder\\/landing_8\\/234\\/instructor6_Ip7.jpg\",\"JRCzo\":\"\\/store\\/landing_builder\\/landing_8\\/234\\/instructor7_GCq.jpg\"}}'),
(233, 236, 'en', '{\"main_content\":{\"pre_title\":\"Benefits\",\"title\":\"Why You Should Teach Here\",\"description\":\"Join a supportive learning platform where your expertise is valued, your income grows, and your impact reaches thousands of eager learners seeking knowledge, mentorship, and real-world skills.\",\"button\":{\"label\":\"Become Instructor\",\"icon\":\"bul-briefcase\",\"url\":\"\\/become-instructor\"}},\"checked_items\":{\"Serlf\":\"Flexible Teaching Hours\",\"OtYcU\":\"Easy Course Upload\",\"FLEWO\":\"Instant Payout Access\",\"seqEo\":\"Global Student Reach\"},\"features_cards\":{\"jDsdE\":{\"title\":\"Hassle-Free Course Setup\",\"description\":\"Start teaching quickly with intuitive and professional tools, and minimal technical setup required.\",\"icon\":\"bul-setting-2\",\"url\":null},\"YZwcZ\":{\"title\":\"Higher Commission Rates\",\"description\":\"Earn more per enrollment with our competitive instructor-friendly commission structure.\",\"icon\":\"bul-wallet-1\",\"url\":null},\"NKxEX\":{\"title\":\"Real-Time Performance Insights\",\"description\":\"Track your earnings, course engagement, and student feedback with real-time analytics and statistics.\",\"icon\":\"bul-favorite-chart\",\"url\":null},\"ygolc\":{\"title\":\"Seamless Payout System\",\"description\":\"Get paid securely and on time through reliable, various and instructor-friendly payment methods.\",\"icon\":\"bul-money-2\",\"url\":null},\"record\":{\"title\":null,\"description\":null,\"icon\":null,\"url\":null}}}'),
(234, 237, 'en', '{\"space_number\":\"80\"}'),
(235, 238, 'en', '{\"main_content\":{\"pre_title\":\"Start Now\",\"title\":\"Simple Steps to Start Teaching\",\"description\":\"Follow our easy, step-by-step process to become an instructor, share your expertise, inspire learners, and start earning on your own flexible schedule.\",\"button\":{\"label\":\"Become Instructor\",\"icon\":\"bul-arrow-right\",\"url\":\"\\/become-instructor\"},\"icon\":\"\\/store\\/landing_builder\\/landing_8\\/238\\/instructor_steps_eVe.png\"},\"specific_information\":{\"UrlAd\":{\"title\":\"Sign Up Easily\",\"description\":\"Create your instructor account in minutes with basic details and get started right away.\"},\"bFnMS\":{\"title\":\"Complete Your Profile\",\"description\":\"Add your expertise, experience, and a profile picture to build trust with potential learners.\"},\"ZWUKS\":{\"title\":\"Upload Your Content\",\"description\":\"Design and publish your courses or meeting offerings with our simple and intuitive tools.\"},\"SbnMM\":{\"title\":\"Start Teaching Today\",\"description\":\"Engage with students, manage bookings, and start earning by sharing your valuable knowledge.\"},\"record\":{\"title\":null,\"description\":null}},\"background\":\"\\/store\\/landing_builder\\/landing_8\\/238\\/cta_bg_Xb5.png\"}'),
(236, 239, 'en', '{\"main_content\":{\"pre_title\":\"Forums\",\"title\":\"Ask Questions, Share Teaching Tips\",\"description\":\"Join our vibrant instructor forums to ask questions, exchange ideas, and discover practical teaching strategies. Whether you\'re just starting out or have years of experience, our community is here to support your journey with real insights, helpful tips, and meaningful connections.\",\"image\":\"\\/store\\/landing_builder\\/landing_8\\/239\\/forums_image_ViO.png\"},\"buttons\":{\"primary_button\":{\"label\":\"Explore Forums\",\"icon\":\"bul-message\",\"url\":\"\\/forums\"},\"secondary_button\":{\"label\":\"Create a Topic\",\"icon\":\"bul-add-circle\",\"url\":\"\\/forums\\/create-topic?forum_id=5\"}},\"background\":\"\\/store\\/landing_builder\\/landing_8\\/239\\/forums_cta_bg_Sb7.png\"}'),
(237, 240, 'en', '{\"additional_information\":{\"pre_title\":\"FAQ\",\"title\":\"Frequently Asked Questions for Instructors\",\"description\":\"Find quick, clear answers to the most common questions about joining, teaching, earning, and succeeding as an instructor on our platform. We&amp;#039;ve got you covered!\",\"button\":{\"label\":\"Contact Us\",\"icon\":\"bul-messages-1\",\"url\":\"\\/contact\"}},\"faq_items\":{\"VAdAw\":{\"title\":\"How do I become an instructor?\",\"description\":\"To become an instructor, simply sign up, complete your profile, and submit an instructor application. After a quick review process, you\\u2019ll receive approval. Once approved, you can start creating and publishing courses or offering live sessions to connect with students and begin earning immediately.\",\"icon\":\"bul-teacher\",\"enable\":\"on\"},\"GIGam\":{\"title\":\"Is teaching experience required to join?\",\"description\":\"No formal teaching experience is required. If you have valuable knowledge or skills to share and a passion for teaching, you\\u2019re welcome. Our platform provides tools and support to help you deliver engaging and effective content, whether you\\u2019re a beginner or a seasoned educator.\",\"icon\":\"bul-briefcase\",\"enable\":\"on\"},\"RgiUG\":{\"title\":\"How much can instructors earn monthly?\",\"description\":\"Instructor earnings vary based on course popularity, student engagement, and marketing. Some instructors earn a few hundred dollars monthly, while top educators can generate thousands. We also offer promotions, bonus programs, and competitive revenue shares to maximize your earning potential over time.\",\"icon\":\"bul-money-4\",\"enable\":\"on\"},\"frFhO\":{\"title\":\"What type of content can I teach?\",\"description\":\"You can teach any subject you\\u2019re skilled in\\u2014design, business, coding, personal development, languages, and more. We welcome a wide range of course topics, including live sessions, recorded videos, and hybrid learning models. Just ensure your content is original, educational, and aligned with platform guidelines.\",\"icon\":\"bul-note-21\",\"enable\":\"on\"},\"DRNrT\":{\"title\":\"Can I offer live sessions too?\",\"description\":\"Yes, our platform fully supports live streaming. You can schedule one-on-one or group live sessions, allowing real-time interaction with students. Live features include screen sharing, chat, whiteboard, and more. You\\u2019ll also be able to manage bookings, set your availability, and send reminders with ease.\",\"icon\":\"bul-video\",\"enable\":\"on\"},\"record\":{\"title\":null,\"description\":null,\"icon\":null,\"enable\":\"0\"}},\"background\":\"\\/store\\/landing_builder\\/landing_8\\/240\\/faq_bg_bqN.svg\",\"floating_image\":\"\\/store\\/landing_builder\\/landing_8\\/240\\/faq_image_CTW.png\"}'),
(238, 241, 'en', '{\"main_content\":{\"title\":\"Start Your Teaching Journey Today\",\"subtitle\":\"Reach students globally, share your expertise, and earn doing what you love\",\"icon\":\"bul-user-add\",\"button\":{\"label\":\"Register Now!\",\"icon\":\"bul-arrow-right\",\"url\":\"\\/register\"}},\"background\":\"\\/store\\/landing_builder\\/landing_4\\/94\\/reserve-bg_1u8.png\"}'),
(239, 242, 'en', '{\"space_number\":\"40\"}'),
(240, 243, 'en', '{\"space_number\":\"10\"}'),
(241, 244, 'en', '{\"space_number\":\"80\"}'),
(243, 246, 'en', '{\"space_number\":\"120\"}'),
(251, 254, 'en', '{\"space_number\":\"20\"}'),
(253, 256, 'en', '{\"space_number\":\"80\"}'),
(256, 259, 'en', '{\"space_number\":\"80\"}'),
(257, 260, 'en', '{\"enable_slider\":\"on\",\"main_content\":{\"pre_title\":\"Featured\",\"title\":\"Explore Our Top Content Courses\",\"description\":\"Discover the most impactful courses designed to elevate your content creation skills across various specialties\"},\"specific_sliders\":{\"HsKkS\":{\"pre_title\":\"Video Editing\",\"title\":\"Mastering Video Editing for Social Media Content Creators\",\"description\":\"Learn editing skills to produce engaging social media videos professionally\",\"image\":\"\\/store\\/landing_builder\\/landing_9\\/260\\/course1_5jj.jpg\",\"content_type\":\"image\",\"url\":\"\\/course\\/New-in-App-Live-System\",\"video_source\":\"youtube\",\"video_path\":null,\"enable\":\"on\"},\"fdhSH\":{\"pre_title\":\"Copywriting\",\"title\":\"Copywriting Secrets to Captivate, Convert, and Connect Better\",\"description\":\"Craft compelling messages that engage audiences and drive conversions effortlessly\",\"image\":\"\\/store\\/landing_builder\\/landing_9\\/260\\/course2_vkx.jpg\",\"content_type\":\"image\",\"url\":\"\\/course\\/New-Learning-Page\",\"video_source\":\"youtube\",\"video_path\":null,\"enable\":\"on\"},\"PXomd\":{\"pre_title\":\"YouTube\",\"title\":\"Complete Guide to Successful YouTube Channel Growth Strategy\",\"description\":\"Grow your YouTube audience with data-driven strategies and practical insights\",\"image\":\"\\/store\\/landing_builder\\/landing_9\\/260\\/course3_6M0.jpg\",\"content_type\":\"image\",\"url\":\"\\/course\\/How-to-Travel-Around-the-World\",\"video_source\":\"youtube\",\"video_path\":null,\"enable\":\"on\"},\"record\":{\"pre_title\":null,\"title\":null,\"description\":null,\"content_type\":\"image\",\"url\":null,\"video_source\":\"youtube\",\"video_path\":null,\"enable\":\"0\"}}}'),
(258, 261, 'en', '{\"space_number\":\"80\"}'),
(259, 262, 'en', '{\"main_content\":{\"pre_title\":\"Learn More\",\"title\":\"More Courses to Master Content\",\"description\":\"Master advanced strategies and creative skills through additional courses designed to elevate your content creation expertise\",\"button\":{\"label\":\"Explore Courses\",\"icon\":\"bul-teacher\",\"url\":\"\\/classes?sort=newest\"}},\"featured_courses\":{\"AisPJ\":{\"course\":\"2057\"},\"XXALD\":{\"course\":\"2056\"},\"albTj\":{\"course\":\"2055\"},\"dgNxb\":{\"course\":\"2054\"},\"VnHJC\":{\"course\":\"2053\"},\"ZXoQf\":{\"course\":\"2052\"},\"WTevX\":{\"course\":\"2051\"},\"qAjZI\":{\"course\":\"2050\"}},\"floating_images\":{\"image_2\":\"\\/store\\/landing_builder\\/landing_9\\/262\\/more_courses-overlay2_HwQ.png\",\"image_1\":\"\\/store\\/landing_builder\\/landing_9\\/262\\/more_courses-overlay1_k6T.png\"},\"background\":\"\\/store\\/landing_builder\\/landing_9\\/262\\/custom_courses_bg_zgu.svg\"}'),
(261, 264, 'en', '{\"main_content\":{\"pre_title\":\"Testimonials\",\"title\":\"Student Feedback and Experiences\",\"description\":\"Genuine experiences shared by learners who transformed their careers through our expert-led content creation courses\"},\"cta_section\":{\"title_bold_text\":\"Over 2,500 happy students\",\"title_regular_text\":\"have shared their experiences with my courses\",\"floating_image\":\"\\/store\\/landing_builder\\/landing_9\\/264\\/testimonials_Uqv.png\"},\"testimonials\":{\"ibxdn\":{\"testimonial_id\":\"2\"},\"bkvhs\":{\"testimonial_id\":\"3\"},\"gNRTb\":{\"testimonial_id\":\"4\"},\"FkhZz\":{\"testimonial_id\":\"5\"},\"AapjR\":{\"testimonial_id\":\"6\"},\"rQIbl\":{\"testimonial_id\":\"7\"},\"PAgmZ\":{\"testimonial_id\":\"8\"},\"KhfJe\":{\"testimonial_id\":\"9\"},\"Fleqg\":{\"testimonial_id\":\"10\"},\"FIGvH\":{\"testimonial_id\":\"11\"},\"record\":{\"testimonial_id\":null}}}'),
(262, 265, 'en', '{\"main_content\":{\"pre_title\":\"Instructors\",\"title\":\"Meet Your Content Creation Mentors\",\"description\":\"Gain insights and skills directly from seasoned content creation professionals with real-world experience and passion\"},\"specific_information\":{\"mOdbL\":{\"title\":\"Daniel Reeves\",\"subtitle\":\"Visual storyteller passionate about impactful video editing techniques\",\"image\":\"\\/store\\/landing_builder\\/landing_9\\/265\\/instructor1_LEw.jpg\",\"url\":\"\\/users\\/robert-ransdell\\/profile\",\"enable\":\"on\"},\"wBEEw\":{\"title\":\"Sofia Bennett\",\"subtitle\":\"Creative writing mentor inspiring unique storytelling across platforms\",\"image\":\"\\/store\\/landing_builder\\/landing_9\\/265\\/instructor2_EMo.jpg\",\"url\":\"\\/users\\/robert-ransdell\\/profile\",\"enable\":\"on\"},\"IOoOB\":{\"title\":\"Marcus Ellis\",\"subtitle\":\"SEO-focused content strategist helping brands grow organically\",\"image\":\"\\/store\\/landing_builder\\/landing_9\\/265\\/instructor3_ywC.jpg\",\"url\":\"\\/users\\/robert-ransdell\\/profile\",\"enable\":\"on\"},\"MYGES\":{\"title\":\"Layla Martinez\",\"subtitle\":\"Podcasting professional guiding audio content from concept to launch\",\"image\":\"\\/store\\/landing_builder\\/landing_9\\/265\\/instructor4_O7m.jpg\",\"url\":\"\\/users\\/robert-ransdell\\/profile\",\"enable\":\"on\"},\"JiCIx\":{\"title\":\"Adrian Chen\",\"subtitle\":\"Social media expert building brands with engaging content\",\"image\":\"\\/store\\/landing_builder\\/landing_9\\/265\\/instructor5_0Lg.jpg\",\"url\":\"\\/users\\/robert-ransdell\\/profile\",\"enable\":\"on\"},\"OFOtT\":{\"title\":\"Naomi Clarke\",\"subtitle\":\"Brand designer crafting compelling content across digital mediums\",\"image\":\"\\/store\\/landing_builder\\/landing_9\\/265\\/instructor6_3YU.jpg\",\"url\":\"\\/users\\/robert-ransdell\\/profile\",\"enable\":\"on\"},\"record\":{\"title\":null,\"subtitle\":null,\"url\":null,\"enable\":\"0\"}}}'),
(264, 267, 'en', '{\"space_number\":\"120\"}');
INSERT INTO `landing_component_translations` (`id`, `landing_component_id`, `locale`, `content`) VALUES
(265, 268, 'en', '{\"upper_cta\":{\"badge_text\":\"New\",\"main_text\":\"Our Instagram Marketing Course Released!\",\"icon\":\"bul-instagram\",\"url\":\"\\/course\\/Backend-Development-with-Node-js\"},\"main_content\":{\"title_line_1\":\"Master\",\"highlight_words\":{\"lGkkv\":\"Writing\",\"RhDCW\":\"Filmmaking\",\"bUmhI\":\"Podcasting\",\"FjJOR\":\"Blogging\",\"GCpMg\":\"Editing\"},\"title_line_2\":\"Like Pro\",\"description\":\"Unlock your creative potential and build real-world skills across writing, video, audio, and more. Learn from industry experts and start creating content that connects, inspires, and grows your audience.\",\"primary_button\":{\"label\":\"Explore Courses\",\"icon\":\"bul-video-play\",\"url\":\"\\/classes?sort=newest\"},\"secondary_button\":{\"label\":\"Start for Free\",\"icon\":\"bul-arrow-right\",\"url\":\"\\/classes?free=on\"}},\"students_widget\":{\"title\":\"5K+ Students Empowered\",\"url\":\"\\/login\"},\"image_content\":{\"type\":\"image\",\"image\":\"\\/store\\/landing_builder\\/landing_9\\/268\\/hero_image_sy3.png\",\"overlay_image\":\"\\/store\\/landing_builder\\/landing_9\\/268\\/hero_overlay_NgD.png\"},\"background\":\"\\/store\\/landing_builder\\/landing_9\\/268\\/hero_bg_7ZZ.svg\",\"students_widget_avatars\":{\"lxXgK\":\"\\/store\\/landing_builder\\/landing_9\\/268\\/Group_2038_4kZ.png\",\"MrTSJ\":\"\\/store\\/landing_builder\\/landing_9\\/268\\/Group_2039_G8p.png\",\"vEbCS\":\"\\/store\\/landing_builder\\/landing_9\\/268\\/Group_2042_EGg.png\",\"yioNo\":\"\\/store\\/landing_builder\\/landing_9\\/268\\/Group_2043_0Ag.png\",\"WabRC\":\"\\/store\\/landing_builder\\/landing_9\\/268\\/Group_2047_pOK.png\"}}'),
(266, 269, 'en', '{\"enable_overlay\":\"on\",\"main_content\":{\"pre_title\":\"Fields\",\"title\":\"Dive Into Specialized Fields\",\"description\":\"Discover focused courses designed to build practical skills across key areas of modern content creation\"},\"specific_banners\":{\"zCKhJ\":{\"title\":\"Video Editing\",\"url\":\"\\/categories\\/Business\\/Management\",\"enable\":\"on\",\"image\":\"\\/store\\/landing_builder\\/landing_9\\/269\\/sub1_D2q.jpg\"},\"POxgo\":{\"title\":\"Blog Writing\",\"url\":\"\\/categories\\/Business\\/Communications\",\"enable\":\"on\",\"image\":\"\\/store\\/landing_builder\\/landing_9\\/269\\/sub2_Gbq.jpg\"},\"Nxgwp\":{\"title\":\"Podcast Production\",\"url\":\"\\/categories\\/Business\\/Business-Strategy\",\"enable\":\"on\",\"image\":\"\\/store\\/landing_builder\\/landing_9\\/269\\/sub3_z8V.jpg\"},\"AMquH\":{\"title\":\"Social Media Content\",\"url\":\"\\/categories\\/Marketing\",\"enable\":\"on\",\"image\":\"\\/store\\/landing_builder\\/landing_9\\/269\\/sub4_A2I.jpg\"},\"oKMsx\":{\"title\":\"Scriptwriting\",\"url\":\"\\/categories\\/Design\",\"enable\":\"on\",\"image\":\"\\/store\\/landing_builder\\/landing_9\\/269\\/sub5_ss7.jpg\"},\"lRwBt\":{\"title\":\"Content Marketing\",\"url\":\"\\/categories\\/Business\",\"enable\":\"on\",\"image\":\"\\/store\\/landing_builder\\/landing_9\\/269\\/sub6_PLQ.jpg\"},\"record\":{\"title\":null,\"url\":null,\"enable\":\"0\"}}}'),
(267, 270, 'en', '{\"main_content\":{\"pre_title\":\"Start Earning\",\"title\":\"Build Your Professional Creative Future\",\"description\":\"Master content creation skills and turn creativity into income. These courses prepare you for real-world careers, freelance opportunities, remote jobs, and steady professional growth. Start learning today.\",\"button\":{\"label\":\"Explore Courses\",\"icon\":null,\"url\":\"\\/categories\\/Marketing\"},\"icon\":\"\\/store\\/landing_builder\\/landing_9\\/270\\/career_overlay_zA2.png\"},\"specific_information\":{\"SSCZO\":{\"title\":\"Freelance Creator\",\"description\":\"Earn $30\\u2013$70\\/hour creating digital content for brands, platforms, and online businesses.\"},\"PEhqa\":{\"title\":\"Social Media Manager\",\"description\":\"Make $45K\\u2013$75K\\/year managing online presence, strategy, and content for firms.\"},\"oPUJL\":{\"title\":\"YouTube Channel Owner\",\"description\":\"Potentially earn $1K\\u2013$10K\\/month through ads, sponsors, and affiliate marketing.\"},\"TEXYZ\":{\"title\":\"Video Editor Expert\",\"description\":\"Make $40K\\u2013$80K\\/year editing videos for clients, influencers, and online courses.\"},\"record\":{\"title\":null,\"description\":null}},\"background\":\"\\/store\\/landing_builder\\/landing_9\\/270\\/career_bg_CX7.svg\",\"background_color\":\"secondary\"}'),
(268, 271, 'en', '{\"enable_overlay\":\"on\",\"main_content\":{\"pre_title_icon\":\"bul-arrow-right\",\"pre_title\":\"Start Free!\",\"title\":\"Begin Your Content Creation Journey For Free\",\"description\":\"Start learning essential content creation skills today with free courses designed for beginners and aspiring creators.\",\"button\":{\"label\":\"Free Courses\",\"icon\":\"bul-discount-shape\",\"url\":\"\\/classes?free=on\"}},\"statistic_1\":{\"title\":\"150 Hours\",\"subtitle\":\"Free Courses Duration\"},\"statistic_2\":{\"title\":\"4.5K+ Students\",\"subtitle\":\"Started Free Learning\"},\"media_contents\":{\"content_type\":\"image\",\"image\":\"\\/store\\/landing_builder\\/landing_9\\/271\\/team_podcast_aDG.jpg\"}}'),
(269, 272, 'en', '{\"upper_cta\":{\"badge_text\":\"Update\",\"main_text\":\"Update rolled out on June 20\",\"icon\":\"bul-document-download\",\"url\":\"\\/course\\/Full-Stack-JavaScript-Development\"},\"main_content\":{\"title_line_1\":\"Build\",\"title_line_2\":\"Apps with React\",\"description\":\"Master modern web development with React. Learn to build dynamic, high-performance user interfaces and launch your career as a front-end developer confidently.\",\"primary_button\":{\"label\":\"Enroll on Course\",\"icon\":\"bul-teacher\",\"url\":\"\\/course\\/Full-Stack-JavaScript-Development\"},\"secondary_button\":{\"label\":\"Get Consultation\",\"icon\":\"bul-message-question\",\"url\":\"\\/contact\"},\"highlight_words\":{\"pPFcH\":\"Powerful\",\"cjGUm\":\"Dynamic\",\"btZtB\":\"Scalable\",\"DVEWc\":\"Modern\"}},\"students_widget\":{\"title\":\"5K+ Students Enrolled\",\"url\":null},\"image_content\":{\"type\":\"image\",\"image\":\"\\/store\\/landing_builder\\/landing_10\\/272\\/hero_image_mCr.png\",\"overlay_image\":\"\\/store\\/landing_builder\\/landing_10\\/272\\/hero_overlay_SYk.png\",\"spinning_image\":\"\\/store\\/landing_builder\\/landing_10\\/272\\/revolverimage_hero_Aie.svg\",\"lottie_json\":null},\"background\":\"\\/store\\/landing_builder\\/landing_10\\/272\\/hero_bg_Yg8.svg\",\"students_widget_avatars\":{\"pUPyA\":\"\\/store\\/landing_builder\\/landing_6\\/131\\/student3_k3m.jpg\",\"XDqDr\":\"\\/store\\/landing_builder\\/landing_6\\/131\\/student4_8Yc.jpg\",\"syuMD\":\"\\/store\\/landing_builder\\/landing_6\\/131\\/student5_j9a.jpg\",\"pFZpm\":\"\\/store\\/landing_builder\\/landing_6\\/131\\/student8_gix.jpg\",\"OuTPn\":\"\\/store\\/landing_builder\\/landing_6\\/131\\/student2_SnM.jpg\"}}'),
(272, 275, 'en', '{\"space_number\":\"80\"}'),
(273, 276, 'en', '{\"space_number\":\"80\"}'),
(274, 277, 'en', '{\"space_number\":\"24\"}'),
(275, 278, 'en', '{\"main_content\":{\"pre_title\":\"Curriculum\",\"title\":\"Master React with Guided Curriculum\",\"description\":\"Master every core concept in React with a step-by-step curriculum designed for clarity, depth, and growth\"}}'),
(276, 279, 'en', '{\"space_number\":\"24\"}'),
(277, 280, 'en', '{\"space_number\":\"80\"}'),
(280, 283, 'en', '{\"reverse_direction\":\"on\",\"main_content\":{\"pre_title\":\"Content\",\"title\":\"Master These React Development Skills\",\"description\":\"Gain hands-on experience and master essential React concepts, tools, and techniques to build powerful, dynamic front-end applications with confidence.\",\"button\":{\"label\":\"More Details\",\"icon\":\"bul-note-2\",\"url\":\"\\/course\\/Full-Stack-JavaScript-Development\"}},\"checked_items\":{\"nZHzk\":\"React Component Structure\",\"BfqgY\":\"State Management Techniques\",\"GKDpL\":\"Reusable UI Elements\",\"OzMyc\":\"Hooks and Effects\",\"sUNtl\":\"Routing with React\"},\"image_content\":{\"main_image\":\"\\/store\\/landing_builder\\/landing_10\\/283\\/what_learn_gdo.png\",\"overlay_image\":\"\\/store\\/landing_builder\\/landing_10\\/283\\/what_learn_overlay_Q0Q.png\"}}'),
(282, 285, 'en', '{\"space_number\":\"80\"}'),
(284, 287, 'en', '{\"space_number\":\"24\"}'),
(285, 288, 'en', '{\"space_number\":\"24\"}'),
(288, 291, 'en', '{\"main_content\":{\"pre_title\":\"Testimonials\",\"title\":\"Student Experiences That Inspire Confidence\",\"description\":\"Discover how our React JS course has empowered students to grow, build careers, and achieve more.\"},\"cta_section\":{\"title_bold_text\":\"Over 2,500 happy students\",\"title_regular_text\":\"have shared their experiences with my courses\",\"floating_image\":\"\\/store\\/landing_builder\\/landing_10\\/291\\/testimonials_1A0.png\"},\"testimonials\":{\"bfTOY\":{\"testimonial_id\":\"2\"},\"JzjuH\":{\"testimonial_id\":\"3\"},\"SmNmW\":{\"testimonial_id\":\"4\"},\"BleDu\":{\"testimonial_id\":\"5\"},\"WneMB\":{\"testimonial_id\":\"6\"},\"GiiSv\":{\"testimonial_id\":\"7\"},\"mHmJS\":{\"testimonial_id\":\"8\"},\"nJiEZ\":{\"testimonial_id\":\"9\"},\"KCQlo\":{\"testimonial_id\":\"10\"},\"Hpbyr\":{\"testimonial_id\":\"11\"},\"record\":{\"testimonial_id\":null}}}'),
(290, 293, 'en', '{\"reverse_direction\":\"on\",\"main_content\":{\"pre_title\":\"Introduction\",\"title\":\"Comprehensive Introduction to Modern React JS Development\",\"description\":\"This React JS course provides a solid foundation in modern front-end development. You\'ll learn component-based architecture, hooks, state management, and routing through hands-on projects. Ideal for beginners and intermediate developers aiming to build fast, scalable web applications using one of today\\u2019s most in-demand JavaScript libraries.\",\"button\":{\"label\":\"Check Curriculum\",\"icon\":\"bul-category\",\"url\":\"\\/course\\/Full-Stack-JavaScript-Development\"}},\"statistic_1\":{\"title\":\"60+\",\"subtitle\":\"Training Hours\",\"description\":\"Including Professional Content\"},\"statistic_2\":{\"title\":\"240\",\"subtitle\":\"Subjects Covered\",\"description\":\"Makes Your Skills Full-stack\"},\"image_content\":{\"main_image\":\"\\/store\\/landing_builder\\/landing_10\\/293\\/overview_image_Bgd.png\",\"overlay_image_2\":\"\\/store\\/landing_builder\\/landing_10\\/293\\/overlay2_FG7.png\"}}'),
(291, 294, 'en', '{\"reverse_direction\":\"on\",\"main_content\":{\"pre_title\":\"Audience\",\"title\":\"Designed for Beginners, Developers, and Career Changers\",\"description\":\"Whether you\'re just starting out, already coding, or switching careers, this React JS course is tailored for you. Gain hands-on experience, build real projects, and master essential front-end skills that open doors to exciting opportunities in modern web development. No prior experience? No problem\\u2014start your journey today!\",\"badge_title\":\"Become a Developer!\",\"button\":{\"label\":\"Enroll Now\",\"icon\":\"bul-arrow-right\",\"url\":\"\\/course\\/Full-Stack-JavaScript-Development\"}},\"statistic_1\":{\"title\":\"2K\",\"subtitle\":\"Junior Developers\",\"description\":\"Used This Course to Start\"},\"statistic_2\":{\"title\":\"3K\",\"subtitle\":\"Senior Developers\",\"description\":\"Upgraded Their Skills\"},\"image_content\":{\"image_1\":\"\\/store\\/landing_builder\\/landing_10\\/294\\/section-image1_Vz3.png\",\"image_2\":\"\\/store\\/landing_builder\\/landing_10\\/294\\/section-image2_MU0.png\",\"revolver_image\":null}}'),
(292, 295, 'en', '{\"component_image_style\":\"top_and_bottom_margin\",\"reverse_direction\":null,\"main_content\":{\"pre_title_icon\":\"bul-3square\",\"title\":\"Mastering React Fundamentals and Component Architecture\",\"description\":\"Build a strong foundation by understanding React components, JSX, props, and state to create modular, scalable, and maintainable user interface elements from scratch.\",\"badge_title\":\"Basics\",\"button\":{\"label\":\"View Details\",\"icon\":\"bul-arrow-right\",\"url\":\"\\/course\\/Full-Stack-JavaScript-Development\"}},\"checked_items\":{\"miMVl\":\"JSX Syntax\",\"qohTU\":\"Functional Components\",\"rbiRn\":\"Class Components\",\"XhQeA\":\"Props and State\",\"yepnU\":\"Component Trees\",\"vlOXy\":\"Rendering Lists\",\"ZEvMI\":\"Event Handling\",\"QNSEK\":\"Code Structuring\",\"SqQSI\":\"Component Nesting\",\"WHgWj\":\"Reusable Logic\"},\"images\":{\"main_image\":\"\\/store\\/landing_builder\\/landing_10\\/295\\/curriculum1_WKU.svg\",\"overlay_image\":\"\\/store\\/landing_builder\\/landing_10\\/295\\/curriculum1_overlay_HIE.png\"}}'),
(293, 296, 'en', '{\"component_image_style\":\"top_and_bottom_margin\",\"reverse_direction\":null,\"main_content\":{\"pre_title_icon\":\"bul-command\",\"title\":\"Efficient State Management and Data Flow Techniques\",\"description\":\"Discover how React handles data and state. Use hooks, manage input forms, advanced data validation and optimize reactive user interfaces with predictable state patterns.\",\"badge_title\":\"State\",\"button\":{\"label\":\"View Details\",\"icon\":\"bul-arrow-right\",\"url\":\"\\/course\\/Full-Stack-JavaScript-Development\"}},\"checked_items\":{\"miMVl\":\"useState Hook\",\"qohTU\":\"useEffect Hook\",\"rbiRn\":\"Lifting State\",\"XhQeA\":\"Data Flow\",\"yepnU\":\"Controlled Inputs\",\"vlOXy\":\"Local Storage\",\"ZEvMI\":\"Conditional Rendering\",\"QNSEK\":\"Performance Tips\",\"SqQSI\":\"Input Validation\",\"WHgWj\":\"State Debugging\"},\"images\":{\"main_image\":\"\\/store\\/landing_builder\\/landing_10\\/296\\/curriculum2_0Ig.svg\",\"overlay_image\":\"\\/store\\/landing_builder\\/landing_10\\/296\\/curriculum2_overlay_pED.png\"}}'),
(294, 297, 'en', '{\"component_image_style\":\"top_and_bottom_margin\",\"reverse_direction\":null,\"main_content\":{\"pre_title_icon\":\"bul-bubble\",\"title\":\"Fetching and Displaying External API Data Using React JS\",\"description\":\"Connect your React applications to external data sources using fetch or Axios. Handle loading, display content, and manage potential errors properly through the interface.\",\"badge_title\":\"APIs\",\"button\":{\"label\":\"View Details\",\"icon\":\"bul-arrow-right\",\"url\":\"\\/course\\/Full-Stack-JavaScript-Development\"}},\"checked_items\":{\"miMVl\":\"Fetch API\",\"qohTU\":\"Axios Usage\",\"rbiRn\":\"API Calls\",\"XhQeA\":\"Async\\/Await\",\"yepnU\":\"Error Handling\",\"vlOXy\":\"Data Rendering\",\"ZEvMI\":\"Loading States\",\"QNSEK\":\"Pagination Logic\",\"SqQSI\":\"Query Parameters\",\"WHgWj\":\"Retry Requests\"},\"images\":{\"main_image\":\"\\/store\\/landing_builder\\/landing_10\\/297\\/curriculum4_R3X.svg\",\"overlay_image\":\"\\/store\\/landing_builder\\/landing_10\\/297\\/curriculum4_overlay_njG.png\"}}'),
(295, 298, 'en', '{\"component_image_style\":\"top_and_bottom_margin\",\"reverse_direction\":null,\"main_content\":{\"pre_title_icon\":\"bul-hierarchy\",\"title\":\"Creating Dynamic and Interactive Pages Using React Router\",\"description\":\"Add routing functionality to your React apps. Build seamless navigation with nested routes, parameters, and error pages for complete multi-page experiences.\",\"badge_title\":\"Routing\",\"button\":{\"label\":\"View Details\",\"icon\":\"bul-arrow-right\",\"url\":\"\\/course\\/Full-Stack-JavaScript-Development\"}},\"checked_items\":{\"miMVl\":\"React Router\",\"qohTU\":\"Route Params\",\"rbiRn\":\"Nested Routes\",\"XhQeA\":\"Dynamic Routing\",\"yepnU\":\"Navigation Links\",\"vlOXy\":\"Layout Components\",\"ZEvMI\":\"Redirects\",\"QNSEK\":\"404 Pages\",\"SqQSI\":\"Browser History\",\"WHgWj\":\"Route Protection\"},\"images\":{\"main_image\":\"\\/store\\/landing_builder\\/landing_10\\/298\\/curriculum3_AvG.svg\",\"overlay_image\":\"\\/store\\/landing_builder\\/landing_10\\/298\\/curriculum3_overlay_VgG.png\"}}'),
(296, 299, 'en', '{\"main_content\":{\"pre_title\":\"Instructor\",\"title\":\"Instructor With Real-World Experience\",\"image\":\"\\/store\\/landing_builder\\/landing_10\\/299\\/two_sided_instructor_doL.png\"},\"specific_information\":{\"LGMQy\":{\"title\":\"Built Scalable Apps\",\"subtitle\":\"For 8 Years\",\"description\":\"Developed and launched dynamic, high-performance apps using modern React tools and workflows.\",\"icon\":\"\\/store\\/landing_builder\\/landing_10\\/299\\/instructor_icon1_rK1.svg\",\"link_title\":\"View Portfolio\",\"url\":\"\\/users\\/ricardo-dave\\/profile\",\"enable\":\"on\"},\"PmMHZ\":{\"title\":\"Led Development Teams\",\"subtitle\":\"Since 2015\",\"description\":\"Managed cross-functional teams delivering robust frontend solutions in fast-paced agile environments.\",\"icon\":\"\\/store\\/landing_builder\\/landing_10\\/299\\/instructor_icon2_OUs.svg\",\"link_title\":\"My LinkedIn\",\"url\":\"https:\\/\\/www.linkedin.com\\/\",\"enable\":\"on\"},\"sCZYf\":{\"title\":\"Taught 5000+ Students\",\"subtitle\":\"Online and Offline\",\"description\":\"Guided diverse learners through practical React projects, from fundamentals to advanced patterns.\",\"icon\":\"\\/store\\/landing_builder\\/landing_10\\/299\\/instructor_icon3_Cid.svg\",\"link_title\":\"My Students\",\"url\":\"\\/users\\/ricardo-dave\\/profile\",\"enable\":\"on\"},\"ZMlJI\":{\"title\":\"Contributed to Projects\",\"subtitle\":\"Open Source Community\",\"description\":\"Actively participated in React-based repositories, improving codebases and mentoring new contributors.\",\"link_title\":\"My Github\",\"url\":\"https:\\/\\/github.com\\/\",\"enable\":\"on\",\"icon\":\"\\/store\\/landing_builder\\/landing_10\\/299\\/instructor_icon4_lMS.svg\"},\"record\":{\"title\":null,\"subtitle\":null,\"description\":null,\"link_title\":null,\"url\":null,\"enable\":\"0\"}},\"background\":\"\\/store\\/landing_builder\\/landing_10\\/299\\/two_sided_bg_4O7.svg\"}'),
(297, 300, 'en', '{\"space_number\":\"80\"}'),
(298, 301, 'en', '{\"space_number\":\"80\"}'),
(299, 302, 'en', '{\"reverse_direction\":null,\"main_content\":{\"pre_title\":\"Certificate\",\"title\":\"Official Certificate to Prove Your Development Expertise\",\"description\":\"Earn an official certificate upon completion to validate your React JS expertise, boost your resume, and stand out to employers in the competitive tech industry.\",\"button\":{\"label\":\"More Details\",\"icon\":\"bul-award\",\"url\":\"\\/course\\/Full-Stack-JavaScript-Development\"}},\"statistic_1\":{\"title\":\"4,500+\",\"subtitle\":\"Learners Certified\",\"description\":\"After Course Completion\"},\"statistic_2\":{\"title\":\"2,500+\",\"subtitle\":\"Successful Students\",\"description\":\"Certified After Passing Exams\"},\"image_content\":{\"main_image\":\"\\/store\\/landing_builder\\/landing_10\\/302\\/certificate_a2D.svg\",\"overlay_image\":\"\\/store\\/landing_builder\\/landing_10\\/302\\/certificate_overlay_6JO.png\"}}'),
(301, 305, 'en', '{\"space_number\":\"60\"}'),
(302, 304, 'en', '{\"additional_information\":{\"pre_title\":\"FAQ\",\"title\":\"Frequently Asked Questions Before Start\",\"description\":\"Get clear, concise answers to common questions before starting the React JS course, helping you feel confident and prepared for your learning journey ahead.\",\"button\":{\"label\":\"Read More\",\"icon\":\"bul-note-2\",\"url\":\"\\/blog\"}},\"faq_items\":{\"jAbmh\":{\"title\":\"Do I need coding experience to start this course?\",\"description\":\"No prior coding experience is required, though having basic HTML, CSS, or JavaScript knowledge can be helpful. This course is designed with beginners in mind, offering step-by-step lessons and hands-on exercises to build a strong foundation. Whether you&amp;#039;re switching careers or learning for the first time, you&amp;#039;ll be guided through everything you need to know.\",\"icon\":\"bul-flag\",\"enable\":\"on\"},\"TCHol\":{\"title\":\"What tools or software do I need installed?\",\"description\":\"You\\u2019ll need a code editor like Visual Studio Code, Node.js installed on your computer, and a modern web browser such as Chrome. The course provides detailed instructions on setting up your development environment. These tools are free and easy to install, and you\\u2019ll use them to write, test, and debug your React applications throughout the course.\",\"icon\":\"bul-setting\",\"enable\":\"on\"},\"rQJsd\":{\"title\":\"How long will it take to complete everything?\",\"description\":\"On average, learners complete the course in 6 to 8 weeks by studying part-time. However, it\\u2019s fully self-paced, so you can move faster or slower depending on your availability and learning style. Each module is structured to help you build knowledge gradually, with practical projects and quizzes to reinforce your progress.\",\"icon\":\"bul-calendar-2\",\"enable\":\"on\"},\"xZTXs\":{\"title\":\"Will I get a certificate after completing the course?\",\"description\":\"Yes! Upon successfully completing all modules and final assessments, you\\u2019ll receive an official certificate of completion. This certificate can be added to your r\\u00e9sum\\u00e9, LinkedIn profile, or portfolio to showcase your expertise in React JS development to potential employers, clients, or collaborators. It\\u2019s a strong validation of your skills and dedication.\",\"icon\":\"bul-medal-star\",\"enable\":\"on\"},\"BoTAo\":{\"title\":\"What support is available if I get stuck?\",\"description\":\"You\\u2019ll have access to Q&amp;amp;A forums, instructor guidance, and peer support throughout the course. If you encounter technical issues or need help understanding a topic, you can ask questions directly in the learning platform. The community and support system are designed to help you succeed, even when challenges arise.\",\"icon\":\"bul-messages-2\",\"enable\":\"on\"},\"record\":{\"title\":null,\"description\":null,\"icon\":null,\"enable\":\"0\"}},\"background\":\"\\/store\\/landing_builder\\/landing_10\\/304\\/faq_background_5uo.svg\",\"floating_image\":\"\\/store\\/landing_builder\\/landing_10\\/304\\/faq_overlay_duz.png\"}'),
(303, 306, 'en', '{\"space_number\":\"8\"}'),
(304, 307, 'en', '{\"space_number\":\"24\"}'),
(307, 310, 'en', '{\"space_number\":\"120\"}'),
(308, 311, 'en', '{\"space_number\":\"40\"}'),
(309, 312, 'en', '{\"space_number\":\"80\"}'),
(310, 313, 'en', '{\"space_number\":\"80\"}'),
(313, 316, 'en', '{\"main_content\":{\"pre_title\":\"Bundle Discount\",\"title\":\"Bundles for Bigger Savings\",\"description\":\"Combine top courses in bundles and enjoy major discounts while accelerating your learning journey efficiently\"}}'),
(314, 317, 'en', '{\"space_number\":\"24\"}'),
(315, 318, 'en', '{\"reverse_direction\":\"on\",\"main_content\":{\"pre_title_icon\":\"bul-document-code-2\",\"title\":\"Full-Stack Web Development Master Bundle\",\"description\":\"Master full-stack development with hands-on courses in HTML, CSS, JavaScript, React, Node.js, and databases. Build real-world applications, understand version control, and learn how to deploy projects. Perfect for beginners aiming to become job-ready developers and freelancers.\",\"button\":{\"label\":\"View Bundle\",\"icon\":\"bul-arrow-right\",\"url\":\"\\/bundles\\/A-Z-Web-Programming\"}},\"checked_items\":{\"AbqnM\":\"HTML\",\"VDZfx\":\"CSS\",\"HNOVZ\":\"JavaScript\",\"FBCph\":\"React\",\"ZVopN\":\"Node.js\",\"VSWCN\":\"MySQL\",\"knrqe\":\"GitHub\",\"alCwb\":\"APIs\",\"aHjin\":\"Full-stack\",\"SGHwM\":\"Deployment\"},\"images\":{\"main_image\":\"\\/store\\/landing_builder\\/landing_11\\/318\\/special1_ZRH.svg\"}}'),
(318, 321, 'en', '{\"reverse_direction\":null,\"main_content\":{\"pre_title_icon\":\"bul-designtools\",\"title\":\"Special Offer: Complete UI\\/UX Design Career Bundle\",\"description\":\"Start your UI\\/UX journey with expert-led courses in design principles, wireframing, prototyping, and usability testing. Learn Figma, Adobe XD, and user research to design intuitive, user-centered interfaces. Ideal for aspiring designers looking to enter the creative tech industry.\",\"button\":{\"label\":\"View Bundle\",\"icon\":\"bul-arrow-right\",\"url\":\"\\/bundles\\/Become-a-Probability-&-Statistics-Master\"}},\"checked_items\":{\"AbqnM\":\"Figma\",\"VDZfx\":\"Sketch\",\"HNOVZ\":\"Prototyping\",\"FBCph\":\"Wireframes\",\"ZVopN\":\"UX\",\"VSWCN\":\"UI\",\"knrqe\":\"Adobe XD\",\"alCwb\":\"Research\",\"aHjin\":\"Usability\",\"SGHwM\":\"Interfaces\"},\"images\":{\"main_image\":\"\\/store\\/landing_builder\\/landing_11\\/321\\/special2_w31.svg\"}}'),
(319, 322, 'en', '{\"space_number\":\"16\"}'),
(322, 325, 'en', '{\"main_content\":{\"pre_title\":\"Hand-Picked Deals\",\"title\":\"Top Courses Now on Sale\",\"description\":\"Discover our most popular courses at unbeatable prices\\u2014learn in-demand skills and save big this Black Friday!\",\"button\":{\"label\":\"Explore All Deals\",\"icon\":\"bul-teacher\",\"url\":\"\\/classes?sort=newest\"}},\"featured_courses\":{\"tvmnt\":{\"course\":\"2008\"},\"xnHuk\":{\"course\":\"2022\"},\"JeIWg\":{\"course\":\"2010\"},\"tRaYZ\":{\"course\":\"2009\"},\"WLyGm\":{\"course\":\"2006\"},\"DNziL\":{\"course\":\"2005\"},\"RfWIh\":{\"course\":\"2004\"},\"JycMZ\":{\"course\":\"2003\"}},\"floating_images\":{\"image_2\":null,\"image_1\":\"\\/store\\/landing_builder\\/landing_11\\/325\\/custom_courses_overlay_3nX.png\"},\"background\":\"\\/store\\/landing_builder\\/landing_4\\/89\\/coursesgrid-bg_thv.svg\"}'),
(328, 331, 'en', '{\"upper_cta\":{\"badge_text\":\"Save\",\"main_text\":\"Learning Never Been Cheaper\",\"icon\":\"bol-arrow-right\",\"url\":\"\\/classes\"},\"main_content\":{\"title_line_1\":\"Big\",\"highlight_words\":{\"BAiel\":\"Discounts\"},\"title_line_2\":\"Bigger Learning Gains\",\"description\":\"Unlock incredible savings on top-rated courses this Black Friday. Invest in your skills, grow your career, and enjoy unmatched value on every learning experience.\",\"primary_button\":{\"label\":\"Explore Discounts\",\"icon\":\"bol-discount-shape\",\"url\":\"\\/classes?discount=on\"},\"secondary_button\":{\"label\":\"Special Deals\",\"icon\":\"bol-play-circle\",\"url\":\"\\/classes?sort=newest\"}},\"students_widget\":{\"title\":\"Upgrade Skills with 70% Off\",\"url\":\"\\/login\"},\"image_content\":{\"type\":\"image\",\"image\":\"\\/store\\/landing_builder\\/landing_11\\/331\\/hero_image_ANo.png\",\"overlay_image\":\"\\/store\\/landing_builder\\/landing_11\\/331\\/hero_overlay_Vi4.png\"},\"students_widget_avatars\":{\"wgMdj\":\"\\/store\\/landing_builder\\/landing_11\\/331\\/Group_2038_j4K.png\",\"wviPx\":\"\\/store\\/landing_builder\\/landing_11\\/331\\/Group_2042_OWy.png\",\"KUUfT\":\"\\/store\\/landing_builder\\/landing_11\\/331\\/Group_2046_bqg.png\",\"kfiUf\":\"\\/store\\/landing_builder\\/landing_11\\/331\\/Group_2047_QTk.png\",\"vjaUF\":\"\\/store\\/landing_builder\\/landing_11\\/331\\/Group_2053_T3l.png\"},\"background\":\"\\/store\\/landing_builder\\/landing_11\\/331\\/hero_background_Ztk.svg\"}'),
(329, 333, 'en', '{\"main_content\":{\"pre_title\":\"Don\'t Miss\",\"title\":\"Top Learning Categories on Sale\",\"description\":\"Discover unbeatable deals on popular learning categories and start mastering new skills this Black Friday\"}}'),
(330, 332, 'en', '{\"enable_slider\":\"on\",\"main_content\":{\"pre_title\":\"Featured\",\"title\":\"Featured Picks for Skill Growth\",\"description\":\"Discover carefully selected courses designed to boost your skills and accelerate your professional growth.\"},\"featured_courses\":{\"YJcMt\":{\"course\":\"2054\",\"cover_image\":\"\\/store\\/landing_builder\\/landing_11\\/332\\/featured2_QTE.jpg\",\"checked_items\":{\"fGgOa\":\"Build Design Systems\",\"kurus\":\"Define UI Components\",\"GtyHz\":\"Maintain Visual Consistency\",\"VJZui\":\"Create Style Guides\",\"WPiPk\":\"Organize Design Tokens\",\"ApsQF\":\"Document Design Standards\"}},\"aiEfd\":{\"course\":\"2060\",\"checked_items\":{\"xWHGn\":\"Build Mobile Apps\",\"oerBD\":\"Use React Native\",\"GZhfu\":\"Create Reusable Components\",\"owjTd\":\"Style with Flexbox\",\"QUaey\":\"Navigate Between Screens\",\"bLTnp\":\"Connect to APIs\"},\"cover_image\":\"\\/store\\/landing_builder\\/landing_11\\/332\\/featured1_qcQ.jpg\"}},\"floating_background\":\"\\/store\\/landing_builder\\/landing_11\\/332\\/featured_floating_CqG.svg\"}'),
(331, 334, 'en', '{\"banner_1\":{\"title\":\"Web Development\",\"subtitle\":\"Save Up to 50% on All\",\"url\":\"\\/categories\\/Development\\/Web-Development\",\"image\":\"\\/store\\/landing_builder\\/landing_11\\/334\\/web_dev_vjo.jpg\"},\"banner_2\":{\"title\":\"AI World\",\"subtitle\":\"Get 60% Off Instantly\",\"url\":\"\\/categories\\/Business\\/Management\",\"image\":\"\\/store\\/landing_builder\\/landing_11\\/334\\/ai_v4L.jpg\"},\"banner_3\":{\"title\":\"Content Creation\",\"subtitle\":\"Enjoy Up to 70% Savings\",\"url\":\"\\/categories\\/Marketing\",\"image\":\"\\/store\\/landing_builder\\/landing_11\\/334\\/content_creation_IjM.jpg\"},\"cta_section\":{\"title\":\"Don\\u2019t Miss 5K+ Unrepeatable Course Deals\",\"subtitle\":\"Don\\u2019t wait\\u2014thousands of top-rated courses are now heavily discounted. Upgrade your skills while the offer lasts!\",\"url\":\"\\/classes?discount=on\",\"background\":\"\\/store\\/landing_builder\\/landing_11\\/334\\/banners_cta_bg_B96.svg\"}}'),
(332, 335, 'en', '{\"space_number\":\"80\"}'),
(333, 337, 'en', '{\"main_content\":{\"pre_title_icon\":\"bul-discount-shape\",\"pre_title\":\"Want the lowest price possible?\",\"main_title_line_1\":\"Now or Never!\",\"main_title_line_2\":\"Discounted Prices Vanishing\",\"badge_title\":\"Ending Soon!\",\"description\":\"Don\\u2019t miss out on limited-time deals across top-rated courses. Enroll now and take advantage of the lowest prices before the discounts disappear for good!\",\"primary_button\":{\"label\":\"Enroll Now\",\"icon\":\"bul-arrow-right\",\"url\":\"\\/classes\"},\"secondary_button\":{\"label\":\"Contact Sales\",\"icon\":\"bul-message-text-1\",\"url\":\"\\/contact\"}},\"specific_links\":{\"ejXHz\":{\"title\":\"Web Development\",\"url\":\"\\/categories\\/Development\\/Web-Development\"},\"GJzni\":{\"title\":\"Sales and Marketing\",\"url\":\"\\/categories\\/Marketing\"},\"MhLUg\":{\"title\":\"Business\",\"url\":\"\\/categories\\/Business\"},\"tdHWi\":{\"title\":\"Design and Art\",\"url\":\"\\/categories\\/Design\"},\"record\":{\"title\":null,\"url\":null}},\"background\":\"\\/store\\/landing_builder\\/landing_11\\/337\\/full_width_cta_bg_l_aRk.jpg\",\"dark_mode_background\":\"\\/store\\/landing_builder\\/landing_11\\/337\\/full_width_cta_bg_EIP.jpg\"}'),
(334, 338, 'en', '{\"additional_information\":{\"pre_title\":\"FAQ\",\"title\":\"Frequently Asked Questions About Deals\",\"description\":\"Find clear answers to common questions about our Black Friday discounts, course access, bundles, and anything you need.\",\"button\":{\"label\":\"Contact Us\",\"icon\":\"bul-message-2\",\"url\":\"\\/contact\"}},\"faq_items\":{\"xKgJn\":{\"title\":\"How long do the Black Friday discounts last?\",\"description\":\"Our Black Friday discounts are available for a limited time only. The promotional period typically runs through the end of the week, but specific dates may vary. We recommend purchasing early to secure the best deals, as some offers may expire sooner or have limited quantities. Always check the countdown timer on the site for the exact deadline.\",\"icon\":\"bul-timer\",\"enable\":\"on\"},\"Toerd\":{\"title\":\"What payment options are currently accepted for purchases?\",\"description\":\"We support a variety of secure payment methods to make your purchase smooth and flexible. Accepted options include major credit and debit cards, PayPal, Stripe, and some region-specific gateways. All transactions are encrypted to ensure your financial data is safe. At checkout, you&amp;amp;#039;ll see all available options based on your region and currency for convenience and security.\",\"icon\":\"bul-money-2\",\"enable\":\"on\"},\"hnzNB\":{\"title\":\"Can I get a refund after purchasing discounted courses?\",\"description\":\"Yes, we offer a refund policy even during the promotional period. If you&amp;amp;#039;re not satisfied with a course, you may request a refund within the allowed window, usually 14 days. Please ensure the course hasn\\u2019t been completed beyond a certain percentage. Review our full refund policy for specific eligibility requirements and steps to initiate the process.\",\"icon\":\"bul-refresh-circle\",\"enable\":\"on\"},\"gHplV\":{\"title\":\"How do I purchase and access discounted courses?\",\"description\":\"Purchasing a discounted course is simple. Browse the course listings, add your chosen courses to the cart, and proceed to checkout. After completing payment, your courses will be added to your account instantly. You can then access them anytime by logging in and navigating to your dashboard. No hidden steps\\u2014just quick access to start learning right away.\",\"icon\":\"bul-video-square\",\"enable\":\"on\"},\"RhhwU\":{\"title\":\"Are bundle deals better than single course discounts?\",\"description\":\"Absolutely! Bundle deals offer greater value by combining multiple related courses into one discounted package. This is perfect for learners who want a more comprehensive experience or skill track. You\\u2019ll save significantly more compared to purchasing each course separately. If you&amp;amp;#039;re serious about progressing fast and covering multiple topics, bundles are a smart and cost-effective choice.\",\"icon\":\"bul-box-1\",\"enable\":\"on\"},\"record\":{\"title\":null,\"description\":null,\"icon\":null,\"enable\":\"0\"}},\"background\":\"\\/store\\/landing_builder\\/landing_11\\/338\\/faq_bg_dFL.svg\",\"floating_image\":\"\\/store\\/landing_builder\\/landing_11\\/338\\/faq_overlay_yC7.png\"}'),
(336, 340, 'en', '{\"space_number\":\"80\"}'),
(337, 341, 'en', '{\"space_number\":\"120\"}'),
(338, 342, 'en', '{\"space_number\":\"80\"}'),
(339, 343, 'en', '{\"main_content\":{\"pre_title\":\"Outcomes\",\"title\":\"Your Future Earnings and Roles\",\"description\":\"Explore career opportunities and salary insights to see where UI\\/UX design can take you\"}}'),
(340, 344, 'en', '{\"space_number\":\"80\"}'),
(341, 345, 'en', '{\"space_number\":\"80\"}'),
(343, 347, 'en', '{\"space_number\":\"120\"}'),
(344, 348, 'en', '{\"space_number\":\"24\"}'),
(345, 349, 'en', '{\"space_number\":\"80\"}'),
(347, 351, 'en', '{\"reverse_direction\":null,\"main_content\":{\"pre_title\":\"Time\",\"title\":\"How Long to Complete This Learning Path\",\"description\":\"Our UI\\/UX Design learning path is structured to be completed in approximately 3 to 4 months with consistent study. This clear timeline helps you plan effectively, stay motivated, and track your progress toward mastering essential skills in design tools and user experience.\",\"button\":{\"label\":\"View Courses\",\"icon\":\"bul-category\",\"url\":\"\\/classes\"}},\"statistic_1\":{\"title\":\"3\",\"subtitle\":\"Months\",\"description\":\"To Complete Your Journey\"},\"statistic_2\":{\"title\":\"18K\",\"subtitle\":\"Students\",\"description\":\"Finished This Path\"},\"image_content\":{\"main_image\":\"\\/store\\/landing_builder\\/landing_12\\/351\\/completion_time_ida.png\",\"overlay_image_2\":\"\\/store\\/landing_builder\\/landing_12\\/351\\/completion_overlay_K6X.png\"}}'),
(358, 362, 'en', '{\"space_number\":\"40\"}'),
(359, 363, 'en', '{\"upper_cta\":{\"badge_text\":\"Join\",\"main_text\":\"Figma Bootcamp Enrollment Now Open\",\"icon\":\"bul-video-octagon\",\"url\":\"\\/course\\/Full-Stack-JavaScript-Development\"},\"main_content\":{\"title_line_1\":\"Design Smarter\",\"title_line_2\":\"Learn UI\\/UX From Experts\",\"description\":\"Gain hands-on experience, master essential tools like Figma and Framer, and build a portfolio that sets you apart in the competitive world of UI\\/UX design.\",\"badge_text\":\"Start Your Career!\",\"primary_button\":{\"label\":\"Explore Courses\",\"icon\":\"bul-designtools\",\"url\":\"\\/classes?sort=newest\"},\"secondary_button\":{\"label\":\"Explore Tutors\",\"icon\":\"bul-teacher\",\"url\":\"\\/instructors\"}},\"checked_items\":{\"bIkBW\":\"Design Foundations\",\"BmfjF\":\"Interaction Design\",\"dAahD\":\"Design Systems\"},\"image_content\":{\"type\":\"image\",\"image\":\"\\/store\\/landing_builder\\/landing_12\\/363\\/learningpath_hero_main_image_LsB.png\",\"overlay_image_1\":\"\\/store\\/landing_builder\\/landing_12\\/363\\/learningpath_hero_overlay1_F7J.jpg\",\"overlay_image_2\":\"\\/store\\/landing_builder\\/landing_12\\/363\\/learningpath_hero_overlay2_71s.jpg\"},\"background\":\"\\/store\\/landing_builder\\/landing_12\\/363\\/hero_background_10w.jpg\",\"dark_mode_background\":\"\\/store\\/landing_builder\\/landing_12\\/363\\/hero_background_dark_cq7.jpg\"}'),
(360, 364, 'en', '{\"reverse_direction\":\"on\",\"main_content\":{\"pre_title\":\"Overview\",\"title\":\"Discover the Full UI\\/UX Learning Path Roadmap\",\"description\":\"Gain a clear understanding of each stage in this comprehensive UI\\/UX learning path. Explore design principles, master essential tools, develop practical skills, and build real-world projects step by step. This roadmap ensures you stay focused, confident, and ready for a successful design career.\",\"button\":{\"label\":\"Newest Courses\",\"icon\":\"bul-video-play\",\"url\":\"\\/classes?sort=newest\"}},\"statistic_1\":{\"title\":\"1500+\",\"subtitle\":\"Education Hours\",\"description\":\"Covering All Subjects\"},\"statistic_2\":{\"title\":\"180+\",\"subtitle\":\"Expert Mentors\",\"description\":\"Sharing Their Knowledge\"},\"image_content\":{\"main_image\":\"\\/store\\/landing_builder\\/landing_12\\/364\\/overview_Ijc.png\",\"overlay_image_2\":\"\\/store\\/landing_builder\\/landing_12\\/364\\/overview_overlay_Hla.png\"}}'),
(361, 365, 'en', '{\"main_content\":{\"pre_title\":\"Outcomes\",\"title\":\"Gain Real-World Design Skills\",\"description\":\"Develop in-demand UI\\/UX skills to design user-friendly, impactful interfaces and stand out in design careers\"},\"specific_links\":{\"jFxZw\":{\"title\":\"Wireframing Basics\",\"url\":\"\\/categories\\/Development\",\"enable\":\"on\",\"image\":\"\\/store\\/landing_builder\\/landing_12\\/365\\/wireframe_QR7.svg\"},\"Nycdu\":{\"title\":\"Visual Hierarchy\",\"url\":\"\\/categories\\/Development\\/Web-Development\",\"enable\":\"on\",\"image\":\"\\/store\\/landing_builder\\/landing_12\\/365\\/visualhierarchy_2L9.svg\"},\"zbShG\":{\"title\":\"User Research\",\"url\":\"\\/categories\\/Development\\/Mobile-Development\",\"enable\":\"on\",\"image\":\"\\/store\\/landing_builder\\/landing_12\\/365\\/userresearch_tYc.svg\"},\"RRCtl\":{\"title\":\"Prototyping Techniques\",\"url\":\"\\/categories\\/Development\\/Game-Development\",\"enable\":\"on\",\"image\":\"\\/store\\/landing_builder\\/landing_12\\/365\\/prototyping_4Vb.svg\"},\"heXEx\":{\"title\":\"Interaction Design\",\"url\":\"\\/categories\\/Business\",\"enable\":\"on\",\"image\":\"\\/store\\/landing_builder\\/landing_12\\/365\\/interaction_zVg.svg\"},\"TihBh\":{\"title\":\"Accessibility Principles\",\"url\":\"\\/categories\\/Business\\/Management\",\"enable\":\"on\",\"image\":\"\\/store\\/landing_builder\\/landing_12\\/365\\/accessibility_wV2.svg\"},\"BRNUi\":{\"title\":\"Design Systems\",\"url\":\"\\/categories\\/Business\\/Communications\",\"enable\":\"on\",\"image\":\"\\/store\\/landing_builder\\/landing_12\\/365\\/designsystem_RLv.svg\"},\"QGgmW\":{\"title\":\"Typography Essentials\",\"url\":\"\\/categories\\/Business\\/Business-Strategy\",\"enable\":\"on\",\"image\":\"\\/store\\/landing_builder\\/landing_12\\/365\\/typography_nG3.svg\"},\"wgSvB\":{\"title\":\"Color Theory\",\"url\":\"\\/categories\\/Marketing\",\"enable\":\"on\",\"image\":\"\\/store\\/landing_builder\\/landing_12\\/365\\/coolor_8wG.svg\"},\"Ynnof\":{\"title\":\"Responsive Layouts\",\"url\":\"\\/categories\\/Lifestyles\",\"enable\":\"on\",\"image\":\"\\/store\\/landing_builder\\/landing_12\\/365\\/responsive_r1i.svg\"},\"sXqJf\":{\"title\":\"Usability Testing\",\"url\":\"\\/categories\\/Lifestyles\\/Lifestyle\",\"enable\":\"on\",\"image\":\"\\/store\\/landing_builder\\/landing_12\\/365\\/usability_zrH.svg\"},\"RauXL\":{\"title\":\"Microinteractions Design\",\"url\":\"\\/categories\\/Lifestyles\\/Beauty-and-Makeup\",\"enable\":\"on\",\"image\":\"\\/store\\/landing_builder\\/landing_12\\/365\\/microinteractions_czF.svg\"},\"record\":{\"title\":null,\"url\":null,\"enable\":\"0\"}}}'),
(362, 367, 'en', '{\"reverse_direction\":null,\"main_content\":{\"pre_title\":\"Projects\",\"title\":\"Build Real Projects, Gain Practical Experience\",\"description\":\"Apply your new UI\\/UX skills to real-world design projects, build an impressive portfolio, and gain hands-on experience that prepares you for actual client work and career opportunities.\",\"button\":{\"label\":\"Start Now\",\"icon\":\"bul-arrow-right\",\"url\":\"\\/classes\"}},\"statistic_1\":{\"title\":\"12K\",\"subtitle\":\"Practical Projects\",\"description\":\"To Boost Your Skills\"},\"statistic_2\":{\"title\":\"480\",\"subtitle\":\"Mentors Available\",\"description\":\"To Review Your Projects\"},\"image_content\":{\"main_image\":\"\\/store\\/landing_builder\\/landing_12\\/367\\/cta_course_voo.jpg\",\"overlay_image\":\"\\/store\\/landing_builder\\/landing_12\\/367\\/course_overlay_t5g.png\"}}'),
(363, 368, 'en', '{\"information_cards\":{\"DvRAR\":{\"title\":\"UX Researcher\",\"subtitle\":\"Analyze user behavior to improve experiences. Average salary: $80K\\/year.\",\"url\":\"#\",\"enable_image_padding\":\"on\",\"image\":\"\\/store\\/landing_builder\\/landing_12\\/368\\/job1_iXw.png\"},\"jNjWp\":{\"title\":\"UX Strategist\",\"subtitle\":\"Plan UX improvements aligning with business goals. Average salary: $95K\\/year.\",\"url\":\"#\",\"enable_image_padding\":\"on\",\"image\":\"\\/store\\/landing_builder\\/landing_12\\/368\\/job2_bWX.png\"},\"eqiyH\":{\"title\":\"UI Designer\",\"subtitle\":\"Craft intuitive interfaces with user-centered design skills. Average salary: $75K\\/year.\",\"url\":\"#\",\"enable_image_padding\":\"on\",\"image\":\"\\/store\\/landing_builder\\/landing_12\\/368\\/job3_bmQ.png\"},\"cNaZx\":{\"title\":\"Interaction Designer\",\"subtitle\":\"Create engaging interactive digital experiences. Average salary: $78K\\/year.\",\"url\":\"#\",\"enable_image_padding\":\"on\",\"image\":\"\\/store\\/landing_builder\\/landing_12\\/368\\/job4_lMP.png\"},\"FbNBM\":{\"title\":\"Visual Designer\",\"subtitle\":\"Develop visually compelling digital assets. Average salary: $70K\\/year.\",\"url\":\"#\",\"enable_image_padding\":\"on\",\"image\":\"\\/store\\/landing_builder\\/landing_12\\/368\\/job5_JzL.png\"},\"rXulP\":{\"title\":\"Design Lead\",\"subtitle\":\"Lead design teams on complex projects. Average salary: $100K\\/year.\",\"url\":\"#\",\"enable_image_padding\":\"on\",\"image\":\"\\/store\\/landing_builder\\/landing_12\\/368\\/job6_OpU.png\"},\"record\":{\"title\":null,\"subtitle\":null,\"url\":null,\"enable_image_padding\":\"0\"}}}'),
(364, 369, 'en', '{\"main_content\":{\"pre_title\":\"Courses\",\"title\":\"Explore Courses Inside Learning Path\",\"description\":\"Discover carefully curated courses designed to build essential UI\\/UX skills and elevate your design career\",\"button\":{\"label\":\"Explore Courses\",\"icon\":\"bul-arrow-right\",\"url\":\"\\/classes\"}},\"featured_courses\":{\"CFpqZ\":{\"course\":\"2058\"},\"gwTCe\":{\"course\":\"2060\"},\"SuCYU\":{\"course\":\"2061\"},\"ImoyO\":{\"course\":\"2059\"}},\"floating_images\":{\"image_1\":\"\\/store\\/landing_builder\\/landing_12\\/369\\/overlay1_XKm.png\",\"image_2\":\"\\/store\\/landing_builder\\/landing_12\\/369\\/overlay22_WYj.png\"}}'),
(365, 370, 'en', '{\"first_line\":{\"text_1\":\"Start Learning\",\"text_2\":\"And Master\",\"image_1\":\"\\/store\\/landing_builder\\/landing_12\\/370\\/cta_main_xNs.jpg\"},\"second_line\":{\"text_1\":\"UI UX\",\"text_2\":\"Design Skills\",\"image_1\":\"\\/store\\/landing_builder\\/landing_12\\/370\\/avatar1_GX4.png\",\"image_2\":\"\\/store\\/landing_builder\\/landing_12\\/370\\/avatar2_Iji.png\"},\"additional_information\":{\"text_1\":\"Gain practical design expertise, master top tools, and build real projects to accelerate your career in modern UI\\/UX design\"},\"primary_button\":{\"label\":\"Explore Courses\",\"icon\":null,\"url\":\"\\/classes\"},\"secondary_button\":{\"label\":\"Find a Mentor\",\"icon\":null,\"url\":\"\\/instructor-finder\"},\"background\":\"\\/store\\/landing_builder\\/landing_12\\/370\\/cta_bg_7re.svg\",\"floating_images\":{\"image_1\":\"\\/store\\/landing_builder\\/landing_12\\/370\\/interactive1_iDY.svg\",\"image_2\":\"\\/store\\/landing_builder\\/landing_12\\/370\\/interactive2_eYN.svg\"},\"side_images\":{\"image_1\":\"\\/store\\/landing_builder\\/landing_12\\/370\\/cta_overlay1_3Ex.svg\",\"image_2\":\"\\/store\\/landing_builder\\/landing_12\\/370\\/cta_overlay2_FO3.svg\"}}'),
(366, 371, 'en', '{\"upper_cta\":{\"badge_text\":\"New\",\"main_text\":\"AI Learning Features Updated!\",\"icon\":\"bol-flash-1\",\"url\":\"\\/How-To-Teach-Your-Kid-Anything-Easily-3\"},\"main_content\":{\"title_line_1\":\"Start\",\"title_line_2\":\"With Top Tutors Worldwide\",\"description\":\"Join thousands of learners advancing their skills through expert-led courses. Connect with top instructors, learn anytime, and unlock new career opportunities on one platform.\",\"primary_button\":{\"label\":\"Enroll on Courses\",\"icon\":\"bul-video-play\",\"url\":\"\\/classes\"},\"secondary_button\":{\"label\":\"Book a Meeting\",\"icon\":\"bul-video\",\"url\":\"\\/instructor-finder\"},\"highlight_words\":{\"pPFcH\":\"Learning\",\"fLaeR\":\"Growing\",\"JETPX\":\"Mastering\",\"DlVgr\":\"Building\",\"WDFjW\":\"Upskilling\"}},\"students_widget\":{\"title\":\"Trusted by 2,500+ Successful Students\",\"url\":\"\\/login\"},\"image_content\":{\"type\":\"image\",\"image\":\"\\/store\\/landing_builder\\/landing_13\\/371\\/hero_image_j5t.png\",\"overlay_image\":\"\\/store\\/landing_builder\\/landing_13\\/371\\/hero_overlay_UGc.png\",\"spinning_image\":\"\\/store\\/landing_builder\\/landing_13\\/371\\/revolverimage_RIy.svg\"},\"background\":\"\\/store\\/landing_builder\\/landing_1\\/1\\/hero_background_xfq.svg\",\"students_widget_avatars\":{\"GKpNG\":\"\\/store\\/landing_builder\\/landing_1\\/1\\/ZNzOr_Group_2038.png\",\"SXayp\":\"\\/store\\/landing_builder\\/landing_1\\/1\\/MB7pW_Group_2039.png\",\"AlqmP\":\"\\/store\\/landing_builder\\/landing_1\\/1\\/boqCl_Group_2044.png\",\"fQZwb\":\"\\/store\\/landing_builder\\/landing_1\\/1\\/U70f5_Group_2045.png\",\"iliIZ\":\"\\/store\\/landing_builder\\/landing_1\\/1\\/5bLDZ_Group_2046.png\"}}'),
(367, 372, 'en', '{\"statistics\":{\"QbGNb\":{\"title\":\"Skillful Instructors\",\"icon\":\"bul-briefcase\",\"data_type\":\"semi_real\",\"data_source\":\"number_of_instructors\",\"start_from\":\"250\",\"manual_data\":null},\"YOFAm\":{\"title\":\"Happy Students\",\"icon\":\"bul-teacher\",\"data_type\":\"semi_real\",\"data_source\":\"number_of_students\",\"start_from\":\"500\",\"manual_data\":null},\"repCq\":{\"title\":\"Professional Courses\",\"icon\":\"bul-video-play\",\"data_type\":\"real\",\"data_source\":\"number_of_courses\",\"start_from\":null,\"manual_data\":null},\"JLmBF\":{\"title\":\"Official Organizations\",\"icon\":\"bul-building\",\"data_type\":\"real\",\"data_source\":\"number_of_organizations\",\"start_from\":null,\"manual_data\":null},\"record\":{\"title\":null,\"icon\":null,\"data_type\":\"real\",\"data_source\":\"number_of_instructors\",\"start_from\":null,\"manual_data\":null}},\"background\":\"\\/store\\/landing_builder\\/landing_13\\/372\\/statistics_bg_T0k.png\",\"background_color\":\"secondary\"}'),
(368, 373, 'en', '{\"enable_slider\":\"on\",\"main_content\":{\"pre_title\":\"Featured\",\"title\":\"Featured Courses\",\"description\":\"Explore our top-rated courses, handpicked to boost your skills and accelerate your learning journey\"},\"featured_courses\":{\"Kblmv\":{\"course\":\"2002\",\"cover_image\":\"\\/store\\/landing_builder\\/landing_1\\/3\\/workout_G7j.jpg\",\"checked_items\":{\"nPSgK\":\"Personalized workout plans\",\"TANBG\":\"Nutrition and meal guidance\",\"KhFGP\":\"Daily fitness challenges\",\"WQFEG\":\"Expert wellness coaching\",\"dujOQ\":\"Progress tracking tools\"}},\"tmlrR\":{\"course\":\"1995\",\"cover_image\":\"\\/store\\/landing_builder\\/landing_1\\/3\\/product_aF5.jpg\",\"checked_items\":{\"syJFo\":\"Product lifecycle management essentials\",\"lKkYJ\":\"Building effective product roadmaps\",\"UjxDt\":\"Conducting user and market research\",\"pKvxh\":\"Leading cross-functional product teams\",\"CaNKi\":\"Defining and prioritizing product features\"}}}}'),
(369, 374, 'en', '{\"main_content\":{\"pre_title\":\"Trending\",\"title\":\"Trending Categories\"},\"trending_categories\":{\"rBvHd\":{\"category\":\"1\"},\"kGpzO\":{\"category\":\"2\"},\"KEfio\":{\"category\":\"3\"},\"jQlOz\":{\"category\":\"4\"},\"Plypb\":{\"category\":\"5\"},\"vZcWP\":{\"category\":\"6\"},\"qVbwr\":{\"category\":\"10\"},\"xBoLW\":{\"category\":\"11\"},\"record\":{\"category\":null}},\"floating_background\":\"\\/store\\/landing_builder\\/landing_1\\/4\\/trending_floating_M8H.svg\"}'),
(370, 375, 'en', '{\"main_content\":{\"title\":\"Bestsellers Chosen by Our Students\",\"subtitle\":\"Explore our top-selling courses, chosen by thousands of learners who\\u2019ve enrolled and benefited. These bestsellers reflect what\\u2019s most in-demand and valuable across our platform.\",\"icon\":\"\\/store\\/landing_builder\\/landing_13\\/375\\/best_selling_overlay_fIs.png\"},\"background\":\"\\/store\\/landing_builder\\/landing_1\\/5\\/topselling_background_pVh.png\"}'),
(371, 376, 'en', '{\"space_number\":\"80\"}'),
(372, 377, 'en', '{\"space_number\":\"80\"}'),
(373, 378, 'en', '{\"space_number\":\"100\"}');
INSERT INTO `landing_component_translations` (`id`, `landing_component_id`, `locale`, `content`) VALUES
(374, 379, 'en', '{\"main_content\":{\"title\":\"Top Rated by Our Students\",\"subtitle\":\"Discover the most highly rated courses, trusted by learners for quality content, expert instruction, and outstanding learning experiences across a wide range of topics.\",\"icon\":\"\\/store\\/landing_builder\\/landing_13\\/379\\/best_rated_overlay_5IF.png\"},\"background\":\"\\/store\\/landing_builder\\/landing_1\\/9\\/topselling_background_xZD.png\"}'),
(375, 380, 'en', '{\"space_number\":\"100\"}'),
(376, 381, 'en', '{\"space_number\":\"20\"}'),
(377, 382, 'en', '{\"main_content\":{\"pre_title\":\"Instructors\",\"title\":\"Expert Instructors\",\"description\":\"Learn from experienced instructors dedicated to delivering practical knowledge, guidance, and real-world expertise\",\"button\":{\"label\":\"All Instructors\",\"icon\":\"bul-teacher\",\"url\":\"\\/instructors\"}},\"cta_section\":{\"title_bold_text\":\"400+ skilled instructors\",\"title_regular_text\":\"available to assist you every step of the way\",\"description\":\"Quickly find your ideal instructor with our intuitive Instructor Finder feature\",\"icon\":\"bul-verify\"},\"specific_instructors\":{\"zVjfh\":{\"instructor_id\":\"3\"},\"lNgbZ\":{\"instructor_id\":\"870\"},\"rBoFe\":{\"instructor_id\":\"923\"},\"URpzu\":{\"instructor_id\":\"929\"},\"bDOON\":{\"instructor_id\":\"934\"},\"SXDzy\":{\"instructor_id\":\"1015\"},\"record\":{\"instructor_id\":null}},\"background\":\"\\/store\\/landing_builder\\/landing_1\\/12\\/instructors_background_Wuk.png\"}'),
(378, 383, 'en', '{\"main_content\":{\"pre_title\":\"Read More\",\"title\":\"Blog and Articles\",\"description\":\"Stay informed with expert-written articles, tips, and insights to support your learning journey daily\",\"button\":{\"label\":\"Blog Posts\",\"icon\":\"bul-note-2\",\"url\":\"\\/blog\"}},\"background\":\"\\/store\\/landing_builder\\/landing_1\\/13\\/blog_background_e5l.png\"}'),
(379, 385, 'en', '{\"space_number\":\"80\"}'),
(380, 384, 'en', '{\"main_content\":{\"pre_title\":\"Features\",\"title\":\"Master New Skills Using Advanced Learning Features\",\"description\":\"Access modern tools, interactive content, and expert resources to master new skills and stay competitive.\",\"button\":{\"label\":\"Learn More\",\"icon\":\"bul-note-2\",\"url\":\"\\/blog\\/How-To-Teach-Your-Kid-Anything-Easily-2\"}},\"checked_items\":{\"AEcmG\":\"Flexible Learning Schedule\",\"QMwhW\":\"Affordable Course Prices\",\"LkCAJ\":\"Expert Instructor Access\",\"bYaAI\":\"Self-Paced Progression\"},\"features_cards\":{\"BzgCG\":{\"title\":\"Smart Quizzes Tool\",\"description\":\"Test knowledge instantly with interactive quizzes designed to boost understanding and track progress effectively.\",\"icon\":\"bul-clipboard-tick\",\"url\":\"\\/login\"},\"fZKIP\":{\"title\":\"Verified Course Certificates\",\"description\":\"Earn official certificates upon completion to showcase skills and add credibility to your portfolio.\",\"icon\":\"bul-award\",\"url\":\"\\/certificate_validation\"},\"GLbMQ\":{\"title\":\"Practical Course Assignments\",\"description\":\"Apply what you learn with real assignments that reinforce skills and deepen your practical knowledge.\",\"icon\":\"bul-document-text\",\"url\":\"\\/blog\\/Better-Relationship-Between-You-and-Your-Student-s-Parent\"},\"gwgXV\":{\"title\":\"Dedicated Student Support\",\"description\":\"Get help anytime with responsive support, ensuring a smooth and guided learning experience for everyone.\",\"icon\":\"bul-message-question\",\"url\":\"\\/contact\"},\"record\":{\"title\":null,\"description\":null,\"icon\":null,\"url\":null}}}'),
(381, 387, 'en', '{\"space_number\":\"80\"}'),
(382, 386, 'en', '{\"main_content\":{\"pre_title\":\"Bundles\",\"title\":\"Course Bundles For Maximum Savings\",\"subtitle\":\"Unlock more value with curated course bundles, combining top-rated courses at unbeatable prices. Expand your skills affordably and get maximum learning without stretching your budget.\",\"button\":{\"label\":\"Explore Bundles\",\"icon\":\"bul-box-1\",\"url\":\"\\/classes?type[]=bundle\"}},\"statistics\":{\"title\":\"2K+\",\"subtitle\":\"Students Chose Our Bundles\"},\"background\":\"\\/store\\/landing_builder\\/landing_13\\/386\\/bundles_bg_tSe.svg\",\"floating_icon_2\":\"\\/store\\/landing_builder\\/landing_13\\/386\\/bundles_overlay_Tg5.png\"}'),
(383, 388, 'en', '{\"separator_icon\":\"bul-diamonds\",\"card_style\":\"normal\",\"card_color\":\"secondary\",\"title_items\":{\"KoZiR\":{\"title\":\"Development\",\"url\":\"\\/categories\\/Development\"},\"rYtfh\":{\"title\":\"Web Development\",\"url\":\"\\/categories\\/Development\\/Web-Development\"},\"GbEip\":{\"title\":\"Mobile Development\",\"url\":\"\\/categories\\/Development\\/Mobile-Development\"},\"mwZBR\":{\"title\":\"Game Development\",\"url\":\"\\/categories\\/Development\\/Game-Development\"},\"KTpNY\":{\"title\":\"Business\",\"url\":\"\\/categories\\/Business\"},\"fEKEO\":{\"title\":\"Management\",\"url\":\"\\/categories\\/Business\\/Management\"},\"rFbIo\":{\"title\":\"Communications\",\"url\":\"\\/categories\\/Business\\/Communications\"},\"cYOtG\":{\"title\":\"Strategy\",\"url\":\"\\/categories\\/Business\\/Business-Strategy\"},\"JfoFe\":{\"title\":\"Marketing\",\"url\":\"\\/categories\\/Marketing\"},\"LKgHx\":{\"title\":\"Lifestyle\",\"url\":\"\\/categories\\/Lifestyles\"},\"KRfGT\":{\"title\":\"Health\",\"url\":\"\\/categories\\/Health-and-Fitness\"},\"uArYs\":{\"title\":\"Academics\",\"url\":\"\\/categories\\/Academics\"},\"IJxrJ\":{\"title\":\"Design\",\"url\":\"\\/categories\\/Design\"},\"record\":{\"title\":null,\"url\":null}}}'),
(384, 389, 'en', '{\"main_content\":{\"pre_title\":\"Upcoming\",\"title\":\"Explore Upcoming Courses\",\"subtitle\":\"Stay ahead with fresh courses launching soon, designed to expand your skills and knowledge further\",\"button\":{\"label\":\"View More\",\"icon\":\"bul-calendar-2\",\"url\":\"\\/upcoming_courses?sort=newest\"}},\"background\":\"\\/store\\/landing_builder\\/landing_13\\/389\\/upcoming_bg_lMn.svg\"}'),
(385, 390, 'en', '{\"space_number\":\"40\"}'),
(386, 391, 'en', '{\"main_content\":{\"title\":\"Discounted Courses\",\"subtitle\":\"Save more now with top courses at discounts\",\"icon\":\"\\/store\\/landing_builder\\/landing_13\\/391\\/discounted_overlay_aol.png\"},\"cta_section\":{\"title_bold_text\":\"Over $240K Saved\",\"title_regular_text\":\"With Exclusive Course Discounts\",\"icon\":\"bul-verify\",\"button\":{\"label\":\"View More\",\"icon\":\"bul-discount-circle\",\"url\":\"\\/classes?discount=on\"}},\"background\":\"\\/store\\/landing_builder\\/landing_13\\/391\\/discounted_bg_s3Z.svg\"}'),
(387, 392, 'en', '{\"main_content\":{\"title\":\"Free Courses\",\"subtitle\":\"Access top-quality free courses anytime, expand your skills, and learn without spending a single dollar\"},\"cta_section\":{\"title\":\"Need skills but budget constraints?\",\"description\":\"Explore top free courses now and keep advancing your career path with practical, valuable new skills\",\"link_title\":\"Explore Free Courses\",\"url\":\"\\/classes?free=on\",\"icon\":\"\\/store\\/landing_builder\\/landing_13\\/392\\/free_courses_overlay_79X.png\"},\"background\":\"\\/store\\/landing_builder\\/landing_13\\/392\\/free_courses_bg_4Mq.svg\"}'),
(388, 393, 'en', '{\"space_number\":\"80\"}'),
(389, 395, 'en', '{\"space_number\":\"80\"}'),
(390, 394, 'en', '{\"main_content\":{\"pre_title\":\"Store\",\"title\":\"Store Products\",\"subtitle\":\"Discover a variety of physical and virtual educational products designed to enhance your learning experience\",\"button\":{\"label\":\"Explore Store\",\"icon\":\"bul-bag\",\"url\":\"\\/products\"}},\"background\":\"\\/store\\/landing_builder\\/landing_13\\/394\\/store_bg_Jpr.svg\"}'),
(391, 396, 'en', '{\"main_content\":{\"title\":\"Subscription Plans For You\",\"description\":\"Discover flexible subscription plans that unlock unlimited access to courses, resources, and exclusive educational content. Choose yours today!\",\"button\":{\"label\":\"Become VIP Member\",\"icon\":\"bul-cup\",\"url\":\"\\/panel\\/financial\\/subscribes\"},\"floating_image\":\"\\/store\\/landing_builder\\/landing_13\\/396\\/subscribe_ZlE.png\"},\"checked_items\":{\"HOafU\":\"Unlimited course access\",\"TAmBj\":\"Flexible payment options\",\"AYKGF\":\"Regular content updates\"},\"subscriptions_plans\":{\"dtXCo\":{\"plan_id\":\"3\"},\"QjMji\":{\"plan_id\":\"4\"},\"CLXDl\":{\"plan_id\":\"5\"},\"record\":{\"plan_id\":null}}}'),
(392, 398, 'en', '{\"space_number\":\"80\"}'),
(393, 397, 'en', '{\"reverse_direction\":null,\"main_content\":{\"pre_title\":\"Become Instructor\",\"title\":\"Start Sharing Skills, Build Courses, Earn Revenue\",\"description\":\"Join our platform, share your expertise, reach thousands of learners, and earn income effortlessly online today.\",\"button\":{\"label\":\"Become Instructor\",\"icon\":\"bul-teacher\",\"url\":\"\\/become-instructor\"}},\"checked_items\":{\"hufID\":\"Flexible Teaching Schedule\",\"mmoai\":\"Global Student Reach\",\"VOisS\":\"Earn Extra Income\",\"zdBAK\":\"Build Personal Brand\"},\"image_content\":{\"main_image\":\"\\/store\\/landing_builder\\/landing_13\\/397\\/become_instructor_XlB.png\",\"overlay_image\":\"\\/store\\/landing_builder\\/landing_13\\/397\\/become_instructor_overlay_Xa4.png\"}}'),
(394, 399, 'en', '{\"space_number\":\"80\"}'),
(395, 400, 'en', '{\"reverse_direction\":null,\"main_content\":{\"pre_title\":\"Tutor Finder\",\"title\":\"Search, Filter, Book Your Ideal Instructor Easily\",\"description\":\"Quickly find and book the perfect instructor using advanced filters and flexible booking options to match your learning goals.\",\"button\":{\"label\":\"Tutor Finder\",\"icon\":\"bul-search-normal-1\",\"url\":\"\\/instructor-finder\\/wizard\"}},\"statistic_1\":{\"title\":\"25K\",\"subtitle\":\"Instructors\",\"description\":\"Are available in 250 fields\"},\"statistic_2\":{\"title\":\"5K+\",\"subtitle\":\"Meetings Conducted\",\"description\":\"Directly on the platform\"},\"image_content\":{\"main_image\":\"\\/store\\/landing_builder\\/landing_13\\/400\\/tutor_finder_nbl.png\",\"overlay_image\":\"\\/store\\/landing_builder\\/landing_13\\/400\\/tutor_finder_overlay_Faj.png\"}}'),
(396, 402, 'en', '{\"space_number\":\"80\"}'),
(397, 401, 'en', '{\"main_content\":{\"pre_title\":\"Forums\",\"title\":\"Share Ideas, Gain Knowledge, Build Community\",\"description\":\"Join our interactive community forum to connect with fellow learners, ask questions, share experiences, and exchange ideas on various topics. Engage in meaningful discussions, get valuable insights from peers and experts, and expand your knowledge beyond courses. Build connections and grow your learning network in a supportive environment.\",\"image\":\"\\/store\\/landing_builder\\/landing_13\\/401\\/forum_VPt.png\"},\"buttons\":{\"primary_button\":{\"label\":\"Explore Forums\",\"icon\":\"bul-messages-1\",\"url\":\"\\/forums\"},\"secondary_button\":{\"label\":\"Create a Topic\",\"icon\":\"bul-add-circle\",\"url\":\"\\/forums\\/create-topic\"}},\"background\":\"\\/store\\/landing_builder\\/landing_13\\/401\\/forums_section_CyQ.png\"}'),
(398, 403, 'en', '{\"space_number\":\"80\"}'),
(399, 404, 'en', '{\"reverse_direction\":null,\"main_content\":{\"pre_title\":\"Reward Points\",\"title\":\"Earn Reward Points For Every Learning Activity\",\"description\":\"Stay motivated and get rewarded as you learn. Earn points for quizzes, assignments, course completions, and engagement, then redeem them for exciting benefits.\",\"button\":{\"label\":\"Explore Rewards\",\"icon\":\"bul-gift\",\"url\":\"\\/reward-courses\"}},\"statistic_1\":{\"title\":\"300K+\",\"subtitle\":\"Points Collected\",\"description\":\"By platform users\"},\"statistic_2\":{\"title\":\"180+\",\"subtitle\":\"Rewards Available\",\"description\":\"To get them for free\"},\"image_content\":{\"main_image\":\"\\/store\\/landing_builder\\/landing_13\\/404\\/reward_points_VqB.png\",\"overlay_image_1\":\"\\/store\\/landing_builder\\/landing_13\\/404\\/points_overlay_1_Eyv.png\",\"overlay_image_2\":\"\\/store\\/landing_builder\\/landing_13\\/404\\/points_overlay_2_sCJ.png\"}}'),
(400, 406, 'en', '{\"space_number\":\"80\"}'),
(401, 405, 'en', '{\"main_content\":{\"pre_title\":\"Live Classes\",\"title\":\"Experience Interactive High Quality Live Classes\",\"description\":\"Join our interactive high quality live classes to experience real-time learning, collaboration, and immediate instructor feedback today.\",\"badge_title\":\"Enjoy Live Classes!\",\"back_image\":\"\\/store\\/landing_builder\\/landing_13\\/405\\/video_bg_4iE.svg\"},\"video_content\":{\"display_play_button\":\"on\",\"video_file\":\"\\/store\\/landing_builder\\/landing_13\\/405\\/student_learning_vcF.mp4\",\"revolver_icon\":\"\\/store\\/landing_builder\\/landing_13\\/405\\/video_revolver_6GK.svg\"}}'),
(402, 407, 'en', '{\"main_content\":{\"pre_title\":\"Organizations\",\"title\":\"Official Organizations\",\"description\":\"Partner with trusted educational organizations delivering structured, high-quality courses and programs for formal, career-focused learning pathways.\",\"button\":{\"label\":\"Explore Organizations\",\"icon\":\"bul-briefcase\",\"url\":\"\\/organizations\"}},\"specific_organizations\":{\"bMcOO\":{\"organization_id\":\"4\"},\"BOliQ\":{\"organization_id\":\"859\"},\"LeKiT\":{\"organization_id\":\"863\"},\"LdsyV\":{\"organization_id\":\"864\"},\"peAZs\":{\"organization_id\":\"867\"},\"VMTVI\":{\"organization_id\":\"868\"},\"record\":{\"organization_id\":null}},\"background\":\"\\/store\\/landing_builder\\/landing_13\\/407\\/organizations_bg_IVZ.svg\"}'),
(403, 408, 'en', '{\"main_content\":{\"pre_title\":\"Meeting Booking\",\"title\":\"Book Sessions With Trusted Mentors\",\"description\":\"Unlock tailored learning by booking sessions with verified mentors for personal guidance, support, and faster growth\"},\"cta_section\":{\"title\":\"Need help to find your ideal instructor?\",\"description\":\"Use Tutor Finder to easily search and book the ideal instructor by expertise, availability, and teaching style\",\"link_title\":\"Instructor Finder\",\"url\":\"\\/instructor-finder\",\"image\":\"\\/store\\/landing_builder\\/landing_13\\/408\\/meeting_booking_cta_yrt.png\"},\"meeting_instructors\":{\"lXZnw\":{\"instructor\":\"923\"},\"IfMUF\":{\"instructor\":\"1015\"},\"rjxCf\":{\"instructor\":\"934\"},\"uxagP\":{\"instructor\":\"929\"},\"GqzHc\":{\"instructor\":\"870\"},\"FQbJK\":{\"instructor\":\"1016\"},\"record\":{\"instructor\":null}},\"background\":\"\\/store\\/landing_builder\\/landing_13\\/408\\/meeting_booking_qfK.svg\",\"background_color\":\"primary\"}'),
(404, 409, 'en', '{\"space_number\":\"40\"}'),
(405, 410, 'en', '{\"space_number\":\"80\"}'),
(406, 411, 'en', '{\"main_content\":{\"pre_title\":\"Testimonials\",\"title\":\"Student Reviews and Shared Experiences\",\"description\":\"Discover honest student reviews and inspiring stories about learning experiences and success with our platform\"},\"cta_section\":{\"title_bold_text\":\"Over 2,500 happy students\",\"title_regular_text\":\"have shared their experiences with our courses\",\"floating_image\":\"\\/store\\/landing_builder\\/landing_13\\/411\\/testimonials_ksP.png\"},\"testimonials\":{\"mCBep\":{\"testimonial_id\":\"2\"},\"rvNDe\":{\"testimonial_id\":\"3\"},\"GTZjs\":{\"testimonial_id\":\"4\"},\"ZQkHw\":{\"testimonial_id\":\"5\"},\"FGhgd\":{\"testimonial_id\":\"6\"},\"iPlHE\":{\"testimonial_id\":\"7\"},\"rEgcC\":{\"testimonial_id\":\"8\"},\"VoEqm\":{\"testimonial_id\":\"9\"},\"NUOSh\":{\"testimonial_id\":\"10\"},\"aexvw\":{\"testimonial_id\":\"11\"},\"record\":{\"testimonial_id\":null}}}'),
(407, 412, 'en', '{\"space_number\":\"40\"}'),
(408, 414, 'en', '{\"space_number\":\"120\"}'),
(409, 415, 'en', '{\"space_number\":\"120\"}'),
(410, 416, 'en', '{\"space_number\":\"80\"}'),
(411, 417, 'en', '{\"space_number\":\"120\"}'),
(412, 418, 'en', '{\"space_number\":\"40\"}'),
(413, 419, 'en', '{\"space_number\":\"60\"}'),
(414, 420, 'en', '{\"space_number\":\"60\"}'),
(415, 421, 'en', '{\"space_number\":\"60\"}'),
(416, 422, 'en', '{\"space_number\":\"80\"}');

-- --------------------------------------------------------

--
-- Table structure for table `landing_translations`
--

CREATE TABLE `landing_translations` (
  `id` int(10) UNSIGNED NOT NULL,
  `landing_id` int(10) UNSIGNED NOT NULL,
  `locale` varchar(191) NOT NULL,
  `title` varchar(255) NOT NULL
) ENGINE=InnoDB DEFAULT CHARSET=utf8mb4 COLLATE=utf8mb4_general_ci;

--
-- Dumping data for table `landing_translations`
--

INSERT INTO `landing_translations` (`id`, `landing_id`, `locale`, `title`) VALUES
(1, 1, 'en', 'Lite (Included)'),
(2, 2, 'en', 'Marketplace'),
(4, 4, 'en', 'Single Instructor'),
(5, 5, 'en', 'Organizational Education'),
(6, 6, 'en', 'Meeting Booking'),
(7, 7, 'en', 'Instructor Introduction'),
(8, 8, 'en', 'Instructor Recruitment'),
(9, 9, 'en', 'Category Landing'),
(10, 10, 'en', 'Course Introduction'),
(11, 11, 'en', 'Black Friday'),
(12, 12, 'en', 'Learning Path'),
(13, 13, 'en', 'Universal');

-- --------------------------------------------------------

--
-- Table structure for table `meetings`
--

CREATE TABLE `meetings` (
  `id` int(10) UNSIGNED NOT NULL,
  `creator_id` int(10) UNSIGNED NOT NULL,
  `amount` double(15,2) UNSIGNED DEFAULT NULL,
  `discount` int(11) DEFAULT NULL,
  `in_person` tinyint(1) NOT NULL DEFAULT 0,
  `in_person_amount` double(15,2) DEFAULT NULL,
  `group_meeting` tinyint(1) NOT NULL DEFAULT 0,
  `online_group_min_student` int(11) DEFAULT NULL,
  `online_group_max_student` int(11) DEFAULT NULL,
  `online_group_amount` double(15,2) DEFAULT NULL,
  `in_person_group_min_student` int(11) DEFAULT NULL,
  `in_person_group_max_student` int(11) DEFAULT NULL,
  `in_person_group_amount` double(15,2) DEFAULT NULL,
  `disabled` tinyint(1) DEFAULT 0,
  `created_at` int(11) NOT NULL
) ENGINE=InnoDB DEFAULT CHARSET=utf8mb4 COLLATE=utf8mb4_unicode_ci ROW_FORMAT=DYNAMIC;

--
-- Dumping data for table `meetings`
--

INSERT INTO `meetings` (`id`, `creator_id`, `amount`, `discount`, `in_person`, `in_person_amount`, `group_meeting`, `online_group_min_student`, `online_group_max_student`, `online_group_amount`, `in_person_group_min_student`, `in_person_group_max_student`, `in_person_group_amount`, `disabled`, `created_at`) VALUES
(29, 923, 100.00, 10, 1, 200.00, 0, NULL, NULL, NULL, NULL, NULL, NULL, 0, 1625916131),
(30, 1015, 100.00, NULL, 1, 250.00, 1, 20, 200, 50.00, 5, 30, 150.00, 0, 1625938321),
(31, 934, 100.00, NULL, 0, NULL, 0, NULL, NULL, NULL, NULL, NULL, NULL, 0, 1625939199),
(32, 929, 200.00, NULL, 1, 500.00, 0, NULL, NULL, NULL, NULL, NULL, NULL, 0, 1625939298),
(33, 870, 100.00, NULL, 1, 200.00, 1, 20, 100, 80.00, 5, 30, 150.00, 0, 1625939436),
(34, 3, 50.00, NULL, 0, NULL, 0, NULL, NULL, NULL, NULL, NULL, NULL, 1, 1625939607),
(35, 1016, 60.00, NULL, 0, NULL, 0, NULL, NULL, NULL, NULL, NULL, NULL, 0, 1625941278),
(36, 867, NULL, NULL, 0, NULL, 0, NULL, NULL, NULL, NULL, NULL, NULL, 0, 1751711380),
(37, 1046, NULL, NULL, 0, NULL, 0, NULL, NULL, NULL, NULL, NULL, NULL, 0, 1751724512);

-- --------------------------------------------------------

--
-- Table structure for table `meeting_times`
--

CREATE TABLE `meeting_times` (
  `id` int(10) UNSIGNED NOT NULL,
  `meeting_id` int(10) UNSIGNED NOT NULL,
  `meeting_type` enum('all','in_person','online') NOT NULL DEFAULT 'all',
  `day_label` enum('saturday','sunday','monday','tuesday','wednesday','thursday','friday') NOT NULL,
  `time` varchar(64) NOT NULL,
  `description` text DEFAULT NULL,
  `created_at` int(11) NOT NULL
) ENGINE=InnoDB DEFAULT CHARSET=utf8mb4 COLLATE=utf8mb4_unicode_ci ROW_FORMAT=DYNAMIC;

--
-- Dumping data for table `meeting_times`
--

INSERT INTO `meeting_times` (`id`, `meeting_id`, `meeting_type`, `day_label`, `time`, `description`, `created_at`) VALUES
(84, 29, 'all', 'monday', '09:00AM-10:00AM', NULL, 1625916149),
(85, 29, 'all', 'wednesday', '08:30AM-10:00AM', NULL, 1625916235),
(86, 29, 'all', 'thursday', '06:30PM-07:30PM', NULL, 1625916372),
(87, 29, 'all', 'monday', '07:00PM-09:00PM', NULL, 1625916397),
(88, 29, 'all', 'thursday', '09:30PM-10:30PM', NULL, 1625916437),
(89, 29, 'all', 'wednesday', '10:15AM-11:45AM', NULL, 1625916467),
(90, 29, 'all', 'wednesday', '07:30PM-09:00PM', NULL, 1625916508),
(91, 29, 'all', 'tuesday', '09:00PM-10:00PM', NULL, 1625916577),
(92, 29, 'all', 'friday', '08:30PM-10:00PM', NULL, 1625916611),
(93, 30, 'all', 'saturday', '10:00AM-11:30AM', NULL, 1625938350),
(94, 30, 'all', 'sunday', '05:00PM-06:00PM', NULL, 1625938383),
(95, 30, 'all', 'sunday', '06:30PM-07:30PM', NULL, 1625938416),
(96, 30, 'all', 'monday', '09:45AM-10:15AM', NULL, 1625938436),
(97, 30, 'all', 'monday', '11:00AM-11:45AM', NULL, 1625938462),
(98, 30, 'all', 'monday', '06:00PM-07:30PM', NULL, 1625938497),
(99, 30, 'all', 'tuesday', '08:30AM-09:30AM', NULL, 1625938517),
(100, 30, 'all', 'wednesday', '10:30AM-11:30AM', NULL, 1625938585),
(101, 30, 'all', 'thursday', '04:50PM-05:50PM', NULL, 1625938619),
(102, 30, 'all', 'wednesday', '06:00PM-07:30PM', NULL, 1625938647),
(103, 30, 'all', 'wednesday', '08:30PM-09:45PM', NULL, 1625938681),
(104, 30, 'all', 'wednesday', '10:00PM-10:30PM', NULL, 1625938700),
(105, 30, 'all', 'thursday', '06:00PM-08:00PM', NULL, 1625938755),
(106, 30, 'all', 'friday', '10:15AM-11:45AM', NULL, 1625938776),
(107, 32, 'all', 'wednesday', '09:00AM-11:30AM', NULL, 1625939319),
(108, 32, 'all', 'monday', '09:00AM-10:30AM', NULL, 1625939339),
(109, 32, 'all', 'monday', '10:45AM-11:45AM', NULL, 1625939358),
(110, 32, 'all', 'tuesday', '06:00PM-07:30PM', NULL, 1625939384),
(111, 33, 'all', 'monday', '08:00AM-09:30AM', NULL, 1625939462),
(112, 33, 'all', 'thursday', '08:30AM-09:30AM', NULL, 1625939477),
(113, 33, 'all', 'tuesday', '10:30AM-11:30AM', NULL, 1625939493),
(114, 33, 'all', 'wednesday', '08:00AM-09:00AM', NULL, 1625939508),
(115, 33, 'all', 'thursday', '09:30AM-10:30AM', NULL, 1625939527),
(116, 33, 'all', 'monday', '10:30AM-11:30AM', NULL, 1625939551),
(117, 34, 'all', 'monday', '09:30AM-10:30AM', NULL, 1625939631),
(118, 34, 'all', 'tuesday', '09:30AM-10:30AM', NULL, 1625939646),
(119, 34, 'all', 'monday', '10:45AM-11:45AM', NULL, 1625939660),
(120, 34, 'all', 'wednesday', '08:00AM-10:00AM', NULL, 1625939678),
(121, 34, 'all', 'wednesday', '10:30AM-11:30AM', NULL, 1625939700),
(122, 34, 'all', 'wednesday', '05:00PM-06:30PM', NULL, 1625939744),
(123, 34, 'all', 'thursday', '08:00PM-09:30PM', NULL, 1625939763),
(124, 35, 'all', 'monday', '09:30AM-10:30AM', NULL, 1625941315),
(125, 35, 'all', 'monday', '11:00AM-11:45AM', NULL, 1625941331),
(126, 35, 'all', 'tuesday', '08:00AM-09:30AM', NULL, 1625941347),
(127, 35, 'all', 'wednesday', '08:00AM-09:30AM', NULL, 1625941388),
(128, 35, 'all', 'wednesday', '10:00AM-11:30AM', NULL, 1625941418),
(129, 35, 'all', 'monday', '05:00PM-06:30PM', NULL, 1625941460),
(130, 35, 'all', 'wednesday', '08:00PM-09:30PM', NULL, 1625941475),
(131, 35, 'all', 'thursday', '08:00AM-09:00AM', NULL, 1625941557),
(132, 35, 'all', 'thursday', '09:30AM-10:30AM', NULL, 1625941580),
(133, 35, 'all', 'thursday', '10:45AM-11:45AM', NULL, 1625941611),
(134, 35, 'all', 'monday', '07:30PM-08:30PM', NULL, 1625941640),
(135, 35, 'all', 'thursday', '10:00PM-11:00PM', NULL, 1625941668),
(136, 35, 'all', 'monday', '09:00PM-10:00PM', NULL, 1625941731),
(137, 35, 'all', 'monday', '10:15PM-11:00PM', NULL, 1625941832),
(138, 35, 'all', 'friday', '09:00AM-10:00AM', NULL, 1625941864),
(139, 35, 'all', 'friday', '10:30AM-11:30AM', NULL, 1625941879),
(140, 31, 'all', 'monday', '08:40AM-09:40AM', NULL, 1625942014),
(141, 31, 'all', 'monday', '10:00AM-11:30AM', NULL, 1625942028),
(142, 31, 'all', 'monday', '05:00PM-06:30PM', NULL, 1625942048),
(143, 31, 'all', 'monday', '06:45PM-07:45PM', NULL, 1625942079),
(144, 31, 'all', 'monday', '08:00PM-09:30PM', NULL, 1625942101),
(145, 31, 'all', 'monday', '10:00PM-10:30PM', NULL, 1625942137),
(146, 31, 'all', 'tuesday', '08:30AM-09:30AM', NULL, 1625942159),
(147, 31, 'all', 'tuesday', '10:00AM-11:00AM', NULL, 1625942173),
(148, 31, 'all', 'tuesday', '06:00PM-07:00PM', NULL, 1625942191),
(149, 31, 'all', 'saturday', '09:30AM-10:30AM', NULL, 1625942210),
(150, 31, 'all', 'sunday', '08:30AM-09:30AM', NULL, 1625942229),
(151, 31, 'all', 'sunday', '09:45AM-10:00AM', NULL, 1625942247),
(152, 31, 'all', 'sunday', '10:30AM-11:45AM', NULL, 1625942266),
(153, 31, 'all', 'saturday', '10:45AM-11:45AM', NULL, 1625942311),
(154, 31, 'all', 'sunday', '05:00PM-06:30PM', NULL, 1625942351),
(155, 31, 'all', 'wednesday', '08:15AM-09:15AM', NULL, 1625942379),
(156, 31, 'all', 'wednesday', '09:30AM-10:30AM', NULL, 1625942395),
(157, 31, 'all', 'wednesday', '10:45AM-11:45AM', NULL, 1625942414),
(158, 31, 'all', 'thursday', '07:30AM-08:30AM', NULL, 1625942446),
(159, 31, 'all', 'thursday', '08:45AM-09:45AM', NULL, 1625942461),
(160, 31, 'all', 'thursday', '10:00AM-11:00AM', NULL, 1625942474),
(161, 31, 'all', 'thursday', '05:30PM-07:00PM', NULL, 1625942499),
(162, 31, 'all', 'friday', '09:00AM-10:00AM', NULL, 1625942521),
(163, 31, 'all', 'friday', '10:30AM-11:30AM', NULL, 1625942564),
(164, 31, 'all', 'tuesday', '08:00PM-09:00PM', NULL, 1625942840),
(165, 31, 'all', 'saturday', '06:00PM-07:00PM', NULL, 1625943005),
(166, 29, 'in_person', 'saturday', '09:30AM-10:30AM', 'Business Management Workshop.', 1646352042),
(167, 32, 'in_person', 'saturday', '06:30PM-08:30PM', 'School Management Workshop', 1646352258),
(168, 30, 'in_person', 'sunday', '10:00AM-11:30AM', 'School Management Workshop.', 1646352499),
(169, 30, 'in_person', 'tuesday', '10:30AM-11:30AM', 'Risk Management Workshop.', 1646352560),
(170, 30, 'online', 'friday', '04:30PM-05:30PM', NULL, 1646352585),
(171, 30, 'online', 'friday', '06:00PM-07:30PM', 'Risk Management Workshop.', 1646352619),
(172, 30, 'in_person', 'friday', '08:00PM-09:30PM', 'Risk Management Workshop.', 1646352638),
(173, 30, 'in_person', 'saturday', '12:15PM-01:45PM', 'Risk Management Workshop.', 1646352676);

-- --------------------------------------------------------

--
-- Table structure for table `migrations`
--

CREATE TABLE `migrations` (
  `id` int(10) UNSIGNED NOT NULL,
  `migration` varchar(255) NOT NULL,
  `batch` int(11) NOT NULL
) ENGINE=InnoDB DEFAULT CHARSET=utf8mb4 COLLATE=utf8mb4_unicode_ci;

--
-- Dumping data for table `migrations`
--

INSERT INTO `migrations` (`id`, `migration`, `batch`) VALUES
(1, '2014_10_12_000000_create_users_table', 1),
(2, '2014_10_12_100000_create_password_resets_table', 1),
(3, '2020_08_09_145553_create_roles_table', 1),
(4, '2020_08_09_145834_create_sections_table', 1),
(5, '2020_08_09_145926_create_permissions_table', 1),
(6, '2020_08_24_163003_create_webinars_table', 1),
(7, '2020_08_24_164823_create_webinar_partner_teacher_table', 1),
(8, '2020_08_24_165658_create_tags_table', 1),
(9, '2020_08_24_165835_create_webinar_tag_table', 1),
(10, '2020_08_24_171611_create_categories_table', 1),
(11, '2020_08_29_052437_create_filters_table', 1),
(12, '2020_08_29_052900_create_filter_options_table', 1),
(13, '2020_08_29_054455_add_category_id_in_webinar_table', 1),
(14, '2020_09_01_174741_add_seo_description_and_start_end_time_in_webinar_table', 1),
(15, '2020_09_02_180508_create_webinar_filter_option_table', 1),
(16, '2020_09_02_193923_create_tickets_table', 1),
(17, '2020_09_02_210447_create_sessions_table', 1),
(18, '2020_09_02_212642_create_files_table', 1),
(19, '2020_09_03_175543_create_faqs_table', 1),
(20, '2020_09_08_175539_delete_webinar_tag_and_update_tag_table', 1),
(21, '2020_09_09_154522_create_quizzes_table', 1),
(22, '2020_09_09_174646_create_quizzes_questions_table', 1),
(23, '2020_09_09_182726_create_quizzes_questions_answers_table', 1),
(24, '2020_09_14_160028_create_prerequisites_table', 1),
(25, '2020_09_14_183235_nullable_item_id_in_quizzes_table', 1),
(26, '2020_09_14_190110_create_webinar_quizzes_table', 1),
(27, '2020_09_16_163835_create_quizzes_results_table', 1),
(28, '2020_09_24_102115_add_total_mark_in_quize_table', 1),
(29, '2020_09_24_132242_create_comment_table', 1),
(30, '2020_09_24_132639_create_favorites_table', 1),
(31, '2020_09_26_181200_create_certificate_table', 1),
(32, '2020_09_26_181444_create_certificates_templates_table', 1),
(33, '2020_09_30_170451_add_slug_in_webinars_table', 1),
(34, '2020_09_30_191202_create_purchases_table', 1),
(35, '2020_10_02_063828_create_rating_table', 1),
(36, '2020_10_02_094723_edit_table_and_add_foreign_key', 1),
(37, '2020_10_08_055408_add_reviwes_table', 1),
(38, '2020_10_08_084100_edit_status_comments_table', 1),
(39, '2020_10_08_121041_create_meetings_table', 2),
(40, '2020_10_08_121621_create_meeting_times_table', 2),
(41, '2020_10_08_121848_create_meeting_requests_table', 2),
(42, '2020_10_15_172913_add_about_and_head_line_in_users_table', 2),
(43, '2020_10_15_173645_create_follow_table', 2),
(46, '2020_10_17_100606_create_badges_table', 3),
(47, '2020_10_08_121848_create_reserve_meetings_table', 4),
(48, '2020_10_20_193013_update_users_table', 5),
(50, '2020_10_18_220323_convert_creatore_user_id_to_creator_id', 7),
(51, '2020_10_22_153502_create_cart_table', 7),
(52, '2020_10_22_154636_create_orders_table', 7),
(53, '2020_10_22_155930_create_order_items_table', 7),
(54, '2020_10_23_204203_create_sales_table', 7),
(55, '2020_10_23_211459_create_accounting_table', 7),
(56, '2020_10_23_213515_create_discounts_table', 7),
(57, '2020_10_23_213934_create_discount_users_table', 7),
(58, '2020_10_23_235444_create_ticket_users_table', 7),
(59, '2020_10_25_172331_create_groups_table', 7),
(60, '2020_10_25_172523_create_group_users_table', 7),
(62, '2020_11_02_202754_edit_email_in_users_table', 8),
(63, '2020_11_03_200314_edit_some_tables', 9),
(64, '2020_11_06_193300_create_settings_table', 10),
(67, '2020_11_09_202533_create_feature_webinars_table', 11),
(68, '2020_11_10_193459_edit_webinars_table', 12),
(69, '2020_11_11_203344_create_trend_categories_table', 13),
(72, '2020_11_11_222833_create_blog_categories_table', 14),
(75, '2020_11_11_231204_create_blog_table', 15),
(76, '2020_10_25_223247_add_sub_title_tickets_table', 16),
(77, '2020_10_28_001340_add_count_in_discount_users_table', 16),
(78, '2020_10_28_221509_create_payment_channels_table', 16),
(79, '2020_11_01_120909_change_class_name_enum_payment_channels_table', 16),
(80, '2020_11_07_233948_add_some_raw_in_order_items__table', 16),
(81, '2020_11_10_061350_add_discount_id_in_order_items_table', 16),
(82, '2020_11_10_071651_decimal_orders_order_items_sales_table', 16),
(83, '2020_11_11_193138_change_reference_id_type_in_orders_tabel', 16),
(84, '2020_11_11_222413_change_meeting_id_to_meeting_time_id_in_order_items_table', 16),
(85, '2020_11_11_225421_add_locked_at_and_reserved_at_and_change_request_time_to_day_in_reserve_meetings_table', 17),
(86, '2020_11_12_000116_add_type_in_orders_table', 17),
(87, '2020_11_12_001912_change_meeting_id_to_meeting_time_id_in_accounting_table', 17),
(88, '2020_11_12_133009_decimal_paid_amount_in_reserve_meetings_table', 17),
(91, '2020_11_12_170109_add_blog_id_to_comments_table', 18),
(98, '2020_11_14_201228_add_bio_and_ban_to_users_table', 20),
(99, '2020_11_14_224447_create_users_badges_table', 21),
(100, '2020_11_14_233319_create_payout_request_table', 22),
(101, '2020_11_15_010622_change_byer_id_and_add_seller_id_in_sales_table', 22),
(102, '2020_11_16_195009_create_supports_table', 22),
(103, '2020_11_16_201814_create_support_departments_table', 22),
(107, '2020_11_16_202254_create_supports_table', 23),
(109, '2020_11_17_192744_create_support_conversations_table', 24),
(110, '2020_11_17_072348_create_offline_payments_table', 25),
(111, '2020_11_19_191943_add_replied_status_to_comments_table', 25),
(114, '2020_11_20_215748_create_subscribes_table', 26),
(115, '2020_11_21_185519_create_notification_templates_table', 27),
(116, '2020_11_22_210832_create_promotions_table', 28),
(118, '2020_11_23_194153_add_status_column_to_discounts_table', 29),
(119, '2020_11_23_213532_create_users_occupations_table', 30),
(120, '2020_11_30_220855_change_amount_in_payouts_table', 31),
(121, '2020_11_30_231334_add_pay_date_in_offline_payments_table', 31),
(122, '2020_11_30_233018_add_charge_enum_in_type_in_orders_table', 31),
(123, '2020_12_01_193948_create_testimonials_table', 32),
(124, '2020_12_02_202043_edit_and_add_types_to_webinars_table', 33),
(128, '2020_12_04_204048_add_column_creator_id_to_some_tables', 34),
(129, '2020_12_05_205320_create_text_lessons_table', 35),
(130, '2020_12_05_210052_create_text_lessons_attachments_table', 36),
(131, '2020_12_06_215701_add_order_column_to_webinar_items_tables', 37),
(132, '2020_12_11_114844_add_column_storage_to_files_table', 38),
(133, '2020_12_07_211009_add_subscribe_id_in_order_items_table', 39),
(134, '2020_12_07_211657_nullable_payment_method_in_orders_table', 39),
(135, '2020_12_07_212306_add_subscribe_enum__type_in_orders_table', 39),
(136, '2020_12_07_223237_changes_in_sales_table', 39),
(137, '2020_12_07_224925_add_subscribe_id_in_accounting_table', 39),
(138, '2020_12_07_230200_create_subscribe_uses_table', 39),
(139, '2020_12_11_123209_add_subscribe_type_account_in_accounting_table', 39),
(140, '2020_12_11_132819_add_sale_id_in_subscribe_use_in_subscribe_uses_table', 39),
(141, '2020_12_11_135824_add_subscribe_payment_method_in_sales_table', 39),
(143, '2020_12_13_205751_create_advertising_banners_table', 41),
(145, '2020_12_14_204251_create_become_instructors_table', 42),
(146, '2020_11_12_232207_create_reports_table', 43),
(147, '2020_11_12_232207_create_comments_reports_table', 44),
(148, '2020_12_17_210822_create_webinar_reports_table', 45),
(150, '2020_12_18_181551_create_notifications_table', 46),
(151, '2020_12_18_195833_create_notifications_status_table', 47),
(152, '2020_12_19_195152_add_status_column_to_payment_channels_table', 48),
(154, '2020_12_20_231434_create_contacts_table', 49),
(155, '2020_12_21_210345_edit_quizzes_table', 50),
(156, '2020_12_24_221715_add_column_to_users_table', 50),
(157, '2020_12_24_084728_create_special_offers_table', 51),
(158, '2020_12_25_204545_add_promotion_enum_type_in_orders_table', 51),
(159, '2020_12_25_205139_add_promotion_id_in_order_items_table', 51),
(160, '2020_12_25_205811_add_promotion_id_in_accounting_table', 51),
(161, '2020_12_25_210341_add_promotion_id_in_sales_table', 51),
(162, '2020_12_25_212453_add_promotion_type_account_enum_in_accounting_table', 51),
(163, '2020_12_25_231005_add_promotion_type_enum_in_sales_table', 51),
(166, '2020_12_29_192943_add_column_reply_to_contacts_table', 53),
(167, '2020_12_30_225001_create_payu_transactions_table', 54),
(168, '2021_01_06_202649_edit_column_password_from_users_table', 55),
(169, '2021_01_08_134022_add_api_column_to_sessions_table', 56),
(170, '2021_01_10_215540_add_column_store_type_to_accounting', 57),
(173, '2021_01_13_214145_edit_carts_table', 58),
(174, '2021_01_13_230725_delete_column_type_from_orders_table', 59),
(175, '2021_01_20_214653_add_discount_column_to_reserve_meetings_table', 60),
(177, '2021_01_27_193915_add_foreign_key_to_support_conversations_table', 61),
(178, '2021_02_02_203821_add_viewed_at_column_to_comments_table', 62),
(180, '2021_02_12_134504_add_financial_approval_column_to_users_table', 64),
(181, '2021_02_12_131916_create_verifications_table', 65),
(182, '2021_02_15_221518_add_certificate_to_users_table', 66),
(183, '2021_02_16_194103_add_cloumn_private_to_webinars_table', 66),
(184, '2021_02_18_213601_edit_rates_column_webinar_reviews_table', 67),
(188, '2021_02_27_212131_create_noticeboards_table', 68),
(189, '2021_02_27_213940_create_noticeboards_status_table', 68),
(191, '2021_02_28_195025_edit_groups_table', 69),
(192, '2021_03_06_205221_create_newsletters_table', 70),
(193, '2021_03_12_105526_add_is_main_column_to_roles_table', 71),
(194, '2021_03_12_202441_add_description_column_to_feature_webinars_table', 72),
(195, '2021_03_18_130248_edit_status_column_from_supports_table', 73),
(196, '2021_03_19_113306_add_column_order_to_categories_table', 74),
(197, '2021_03_19_115939_add_column_order_to_filter_options_table', 75),
(199, '2021_03_24_100005_edit_discounts_table', 76),
(200, '2021_03_27_204551_create_sales_status_table', 77),
(202, '2021_03_28_182558_add_column_page_to_settings_table', 78),
(206, '2021_03_31_195835_add_new_status_in_reserve_meetings_table', 79),
(207, '2020_12_12_204705_create_course_learning_table', 80),
(208, '2021_04_19_195452_add_meta_description_column_to_blog_table', 81),
(209, '2021_04_21_200131_add_icon_column_to_categories_table', 82),
(210, '2021_04_21_203746_add_is_popular_column_to_subscribes_table', 83),
(211, '2021_04_25_203955_add_is_charge_account_column_to_order_items', 84),
(212, '2021_04_25_203955_add_is_charge_account_column_to_orders', 85),
(213, '2021_05_13_111720_add_moderator_secret_column_to_sessions_table', 86),
(214, '2021_05_13_123920_add_zoom_id_column_to_sessions_table', 87),
(215, '2021_05_14_182848_create_session_reminds_table', 88),
(217, '2021_05_25_193743_create_users_zoom_api_table', 89),
(218, '2021_05_25_205716_add_new_column_to_sessions_table', 90),
(219, '2021_05_27_095128_add_user_id_to_newsletters_table', 91),
(220, '2020_12_27_192459_create_pages_table', 92),
(221, '2021_07_03_222439_add_special_offer_id_to_cart_table', 93),
(222, '2021_09_02_101422_add_payment_data_to_orders_table', 94),
(223, '2021_09_02_110519_add_sender_id_to_notifications_table', 95),
(224, '2021_09_06_113524_create_webinar_chapters_table', 96),
(228, '2021_09_06_114459_add_chapter_id_to_files_table', 97),
(229, '2021_09_06_114532_add_chapter_id_to_text_lessons_table', 97),
(230, '2021_09_06_114547_add_chapter_id_to_sessions_table', 97),
(231, '2021_09_13_134659_add_chapter_id_to_quizzes_table', 98),
(234, '2021_09_14_122505_create_affiliates_table', 100),
(235, '2021_09_14_122117_create_affiliates_codes_table', 101),
(239, '2021_09_14_142927_add_affiliate_column_to_users_table', 105),
(241, '2021_09_14_142302_add_affiliate_column_to_accounting_table', 106),
(244, '2021_09_18_155914_create_blog_translations_table', 107),
(246, '2021_09_19_190400_create_page_translations_table', 108),
(248, '2021_09_19_203526_create_setting_translations_table', 109),
(250, '2021_09_20_140241_create_advertising_banners_translations_table', 110),
(252, '2021_09_20_175518_create_category_translations_table', 111),
(255, '2021_09_20_184724_create_filter_translations_table', 112),
(256, '2021_09_20_185132_create_filter_option_translations_table', 112),
(258, '2021_09_21_160650_create_subscribe_translations_table', 113),
(260, '2021_09_21_162922_create_promotion_translations_table', 114),
(262, '2021_09_21_164954_create_testimonial_translations_table', 115),
(264, '2021_09_21_182251_create_feature_webinar_translations_table', 116),
(266, '2021_09_21_184239_create_certificate_template_translations_table', 117),
(268, '2021_09_21_195731_create_support_department_translations_table', 118),
(270, '2021_09_21_201512_create_badge_translations_table', 119),
(272, '2021_09_22_120723_create_webinar_translations_table', 120),
(274, '2021_09_22_135518_create_ticket_translations_table', 121),
(276, '2021_09_22_144342_create_webinar_chapter_translations_table', 122),
(278, '2021_09_22_162502_create_session_translations_table', 123),
(280, '2021_09_22_172309_create_file_translations_table', 124),
(282, '2021_09_22_173500_create_faq_translations_table', 125),
(284, '2021_09_23_094903_create_text_lesson_translations_table', 126),
(286, '2021_09_27_194537_create_quiz_translations_table', 127),
(288, '2021_09_28_112529_create_quiz_question_translations_table', 128),
(290, '2021_09_28_122513_create_quizzes_questions_answer_translations_table', 129),
(291, '2021_12_03_103010_add_agora_session_api_to_sessions_table', 130),
(292, '2021_12_03_103558_add_agora_to_sessions_table', 131),
(293, '2021_12_03_114009_create_agora_history_table', 132),
(295, '2021_12_04_183524_create_regions_table', 133),
(298, '2021_12_25_151304_add_new_column_to_meetings_table', 135),
(299, '2021_12_26_142304_add_new_column_to_meeting_times_table', 136),
(302, '2022_01_01_162247_add_new_column_to_reserve_meetings_table', 137),
(305, '2022_01_02_142927_create_rewards_table', 138),
(307, '2022_01_03_153517_create_rewards_accounting_table', 139),
(308, '2022_01_04_161756_add_score_column_to_badges_table', 140),
(309, '2022_01_04_165147_add_points_column_to_webinars_table', 141),
(312, '2022_01_08_154504_edit_storage_column_and_add_new_value_to_files_table', 142),
(313, '2022_01_11_162839_add_timezone_column_to_users_table', 143),
(314, '2022_01_12_142238_add_timezone_column_to_webinars_table', 144),
(315, '2022_01_15_131828_create_registration_packages_table', 145),
(319, '2022_01_15_203133_edit_columns_in_accounting_table', 146),
(320, '2022_01_16_102825_edit_columns_in_order_items_table', 147),
(321, '2022_01_17_152605_add_registration_package_id_to_sales_table', 148),
(322, '2022_01_18_103414_create_users_registration_packages_table', 149),
(323, '2022_01_18_113331_create_groups_registration_packages_table', 150),
(325, '2022_01_20_110119_add_become_instructor_id_column_to_order_items_table', 152),
(326, '2022_01_18_160228_add_column_role_to_become_instructors_table', 153),
(327, '2022_01_26_080434_add_reserve_date_columns_to_reserve_meetings_table', 154),
(328, '2022_01_28_094259_edit_column_in_discounts_table', 155),
(329, '2022_01_28_094515_create_discount_courses_table', 155),
(330, '2022_01_28_094527_create_discount_groups_table', 155),
(331, '2022_01_31_093231_add_column_description_to_meeting_times_table', 156),
(332, '2022_01_31_093306_add_column_description_to_reserve_meetings_table', 156),
(334, '2022_02_01_092922_create_newsletters_history_table', 157),
(335, '2022_02_01_104529_create_discount_categories_table', 158),
(337, '2022_02_02_092820_add_attachment_column_to_offline_payments_table', 159),
(339, '2022_02_02_184235_add_column_video_demo_source_to_webinars_table', 160),
(340, '2021_12_05_193333_add_new_column_to_users_table', 161),
(341, '2022_02_27_072819_add_forign_key_for_region_to_users_table', 162),
(347, '2022_03_05_123830_create_product_categories_table', 163),
(348, '2022_03_05_125138_create_product_filters_table', 163),
(350, '2022_03_06_091528_create_product_filter_options_table', 163),
(351, '2022_03_07_081257_create_product_specifications_table', 164),
(353, '2022_03_07_081808_create_product_specification_categories_table', 165),
(357, '2022_03_05_125434_create_products_table', 166),
(358, '2022_03_07_093128_create_product_discounts_table', 166),
(362, '2022_03_08_101832_create_product_media_table', 167),
(363, '2022_03_09_054031_create_product_selected_filter_options_table', 168),
(364, '2022_03_09_083337_create_product_specification_meta_table', 169),
(369, '2022_03_09_084108_create_product_selected_specifications_table', 170),
(370, '2022_03_09_140558_create_product_faqs_table', 171),
(374, '2022_03_11_180436_create_product_reviews_table', 174),
(375, '2022_03_11_182715_add_product_id_to_comments_reports_table', 175),
(376, '2022_03_08_094452_create_product_files_table', 176),
(377, '2022_03_11_180746_add_product_id_to_comments_table', 177),
(378, '2022_03_12_102233_add_new_position_to_advertising_banners_table', 178),
(383, '2022_03_13_072108_add_product_id_to_sales_table', 179),
(385, '2022_03_13_081212_create_product_orders_table', 180),
(386, '2022_03_19_171559_create_product_selected_specification_translations_table', 181),
(387, '2022_03_21_161055_add_create_store_column_to_users_table', 182),
(388, '2022_03_26_065509_add_new_type_to_rewards_table', 183),
(389, '2022_03_28_051949_add_product_count_column_to_registration_packages_table', 184),
(391, '2022_03_28_054322_add_product_type_column_to_discounts_table', 185),
(392, '2022_03_28_062248_edit_type_column_of_rewards_accounting_table', 186),
(393, '2022_03_28_083906_edit_type_column_to_badges_table', 187),
(394, '2022_04_02_051515_create_webinar_chapter_items_table', 188),
(395, '2022_04_02_085059_remove_type_column_from_webinar_chapters_table', 189),
(396, '2022_04_02_131352_add_check_sequence_content_fields_to_contents_tables', 190),
(399, '2022_04_04_075541_add_assignment_type_to_webinar_chapter_items_table', 192),
(400, '2022_04_04_071203_create_webinar_assignments_table', 193),
(401, '2022_04_04_071303_create_webinar_assignment_attachments_table', 193),
(405, '2022_04_05_053308_create_webinar_assignment_history_table', 194),
(406, '2022_04_05_060030_create_webinar_assignment_history_messages_table', 194),
(407, '2022_04_06_121240_add_new_type_passed_assignment_to_rewards_table', 195),
(408, '2022_04_09_064609_add_access_content_column_to_users_table', 196),
(409, '2022_04_10_073822_create_bundles_table', 197),
(410, '2022_04_10_092348_create_bundle_filter_option_table', 198),
(413, '2022_04_10_130733_create_bundle_webinars_table', 200),
(421, '2022_04_10_093457_add_bundle_id_to_needle_tables', 201),
(422, '2022_04_12_153052_add_access_time_to_webinars_table', 202),
(423, '2022_04_13_053947_create_course_noticeboards_table', 203),
(424, '2022_04_13_054536_create_course_noticeboard_status_table', 203),
(425, '2022_04_13_130155_add_column_forum_to_webinars_table', 204),
(427, '2022_04_14_060606_create_course_forums_table', 205),
(428, '2022_04_14_063316_create_course_forum_answers_table', 206),
(447, '2022_04_21_133513_add_new_type_in_rewards_table', 216),
(448, '2022_04_21_135212_add_new_type_in_badges_table', 217),
(449, '2022_04_24_081637_add_new_type_instructor_blog_in_rewards_table', 218),
(450, '2022_04_24_082515_add_new_type_instructor_blog_in_badges_table', 219),
(452, '2022_04_25_043945_create_users_cookie_security_table', 220),
(453, '2022_04_25_143142_add_organization_price__column_to_webinars_table', 221),
(454, '2022_04_25_165256_add_image_and_video_to_quizzes_questions_table', 222),
(456, '2022_04_26_060018_edit_certificates_templates_table', 223),
(458, '2022_04_26_082017_edit_certificates_table', 224),
(459, '2022_04_26_155421_create_subscribe_reminds_table', 225),
(460, '2022_04_26_163428_add_instructor_id_to_noticeboards_table', 226),
(461, '2022_04_27_133655_add_unlimited_download_to_subscribes_table', 227),
(462, '2022_04_27_133655_add_infinite_use_to_subscribes_table', 228),
(463, '2022_04_27_140844_add_extra_time_to_join_to_sessions_table', 229),
(464, '2022_04_28_052318_create_webinar_extra_description_table', 230),
(466, '2022_05_09_125820_create_navbar_buttons_table', 232),
(467, '2021_06_07_000000_create_payku_transactions_table', 233),
(468, '2021_06_07_000001_create_payku_payments_table', 233),
(469, '2021_11_30_122831_create_jazzcash_transactions_table', 233),
(470, '2021_12_15_000000_add_new_columns_to_tables', 233),
(471, '2022_05_23_081324_create_product_specification_multi_values_table', 234),
(472, '2022_05_23_091527_create_product_selected_specification_multi_values_table', 235),
(475, '2022_05_23_151601_add_product_delivery_fee_column_to_sales_table', 236),
(476, '2022_04_18_103856_create_forums_table', 237),
(477, '2022_04_18_152201_create_forum_topics_table', 237),
(478, '2022_04_18_152845_create_forum_topic_attachments_table', 237),
(479, '2022_04_19_071911_create_forum_topic_posts_table', 237),
(480, '2022_04_19_123745_create_forum_topic_reports_table', 237),
(481, '2022_04_19_135314_create_forum_topic_bookmarks_table', 237),
(482, '2022_04_19_152929_create_forum_topic_likes_table', 237),
(483, '2022_04_20_152756_create_forum_featured_topics_table', 237),
(484, '2022_04_21_054043_create_forum_recommended_topics_table', 237),
(485, '2022_04_21_054815_create_forum_recommended_topic_items_table', 237),
(486, '2022_05_26_085212_change_some_column_varchar_to_text', 238),
(487, '2022_05_27_142612_add_avarat_settings_to_users_table', 239),
(489, '2022_05_01_151107_add_manual_added_column_to_sales_table', 240),
(490, '2022_05_29_162315_create_delete_account_requests_table', 241),
(491, '2020_10_20_211927_create_users_metas_table', 242),
(492, '2022_05_31_133347_add_certificate_column_to_webinars_table', 243),
(494, '2022_05_31_165839_add_online_viewer_column_to_files_table', 244),
(495, '2022_06_08_071712_create_home_sections_table', 245),
(496, '2022_10_14_074434_add_reserve_meeting_id_to_sessions_table', 246),
(497, '2022_12_25_082946_add_logged_count_column_to_users_table', 247),
(498, '2022_12_26_064214_add_new_column_to_quizzes_table', 247),
(499, '2022_12_27_064800_add_column_url_to_categories_table', 247),
(500, '2023_01_02_085731_create_upcoming_courses_table', 248),
(501, '2023_01_09_065436_create_installments_table', 249),
(502, '2023_01_14_144421_create_installment_orders_table', 250),
(503, '2023_01_18_064141_create_floating_bars_table', 251),
(504, '2023_01_18_145605_create_cashback_rules_table', 252),
(505, '2023_01_21_075422_add_column_to_accounting_table', 253),
(506, '2023_01_24_141128_create_currencies_table', 254),
(507, '2023_01_25_090622_add_currency_column_to_users', 254),
(508, '2023_01_25_104531_edit_price_column_tables', 254),
(509, '2023_01_25_145647_add_column_to_payment_channels_table', 254),
(510, '2023_01_29_074044_create_installment_reminders_table', 255),
(511, '2023_02_06_135446_add_new_columns_to_special_offers_table', 256),
(512, '2023_02_07_141617_create_discount_bundles_table', 257),
(513, '2023_02_07_152101_add_new_columns_to_users_zoom_api_table', 258),
(514, '2023_02_08_140023_create_home_page_statistics_table', 259),
(515, '2023_02_11_135759_add_enable_waitlist_column_to_webinars_table', 260),
(516, '2023_02_11_144743_create_waitlists_table', 261),
(518, '2023_02_13_134648_create_offline_banks_table', 262),
(520, '2023_02_14_144003_create_user_banks_table', 263),
(523, '2023_02_15_140227_create_test_table', 264),
(524, '2023_02_15_151458_add_new_storage_to_files_table', 265),
(528, '2023_02_20_141047_create_gifts_table', 266),
(529, '2023_02_27_065823_add_enable_registration_bonus_to_users_table', 267),
(530, '2023_03_05_075231_add_installment_order_id_to_accounting_table', 267),
(531, '2023_03_08_095345_edit_payouts_table', 268),
(532, '2023_03_10_143238_edit_column_in_quizzes_table', 269),
(533, '2023_03_12_110714_edit_column_in_order_items_table', 270),
(534, '2023_03_13_120634_edit_price_column_in_promotions_table', 271),
(535, '2023_03_13_135747_add_price_column_to_installment_orders_table', 271),
(536, '2023_05_02_150757_create_selected_installments_table', 272),
(537, '2023_06_09_072812_create_forms_table', 273),
(538, '2023_06_09_084907_create_form_fields_table', 273),
(539, '2023_06_11_123736_create_form_submissions_table', 273),
(540, '2023_06_13_115235_create_user_form_fields_table', 273),
(541, '2019_08_19_000000_create_failed_jobs_table', 274),
(542, '2019_12_14_000001_create_personal_access_tokens_table', 274),
(543, '2023_08_13_145531_create_ai_content_templates_table', 274),
(544, '2023_08_17_065609_create_ai_contents_table', 274),
(545, '2023_09_12_102852_add_ai_content_limitation_column_to_users_table', 275),
(546, '2023_09_12_103623_add_ai_content_access_column_to_registration_packages_table', 275),
(547, '2023_08_22_141556_add_sales_count_column_to_webinars_table', 276),
(548, '2023_08_27_144854_create_related_courses_table', 276),
(549, '2023_09_02_152318_create_purchase_notifications_table', 276),
(550, '2023_09_13_164842_create_course_personal_notes_table', 276),
(551, '2023_09_18_172303_create_content_delete_requests_table', 276),
(552, '2023_09_19_155014_create_user_logs_table', 276),
(553, '2023_09_23_141534_create_ip_restrictions_table', 276),
(554, '2023_09_25_142632_create_product_badges_table', 276),
(555, '2023_09_30_141640_create_cart_discounts_table', 276),
(556, '2023_10_01_144952_create_abandoned_cart_rules_table', 276),
(557, '2023_10_17_154000_edit_files_table', 276),
(558, '2023_10_18_160122_create_blog_category_translations_table', 276),
(559, '2023_10_19_151449_edit_sections_table', 276),
(560, '2023_11_21_135049_create_course_learning_last_view_table', 276),
(561, '2023_12_24_124451_edit_certificate_template_translations_table', 276),
(562, '2023_12_24_124532_edit_certificate_template_translations_table', 276),
(563, '2024_02_04_142556_create_abandoned_cart_rule_users_groups_table', 276),
(564, '2024_02_04_143742_create_abandoned_cart_rule_specification_items_table', 276),
(565, '2024_02_19_141912_create_abandoned_cart_rule_histories_table', 276),
(566, '2024_02_28_436872_add_credentials_column_to_payment_channels_table', 276),
(567, '2024_02_28_469813_remove_settings_column_from_payment_channels_table', 276),
(568, '2023_07_11_165937_create_user_firebase_sessions', 277),
(569, '2024_04_24_085747_add_new_column_to_course_learning_last_views_table', 277),
(570, '2024_05_06_141610_create_user_commissions_table', 277),
(571, '2024_05_06_142505_remove_commission_column_from_tables', 277),
(572, '2024_05_11_122847_add_new_source_for_video_demo', 277),
(573, '2024_05_19_131041_add_certificate_column_to_bundles_table', 277),
(574, '2024_05_19_133542_add_bundle_to_certificates_table', 277),
(575, '2024_12_18_142629_edit_demo_sources_column_in_all_tables', 278),
(576, '2024_12_18_155802_create_role_translations_table', 278),
(577, '2023_12_18_140755_edit_support_departments_table', 279),
(578, '2024_01_04_091010_add_new_columns_to_users_table', 279),
(579, '2024_01_07_144315_create_user_profile_attachments_table', 279),
(580, '2024_01_27_144143_add_icon_column_to_quizzes_table', 279),
(581, '2024_02_25_095914_edit_media_column_on_webinars_table', 279),
(582, '2024_04_06_082351_edit_thumbnail_column_in_contents_tables', 279),
(583, '2024_05_28_180218_add_description_to_quiz_translations_table', 279),
(584, '2024_06_17_182344_add_username_column_to_users_table', 279),
(585, '2024_06_21_140326_add_study_time_column_to_blog_table', 279),
(586, '2024_07_17_181235_add_new_page_to_settings_table', 279),
(587, '2024_08_08_134035_add_summary_column_to_webinar_translations_table', 279),
(588, '2024_08_11_155755_add_profile_secondary_image_column_to_users', 279),
(589, '2024_09_09_152944_edit_categories_table', 279),
(590, '2024_09_11_163555_add_column_to_upcoming_course_table', 279),
(591, '2024_09_15_172927_add_new_column_to_bundles_table', 279),
(592, '2024_09_17_162034_add_new_design_columns_to_blog_table', 279),
(593, '2024_09_17_165210_create_blog_featured_categories_table', 279),
(594, '2024_09_21_152945_create_related_posts_table', 279),
(595, '2024_09_23_153631_create_product_top_categories_table', 279),
(596, '2024_09_23_180136_create_product_featured_categories_table', 279),
(597, '2024_09_24_155440_edit_new_design_product_categories_table', 279),
(598, '2024_09_25_172201_create_related_products_table', 279),
(599, '2024_10_01_143915_add_new_design_to_forms_table', 279),
(600, '2024_10_19_154545_edit_forum_recommended_topics_table', 279),
(601, '2024_10_20_164749_edit_forum_topics_table', 279),
(602, '2024_10_20_174506_edit_forums_table', 279),
(603, '2024_10_21_152219_create_forum_topic_visits_table', 279),
(604, '2024_10_26_190009_edit_pages_table', 279),
(605, '2024_12_07_184626_create_time_spent_on_courses_table', 279),
(606, '2024_12_09_152127_edit_noticeboards_table', 279),
(607, '2024_12_15_133158_create_visits_logs_table', 279),
(608, '2025_01_19_151751_create_themes_table', 279),
(609, '2025_01_29_152618_create_landings_table', 279),
(610, '2025_02_03_162616_create_landing_builder_components_table', 279),
(611, '2025_02_03_164800_create_landing_components_table', 279),
(612, '2025_03_12_150728_edit_subscribe_translations_table', 279),
(613, '2025_04_17_165516_create_theme_colors_fonts_table', 279),
(614, '2025_04_20_144801_create_theme_headers_footers_table', 279),
(615, '2025_04_22_161440_create_themes_table', 279),
(616, '2025_04_28_163719_add_theme_color_mode_to_users_table', 279),
(617, '2025_05_05_163147_edit_amounts_in_discounts_table', 279),
(618, '2025_06_22_101457_add_new_column_to_blog_table', 280),
(619, '2025_06_23_163558_add_new_column_to_product_category_translations_table', 280),
(620, '2025_06_24_144119_add_new_position_to_advertising_banners_table_2', 280),
(621, '2025_06_25_164053_add_new_column_to_themes_table', 280),
(622, '2025_07_03_072243_add_icon_column_to_webinars_table', 281);

-- --------------------------------------------------------

--
-- Table structure for table `navbar_buttons`
--

CREATE TABLE `navbar_buttons` (
  `id` int(10) UNSIGNED NOT NULL,
  `role_id` int(10) UNSIGNED DEFAULT NULL,
  `for_guest` tinyint(1) NOT NULL DEFAULT 0
) ENGINE=InnoDB DEFAULT CHARSET=utf8mb4 COLLATE=utf8mb4_unicode_ci;

--
-- Dumping data for table `navbar_buttons`
--

INSERT INTO `navbar_buttons` (`id`, `role_id`, `for_guest`) VALUES
(1, 1, 0),
(2, 2, 0),
(3, 4, 0),
(4, 3, 0),
(6, NULL, 1);

-- --------------------------------------------------------

--
-- Table structure for table `navbar_button_translations`
--

CREATE TABLE `navbar_button_translations` (
  `id` int(10) UNSIGNED NOT NULL,
  `navbar_button_id` int(10) UNSIGNED NOT NULL,
  `locale` varchar(255) NOT NULL,
  `title` varchar(255) NOT NULL,
  `url` varchar(255) NOT NULL
) ENGINE=InnoDB DEFAULT CHARSET=utf8mb4 COLLATE=utf8mb4_unicode_ci;

--
-- Dumping data for table `navbar_button_translations`
--

INSERT INTO `navbar_button_translations` (`id`, `navbar_button_id`, `locale`, `title`, `url`) VALUES
(1, 1, 'en', 'Become instructor', '/become-instructor'),
(2, 1, 'ar', 'أصبح مدربا', '/become-instructor'),
(3, 1, 'es', 'Convertirse en instructora', '/become-instructor'),
(4, 2, 'en', 'Admin panel', '/admin'),
(5, 3, 'en', 'Create a new course', '/panel/webinars/new'),
(6, 3, 'es', 'Crear un nuevo curso', '/panel/webinars/new'),
(7, 3, 'ar', 'أنشئ دورة جديدة', '/panel/webinars/new'),
(8, 4, 'en', 'Create a new course', '/panel/webinars/new'),
(9, 4, 'es', 'Crear un nuevo curso', '/panel/webinars/new'),
(10, 4, 'ar', 'أنشئ دورة جديدة', '/panel/webinars/new'),
(11, 6, 'en', 'Start learning', '/login');

-- --------------------------------------------------------

--
-- Table structure for table `newsletters`
--

CREATE TABLE `newsletters` (
  `id` int(10) UNSIGNED NOT NULL,
  `user_id` int(10) UNSIGNED DEFAULT NULL,
  `email` varchar(255) NOT NULL,
  `created_at` int(10) UNSIGNED NOT NULL
) ENGINE=InnoDB DEFAULT CHARSET=utf8mb4 COLLATE=utf8mb4_unicode_ci;

--
-- Dumping data for table `newsletters`
--

INSERT INTO `newsletters` (`id`, `user_id`, `email`, `created_at`) VALUES
(8, 995, 'cameronschofield@gmail.com', 1625090411),
(9, 1017, 'a.pmelaa@gmail.com', 1646389129),
(10, 996, 'robert2002@gmail.com', 1646414262);

-- --------------------------------------------------------

--
-- Table structure for table `newsletters_history`
--

CREATE TABLE `newsletters_history` (
  `id` int(10) UNSIGNED NOT NULL,
  `title` varchar(255) NOT NULL,
  `description` longtext NOT NULL,
  `send_method` enum('send_to_all','send_to_bcc','send_to_excel') NOT NULL,
  `bcc_email` varchar(255) DEFAULT NULL,
  `email_count` int(11) DEFAULT NULL,
  `created_at` bigint(20) NOT NULL
) ENGINE=InnoDB DEFAULT CHARSET=utf8mb4 COLLATE=utf8mb4_unicode_ci;

--
-- Dumping data for table `newsletters_history`
--

INSERT INTO `newsletters_history` (`id`, `title`, `description`, `send_method`, `bcc_email`, `email_count`, `created_at`) VALUES
(1, 'Black Friday OFF', '<p>Hello,</p><p>Be sure to check our Black Friday discounts.</p><p>Regards.</p>', 'send_to_all', NULL, 2, 1646389249);

-- --------------------------------------------------------

--
-- Table structure for table `noticeboards`
--

CREATE TABLE `noticeboards` (
  `id` int(10) UNSIGNED NOT NULL,
  `organ_id` int(10) UNSIGNED DEFAULT NULL,
  `instructor_id` int(10) UNSIGNED DEFAULT NULL,
  `webinar_id` int(10) UNSIGNED DEFAULT NULL,
  `user_id` int(10) UNSIGNED DEFAULT NULL,
  `type` enum('all','organizations','students','instructors','students_and_instructors') NOT NULL,
  `sender` varchar(255) DEFAULT NULL,
  `sender_id` int(10) UNSIGNED DEFAULT NULL,
  `sender_type` enum('instructor','platform') NOT NULL DEFAULT 'instructor',
  `title` varchar(255) NOT NULL,
  `message` text NOT NULL,
  `created_at` int(10) UNSIGNED NOT NULL
) ENGINE=InnoDB DEFAULT CHARSET=utf8mb4 COLLATE=utf8mb4_unicode_ci;

--
-- Dumping data for table `noticeboards`
--

INSERT INTO `noticeboards` (`id`, `organ_id`, `instructor_id`, `webinar_id`, `user_id`, `type`, `sender`, `sender_id`, `sender_type`, `title`, `message`, `created_at`) VALUES
(10, NULL, NULL, NULL, NULL, 'all', 'Staff', NULL, 'instructor', 'Top summer classes', '<p>You can find top summer courses on the platform homepage and get all of them with 50% discount by using \"mysummer\" discount coupon.</p>', 1625921717),
(11, NULL, NULL, NULL, NULL, 'instructors', 'Staff', NULL, 'instructor', 'Instructor terms of services changed', '<p>Instructors terms of services changed on July 17. You can read terms on the terms page.</p>', 1625921872),
(12, NULL, NULL, NULL, NULL, 'all', 'Staff', NULL, 'instructor', 'New Year Sales Festival', '<p>Due to the New Year Festival, users who buy more than $ 200 will be given a 20% discount code.</p>', 1626132374),
(13, 867, NULL, NULL, NULL, 'students_and_instructors', 'Light Moon', NULL, 'instructor', 'New Class Published', '\"Effective Time Management\" Live Class <font color=\"#6ba54a\" style=\"\">Published</font>, for getting the final certificate it is necessary to Enroll in this class.', 1626165028),
(14, 867, NULL, NULL, NULL, 'students_and_instructors', 'Light Moon', NULL, 'instructor', 'New Private Course Published', '<p>Dear students and instructors. Travel Management Course published privately for you. please enroll on this course<br></p>', 1626235132);

-- --------------------------------------------------------

--
-- Table structure for table `noticeboards_status`
--

CREATE TABLE `noticeboards_status` (
  `id` int(10) UNSIGNED NOT NULL,
  `user_id` int(10) UNSIGNED NOT NULL,
  `noticeboard_id` int(10) UNSIGNED NOT NULL,
  `seen_at` int(10) UNSIGNED NOT NULL
) ENGINE=InnoDB DEFAULT CHARSET=utf8mb4 COLLATE=utf8mb4_unicode_ci;

--
-- Dumping data for table `noticeboards_status`
--

INSERT INTO `noticeboards_status` (`id`, `user_id`, `noticeboard_id`, `seen_at`) VALUES
(5, 995, 13, 1626165137),
(6, 1015, 13, 1626165555),
(7, 1015, 11, 1626204347),
(8, 995, 14, 1751705540);

-- --------------------------------------------------------

--
-- Table structure for table `notifications`
--

CREATE TABLE `notifications` (
  `id` int(10) UNSIGNED NOT NULL,
  `user_id` int(10) UNSIGNED DEFAULT NULL,
  `sender_id` int(10) UNSIGNED DEFAULT NULL,
  `group_id` int(10) UNSIGNED DEFAULT NULL,
  `webinar_id` int(10) UNSIGNED DEFAULT NULL,
  `title` varchar(255) NOT NULL,
  `message` text NOT NULL,
  `sender` enum('system','admin') DEFAULT 'system',
  `type` enum('single','all_users','students','instructors','organizations','group','course_students') NOT NULL,
  `created_at` int(10) UNSIGNED NOT NULL
) ENGINE=InnoDB DEFAULT CHARSET=utf8mb4 COLLATE=utf8mb4_unicode_ci ROW_FORMAT=DYNAMIC;

--
